[INFO] cloning repository https://github.com/EliKor/rust_stuff
[INFO] running `Command { std: "git" "-c" "credential.helper=" "-c" "credential.helper=/workspace/cargo-home/bin/git-credential-null" "clone" "--bare" "https://github.com/EliKor/rust_stuff" "/workspace/cache/git-repos/https%3A%2F%2Fgithub.com%2FEliKor%2Frust_stuff", kill_on_drop: false }`
[INFO] [stderr] Cloning into bare repository '/workspace/cache/git-repos/https%3A%2F%2Fgithub.com%2FEliKor%2Frust_stuff'...
[INFO] running `Command { std: "git" "rev-parse" "HEAD", kill_on_drop: false }`
[INFO] [stdout] 491113ab13a2c80efa81fc3830871c3e0feec1db
[INFO] testing EliKor/rust_stuff/491113ab13a2c80efa81fc3830871c3e0feec1db against nightly-2024-10-28 for randomize-layout
[INFO] running `Command { std: "git" "clone" "/workspace/cache/git-repos/https%3A%2F%2Fgithub.com%2FEliKor%2Frust_stuff" "/workspace/builds/worker-4-tc1/source", kill_on_drop: false }`
[INFO] [stderr] Cloning into '/workspace/builds/worker-4-tc1/source'...
[INFO] [stderr] done.
[INFO] validating manifest of git repo https://github.com/EliKor/rust_stuff on toolchain nightly-2024-10-28
[INFO] running `Command { std: CARGO_HOME="/workspace/cargo-home" RUSTUP_HOME="/workspace/rustup-home" "/workspace/cargo-home/bin/cargo" "+nightly-2024-10-28" "metadata" "--manifest-path" "Cargo.toml" "--no-deps", kill_on_drop: false }`
[INFO] started tweaking git repo https://github.com/EliKor/rust_stuff
[INFO] finished tweaking git repo https://github.com/EliKor/rust_stuff
[INFO] tweaked toml for git repo https://github.com/EliKor/rust_stuff written to /workspace/builds/worker-4-tc1/source/Cargo.toml
[INFO] crate git repo https://github.com/EliKor/rust_stuff already has a lockfile, it will not be regenerated
[INFO] running `Command { std: CARGO_HOME="/workspace/cargo-home" RUSTUP_HOME="/workspace/rustup-home" "/workspace/cargo-home/bin/cargo" "+nightly-2024-10-28" "fetch" "--manifest-path" "Cargo.toml", kill_on_drop: false }`
[INFO] running `Command { std: "docker" "create" "-v" "/var/lib/crater-agent-workspace/builds/worker-4-tc1/target:/opt/rustwide/target:rw,Z" "-v" "/var/lib/crater-agent-workspace/builds/worker-4-tc1/source:/opt/rustwide/workdir:ro,Z" "-v" "/var/lib/crater-agent-workspace/cargo-home:/opt/rustwide/cargo-home:ro,Z" "-v" "/var/lib/crater-agent-workspace/rustup-home:/opt/rustwide/rustup-home:ro,Z" "-e" "SOURCE_DIR=/opt/rustwide/workdir" "-e" "CARGO_TARGET_DIR=/opt/rustwide/target" "-e" "CARGO_HOME=/opt/rustwide/cargo-home" "-e" "RUSTUP_HOME=/opt/rustwide/rustup-home" "-w" "/opt/rustwide/workdir" "-m" "1610612736" "--user" "0:0" "--network" "none" "ghcr.io/rust-lang/crates-build-env/linux@sha256:4a844ea9eb2546a2d2c7022eacef16ef2e8229c7fbb2c7d4d55a9ceca922f72d" "/opt/rustwide/cargo-home/bin/cargo" "+nightly-2024-10-28" "metadata" "--no-deps" "--format-version=1", kill_on_drop: false }`
[INFO] [stdout] 32c065648f566061b4f4f85fa6faf5618764ad270799c9aa468e98908634ba4d
[INFO] running `Command { std: "docker" "start" "-a" "32c065648f566061b4f4f85fa6faf5618764ad270799c9aa468e98908634ba4d", kill_on_drop: false }`
[INFO] running `Command { std: "docker" "inspect" "32c065648f566061b4f4f85fa6faf5618764ad270799c9aa468e98908634ba4d", kill_on_drop: false }`
[INFO] running `Command { std: "docker" "rm" "-f" "32c065648f566061b4f4f85fa6faf5618764ad270799c9aa468e98908634ba4d", kill_on_drop: false }`
[INFO] [stdout] 32c065648f566061b4f4f85fa6faf5618764ad270799c9aa468e98908634ba4d
[INFO] running `Command { std: "docker" "create" "-v" "/var/lib/crater-agent-workspace/builds/worker-4-tc1/target:/opt/rustwide/target:rw,Z" "-v" "/var/lib/crater-agent-workspace/builds/worker-4-tc1/source:/opt/rustwide/workdir:ro,Z" "-v" "/var/lib/crater-agent-workspace/cargo-home:/opt/rustwide/cargo-home:ro,Z" "-v" "/var/lib/crater-agent-workspace/rustup-home:/opt/rustwide/rustup-home:ro,Z" "-e" "SOURCE_DIR=/opt/rustwide/workdir" "-e" "CARGO_TARGET_DIR=/opt/rustwide/target" "-e" "CARGO_INCREMENTAL=0" "-e" "RUST_BACKTRACE=full" "-e" "RUSTFLAGS=--cap-lints=forbid" "-e" "RUSTDOCFLAGS=--cap-lints=forbid" "-e" "CARGO_HOME=/opt/rustwide/cargo-home" "-e" "RUSTUP_HOME=/opt/rustwide/rustup-home" "-w" "/opt/rustwide/workdir" "-m" "1610612736" "--user" "0:0" "--network" "none" "ghcr.io/rust-lang/crates-build-env/linux@sha256:4a844ea9eb2546a2d2c7022eacef16ef2e8229c7fbb2c7d4d55a9ceca922f72d" "/opt/rustwide/cargo-home/bin/cargo" "+nightly-2024-10-28" "build" "--frozen" "--message-format=json", kill_on_drop: false }`
[INFO] [stdout] 8e92a2013b79b680e338af0126565f883fbc8d9f01c8cd797156eac940f066bb
[INFO] running `Command { std: "docker" "start" "-a" "8e92a2013b79b680e338af0126565f883fbc8d9f01c8cd797156eac940f066bb", kill_on_drop: false }`
[INFO] [stderr]    Compiling rust_stuff v0.1.0 (/opt/rustwide/workdir)
[INFO] [stdout] warning: unused import: `std::cmp::Reverse`
[INFO] [stdout]  --> src/search_suggestions_system.rs:2:5
[INFO] [stdout]   |
[INFO] [stdout] 2 | use std::cmp::Reverse;
[INFO] [stdout]   |     ^^^^^^^^^^^^^^^^^
[INFO] [stdout]   |
[INFO] [stdout]   = note: `#[warn(unused_imports)]` on by default
[INFO] [stdout] 
[INFO] [stdout] 
[INFO] [stdout] warning: unused variable: `edges`
[INFO] [stdout]   --> src/redundant_connections_ii.rs:42:30
[INFO] [stdout]    |
[INFO] [stdout] 42 | fn find_redundant_connection(edges: Vec<Vec<i32>>) -> Vec<i32> {
[INFO] [stdout]    |                              ^^^^^ help: if this is intentional, prefix it with an underscore: `_edges`
[INFO] [stdout]    |
[INFO] [stdout]    = note: `#[warn(unused_variables)]` on by default
[INFO] [stdout] 
[INFO] [stdout] 
[INFO] [stdout] warning: enum `State` is never used
[INFO] [stdout]  --> src/all_unique_cycles.rs:2:6
[INFO] [stdout]   |
[INFO] [stdout] 2 | enum State {
[INFO] [stdout]   |      ^^^^^
[INFO] [stdout]   |
[INFO] [stdout]   = note: `#[warn(dead_code)]` on by default
[INFO] [stdout] 
[INFO] [stdout] 
[INFO] [stdout] warning: function `get_cycle` is never used
[INFO] [stdout]  --> src/all_unique_cycles.rs:8:4
[INFO] [stdout]   |
[INFO] [stdout] 8 | fn get_cycle(node: usize, st: &mut Vec<usize>) -> Vec<usize> {
[INFO] [stdout]   |    ^^^^^^^^^
[INFO] [stdout] 
[INFO] [stdout] 
[INFO] [stdout] warning: function `dfs` is never used
[INFO] [stdout]   --> src/all_unique_cycles.rs:24:4
[INFO] [stdout]    |
[INFO] [stdout] 24 | fn dfs(
[INFO] [stdout]    |    ^^^
[INFO] [stdout] 
[INFO] [stdout] 
[INFO] [stdout] warning: function `all_unique_cycles` is never used
[INFO] [stdout]   --> src/all_unique_cycles.rs:48:4
[INFO] [stdout]    |
[INFO] [stdout] 48 | fn all_unique_cycles(graph: &Vec<Vec<usize>>) -> Vec<Vec<usize>> {
[INFO] [stdout]    |    ^^^^^^^^^^^^^^^^^
[INFO] [stdout] 
[INFO] [stdout] 
[INFO] [stdout] warning: function `johnsons` is never used
[INFO] [stdout]   --> src/all_unique_cycles.rs:64:4
[INFO] [stdout]    |
[INFO] [stdout] 64 | fn johnsons() {}
[INFO] [stdout]    |    ^^^^^^^^
[INFO] [stdout] 
[INFO] [stdout] 
[INFO] [stdout] warning: struct `TreeNode` is never constructed
[INFO] [stdout]  --> src/binary_tree_path.rs:4:8
[INFO] [stdout]   |
[INFO] [stdout] 4 | struct TreeNode {
[INFO] [stdout]   |        ^^^^^^^^
[INFO] [stdout] 
[INFO] [stdout] 
[INFO] [stdout] warning: associated function `new` is never used
[INFO] [stdout]   --> src/binary_tree_path.rs:11:6
[INFO] [stdout]    |
[INFO] [stdout] 10 | impl TreeNode {
[INFO] [stdout]    | ------------- associated function in this implementation
[INFO] [stdout] 11 |   fn new(val: u32, left: Option<Box<TreeNode>>, right: Option<Box<TreeNode>>) -> Self {
[INFO] [stdout]    |      ^^^
[INFO] [stdout] 
[INFO] [stdout] 
[INFO] [stdout] warning: function `longest_path` is never used
[INFO] [stdout]   --> src/binary_tree_path.rs:16:4
[INFO] [stdout]    |
[INFO] [stdout] 16 | fn longest_path(root: Option<Box<TreeNode>>, max_len: &mut u32) -> u32 {
[INFO] [stdout]    |    ^^^^^^^^^^^^
[INFO] [stdout] 
[INFO] [stdout] 
[INFO] [stdout] warning: function `longest_valid_parens_2` is never used
[INFO] [stdout]   --> src/longest_valid_parens.rs:68:4
[INFO] [stdout]    |
[INFO] [stdout] 68 | fn longest_valid_parens_2(s: String) -> i32 {
[INFO] [stdout]    |    ^^^^^^^^^^^^^^^^^^^^^^
[INFO] [stdout] 
[INFO] [stdout] 
[INFO] [stdout] warning: struct `MedianList` is never constructed
[INFO] [stdout]  --> src/median_list.rs:5:8
[INFO] [stdout]   |
[INFO] [stdout] 5 | struct MedianList {
[INFO] [stdout]   |        ^^^^^^^^^^
[INFO] [stdout] 
[INFO] [stdout] 
[INFO] [stdout] warning: associated items `new`, `insert`, and `get_median` are never used
[INFO] [stdout]   --> src/median_list.rs:12:12
[INFO] [stdout]    |
[INFO] [stdout] 11 | impl MedianList {
[INFO] [stdout]    | --------------- associated items in this implementation
[INFO] [stdout] 12 |     pub fn new() -> Self {
[INFO] [stdout]    |            ^^^
[INFO] [stdout] ...
[INFO] [stdout] 20 |     pub fn insert(&mut self, x: u32) {
[INFO] [stdout]    |            ^^^^^^
[INFO] [stdout] ...
[INFO] [stdout] 61 |     pub fn get_median(&self) -> Option<f32> {
[INFO] [stdout]    |            ^^^^^^^^^^
[INFO] [stdout] 
[INFO] [stdout] 
[INFO] [stdout] warning: function `find_redundant_connection` is never used
[INFO] [stdout]   --> src/redundant_connections_ii.rs:42:4
[INFO] [stdout]    |
[INFO] [stdout] 42 | fn find_redundant_connection(edges: Vec<Vec<i32>>) -> Vec<i32> {
[INFO] [stdout]    |    ^^^^^^^^^^^^^^^^^^^^^^^^^
[INFO] [stdout] 
[INFO] [stdout] 
[INFO] [stdout] warning: function `find_redundant_directed_connection` is never used
[INFO] [stdout]   --> src/redundant_connections_ii.rs:46:4
[INFO] [stdout]    |
[INFO] [stdout] 46 | fn find_redundant_directed_connection(edges: Vec<Vec<i32>>) -> Vec<i32> {
[INFO] [stdout]    |    ^^^^^^^^^^^^^^^^^^^^^^^^^^^^^^^^^^
[INFO] [stdout] 
[INFO] [stdout] 
[INFO] [stdout] warning: struct `Solution` is never constructed
[INFO] [stdout]  --> src/search_suggestions_system.rs:5:8
[INFO] [stdout]   |
[INFO] [stdout] 5 | struct Solution {}
[INFO] [stdout]   |        ^^^^^^^^
[INFO] [stdout] 
[INFO] [stdout] 
[INFO] [stdout] warning: type alias `TrieState` is never used
[INFO] [stdout]  --> src/search_suggestions_system.rs:7:6
[INFO] [stdout]   |
[INFO] [stdout] 7 | type TrieState = BinaryHeap<String>;
[INFO] [stdout]   |      ^^^^^^^^^
[INFO] [stdout] 
[INFO] [stdout] 
[INFO] [stdout] warning: function `update_state` is never used
[INFO] [stdout]  --> src/search_suggestions_system.rs:9:4
[INFO] [stdout]   |
[INFO] [stdout] 9 | fn update_state(node: &mut TrieNode<TrieState>, word: &String) {
[INFO] [stdout]   |    ^^^^^^^^^^^^
[INFO] [stdout] 
[INFO] [stdout] 
[INFO] [stdout] warning: associated function `suggested_products` is never used
[INFO] [stdout]   --> src/search_suggestions_system.rs:17:10
[INFO] [stdout]    |
[INFO] [stdout] 16 | impl Solution {
[INFO] [stdout]    | ------------- associated function in this implementation
[INFO] [stdout] 17 |   pub fn suggested_products(products: Vec<String>, search_word: String) -> Vec<Vec<String>> {
[INFO] [stdout]    |          ^^^^^^^^^^^^^^^^^^
[INFO] [stdout] 
[INFO] [stdout] 
[INFO] [stderr]     Finished `dev` profile [unoptimized + debuginfo] target(s) in 0.16s
[INFO] running `Command { std: "docker" "inspect" "8e92a2013b79b680e338af0126565f883fbc8d9f01c8cd797156eac940f066bb", kill_on_drop: false }`
[INFO] running `Command { std: "docker" "rm" "-f" "8e92a2013b79b680e338af0126565f883fbc8d9f01c8cd797156eac940f066bb", kill_on_drop: false }`
[INFO] [stdout] 8e92a2013b79b680e338af0126565f883fbc8d9f01c8cd797156eac940f066bb
[INFO] running `Command { std: "docker" "create" "-v" "/var/lib/crater-agent-workspace/builds/worker-4-tc1/target:/opt/rustwide/target:rw,Z" "-v" "/var/lib/crater-agent-workspace/builds/worker-4-tc1/source:/opt/rustwide/workdir:ro,Z" "-v" "/var/lib/crater-agent-workspace/cargo-home:/opt/rustwide/cargo-home:ro,Z" "-v" "/var/lib/crater-agent-workspace/rustup-home:/opt/rustwide/rustup-home:ro,Z" "-e" "SOURCE_DIR=/opt/rustwide/workdir" "-e" "CARGO_TARGET_DIR=/opt/rustwide/target" "-e" "CARGO_INCREMENTAL=0" "-e" "RUST_BACKTRACE=full" "-e" "RUSTFLAGS=--cap-lints=forbid" "-e" "RUSTDOCFLAGS=--cap-lints=forbid" "-e" "CARGO_HOME=/opt/rustwide/cargo-home" "-e" "RUSTUP_HOME=/opt/rustwide/rustup-home" "-w" "/opt/rustwide/workdir" "-m" "1610612736" "--user" "0:0" "--network" "none" "ghcr.io/rust-lang/crates-build-env/linux@sha256:4a844ea9eb2546a2d2c7022eacef16ef2e8229c7fbb2c7d4d55a9ceca922f72d" "/opt/rustwide/cargo-home/bin/cargo" "+nightly-2024-10-28" "test" "--frozen" "--no-run" "--message-format=json", kill_on_drop: false }`
[INFO] [stdout] dacca00aad270bb1f1e60f8734ee40b97149668cdb63cc40c2e19c836496228c
[INFO] running `Command { std: "docker" "start" "-a" "dacca00aad270bb1f1e60f8734ee40b97149668cdb63cc40c2e19c836496228c", kill_on_drop: false }`
[INFO] [stdout] warning: unused import: `std::cmp::Reverse`
[INFO] [stdout]  --> src/search_suggestions_system.rs:2:5
[INFO] [stdout]   |
[INFO] [stdout] 2 | use std::cmp::Reverse;
[INFO] [stdout]   |     ^^^^^^^^^^^^^^^^^
[INFO] [stdout]   |
[INFO] [stdout]   = note: `#[warn(unused_imports)]` on by default
[INFO] [stdout] 
[INFO] [stdout] 
[INFO] [stdout] warning: unused variable: `edges`
[INFO] [stdout]   --> src/redundant_connections_ii.rs:42:30
[INFO] [stdout]    |
[INFO] [stdout] 42 | fn find_redundant_connection(edges: Vec<Vec<i32>>) -> Vec<i32> {
[INFO] [stdout]    |                              ^^^^^ help: if this is intentional, prefix it with an underscore: `_edges`
[INFO] [stdout]    |
[INFO] [stdout]    = note: `#[warn(unused_variables)]` on by default
[INFO] [stdout] 
[INFO] [stdout] 
[INFO] [stdout] warning: enum `State` is never used
[INFO] [stdout]  --> src/all_unique_cycles.rs:2:6
[INFO] [stdout]   |
[INFO] [stdout] 2 | enum State {
[INFO] [stdout]   |      ^^^^^
[INFO] [stdout]   |
[INFO] [stdout]   = note: `#[warn(dead_code)]` on by default
[INFO] [stdout] 
[INFO] [stdout] 
[INFO] [stdout] warning: function `get_cycle` is never used
[INFO] [stdout]  --> src/all_unique_cycles.rs:8:4
[INFO] [stdout]   |
[INFO] [stdout] 8 | fn get_cycle(node: usize, st: &mut Vec<usize>) -> Vec<usize> {
[INFO] [stdout]   |    ^^^^^^^^^
[INFO] [stdout] 
[INFO] [stdout] 
[INFO] [stdout] warning: function `dfs` is never used
[INFO] [stdout]   --> src/all_unique_cycles.rs:24:4
[INFO] [stdout]    |
[INFO] [stdout] 24 | fn dfs(
[INFO] [stdout]    |    ^^^
[INFO] [stdout] 
[INFO] [stdout] 
[INFO] [stdout] warning: function `all_unique_cycles` is never used
[INFO] [stdout]   --> src/all_unique_cycles.rs:48:4
[INFO] [stdout]    |
[INFO] [stdout] 48 | fn all_unique_cycles(graph: &Vec<Vec<usize>>) -> Vec<Vec<usize>> {
[INFO] [stdout]    |    ^^^^^^^^^^^^^^^^^
[INFO] [stdout] 
[INFO] [stdout] 
[INFO] [stdout] warning: function `johnsons` is never used
[INFO] [stdout]   --> src/all_unique_cycles.rs:64:4
[INFO] [stdout]    |
[INFO] [stdout] 64 | fn johnsons() {}
[INFO] [stdout]    |    ^^^^^^^^
[INFO] [stdout] 
[INFO] [stdout] 
[INFO] [stdout] warning: struct `TreeNode` is never constructed
[INFO] [stdout]  --> src/binary_tree_path.rs:4:8
[INFO] [stdout]   |
[INFO] [stdout] 4 | struct TreeNode {
[INFO] [stdout]   |        ^^^^^^^^
[INFO] [stdout] 
[INFO] [stdout] 
[INFO] [stdout] warning: associated function `new` is never used
[INFO] [stdout]   --> src/binary_tree_path.rs:11:6
[INFO] [stdout]    |
[INFO] [stdout] 10 | impl TreeNode {
[INFO] [stdout]    | ------------- associated function in this implementation
[INFO] [stdout] 11 |   fn new(val: u32, left: Option<Box<TreeNode>>, right: Option<Box<TreeNode>>) -> Self {
[INFO] [stdout]    |      ^^^
[INFO] [stdout] 
[INFO] [stdout] 
[INFO] [stdout] warning: function `longest_path` is never used
[INFO] [stdout]   --> src/binary_tree_path.rs:16:4
[INFO] [stdout]    |
[INFO] [stdout] 16 | fn longest_path(root: Option<Box<TreeNode>>, max_len: &mut u32) -> u32 {
[INFO] [stdout]    |    ^^^^^^^^^^^^
[INFO] [stdout] 
[INFO] [stdout] 
[INFO] [stderr]    Compiling rust_stuff v0.1.0 (/opt/rustwide/workdir)
[INFO] [stdout] warning: function `longest_valid_parens_2` is never used
[INFO] [stdout]   --> src/longest_valid_parens.rs:68:4
[INFO] [stdout]    |
[INFO] [stdout] 68 | fn longest_valid_parens_2(s: String) -> i32 {
[INFO] [stdout]    |    ^^^^^^^^^^^^^^^^^^^^^^
[INFO] [stdout] 
[INFO] [stdout] 
[INFO] [stdout] warning: struct `MedianList` is never constructed
[INFO] [stdout]  --> src/median_list.rs:5:8
[INFO] [stdout]   |
[INFO] [stdout] 5 | struct MedianList {
[INFO] [stdout]   |        ^^^^^^^^^^
[INFO] [stdout] 
[INFO] [stdout] 
[INFO] [stdout] warning: associated items `new`, `insert`, and `get_median` are never used
[INFO] [stdout]   --> src/median_list.rs:12:12
[INFO] [stdout]    |
[INFO] [stdout] 11 | impl MedianList {
[INFO] [stdout]    | --------------- associated items in this implementation
[INFO] [stdout] 12 |     pub fn new() -> Self {
[INFO] [stdout]    |            ^^^
[INFO] [stdout] ...
[INFO] [stdout] 20 |     pub fn insert(&mut self, x: u32) {
[INFO] [stdout]    |            ^^^^^^
[INFO] [stdout] ...
[INFO] [stdout] 61 |     pub fn get_median(&self) -> Option<f32> {
[INFO] [stdout]    |            ^^^^^^^^^^
[INFO] [stdout] 
[INFO] [stdout] 
[INFO] [stdout] warning: function `find_redundant_connection` is never used
[INFO] [stdout]   --> src/redundant_connections_ii.rs:42:4
[INFO] [stdout]    |
[INFO] [stdout] 42 | fn find_redundant_connection(edges: Vec<Vec<i32>>) -> Vec<i32> {
[INFO] [stdout]    |    ^^^^^^^^^^^^^^^^^^^^^^^^^
[INFO] [stdout] 
[INFO] [stdout] 
[INFO] [stdout] warning: function `find_redundant_directed_connection` is never used
[INFO] [stdout]   --> src/redundant_connections_ii.rs:46:4
[INFO] [stdout]    |
[INFO] [stdout] 46 | fn find_redundant_directed_connection(edges: Vec<Vec<i32>>) -> Vec<i32> {
[INFO] [stdout]    |    ^^^^^^^^^^^^^^^^^^^^^^^^^^^^^^^^^^
[INFO] [stdout] 
[INFO] [stdout] 
[INFO] [stdout] warning: struct `Solution` is never constructed
[INFO] [stdout]  --> src/search_suggestions_system.rs:5:8
[INFO] [stdout]   |
[INFO] [stdout] 5 | struct Solution {}
[INFO] [stdout]   |        ^^^^^^^^
[INFO] [stdout] 
[INFO] [stdout] 
[INFO] [stdout] warning: type alias `TrieState` is never used
[INFO] [stdout]  --> src/search_suggestions_system.rs:7:6
[INFO] [stdout]   |
[INFO] [stdout] 7 | type TrieState = BinaryHeap<String>;
[INFO] [stdout]   |      ^^^^^^^^^
[INFO] [stdout] 
[INFO] [stdout] 
[INFO] [stdout] warning: function `update_state` is never used
[INFO] [stdout]  --> src/search_suggestions_system.rs:9:4
[INFO] [stdout]   |
[INFO] [stdout] 9 | fn update_state(node: &mut TrieNode<TrieState>, word: &String) {
[INFO] [stdout]   |    ^^^^^^^^^^^^
[INFO] [stdout] 
[INFO] [stdout] 
[INFO] [stdout] warning: associated function `suggested_products` is never used
[INFO] [stdout]   --> src/search_suggestions_system.rs:17:10
[INFO] [stdout]    |
[INFO] [stdout] 16 | impl Solution {
[INFO] [stdout]    | ------------- associated function in this implementation
[INFO] [stdout] 17 |   pub fn suggested_products(products: Vec<String>, search_word: String) -> Vec<Vec<String>> {
[INFO] [stdout]    |          ^^^^^^^^^^^^^^^^^^
[INFO] [stdout] 
[INFO] [stdout] 
[INFO] [stdout] warning: unused import: `std::cmp::Reverse`
[INFO] [stdout]  --> src/search_suggestions_system.rs:2:5
[INFO] [stdout]   |
[INFO] [stdout] 2 | use std::cmp::Reverse;
[INFO] [stdout]   |     ^^^^^^^^^^^^^^^^^
[INFO] [stdout]   |
[INFO] [stdout]   = note: `#[warn(unused_imports)]` on by default
[INFO] [stdout] 
[INFO] [stdout] 
[INFO] [stdout] warning: unused variable: `edges`
[INFO] [stdout]   --> src/redundant_connections_ii.rs:42:30
[INFO] [stdout]    |
[INFO] [stdout] 42 | fn find_redundant_connection(edges: Vec<Vec<i32>>) -> Vec<i32> {
[INFO] [stdout]    |                              ^^^^^ help: if this is intentional, prefix it with an underscore: `_edges`
[INFO] [stdout]    |
[INFO] [stdout]    = note: `#[warn(unused_variables)]` on by default
[INFO] [stdout] 
[INFO] [stdout] 
[INFO] [stdout] warning: function `johnsons` is never used
[INFO] [stdout]   --> src/all_unique_cycles.rs:64:4
[INFO] [stdout]    |
[INFO] [stdout] 64 | fn johnsons() {}
[INFO] [stdout]    |    ^^^^^^^^
[INFO] [stdout]    |
[INFO] [stdout]    = note: `#[warn(dead_code)]` on by default
[INFO] [stdout] 
[INFO] [stdout] 
[INFO] [stdout] warning: field `val` is never read
[INFO] [stdout]  --> src/binary_tree_path.rs:5:3
[INFO] [stdout]   |
[INFO] [stdout] 4 | struct TreeNode {
[INFO] [stdout]   |        -------- field in this struct
[INFO] [stdout] 5 |   val: u32,
[INFO] [stdout]   |   ^^^
[INFO] [stdout]   |
[INFO] [stdout]   = note: `TreeNode` has a derived impl for the trait `Debug`, but this is intentionally ignored during dead code analysis
[INFO] [stdout] 
[INFO] [stdout] 
[INFO] [stdout] warning: function `find_redundant_connection` is never used
[INFO] [stdout]   --> src/redundant_connections_ii.rs:42:4
[INFO] [stdout]    |
[INFO] [stdout] 42 | fn find_redundant_connection(edges: Vec<Vec<i32>>) -> Vec<i32> {
[INFO] [stdout]    |    ^^^^^^^^^^^^^^^^^^^^^^^^^
[INFO] [stdout] 
[INFO] [stdout] 
[INFO] [stderr]     Finished `test` profile [unoptimized + debuginfo] target(s) in 0.35s
[INFO] running `Command { std: "docker" "inspect" "dacca00aad270bb1f1e60f8734ee40b97149668cdb63cc40c2e19c836496228c", kill_on_drop: false }`
[INFO] running `Command { std: "docker" "rm" "-f" "dacca00aad270bb1f1e60f8734ee40b97149668cdb63cc40c2e19c836496228c", kill_on_drop: false }`
[INFO] [stdout] dacca00aad270bb1f1e60f8734ee40b97149668cdb63cc40c2e19c836496228c
[INFO] running `Command { std: "docker" "create" "-v" "/var/lib/crater-agent-workspace/builds/worker-4-tc1/target:/opt/rustwide/target:rw,Z" "-v" "/var/lib/crater-agent-workspace/builds/worker-4-tc1/source:/opt/rustwide/workdir:ro,Z" "-v" "/var/lib/crater-agent-workspace/cargo-home:/opt/rustwide/cargo-home:ro,Z" "-v" "/var/lib/crater-agent-workspace/rustup-home:/opt/rustwide/rustup-home:ro,Z" "-e" "SOURCE_DIR=/opt/rustwide/workdir" "-e" "CARGO_TARGET_DIR=/opt/rustwide/target" "-e" "CARGO_INCREMENTAL=0" "-e" "RUST_BACKTRACE=full" "-e" "RUSTFLAGS=--cap-lints=forbid" "-e" "RUSTDOCFLAGS=--cap-lints=forbid" "-e" "CARGO_HOME=/opt/rustwide/cargo-home" "-e" "RUSTUP_HOME=/opt/rustwide/rustup-home" "-w" "/opt/rustwide/workdir" "-m" "1610612736" "--user" "0:0" "--network" "none" "ghcr.io/rust-lang/crates-build-env/linux@sha256:4a844ea9eb2546a2d2c7022eacef16ef2e8229c7fbb2c7d4d55a9ceca922f72d" "/opt/rustwide/cargo-home/bin/cargo" "+nightly-2024-10-28" "test" "--frozen", kill_on_drop: false }`
[INFO] [stdout] 57ddfbdaa88bd86c524ad715b7d2654065d4910fdb1811401b2fce9445b54d0f
[INFO] running `Command { std: "docker" "start" "-a" "57ddfbdaa88bd86c524ad715b7d2654065d4910fdb1811401b2fce9445b54d0f", kill_on_drop: false }`
[INFO] [stderr] warning: unused import: `std::cmp::Reverse`
[INFO] [stderr]  --> src/search_suggestions_system.rs:2:5
[INFO] [stderr]   |
[INFO] [stderr] 2 | use std::cmp::Reverse;
[INFO] [stderr]   |     ^^^^^^^^^^^^^^^^^
[INFO] [stderr]   |
[INFO] [stderr]   = note: `#[warn(unused_imports)]` on by default
[INFO] [stderr] 
[INFO] [stderr] warning: unused variable: `edges`
[INFO] [stderr]   --> src/redundant_connections_ii.rs:42:30
[INFO] [stderr]    |
[INFO] [stderr] 42 | fn find_redundant_connection(edges: Vec<Vec<i32>>) -> Vec<i32> {
[INFO] [stderr]    |                              ^^^^^ help: if this is intentional, prefix it with an underscore: `_edges`
[INFO] [stderr]    |
[INFO] [stderr]    = note: `#[warn(unused_variables)]` on by default
[INFO] [stderr] 
[INFO] [stderr] warning: enum `State` is never used
[INFO] [stderr]  --> src/all_unique_cycles.rs:2:6
[INFO] [stderr]   |
[INFO] [stderr] 2 | enum State {
[INFO] [stderr]   |      ^^^^^
[INFO] [stderr]   |
[INFO] [stderr]   = note: `#[warn(dead_code)]` on by default
[INFO] [stderr] 
[INFO] [stderr] warning: function `get_cycle` is never used
[INFO] [stderr]  --> src/all_unique_cycles.rs:8:4
[INFO] [stderr]   |
[INFO] [stderr] 8 | fn get_cycle(node: usize, st: &mut Vec<usize>) -> Vec<usize> {
[INFO] [stderr]   |    ^^^^^^^^^
[INFO] [stderr] 
[INFO] [stderr] warning: function `dfs` is never used
[INFO] [stderr]   --> src/all_unique_cycles.rs:24:4
[INFO] [stderr]    |
[INFO] [stderr] 24 | fn dfs(
[INFO] [stderr]    |    ^^^
[INFO] [stderr] 
[INFO] [stderr] warning: function `all_unique_cycles` is never used
[INFO] [stderr]   --> src/all_unique_cycles.rs:48:4
[INFO] [stderr]    |
[INFO] [stderr] 48 | fn all_unique_cycles(graph: &Vec<Vec<usize>>) -> Vec<Vec<usize>> {
[INFO] [stderr]    |    ^^^^^^^^^^^^^^^^^
[INFO] [stderr] 
[INFO] [stderr] warning: function `johnsons` is never used
[INFO] [stderr]   --> src/all_unique_cycles.rs:64:4
[INFO] [stderr]    |
[INFO] [stderr] 64 | fn johnsons() {}
[INFO] [stderr]    |    ^^^^^^^^
[INFO] [stderr] 
[INFO] [stderr] warning: struct `TreeNode` is never constructed
[INFO] [stderr]  --> src/binary_tree_path.rs:4:8
[INFO] [stderr]   |
[INFO] [stderr] 4 | struct TreeNode {
[INFO] [stderr]   |        ^^^^^^^^
[INFO] [stderr] 
[INFO] [stderr] warning: associated function `new` is never used
[INFO] [stderr]   --> src/binary_tree_path.rs:11:6
[INFO] [stderr]    |
[INFO] [stderr] 10 | impl TreeNode {
[INFO] [stderr]    | ------------- associated function in this implementation
[INFO] [stderr] 11 |   fn new(val: u32, left: Option<Box<TreeNode>>, right: Option<Box<TreeNode>>) -> Self {
[INFO] [stderr]    |      ^^^
[INFO] [stderr] 
[INFO] [stderr] warning: function `longest_path` is never used
[INFO] [stderr]   --> src/binary_tree_path.rs:16:4
[INFO] [stderr]    |
[INFO] [stderr] 16 | fn longest_path(root: Option<Box<TreeNode>>, max_len: &mut u32) -> u32 {
[INFO] [stderr]    |    ^^^^^^^^^^^^
[INFO] [stderr] 
[INFO] [stderr] warning: function `longest_valid_parens_2` is never used
[INFO] [stderr]   --> src/longest_valid_parens.rs:68:4
[INFO] [stderr]    |
[INFO] [stderr] 68 | fn longest_valid_parens_2(s: String) -> i32 {
[INFO] [stderr]    |    ^^^^^^^^^^^^^^^^^^^^^^
[INFO] [stderr] 
[INFO] [stderr] warning: struct `MedianList` is never constructed
[INFO] [stderr]  --> src/median_list.rs:5:8
[INFO] [stderr]   |
[INFO] [stderr] 5 | struct MedianList {
[INFO] [stderr]   |        ^^^^^^^^^^
[INFO] [stderr] 
[INFO] [stderr] warning: associated items `new`, `insert`, and `get_median` are never used
[INFO] [stderr]   --> src/median_list.rs:12:12
[INFO] [stderr]    |
[INFO] [stderr] 11 | impl MedianList {
[INFO] [stderr]    | --------------- associated items in this implementation
[INFO] [stderr] 12 |     pub fn new() -> Self {
[INFO] [stderr]    |            ^^^
[INFO] [stderr] ...
[INFO] [stderr] 20 |     pub fn insert(&mut self, x: u32) {
[INFO] [stderr]    |            ^^^^^^
[INFO] [stderr] ...
[INFO] [stderr] 61 |     pub fn get_median(&self) -> Option<f32> {
[INFO] [stderr]    |            ^^^^^^^^^^
[INFO] [stderr] 
[INFO] [stderr] warning: function `find_redundant_connection` is never used
[INFO] [stderr]   --> src/redundant_connections_ii.rs:42:4
[INFO] [stderr]    |
[INFO] [stderr] 42 | fn find_redundant_connection(edges: Vec<Vec<i32>>) -> Vec<i32> {
[INFO] [stderr]    |    ^^^^^^^^^^^^^^^^^^^^^^^^^
[INFO] [stderr] 
[INFO] [stderr] warning: function `find_redundant_directed_connection` is never used
[INFO] [stderr]   --> src/redundant_connections_ii.rs:46:4
[INFO] [stderr]    |
[INFO] [stderr] 46 | fn find_redundant_directed_connection(edges: Vec<Vec<i32>>) -> Vec<i32> {
[INFO] [stderr]    |    ^^^^^^^^^^^^^^^^^^^^^^^^^^^^^^^^^^
[INFO] [stderr] 
[INFO] [stderr] warning: struct `Solution` is never constructed
[INFO] [stderr]  --> src/search_suggestions_system.rs:5:8
[INFO] [stderr]   |
[INFO] [stderr] 5 | struct Solution {}
[INFO] [stderr]   |        ^^^^^^^^
[INFO] [stderr] 
[INFO] [stderr] warning: type alias `TrieState` is never used
[INFO] [stderr]  --> src/search_suggestions_system.rs:7:6
[INFO] [stderr]   |
[INFO] [stderr] 7 | type TrieState = BinaryHeap<String>;
[INFO] [stderr]   |      ^^^^^^^^^
[INFO] [stderr] 
[INFO] [stderr] warning: function `update_state` is never used
[INFO] [stderr]  --> src/search_suggestions_system.rs:9:4
[INFO] [stderr]   |
[INFO] [stderr] 9 | fn update_state(node: &mut TrieNode<TrieState>, word: &String) {
[INFO] [stderr]   |    ^^^^^^^^^^^^
[INFO] [stderr] 
[INFO] [stderr] warning: associated function `suggested_products` is never used
[INFO] [stderr]   --> src/search_suggestions_system.rs:17:10
[INFO] [stderr]    |
[INFO] [stderr] 16 | impl Solution {
[INFO] [stderr]    | ------------- associated function in this implementation
[INFO] [stderr] 17 |   pub fn suggested_products(products: Vec<String>, search_word: String) -> Vec<Vec<String>> {
[INFO] [stderr]    |          ^^^^^^^^^^^^^^^^^^
[INFO] [stderr] 
[INFO] [stderr] warning: `rust_stuff` (lib) generated 19 warnings (run `cargo fix --lib -p rust_stuff` to apply 1 suggestion)
[INFO] [stderr] warning: function `johnsons` is never used
[INFO] [stderr]   --> src/all_unique_cycles.rs:64:4
[INFO] [stderr]    |
[INFO] [stderr] 64 | fn johnsons() {}
[INFO] [stderr]    |    ^^^^^^^^
[INFO] [stderr]    |
[INFO] [stderr]    = note: `#[warn(dead_code)]` on by default
[INFO] [stderr] 
[INFO] [stderr] warning: field `val` is never read
[INFO] [stderr]  --> src/binary_tree_path.rs:5:3
[INFO] [stderr]   |
[INFO] [stderr] 4 | struct TreeNode {
[INFO] [stderr]   |        -------- field in this struct
[INFO] [stderr] 5 |   val: u32,
[INFO] [stderr]   |   ^^^
[INFO] [stderr]   |
[INFO] [stderr]   = note: `TreeNode` has a derived impl for the trait `Debug`, but this is intentionally ignored during dead code analysis
[INFO] [stderr] 
[INFO] [stderr] warning: `rust_stuff` (lib test) generated 5 warnings (3 duplicates)
[INFO] [stderr]     Finished `test` profile [unoptimized + debuginfo] target(s) in 0.01s
[INFO] [stderr]      Running unittests src/lib.rs (/opt/rustwide/target/debug/deps/rust_stuff-020ef58c01e73092)
[INFO] [stdout] 
[INFO] [stdout] running 42 tests
[INFO] [stdout] test all_unique_cycles::test::no_cycles ... ok
[INFO] [stdout] test all_unique_cycles::test::simple_cycle ... ok
[INFO] [stdout] test all_unique_cycles::test::simple_cycle_with_more_nodes ... ok
[INFO] [stdout] test all_unique_cycles::test::two_cycles ... ok
[INFO] [stdout] test all_unique_cycles::test::two_overlapping_cycles ... ok
[INFO] [stdout] test longest_valid_parens::test::closed_with_singles ... ok
[INFO] [stdout] test longest_valid_parens::test::empty_string ... ok
[INFO] [stdout] test binary_tree_path::test::general_test ... ok
[INFO] [stdout] test longest_valid_parens::test::end_valid ... ok
[INFO] [stdout] test longest_valid_parens::test::just_singles ... ok
[INFO] [stdout] test longest_valid_parens::test::long_valid ... ok
[INFO] [stdout] test longest_valid_parens::test::longer_valid ... ok
[INFO] [stdout] test longest_valid_parens::test::lots_of_singles ... ok
[INFO] [stdout] test longest_valid_parens::test::middle_valid ... ok
[INFO] [stdout] test longest_valid_parens::test::open_with_singles ... ok
[INFO] [stdout] test longest_valid_parens::test::simple_invalid ... ok
[INFO] [stdout] test longest_valid_parens::test::simple_valid ... ok
[INFO] [stdout] test longest_valid_parens::test::single_paren ... ok
[INFO] [stdout] test median_list::test::general_test ... ok
[INFO] [stdout] test redundant_connections_ii::test::finds_redundant_connection1 ... ok
[INFO] [stdout] test longest_valid_parens::test::some_singles ... ok
[INFO] [stdout] test redundant_connections_ii::test::finds_redundant_connection4 ... ok
[INFO] [stdout] test stocks::test::i_test_1 ... ok
[INFO] [stdout] test redundant_connections_ii::test::finds_redundant_connection3 ... ok
[INFO] [stdout] test search_suggestions_system::test::test1 ... ok
[INFO] [stdout] test stocks::test::ii_test_2 ... ok
[INFO] [stdout] test redundant_connections_ii::test::finds_redundant_connection2 ... ok
[INFO] [stdout] test stocks::test::iii_test_2 ... ok
[INFO] [stdout] test stocks::test::iii_test_3 ... ok
[INFO] [stdout] test stocks::test::iii_test_4 ... ok
[INFO] [stdout] test trap_water::test::sample1 ... ok
[INFO] [stdout] test trap_water::test::simple_bounded ... ok
[INFO] [stdout] test trap_water::test::equal_heights ... ok
[INFO] [stdout] test trap_water::test::simple_unbounded ... ok
[INFO] [stdout] test trap_water::test::simple_unbounded_left ... ok
[INFO] [stdout] test stocks::test::ii_test_3 ... ok
[INFO] [stdout] test trap_water::test::simple_unbounded_right ... ok
[INFO] [stdout] test stocks::test::ii_test_1 ... ok
[INFO] [stdout] test stocks::test::iii_test_1 ... ok
[INFO] [stdout] test stocks::test::i_test_2 ... ok
[INFO] [stdout] test trap_water::test::simple_water ... ok
[INFO] [stdout] test all_unique_cycles::test::three_overlapping_cycles ... FAILED
[INFO] [stdout] 
[INFO] [stdout] failures:
[INFO] [stdout] 
[INFO] [stdout] ---- all_unique_cycles::test::three_overlapping_cycles stdout ----
[INFO] [stdout] thread 'all_unique_cycles::test::three_overlapping_cycles' panicked at src/all_unique_cycles.rs:116:5:
[INFO] [stdout] assertion `left == right` failed
[INFO] [stdout]   left: [[0, 1], [1, 2], [0, 1, 2]]
[INFO] [stdout]  right: [[0, 1], [1, 2]]
[INFO] [stdout] stack backtrace:
[INFO] [stdout]    0:     0x5df99d2a782a - std::backtrace_rs::backtrace::libunwind::trace::h207520d6e9873551
[INFO] [stdout]                                at /rustc/df4ca44d3fbc9301ee17f30f4d474e6ae4b05252/library/std/src/../../backtrace/src/backtrace/libunwind.rs:116:5
[INFO] [stdout]    1:     0x5df99d2a782a - std::backtrace_rs::backtrace::trace_unsynchronized::h2ed7433f370e3eca
[INFO] [stdout]                                at /rustc/df4ca44d3fbc9301ee17f30f4d474e6ae4b05252/library/std/src/../../backtrace/src/backtrace/mod.rs:66:5
[INFO] [stdout]    2:     0x5df99d2a782a - std::sys::backtrace::_print_fmt::h916fac51166b18d7
[INFO] [stdout]                                at /rustc/df4ca44d3fbc9301ee17f30f4d474e6ae4b05252/library/std/src/sys/backtrace.rs:66:9
[INFO] [stdout]    3:     0x5df99d2a782a - <std::sys::backtrace::BacktraceLock::print::DisplayBacktrace as core::fmt::Display>::fmt::ha0a4c9b8ce3802e6
[INFO] [stdout]                                at /rustc/df4ca44d3fbc9301ee17f30f4d474e6ae4b05252/library/std/src/sys/backtrace.rs:39:26
[INFO] [stdout]    4:     0x5df99d2ce743 - core::fmt::rt::Argument::fmt::h4cfc8587d52b3eb5
[INFO] [stdout]                                at /rustc/df4ca44d3fbc9301ee17f30f4d474e6ae4b05252/library/core/src/fmt/rt.rs:177:76
[INFO] [stdout]    5:     0x5df99d2ce743 - core::fmt::write::h522cc39e5b36ae9f
[INFO] [stdout]                                at /rustc/df4ca44d3fbc9301ee17f30f4d474e6ae4b05252/library/core/src/fmt/mod.rs:1190:21
[INFO] [stdout]    6:     0x5df99d2a4493 - std::io::Write::write_fmt::h7d3c26752da97734
[INFO] [stdout]                                at /rustc/df4ca44d3fbc9301ee17f30f4d474e6ae4b05252/library/std/src/io/mod.rs:1839:15
[INFO] [stdout]    7:     0x5df99d2a7672 - std::sys::backtrace::BacktraceLock::print::h4b9e00b29e9c0942
[INFO] [stdout]                                at /rustc/df4ca44d3fbc9301ee17f30f4d474e6ae4b05252/library/std/src/sys/backtrace.rs:42:9
[INFO] [stdout]    8:     0x5df99d2a8cba - std::panicking::default_hook::{{closure}}::hb59b88280d0324d9
[INFO] [stdout]                                at /rustc/df4ca44d3fbc9301ee17f30f4d474e6ae4b05252/library/std/src/panicking.rs:268:22
[INFO] [stdout]    9:     0x5df99d2a8ac4 - std::panicking::default_hook::he1dd496665be4a29
[INFO] [stdout]                                at /rustc/df4ca44d3fbc9301ee17f30f4d474e6ae4b05252/library/std/src/panicking.rs:292:9
[INFO] [stdout]   10:     0x5df99d2728b9 - <alloc::boxed::Box<F,A> as core::ops::function::Fn<Args>>::call::h4ff71de18744e1dc
[INFO] [stdout]                                at /rustc/df4ca44d3fbc9301ee17f30f4d474e6ae4b05252/library/alloc/src/boxed.rs:2468:9
[INFO] [stdout]   11:     0x5df99d2728b9 - test::test_main::{{closure}}::hcf7c055ce117aa81
[INFO] [stdout]                                at /rustc/df4ca44d3fbc9301ee17f30f4d474e6ae4b05252/library/test/src/lib.rs:133:21
[INFO] [stdout]   12:     0x5df99d2a93b8 - <alloc::boxed::Box<F,A> as core::ops::function::Fn<Args>>::call::h1d66c6bbd60c9692
[INFO] [stdout]                                at /rustc/df4ca44d3fbc9301ee17f30f4d474e6ae4b05252/library/alloc/src/boxed.rs:2468:9
[INFO] [stdout]   13:     0x5df99d2a93b8 - std::panicking::rust_panic_with_hook::h2ff17fe8f26dfcf8
[INFO] [stdout]                                at /rustc/df4ca44d3fbc9301ee17f30f4d474e6ae4b05252/library/std/src/panicking.rs:809:13
[INFO] [stdout]   14:     0x5df99d2a917a - std::panicking::begin_panic_handler::{{closure}}::h4fad77951c07e101
[INFO] [stdout]                                at /rustc/df4ca44d3fbc9301ee17f30f4d474e6ae4b05252/library/std/src/panicking.rs:674:13
[INFO] [stdout]   15:     0x5df99d2a7d09 - std::sys::backtrace::__rust_end_short_backtrace::hb1a25b3da5d0ea08
[INFO] [stdout]                                at /rustc/df4ca44d3fbc9301ee17f30f4d474e6ae4b05252/library/std/src/sys/backtrace.rs:170:18
[INFO] [stdout]   16:     0x5df99d2a8e0c - rust_begin_unwind
[INFO] [stdout]                                at /rustc/df4ca44d3fbc9301ee17f30f4d474e6ae4b05252/library/std/src/panicking.rs:665:5
[INFO] [stdout]   17:     0x5df99d2cc7d0 - core::panicking::panic_fmt::ha9db07b529f9b256
[INFO] [stdout]                                at /rustc/df4ca44d3fbc9301ee17f30f4d474e6ae4b05252/library/core/src/panicking.rs:75:14
[INFO] [stdout]   18:     0x5df99d2ccb9b - core::panicking::assert_failed_inner::h04f38944d74a80a8
[INFO] [stdout]   19:     0x5df99d2304ee - core::panicking::assert_failed::h7111df1283109b88
[INFO] [stdout]                                at /rustc/df4ca44d3fbc9301ee17f30f4d474e6ae4b05252/library/core/src/panicking.rs:377:5
[INFO] [stdout]   20:     0x5df99d22ec0b - rust_stuff::all_unique_cycles::test::three_overlapping_cycles::h18c3c54ceee7426e
[INFO] [stdout]                                at /opt/rustwide/workdir/src/all_unique_cycles.rs:116:5
[INFO] [stdout]   21:     0x5df99d22e627 - rust_stuff::all_unique_cycles::test::three_overlapping_cycles::{{closure}}::h4866842b1ad580e3
[INFO] [stdout]                                at /opt/rustwide/workdir/src/all_unique_cycles.rs:111:32
[INFO] [stdout]   22:     0x5df99d22ab16 - core::ops::function::FnOnce::call_once::hc1eb5c7605b6b1bb
[INFO] [stdout]                                at /rustc/df4ca44d3fbc9301ee17f30f4d474e6ae4b05252/library/core/src/ops/function.rs:250:5
[INFO] [stdout]   23:     0x5df99d27718b - core::ops::function::FnOnce::call_once::h22c3ba5715e93f05
[INFO] [stdout]                                at /rustc/df4ca44d3fbc9301ee17f30f4d474e6ae4b05252/library/core/src/ops/function.rs:250:5
[INFO] [stdout]   24:     0x5df99d27718b - test::__rust_begin_short_backtrace::h8e82d8113d0da17f
[INFO] [stdout]                                at /rustc/df4ca44d3fbc9301ee17f30f4d474e6ae4b05252/library/test/src/lib.rs:621:18
[INFO] [stdout]   25:     0x5df99d276b07 - test::run_test_in_process::{{closure}}::h33235f4f20b7b7c7
[INFO] [stdout]                                at /rustc/df4ca44d3fbc9301ee17f30f4d474e6ae4b05252/library/test/src/lib.rs:644:60
[INFO] [stdout]   26:     0x5df99d276b07 - <core::panic::unwind_safe::AssertUnwindSafe<F> as core::ops::function::FnOnce<()>>::call_once::hb5043206310c586f
[INFO] [stdout]                                at /rustc/df4ca44d3fbc9301ee17f30f4d474e6ae4b05252/library/core/src/panic/unwind_safe.rs:272:9
[INFO] [stdout]   27:     0x5df99d276b07 - std::panicking::try::do_call::h9ad4731a60ab23e2
[INFO] [stdout]                                at /rustc/df4ca44d3fbc9301ee17f30f4d474e6ae4b05252/library/std/src/panicking.rs:557:40
[INFO] [stdout]   28:     0x5df99d276b07 - std::panicking::try::h3824d23db772a716
[INFO] [stdout]                                at /rustc/df4ca44d3fbc9301ee17f30f4d474e6ae4b05252/library/std/src/panicking.rs:520:19
[INFO] [stdout]   29:     0x5df99d276b07 - std::panic::catch_unwind::h5afd514605fde46b
[INFO] [stdout]                                at /rustc/df4ca44d3fbc9301ee17f30f4d474e6ae4b05252/library/std/src/panic.rs:358:14
[INFO] [stdout]   30:     0x5df99d276b07 - test::run_test_in_process::h0d5cbfa7067d1720
[INFO] [stdout]                                at /rustc/df4ca44d3fbc9301ee17f30f4d474e6ae4b05252/library/test/src/lib.rs:644:27
[INFO] [stdout]   31:     0x5df99d276b07 - test::run_test::{{closure}}::h708eb8872708115d
[INFO] [stdout]                                at /rustc/df4ca44d3fbc9301ee17f30f4d474e6ae4b05252/library/test/src/lib.rs:565:43
[INFO] [stdout]   32:     0x5df99d23a224 - test::run_test::{{closure}}::h392c51cee94713ab
[INFO] [stdout]                                at /rustc/df4ca44d3fbc9301ee17f30f4d474e6ae4b05252/library/test/src/lib.rs:595:41
[INFO] [stdout]   33:     0x5df99d23a224 - std::sys::backtrace::__rust_begin_short_backtrace::h2f40290710935a8b
[INFO] [stdout]                                at /rustc/df4ca44d3fbc9301ee17f30f4d474e6ae4b05252/library/std/src/sys/backtrace.rs:154:18
[INFO] [stdout]   34:     0x5df99d23d9ce - std::thread::Builder::spawn_unchecked_::{{closure}}::{{closure}}::h3fd968d89053a903
[INFO] [stdout]                                at /rustc/df4ca44d3fbc9301ee17f30f4d474e6ae4b05252/library/std/src/thread/mod.rs:541:17
[INFO] [stdout]   35:     0x5df99d23d9ce - <core::panic::unwind_safe::AssertUnwindSafe<F> as core::ops::function::FnOnce<()>>::call_once::h743f637ba4229880
[INFO] [stdout]                                at /rustc/df4ca44d3fbc9301ee17f30f4d474e6ae4b05252/library/core/src/panic/unwind_safe.rs:272:9
[INFO] [stdout]   36:     0x5df99d23d9ce - std::panicking::try::do_call::h07440897322525a6
[INFO] [stdout]                                at /rustc/df4ca44d3fbc9301ee17f30f4d474e6ae4b05252/library/std/src/panicking.rs:557:40
[INFO] [stdout]   37:     0x5df99d23d9ce - std::panicking::try::he5a2e00188156637
[INFO] [stdout]                                at /rustc/df4ca44d3fbc9301ee17f30f4d474e6ae4b05252/library/std/src/panicking.rs:520:19
[INFO] [stdout]   38:     0x5df99d23d9ce - std::panic::catch_unwind::hbaf3cae49b3c6433
[INFO] [stdout]                                at /rustc/df4ca44d3fbc9301ee17f30f4d474e6ae4b05252/library/std/src/panic.rs:358:14
[INFO] [stdout]   39:     0x5df99d23d9ce - std::thread::Builder::spawn_unchecked_::{{closure}}::h8e141ea224820bce
[INFO] [stdout]                                at /rustc/df4ca44d3fbc9301ee17f30f4d474e6ae4b05252/library/std/src/thread/mod.rs:540:30
[INFO] [stdout]   40:     0x5df99d23d9ce - core::ops::function::FnOnce::call_once{{vtable.shim}}::h90d312fedd7b8ea8
[INFO] [stdout]                                at /rustc/df4ca44d3fbc9301ee17f30f4d474e6ae4b05252/library/core/src/ops/function.rs:250:5
[INFO] [stdout]   41:     0x5df99d2ad1ab - <alloc::boxed::Box<F,A> as core::ops::function::FnOnce<Args>>::call_once::h69aa08ddb6adb8b6
[INFO] [stdout]                                at /rustc/df4ca44d3fbc9301ee17f30f4d474e6ae4b05252/library/alloc/src/boxed.rs:2454:9
[INFO] [stdout]   42:     0x5df99d2ad1ab - <alloc::boxed::Box<F,A> as core::ops::function::FnOnce<Args>>::call_once::h5aa36efdb79c806f
[INFO] [stdout]                                at /rustc/df4ca44d3fbc9301ee17f30f4d474e6ae4b05252/library/alloc/src/boxed.rs:2454:9
[INFO] [stdout]   43:     0x5df99d2ad1ab - std::sys::pal::unix::thread::Thread::new::thread_start::h6cd80a1b4be5158d
[INFO] [stdout]                                at /rustc/df4ca44d3fbc9301ee17f30f4d474e6ae4b05252/library/std/src/sys/pal/unix/thread.rs:105:17
[INFO] [stdout]   44:     0x7b11a4aaeac3 - <unknown>
[INFO] [stdout]   45:     0x7b11a4b3fa04 - clone
[INFO] [stdout]   46:                0x0 - <unknown>
[INFO] [stdout] 
[INFO] [stdout] 
[INFO] [stdout] failures:
[INFO] [stdout]     all_unique_cycles::test::three_overlapping_cycles
[INFO] [stdout] 
[INFO] [stdout] test result: FAILED. 41 passed; 1 failed; 0 ignored; 0 measured; 0 filtered out; finished in 0.01s
[INFO] [stdout] 
[INFO] [stderr] error: test failed, to rerun pass `--lib`
[INFO] running `Command { std: "docker" "inspect" "57ddfbdaa88bd86c524ad715b7d2654065d4910fdb1811401b2fce9445b54d0f", kill_on_drop: false }`
[INFO] running `Command { std: "docker" "rm" "-f" "57ddfbdaa88bd86c524ad715b7d2654065d4910fdb1811401b2fce9445b54d0f", kill_on_drop: false }`
[INFO] [stdout] 57ddfbdaa88bd86c524ad715b7d2654065d4910fdb1811401b2fce9445b54d0f
