[INFO] cloning repository https://github.com/EbbDrop/matrix_match
[INFO] running `Command { std: "git" "-c" "credential.helper=" "-c" "credential.helper=/workspace/cargo-home/bin/git-credential-null" "clone" "--bare" "https://github.com/EbbDrop/matrix_match" "/workspace/cache/git-repos/https%3A%2F%2Fgithub.com%2FEbbDrop%2Fmatrix_match", kill_on_drop: false }`
[INFO] [stderr] Cloning into bare repository '/workspace/cache/git-repos/https%3A%2F%2Fgithub.com%2FEbbDrop%2Fmatrix_match'...
[INFO] running `Command { std: "git" "rev-parse" "HEAD", kill_on_drop: false }`
[INFO] [stdout] 56ab8ff8723c143f279f6a36320e0a6f6e533306
[INFO] testing EbbDrop/matrix_match/56ab8ff8723c143f279f6a36320e0a6f6e533306 against nightly-2024-10-28 for randomize-layout
[INFO] running `Command { std: "git" "clone" "/workspace/cache/git-repos/https%3A%2F%2Fgithub.com%2FEbbDrop%2Fmatrix_match" "/workspace/builds/worker-6-tc1/source", kill_on_drop: false }`
[INFO] [stderr] Cloning into '/workspace/builds/worker-6-tc1/source'...
[INFO] [stderr] done.
[INFO] validating manifest of git repo https://github.com/EbbDrop/matrix_match on toolchain nightly-2024-10-28
[INFO] running `Command { std: CARGO_HOME="/workspace/cargo-home" RUSTUP_HOME="/workspace/rustup-home" "/workspace/cargo-home/bin/cargo" "+nightly-2024-10-28" "metadata" "--manifest-path" "Cargo.toml" "--no-deps", kill_on_drop: false }`
[INFO] started tweaking git repo https://github.com/EbbDrop/matrix_match
[INFO] finished tweaking git repo https://github.com/EbbDrop/matrix_match
[INFO] tweaked toml for git repo https://github.com/EbbDrop/matrix_match written to /workspace/builds/worker-6-tc1/source/Cargo.toml
[INFO] crate git repo https://github.com/EbbDrop/matrix_match already has a lockfile, it will not be regenerated
[INFO] running `Command { std: CARGO_HOME="/workspace/cargo-home" RUSTUP_HOME="/workspace/rustup-home" "/workspace/cargo-home/bin/cargo" "+nightly-2024-10-28" "fetch" "--manifest-path" "Cargo.toml", kill_on_drop: false }`
[INFO] running `Command { std: "docker" "create" "-v" "/var/lib/crater-agent-workspace/builds/worker-6-tc1/target:/opt/rustwide/target:rw,Z" "-v" "/var/lib/crater-agent-workspace/builds/worker-6-tc1/source:/opt/rustwide/workdir:ro,Z" "-v" "/var/lib/crater-agent-workspace/cargo-home:/opt/rustwide/cargo-home:ro,Z" "-v" "/var/lib/crater-agent-workspace/rustup-home:/opt/rustwide/rustup-home:ro,Z" "-e" "SOURCE_DIR=/opt/rustwide/workdir" "-e" "CARGO_TARGET_DIR=/opt/rustwide/target" "-e" "CARGO_HOME=/opt/rustwide/cargo-home" "-e" "RUSTUP_HOME=/opt/rustwide/rustup-home" "-w" "/opt/rustwide/workdir" "-m" "1610612736" "--user" "0:0" "--network" "none" "ghcr.io/rust-lang/crates-build-env/linux@sha256:4a844ea9eb2546a2d2c7022eacef16ef2e8229c7fbb2c7d4d55a9ceca922f72d" "/opt/rustwide/cargo-home/bin/cargo" "+nightly-2024-10-28" "metadata" "--no-deps" "--format-version=1", kill_on_drop: false }`
[INFO] [stdout] 20116ffa7f42a8d47bea460d3b9543bc0c8536b36f79a47feff5cb2fb64d14e8
[INFO] running `Command { std: "docker" "start" "-a" "20116ffa7f42a8d47bea460d3b9543bc0c8536b36f79a47feff5cb2fb64d14e8", kill_on_drop: false }`
[INFO] running `Command { std: "docker" "inspect" "20116ffa7f42a8d47bea460d3b9543bc0c8536b36f79a47feff5cb2fb64d14e8", kill_on_drop: false }`
[INFO] running `Command { std: "docker" "rm" "-f" "20116ffa7f42a8d47bea460d3b9543bc0c8536b36f79a47feff5cb2fb64d14e8", kill_on_drop: false }`
[INFO] [stdout] 20116ffa7f42a8d47bea460d3b9543bc0c8536b36f79a47feff5cb2fb64d14e8
[INFO] running `Command { std: "docker" "create" "-v" "/var/lib/crater-agent-workspace/builds/worker-6-tc1/target:/opt/rustwide/target:rw,Z" "-v" "/var/lib/crater-agent-workspace/builds/worker-6-tc1/source:/opt/rustwide/workdir:ro,Z" "-v" "/var/lib/crater-agent-workspace/cargo-home:/opt/rustwide/cargo-home:ro,Z" "-v" "/var/lib/crater-agent-workspace/rustup-home:/opt/rustwide/rustup-home:ro,Z" "-e" "SOURCE_DIR=/opt/rustwide/workdir" "-e" "CARGO_TARGET_DIR=/opt/rustwide/target" "-e" "CARGO_INCREMENTAL=0" "-e" "RUST_BACKTRACE=full" "-e" "RUSTFLAGS=--cap-lints=forbid" "-e" "RUSTDOCFLAGS=--cap-lints=forbid" "-e" "CARGO_HOME=/opt/rustwide/cargo-home" "-e" "RUSTUP_HOME=/opt/rustwide/rustup-home" "-w" "/opt/rustwide/workdir" "-m" "1610612736" "--user" "0:0" "--network" "none" "ghcr.io/rust-lang/crates-build-env/linux@sha256:4a844ea9eb2546a2d2c7022eacef16ef2e8229c7fbb2c7d4d55a9ceca922f72d" "/opt/rustwide/cargo-home/bin/cargo" "+nightly-2024-10-28" "build" "--frozen" "--message-format=json", kill_on_drop: false }`
[INFO] [stdout] f814aa978dc75324503b98c63a33b06972d2a6f7dc50ee51a4bc7e266fe51dc9
[INFO] running `Command { std: "docker" "start" "-a" "f814aa978dc75324503b98c63a33b06972d2a6f7dc50ee51a4bc7e266fe51dc9", kill_on_drop: false }`
[INFO] [stderr]    Compiling matrix_match v1.0.0 (/opt/rustwide/workdir)
[INFO] [stderr]     Finished `dev` profile [unoptimized + debuginfo] target(s) in 0.05s
[INFO] running `Command { std: "docker" "inspect" "f814aa978dc75324503b98c63a33b06972d2a6f7dc50ee51a4bc7e266fe51dc9", kill_on_drop: false }`
[INFO] running `Command { std: "docker" "rm" "-f" "f814aa978dc75324503b98c63a33b06972d2a6f7dc50ee51a4bc7e266fe51dc9", kill_on_drop: false }`
[INFO] [stdout] f814aa978dc75324503b98c63a33b06972d2a6f7dc50ee51a4bc7e266fe51dc9
[INFO] running `Command { std: "docker" "create" "-v" "/var/lib/crater-agent-workspace/builds/worker-6-tc1/target:/opt/rustwide/target:rw,Z" "-v" "/var/lib/crater-agent-workspace/builds/worker-6-tc1/source:/opt/rustwide/workdir:ro,Z" "-v" "/var/lib/crater-agent-workspace/cargo-home:/opt/rustwide/cargo-home:ro,Z" "-v" "/var/lib/crater-agent-workspace/rustup-home:/opt/rustwide/rustup-home:ro,Z" "-e" "SOURCE_DIR=/opt/rustwide/workdir" "-e" "CARGO_TARGET_DIR=/opt/rustwide/target" "-e" "CARGO_INCREMENTAL=0" "-e" "RUST_BACKTRACE=full" "-e" "RUSTFLAGS=--cap-lints=forbid" "-e" "RUSTDOCFLAGS=--cap-lints=forbid" "-e" "CARGO_HOME=/opt/rustwide/cargo-home" "-e" "RUSTUP_HOME=/opt/rustwide/rustup-home" "-w" "/opt/rustwide/workdir" "-m" "1610612736" "--user" "0:0" "--network" "none" "ghcr.io/rust-lang/crates-build-env/linux@sha256:4a844ea9eb2546a2d2c7022eacef16ef2e8229c7fbb2c7d4d55a9ceca922f72d" "/opt/rustwide/cargo-home/bin/cargo" "+nightly-2024-10-28" "test" "--frozen" "--no-run" "--message-format=json", kill_on_drop: false }`
[INFO] [stdout] f06bdc7d5128d3dd1b539347186317f78172b48c88198fff09fe1ddf58180b60
[INFO] running `Command { std: "docker" "start" "-a" "f06bdc7d5128d3dd1b539347186317f78172b48c88198fff09fe1ddf58180b60", kill_on_drop: false }`
[INFO] [stderr]    Compiling matrix_match v1.0.0 (/opt/rustwide/workdir)
[INFO] [stderr]     Finished `test` profile [unoptimized + debuginfo] target(s) in 0.24s
[INFO] running `Command { std: "docker" "inspect" "f06bdc7d5128d3dd1b539347186317f78172b48c88198fff09fe1ddf58180b60", kill_on_drop: false }`
[INFO] running `Command { std: "docker" "rm" "-f" "f06bdc7d5128d3dd1b539347186317f78172b48c88198fff09fe1ddf58180b60", kill_on_drop: false }`
[INFO] [stdout] f06bdc7d5128d3dd1b539347186317f78172b48c88198fff09fe1ddf58180b60
[INFO] running `Command { std: "docker" "create" "-v" "/var/lib/crater-agent-workspace/builds/worker-6-tc1/target:/opt/rustwide/target:rw,Z" "-v" "/var/lib/crater-agent-workspace/builds/worker-6-tc1/source:/opt/rustwide/workdir:ro,Z" "-v" "/var/lib/crater-agent-workspace/cargo-home:/opt/rustwide/cargo-home:ro,Z" "-v" "/var/lib/crater-agent-workspace/rustup-home:/opt/rustwide/rustup-home:ro,Z" "-e" "SOURCE_DIR=/opt/rustwide/workdir" "-e" "CARGO_TARGET_DIR=/opt/rustwide/target" "-e" "CARGO_INCREMENTAL=0" "-e" "RUST_BACKTRACE=full" "-e" "RUSTFLAGS=--cap-lints=forbid" "-e" "RUSTDOCFLAGS=--cap-lints=forbid" "-e" "CARGO_HOME=/opt/rustwide/cargo-home" "-e" "RUSTUP_HOME=/opt/rustwide/rustup-home" "-w" "/opt/rustwide/workdir" "-m" "1610612736" "--user" "0:0" "--network" "none" "ghcr.io/rust-lang/crates-build-env/linux@sha256:4a844ea9eb2546a2d2c7022eacef16ef2e8229c7fbb2c7d4d55a9ceca922f72d" "/opt/rustwide/cargo-home/bin/cargo" "+nightly-2024-10-28" "test" "--frozen", kill_on_drop: false }`
[INFO] [stdout] fd13ba446036503eed0dc424aac921bff3ddf21f3f8bf0709265ecee1effb0aa
[INFO] running `Command { std: "docker" "start" "-a" "fd13ba446036503eed0dc424aac921bff3ddf21f3f8bf0709265ecee1effb0aa", kill_on_drop: false }`
[INFO] [stderr]     Finished `test` profile [unoptimized + debuginfo] target(s) in 0.01s
[INFO] [stderr]      Running unittests src/lib.rs (/opt/rustwide/target/debug/deps/matrix_match-659d3b0f7425739e)
[INFO] [stdout] 
[INFO] [stdout] running 5 tests
[INFO] [stdout] test test::basic_use ... ok
[INFO] [stdout] test test::big ... ok
[INFO] [stdout] test test::complex_expr ... ok
[INFO] [stdout] test test::complex_match ... ok
[INFO] [stdout] test test::full ... ok
[INFO] [stdout] 
[INFO] [stdout] test result: ok. 5 passed; 0 failed; 0 ignored; 0 measured; 0 filtered out; finished in 0.00s
[INFO] [stdout] 
[INFO] [stderr]    Doc-tests matrix_match
[INFO] [stdout] 
[INFO] [stdout] running 3 tests
[INFO] [stdout] test src/lib.rs - matrix_match (line 46) ... FAILED
[INFO] [stdout] test src/lib.rs - matrix_match (line 65) ... ok
[INFO] [stdout] test src/lib.rs - matrix_match (line 80) ... ok
[INFO] [stdout] 
[INFO] [stdout] failures:
[INFO] [stdout] 
[INFO] [stdout] ---- src/lib.rs - matrix_match (line 46) stdout ----
[INFO] [stdout] error[E0170]: pattern binding `a` is named the same as one of the variants of the type `main::_doctest_main_src_lib_rs_46_0::A`
[INFO] [stdout]   --> src/lib.rs:53:5
[INFO] [stdout]    |
[INFO] [stdout] 10 | let a = A::a;
[INFO] [stdout]    |     ^
[INFO] [stdout]    |
[INFO] [stdout]    = note: `#[deny(bindings_with_variant_name)]` on by default
[INFO] [stdout] 
[INFO] [stdout] error[E0170]: pattern binding `b` is named the same as one of the variants of the type `main::_doctest_main_src_lib_rs_46_0::B`
[INFO] [stdout]   --> src/lib.rs:54:5
[INFO] [stdout]    |
[INFO] [stdout] 11 | let b = B::b;
[INFO] [stdout]    |     ^
[INFO] [stdout] 
[INFO] [stdout] error: aborting due to 2 previous errors
[INFO] [stdout] 
[INFO] [stdout] For more information about this error, try `rustc --explain E0170`.
[INFO] [stdout] Couldn't compile the test.
[INFO] [stdout] 
[INFO] [stdout] failures:
[INFO] [stdout]     src/lib.rs - matrix_match (line 46)
[INFO] [stdout] 
[INFO] [stdout] test result: FAILED. 2 passed; 1 failed; 0 ignored; 0 measured; 0 filtered out; finished in 0.19s
[INFO] [stdout] 
[INFO] [stderr] error: doctest failed, to rerun pass `--doc`
[INFO] running `Command { std: "docker" "inspect" "fd13ba446036503eed0dc424aac921bff3ddf21f3f8bf0709265ecee1effb0aa", kill_on_drop: false }`
[INFO] running `Command { std: "docker" "rm" "-f" "fd13ba446036503eed0dc424aac921bff3ddf21f3f8bf0709265ecee1effb0aa", kill_on_drop: false }`
[INFO] [stdout] fd13ba446036503eed0dc424aac921bff3ddf21f3f8bf0709265ecee1effb0aa
