[INFO] cloning repository https://github.com/Dragoteryx/flatgrass
[INFO] running `Command { std: "git" "-c" "credential.helper=" "-c" "credential.helper=/workspace/cargo-home/bin/git-credential-null" "clone" "--bare" "https://github.com/Dragoteryx/flatgrass" "/workspace/cache/git-repos/https%3A%2F%2Fgithub.com%2FDragoteryx%2Fflatgrass", kill_on_drop: false }`
[INFO] [stderr] Cloning into bare repository '/workspace/cache/git-repos/https%3A%2F%2Fgithub.com%2FDragoteryx%2Fflatgrass'...
[INFO] running `Command { std: "git" "rev-parse" "HEAD", kill_on_drop: false }`
[INFO] [stdout] 001aabdf58b8eaae22c88ec04254b9ec9e7c8acb
[INFO] testing Dragoteryx/flatgrass/001aabdf58b8eaae22c88ec04254b9ec9e7c8acb against nightly-2024-10-28 for randomize-layout
[INFO] running `Command { std: "git" "clone" "/workspace/cache/git-repos/https%3A%2F%2Fgithub.com%2FDragoteryx%2Fflatgrass" "/workspace/builds/worker-1-tc1/source", kill_on_drop: false }`
[INFO] [stderr] Cloning into '/workspace/builds/worker-1-tc1/source'...
[INFO] [stderr] done.
[INFO] validating manifest of git repo https://github.com/Dragoteryx/flatgrass on toolchain nightly-2024-10-28
[INFO] running `Command { std: CARGO_HOME="/workspace/cargo-home" RUSTUP_HOME="/workspace/rustup-home" "/workspace/cargo-home/bin/cargo" "+nightly-2024-10-28" "metadata" "--manifest-path" "Cargo.toml" "--no-deps", kill_on_drop: false }`
[INFO] removed /workspace/builds/worker-1-tc1/source/rust-toolchain.toml
[INFO] started tweaking git repo https://github.com/Dragoteryx/flatgrass
[INFO] finished tweaking git repo https://github.com/Dragoteryx/flatgrass
[INFO] tweaked toml for git repo https://github.com/Dragoteryx/flatgrass written to /workspace/builds/worker-1-tc1/source/Cargo.toml
[INFO] crate git repo https://github.com/Dragoteryx/flatgrass already has a lockfile, it will not be regenerated
[INFO] running `Command { std: CARGO_HOME="/workspace/cargo-home" RUSTUP_HOME="/workspace/rustup-home" "/workspace/cargo-home/bin/cargo" "+nightly-2024-10-28" "fetch" "--manifest-path" "Cargo.toml", kill_on_drop: false }`
[INFO] [stderr] warning: virtual workspace defaulting to `resolver = "1"` despite one or more workspace members being on edition 2021 which implies `resolver = "2"`
[INFO] [stderr] note: to keep the current resolver, specify `workspace.resolver = "1"` in the workspace root's manifest
[INFO] [stderr] note: to use the edition 2021 resolver, specify `workspace.resolver = "2"` in the workspace root's manifest
[INFO] [stderr] note: for more details see https://doc.rust-lang.org/cargo/reference/resolver.html#resolver-versions
[INFO] running `Command { std: "docker" "create" "-v" "/var/lib/crater-agent-workspace/builds/worker-1-tc1/target:/opt/rustwide/target:rw,Z" "-v" "/var/lib/crater-agent-workspace/builds/worker-1-tc1/source:/opt/rustwide/workdir:ro,Z" "-v" "/var/lib/crater-agent-workspace/cargo-home:/opt/rustwide/cargo-home:ro,Z" "-v" "/var/lib/crater-agent-workspace/rustup-home:/opt/rustwide/rustup-home:ro,Z" "-e" "SOURCE_DIR=/opt/rustwide/workdir" "-e" "CARGO_TARGET_DIR=/opt/rustwide/target" "-e" "CARGO_HOME=/opt/rustwide/cargo-home" "-e" "RUSTUP_HOME=/opt/rustwide/rustup-home" "-w" "/opt/rustwide/workdir" "-m" "1610612736" "--user" "0:0" "--network" "none" "ghcr.io/rust-lang/crates-build-env/linux@sha256:4a844ea9eb2546a2d2c7022eacef16ef2e8229c7fbb2c7d4d55a9ceca922f72d" "/opt/rustwide/cargo-home/bin/cargo" "+nightly-2024-10-28" "metadata" "--no-deps" "--format-version=1", kill_on_drop: false }`
[INFO] [stdout] 03a7bb23465bfd2312999ff200e14410a1709ec8ac572b999daf77bb6412a660
[INFO] running `Command { std: "docker" "start" "-a" "03a7bb23465bfd2312999ff200e14410a1709ec8ac572b999daf77bb6412a660", kill_on_drop: false }`
[INFO] running `Command { std: "docker" "inspect" "03a7bb23465bfd2312999ff200e14410a1709ec8ac572b999daf77bb6412a660", kill_on_drop: false }`
[INFO] running `Command { std: "docker" "rm" "-f" "03a7bb23465bfd2312999ff200e14410a1709ec8ac572b999daf77bb6412a660", kill_on_drop: false }`
[INFO] [stdout] 03a7bb23465bfd2312999ff200e14410a1709ec8ac572b999daf77bb6412a660
[INFO] running `Command { std: "docker" "create" "-v" "/var/lib/crater-agent-workspace/builds/worker-1-tc1/target:/opt/rustwide/target:rw,Z" "-v" "/var/lib/crater-agent-workspace/builds/worker-1-tc1/source:/opt/rustwide/workdir:ro,Z" "-v" "/var/lib/crater-agent-workspace/cargo-home:/opt/rustwide/cargo-home:ro,Z" "-v" "/var/lib/crater-agent-workspace/rustup-home:/opt/rustwide/rustup-home:ro,Z" "-e" "SOURCE_DIR=/opt/rustwide/workdir" "-e" "CARGO_TARGET_DIR=/opt/rustwide/target" "-e" "CARGO_INCREMENTAL=0" "-e" "RUST_BACKTRACE=full" "-e" "RUSTFLAGS=--cap-lints=forbid" "-e" "RUSTDOCFLAGS=--cap-lints=forbid" "-e" "CARGO_HOME=/opt/rustwide/cargo-home" "-e" "RUSTUP_HOME=/opt/rustwide/rustup-home" "-w" "/opt/rustwide/workdir" "-m" "1610612736" "--user" "0:0" "--network" "none" "ghcr.io/rust-lang/crates-build-env/linux@sha256:4a844ea9eb2546a2d2c7022eacef16ef2e8229c7fbb2c7d4d55a9ceca922f72d" "/opt/rustwide/cargo-home/bin/cargo" "+nightly-2024-10-28" "build" "--frozen" "--message-format=json", kill_on_drop: false }`
[INFO] [stdout] 4279becbe32b0dfec785e7866ea3e4746f386d458b1609ea2db79636a7556795
[INFO] running `Command { std: "docker" "start" "-a" "4279becbe32b0dfec785e7866ea3e4746f386d458b1609ea2db79636a7556795", kill_on_drop: false }`
[INFO] [stderr] warning: virtual workspace defaulting to `resolver = "1"` despite one or more workspace members being on edition 2021 which implies `resolver = "2"`
[INFO] [stderr] note: to keep the current resolver, specify `workspace.resolver = "1"` in the workspace root's manifest
[INFO] [stderr] note: to use the edition 2021 resolver, specify `workspace.resolver = "2"` in the workspace root's manifest
[INFO] [stderr] note: for more details see https://doc.rust-lang.org/cargo/reference/resolver.html#resolver-versions
[INFO] [stderr]    Compiling proc-macro2 v1.0.40
[INFO] [stderr]    Compiling unicode-ident v1.0.1
[INFO] [stderr]    Compiling quote v1.0.20
[INFO] [stderr]    Compiling syn v1.0.98
[INFO] [stderr]    Compiling libc v0.2.126
[INFO] [stderr]    Compiling once_cell v1.12.0
[INFO] [stderr]    Compiling libloading v0.7.3
[INFO] [stderr]    Compiling flatgrass-macros v0.1.0 (/opt/rustwide/workdir/flatgrass-macros)
[INFO] [stderr]    Compiling flatgrass v0.1.0 (/opt/rustwide/workdir/flatgrass)
[INFO] [stdout] warning: unused import: `std::ops::*`
[INFO] [stdout]  --> flatgrass/src/gm/structs/angle.rs:1:5
[INFO] [stdout]   |
[INFO] [stdout] 1 | use std::ops::*;
[INFO] [stdout]   |     ^^^^^^^^^^^
[INFO] [stdout]   |
[INFO] [stdout]   = note: `#[warn(unused_imports)]` on by default
[INFO] [stdout] 
[INFO] [stdout] 
[INFO] [stdout] warning: unused import: `std::ops::*`
[INFO] [stdout]  --> flatgrass/src/gm/structs/vector.rs:1:5
[INFO] [stdout]   |
[INFO] [stdout] 1 | use std::ops::*;
[INFO] [stdout]   |     ^^^^^^^^^^^
[INFO] [stdout] 
[INFO] [stdout] 
[INFO] [stdout] warning: the feature `c_unwind` has been stable since 1.81.0 and no longer requires an attribute to enable
[INFO] [stdout]  --> flatgrass/src/lib.rs:3:12
[INFO] [stdout]   |
[INFO] [stdout] 3 | #![feature(c_unwind)]
[INFO] [stdout]   |            ^^^^^^^^
[INFO] [stdout]   |
[INFO] [stdout]   = note: `#[warn(stable_features)]` on by default
[INFO] [stdout] 
[INFO] [stdout] 
[INFO] [stdout] warning: field `0` is never read
[INFO] [stdout]  --> flatgrass/src/gm/libs/hook.rs:3:24
[INFO] [stdout]   |
[INFO] [stdout] 3 | pub struct HookLib<'l>(pub(crate) Table<'l>);
[INFO] [stdout]   |            -------     ^^^^^^^^^^^^^^^^^^^^
[INFO] [stdout]   |            |
[INFO] [stdout]   |            field in this struct
[INFO] [stdout]   |
[INFO] [stdout]   = help: consider removing this field
[INFO] [stdout]   = note: `#[warn(dead_code)]` on by default
[INFO] [stdout] 
[INFO] [stdout] 
[INFO] [stderr]     Finished `dev` profile [unoptimized + debuginfo] target(s) in 2.72s
[INFO] running `Command { std: "docker" "inspect" "4279becbe32b0dfec785e7866ea3e4746f386d458b1609ea2db79636a7556795", kill_on_drop: false }`
[INFO] running `Command { std: "docker" "rm" "-f" "4279becbe32b0dfec785e7866ea3e4746f386d458b1609ea2db79636a7556795", kill_on_drop: false }`
[INFO] [stdout] 4279becbe32b0dfec785e7866ea3e4746f386d458b1609ea2db79636a7556795
[INFO] running `Command { std: "docker" "create" "-v" "/var/lib/crater-agent-workspace/builds/worker-1-tc1/target:/opt/rustwide/target:rw,Z" "-v" "/var/lib/crater-agent-workspace/builds/worker-1-tc1/source:/opt/rustwide/workdir:ro,Z" "-v" "/var/lib/crater-agent-workspace/cargo-home:/opt/rustwide/cargo-home:ro,Z" "-v" "/var/lib/crater-agent-workspace/rustup-home:/opt/rustwide/rustup-home:ro,Z" "-e" "SOURCE_DIR=/opt/rustwide/workdir" "-e" "CARGO_TARGET_DIR=/opt/rustwide/target" "-e" "CARGO_INCREMENTAL=0" "-e" "RUST_BACKTRACE=full" "-e" "RUSTFLAGS=--cap-lints=forbid" "-e" "RUSTDOCFLAGS=--cap-lints=forbid" "-e" "CARGO_HOME=/opt/rustwide/cargo-home" "-e" "RUSTUP_HOME=/opt/rustwide/rustup-home" "-w" "/opt/rustwide/workdir" "-m" "1610612736" "--user" "0:0" "--network" "none" "ghcr.io/rust-lang/crates-build-env/linux@sha256:4a844ea9eb2546a2d2c7022eacef16ef2e8229c7fbb2c7d4d55a9ceca922f72d" "/opt/rustwide/cargo-home/bin/cargo" "+nightly-2024-10-28" "test" "--frozen" "--no-run" "--message-format=json", kill_on_drop: false }`
[INFO] [stdout] edef9df6f9a6201c257f9fc0121cd2b5197c17452305030061cf93bbd7dbf8c0
[INFO] running `Command { std: "docker" "start" "-a" "edef9df6f9a6201c257f9fc0121cd2b5197c17452305030061cf93bbd7dbf8c0", kill_on_drop: false }`
[INFO] [stderr] warning: virtual workspace defaulting to `resolver = "1"` despite one or more workspace members being on edition 2021 which implies `resolver = "2"`
[INFO] [stderr] note: to keep the current resolver, specify `workspace.resolver = "1"` in the workspace root's manifest
[INFO] [stderr] note: to use the edition 2021 resolver, specify `workspace.resolver = "2"` in the workspace root's manifest
[INFO] [stderr] note: for more details see https://doc.rust-lang.org/cargo/reference/resolver.html#resolver-versions
[INFO] [stderr]    Compiling flatgrass-macros v0.1.0 (/opt/rustwide/workdir/flatgrass-macros)
[INFO] [stderr]    Compiling flatgrass v0.1.0 (/opt/rustwide/workdir/flatgrass)
[INFO] [stdout] warning: unused import: `std::ops::*`
[INFO] [stdout]  --> flatgrass/src/gm/structs/angle.rs:1:5
[INFO] [stdout]   |
[INFO] [stdout] 1 | use std::ops::*;
[INFO] [stdout]   |     ^^^^^^^^^^^
[INFO] [stdout]   |
[INFO] [stdout]   = note: `#[warn(unused_imports)]` on by default
[INFO] [stdout] 
[INFO] [stdout] 
[INFO] [stdout] warning: unused import: `std::ops::*`
[INFO] [stdout]  --> flatgrass/src/gm/structs/angle.rs:1:5
[INFO] [stdout]   |
[INFO] [stdout] 1 | use std::ops::*;
[INFO] [stdout]   |     ^^^^^^^^^^^
[INFO] [stdout]   |
[INFO] [stdout]   = note: `#[warn(unused_imports)]` on by default
[INFO] [stdout] 
[INFO] [stdout] 
[INFO] [stdout] warning: unused import: `std::ops::*`
[INFO] [stdout]  --> flatgrass/src/gm/structs/vector.rs:1:5
[INFO] [stdout]   |
[INFO] [stdout] 1 | use std::ops::*;
[INFO] [stdout]   |     ^^^^^^^^^^^
[INFO] [stdout] 
[INFO] [stdout] 
[INFO] [stdout] warning: unused import: `std::ops::*`
[INFO] [stdout]  --> flatgrass/src/gm/structs/vector.rs:1:5
[INFO] [stdout]   |
[INFO] [stdout] 1 | use std::ops::*;
[INFO] [stdout]   |     ^^^^^^^^^^^
[INFO] [stdout] 
[INFO] [stdout] 
[INFO] [stdout] warning: the feature `c_unwind` has been stable since 1.81.0 and no longer requires an attribute to enable
[INFO] [stdout]  --> flatgrass/src/lib.rs:3:12
[INFO] [stdout]   |
[INFO] [stdout] 3 | #![feature(c_unwind)]
[INFO] [stdout]   |            ^^^^^^^^
[INFO] [stdout]   |
[INFO] [stdout]   = note: `#[warn(stable_features)]` on by default
[INFO] [stdout] 
[INFO] [stdout] 
[INFO] [stdout] warning: the feature `c_unwind` has been stable since 1.81.0 and no longer requires an attribute to enable
[INFO] [stdout]  --> flatgrass/src/lib.rs:3:12
[INFO] [stdout]   |
[INFO] [stdout] 3 | #![feature(c_unwind)]
[INFO] [stdout]   |            ^^^^^^^^
[INFO] [stdout]   |
[INFO] [stdout]   = note: `#[warn(stable_features)]` on by default
[INFO] [stdout] 
[INFO] [stdout] 
[INFO] [stdout] warning: field `0` is never read
[INFO] [stdout]  --> flatgrass/src/gm/libs/hook.rs:3:24
[INFO] [stdout]   |
[INFO] [stdout] 3 | pub struct HookLib<'l>(pub(crate) Table<'l>);
[INFO] [stdout]   |            -------     ^^^^^^^^^^^^^^^^^^^^
[INFO] [stdout]   |            |
[INFO] [stdout]   |            field in this struct
[INFO] [stdout]   |
[INFO] [stdout]   = help: consider removing this field
[INFO] [stdout]   = note: `#[warn(dead_code)]` on by default
[INFO] [stdout] 
[INFO] [stdout] 
[INFO] [stdout] warning: field `0` is never read
[INFO] [stdout]  --> flatgrass/src/gm/libs/hook.rs:3:24
[INFO] [stdout]   |
[INFO] [stdout] 3 | pub struct HookLib<'l>(pub(crate) Table<'l>);
[INFO] [stdout]   |            -------     ^^^^^^^^^^^^^^^^^^^^
[INFO] [stdout]   |            |
[INFO] [stdout]   |            field in this struct
[INFO] [stdout]   |
[INFO] [stdout]   = help: consider removing this field
[INFO] [stdout]   = note: `#[warn(dead_code)]` on by default
[INFO] [stdout] 
[INFO] [stdout] 
[INFO] [stderr]     Finished `test` profile [unoptimized + debuginfo] target(s) in 0.61s
[INFO] running `Command { std: "docker" "inspect" "edef9df6f9a6201c257f9fc0121cd2b5197c17452305030061cf93bbd7dbf8c0", kill_on_drop: false }`
[INFO] running `Command { std: "docker" "rm" "-f" "edef9df6f9a6201c257f9fc0121cd2b5197c17452305030061cf93bbd7dbf8c0", kill_on_drop: false }`
[INFO] [stdout] edef9df6f9a6201c257f9fc0121cd2b5197c17452305030061cf93bbd7dbf8c0
[INFO] running `Command { std: "docker" "create" "-v" "/var/lib/crater-agent-workspace/builds/worker-1-tc1/target:/opt/rustwide/target:rw,Z" "-v" "/var/lib/crater-agent-workspace/builds/worker-1-tc1/source:/opt/rustwide/workdir:ro,Z" "-v" "/var/lib/crater-agent-workspace/cargo-home:/opt/rustwide/cargo-home:ro,Z" "-v" "/var/lib/crater-agent-workspace/rustup-home:/opt/rustwide/rustup-home:ro,Z" "-e" "SOURCE_DIR=/opt/rustwide/workdir" "-e" "CARGO_TARGET_DIR=/opt/rustwide/target" "-e" "CARGO_INCREMENTAL=0" "-e" "RUST_BACKTRACE=full" "-e" "RUSTFLAGS=--cap-lints=forbid" "-e" "RUSTDOCFLAGS=--cap-lints=forbid" "-e" "CARGO_HOME=/opt/rustwide/cargo-home" "-e" "RUSTUP_HOME=/opt/rustwide/rustup-home" "-w" "/opt/rustwide/workdir" "-m" "1610612736" "--user" "0:0" "--network" "none" "ghcr.io/rust-lang/crates-build-env/linux@sha256:4a844ea9eb2546a2d2c7022eacef16ef2e8229c7fbb2c7d4d55a9ceca922f72d" "/opt/rustwide/cargo-home/bin/cargo" "+nightly-2024-10-28" "test" "--frozen", kill_on_drop: false }`
[INFO] [stdout] 7b34776c760cc1f0e8ddc5ad0439d1b31b6e81d553dc5971927c75ec72a60ca1
[INFO] running `Command { std: "docker" "start" "-a" "7b34776c760cc1f0e8ddc5ad0439d1b31b6e81d553dc5971927c75ec72a60ca1", kill_on_drop: false }`
[INFO] [stderr] warning: virtual workspace defaulting to `resolver = "1"` despite one or more workspace members being on edition 2021 which implies `resolver = "2"`
[INFO] [stderr] note: to keep the current resolver, specify `workspace.resolver = "1"` in the workspace root's manifest
[INFO] [stderr] note: to use the edition 2021 resolver, specify `workspace.resolver = "2"` in the workspace root's manifest
[INFO] [stderr] note: for more details see https://doc.rust-lang.org/cargo/reference/resolver.html#resolver-versions
[INFO] [stderr] warning: unused import: `std::ops::*`
[INFO] [stderr]  --> flatgrass/src/gm/structs/angle.rs:1:5
[INFO] [stderr]   |
[INFO] [stderr] 1 | use std::ops::*;
[INFO] [stderr]   |     ^^^^^^^^^^^
[INFO] [stderr]   |
[INFO] [stderr]   = note: `#[warn(unused_imports)]` on by default
[INFO] [stderr] 
[INFO] [stderr] warning: unused import: `std::ops::*`
[INFO] [stderr]  --> flatgrass/src/gm/structs/vector.rs:1:5
[INFO] [stderr]   |
[INFO] [stderr] 1 | use std::ops::*;
[INFO] [stderr]   |     ^^^^^^^^^^^
[INFO] [stderr] 
[INFO] [stderr] warning: the feature `c_unwind` has been stable since 1.81.0 and no longer requires an attribute to enable
[INFO] [stderr]  --> flatgrass/src/lib.rs:3:12
[INFO] [stderr]   |
[INFO] [stderr] 3 | #![feature(c_unwind)]
[INFO] [stderr]   |            ^^^^^^^^
[INFO] [stderr]   |
[INFO] [stderr]   = note: `#[warn(stable_features)]` on by default
[INFO] [stderr] 
[INFO] [stderr] warning: field `0` is never read
[INFO] [stderr]  --> flatgrass/src/gm/libs/hook.rs:3:24
[INFO] [stderr]   |
[INFO] [stderr] 3 | pub struct HookLib<'l>(pub(crate) Table<'l>);
[INFO] [stderr]   |            -------     ^^^^^^^^^^^^^^^^^^^^
[INFO] [stderr]   |            |
[INFO] [stderr]   |            field in this struct
[INFO] [stderr]   |
[INFO] [stderr]   = help: consider removing this field
[INFO] [stderr]   = note: `#[warn(dead_code)]` on by default
[INFO] [stderr] 
[INFO] [stderr] warning: `flatgrass` (lib) generated 4 warnings (run `cargo fix --lib -p flatgrass` to apply 2 suggestions)
[INFO] [stderr] warning: `flatgrass` (lib test) generated 4 warnings (4 duplicates)
[INFO] [stderr]     Finished `test` profile [unoptimized + debuginfo] target(s) in 0.01s
[INFO] [stderr]      Running unittests src/lib.rs (/opt/rustwide/target/debug/deps/flatgrass-c560230e7059cf30)
[INFO] [stdout] 
[INFO] [stdout] running 0 tests
[INFO] [stdout] 
[INFO] [stdout] test result: ok. 0 passed; 0 failed; 0 ignored; 0 measured; 0 filtered out; finished in 0.00s
[INFO] [stdout] 
[INFO] [stderr]      Running unittests src/lib.rs (/opt/rustwide/target/debug/deps/flatgrass_macros-2df25b00e112e386)
[INFO] [stdout] 
[INFO] [stdout] running 0 tests
[INFO] [stdout] 
[INFO] [stdout] test result: ok. 0 passed; 0 failed; 0 ignored; 0 measured; 0 filtered out; finished in 0.00s
[INFO] [stdout] 
[INFO] [stderr]    Doc-tests flatgrass
[INFO] [stdout] 
[INFO] [stdout] running 0 tests
[INFO] [stdout] 
[INFO] [stdout] test result: ok. 0 passed; 0 failed; 0 ignored; 0 measured; 0 filtered out; finished in 0.00s
[INFO] [stdout] 
[INFO] [stderr]    Doc-tests flatgrass_macros
[INFO] [stdout] 
[INFO] [stdout] running 5 tests
[INFO] [stdout] test flatgrass-macros/src/lib.rs - entry (line 16) ... FAILED
[INFO] [stdout] test flatgrass-macros/src/lib.rs - function (line 51) ... FAILED
[INFO] [stdout] test flatgrass-macros/src/lib.rs - exit (line 37) ... FAILED
[INFO] [stdout] test flatgrass-macros/src/lib.rs - entry (line 9) ... FAILED
[INFO] [stdout] test flatgrass-macros/src/lib.rs - exit (line 30) ... FAILED
[INFO] [stdout] 
[INFO] [stdout] failures:
[INFO] [stdout] 
[INFO] [stdout] ---- flatgrass-macros/src/lib.rs - entry (line 16) stdout ----
[INFO] [stdout] error: expected one of `(`, `::`, `=`, `[`, `]`, or `{`, found `:`
[INFO] [stdout]  --> flatgrass-macros/src/lib.rs:17:12
[INFO] [stdout]   |
[INFO] [stdout] 3 | #[flatgrass:function(gmod13_open)]
[INFO] [stdout]   |            ^ expected one of `(`, `::`, `=`, `[`, `]`, or `{`
[INFO] [stdout]   |
[INFO] [stdout]   = note: type ascription syntax has been removed, see issue #101728 <https://github.com/rust-lang/rust/issues/101728>
[INFO] [stdout] help: maybe write a path separator here
[INFO] [stdout]   |
[INFO] [stdout] 3 | #[flatgrass::function(gmod13_open)]
[INFO] [stdout]   |            ~~
[INFO] [stdout] 
[INFO] [stdout] error: aborting due to 1 previous error
[INFO] [stdout] 
[INFO] [stdout] Couldn't compile the test.
[INFO] [stdout] ---- flatgrass-macros/src/lib.rs - function (line 51) stdout ----
[INFO] [stdout] error: expected one of `(`, `::`, `=`, `[`, `]`, or `{`, found `:`
[INFO] [stdout]  --> flatgrass-macros/src/lib.rs:52:12
[INFO] [stdout]   |
[INFO] [stdout] 3 | #[flatgrass:function(lua_is_even)]
[INFO] [stdout]   |            ^ expected one of `(`, `::`, `=`, `[`, `]`, or `{`
[INFO] [stdout]   |
[INFO] [stdout]   = note: type ascription syntax has been removed, see issue #101728 <https://github.com/rust-lang/rust/issues/101728>
[INFO] [stdout] help: maybe write a path separator here
[INFO] [stdout]   |
[INFO] [stdout] 3 | #[flatgrass::function(lua_is_even)]
[INFO] [stdout]   |            ~~
[INFO] [stdout] 
[INFO] [stdout] error: aborting due to 1 previous error
[INFO] [stdout] 
[INFO] [stdout] Couldn't compile the test.
[INFO] [stdout] ---- flatgrass-macros/src/lib.rs - exit (line 37) stdout ----
[INFO] [stdout] error: expected one of `(`, `::`, `=`, `[`, `]`, or `{`, found `:`
[INFO] [stdout]  --> flatgrass-macros/src/lib.rs:38:12
[INFO] [stdout]   |
[INFO] [stdout] 3 | #[flatgrass:function(gmod13_close)]
[INFO] [stdout]   |            ^ expected one of `(`, `::`, `=`, `[`, `]`, or `{`
[INFO] [stdout]   |
[INFO] [stdout]   = note: type ascription syntax has been removed, see issue #101728 <https://github.com/rust-lang/rust/issues/101728>
[INFO] [stdout] help: maybe write a path separator here
[INFO] [stdout]   |
[INFO] [stdout] 3 | #[flatgrass::function(gmod13_close)]
[INFO] [stdout]   |            ~~
[INFO] [stdout] 
[INFO] [stdout] error: aborting due to 1 previous error
[INFO] [stdout] 
[INFO] [stdout] Couldn't compile the test.
[INFO] [stdout] ---- flatgrass-macros/src/lib.rs - entry (line 9) stdout ----
[INFO] [stdout] error[E0433]: failed to resolve: use of undeclared crate or module `flatgrass`
[INFO] [stdout]  --> flatgrass-macros/src/lib.rs:10:3
[INFO] [stdout]   |
[INFO] [stdout] 3 | #[flatgrass::entry]
[INFO] [stdout]   |   ^^^^^^^^^ use of undeclared crate or module `flatgrass`
[INFO] [stdout] 
[INFO] [stdout] error: cannot find macro `printfg` in this scope
[INFO] [stdout]  --> flatgrass-macros/src/lib.rs:12:3
[INFO] [stdout]   |
[INFO] [stdout] 5 |   printfg!(lua, "Hello!");
[INFO] [stdout]   |   ^^^^^^^ help: a macro with a similar name exists: `print`
[INFO] [stdout]  --> /rustc/df4ca44d3fbc9301ee17f30f4d474e6ae4b05252/library/std/src/macros.rs:82:1
[INFO] [stdout]   |
[INFO] [stdout]   = note: similarly named macro `print` defined here
[INFO] [stdout] 
[INFO] [stdout] error[E0412]: cannot find type `Lua` in this scope
[INFO] [stdout]  --> flatgrass-macros/src/lib.rs:11:19
[INFO] [stdout]   |
[INFO] [stdout] 4 | pub fn entry(lua: Lua) {
[INFO] [stdout]   |                   ^^^ not found in this scope
[INFO] [stdout] 
[INFO] [stdout] error: aborting due to 3 previous errors
[INFO] [stdout] 
[INFO] [stdout] Some errors have detailed explanations: E0412, E0433.
[INFO] [stdout] For more information about an error, try `rustc --explain E0412`.
[INFO] [stdout] Couldn't compile the test.
[INFO] [stdout] ---- flatgrass-macros/src/lib.rs - exit (line 30) stdout ----
[INFO] [stdout] error[E0433]: failed to resolve: use of undeclared crate or module `flatgrass`
[INFO] [stdout]  --> flatgrass-macros/src/lib.rs:31:3
[INFO] [stdout]   |
[INFO] [stdout] 3 | #[flatgrass::exit]
[INFO] [stdout]   |   ^^^^^^^^^ use of undeclared crate or module `flatgrass`
[INFO] [stdout] 
[INFO] [stdout] error: cannot find macro `printfg` in this scope
[INFO] [stdout]  --> flatgrass-macros/src/lib.rs:33:3
[INFO] [stdout]   |
[INFO] [stdout] 5 |   printfg!(lua, "Goodbye!");
[INFO] [stdout]   |   ^^^^^^^ help: a macro with a similar name exists: `print`
[INFO] [stdout]  --> /rustc/df4ca44d3fbc9301ee17f30f4d474e6ae4b05252/library/std/src/macros.rs:82:1
[INFO] [stdout]   |
[INFO] [stdout]   = note: similarly named macro `print` defined here
[INFO] [stdout] 
[INFO] [stdout] error[E0412]: cannot find type `Lua` in this scope
[INFO] [stdout]  --> flatgrass-macros/src/lib.rs:32:18
[INFO] [stdout]   |
[INFO] [stdout] 4 | pub fn exit(lua: Lua) {
[INFO] [stdout]   |                  ^^^ not found in this scope
[INFO] [stdout] 
[INFO] [stdout] error: aborting due to 3 previous errors
[INFO] [stdout] 
[INFO] [stdout] Some errors have detailed explanations: E0412, E0433.
[INFO] [stdout] For more information about an error, try `rustc --explain E0412`.
[INFO] [stdout] Couldn't compile the test.
[INFO] [stdout] 
[INFO] [stdout] failures:
[INFO] [stdout]     flatgrass-macros/src/lib.rs - entry (line 16)
[INFO] [stdout]     flatgrass-macros/src/lib.rs - entry (line 9)
[INFO] [stdout]     flatgrass-macros/src/lib.rs - exit (line 30)
[INFO] [stdout]     flatgrass-macros/src/lib.rs - exit (line 37)
[INFO] [stdout]     flatgrass-macros/src/lib.rs - function (line 51)
[INFO] [stdout] 
[INFO] [stdout] test result: FAILED. 0 passed; 5 failed; 0 ignored; 0 measured; 0 filtered out; finished in 0.04s
[INFO] [stdout] 
[INFO] [stderr] error: doctest failed, to rerun pass `-p flatgrass-macros --doc`
[INFO] running `Command { std: "docker" "inspect" "7b34776c760cc1f0e8ddc5ad0439d1b31b6e81d553dc5971927c75ec72a60ca1", kill_on_drop: false }`
[INFO] running `Command { std: "docker" "rm" "-f" "7b34776c760cc1f0e8ddc5ad0439d1b31b6e81d553dc5971927c75ec72a60ca1", kill_on_drop: false }`
[INFO] [stdout] 7b34776c760cc1f0e8ddc5ad0439d1b31b6e81d553dc5971927c75ec72a60ca1
