[INFO] cloning repository https://github.com/Dragonchu/DcVm
[INFO] running `Command { std: "git" "-c" "credential.helper=" "-c" "credential.helper=/workspace/cargo-home/bin/git-credential-null" "clone" "--bare" "https://github.com/Dragonchu/DcVm" "/workspace/cache/git-repos/https%3A%2F%2Fgithub.com%2FDragonchu%2FDcVm", kill_on_drop: false }`
[INFO] [stderr] Cloning into bare repository '/workspace/cache/git-repos/https%3A%2F%2Fgithub.com%2FDragonchu%2FDcVm'...
[INFO] running `Command { std: "git" "rev-parse" "HEAD", kill_on_drop: false }`
[INFO] [stdout] 0aa4ae431590fcb766e09a4d905c0e8a935f6812
[INFO] testing Dragonchu/DcVm/0aa4ae431590fcb766e09a4d905c0e8a935f6812 against nightly-2024-10-28 for randomize-layout
[INFO] running `Command { std: "git" "clone" "/workspace/cache/git-repos/https%3A%2F%2Fgithub.com%2FDragonchu%2FDcVm" "/workspace/builds/worker-5-tc1/source", kill_on_drop: false }`
[INFO] [stderr] Cloning into '/workspace/builds/worker-5-tc1/source'...
[INFO] [stderr] done.
[INFO] validating manifest of git repo https://github.com/Dragonchu/DcVm on toolchain nightly-2024-10-28
[INFO] running `Command { std: CARGO_HOME="/workspace/cargo-home" RUSTUP_HOME="/workspace/rustup-home" "/workspace/cargo-home/bin/cargo" "+nightly-2024-10-28" "metadata" "--manifest-path" "Cargo.toml" "--no-deps", kill_on_drop: false }`
[INFO] started tweaking git repo https://github.com/Dragonchu/DcVm
[INFO] finished tweaking git repo https://github.com/Dragonchu/DcVm
[INFO] tweaked toml for git repo https://github.com/Dragonchu/DcVm written to /workspace/builds/worker-5-tc1/source/Cargo.toml
[INFO] crate git repo https://github.com/Dragonchu/DcVm already has a lockfile, it will not be regenerated
[INFO] running `Command { std: CARGO_HOME="/workspace/cargo-home" RUSTUP_HOME="/workspace/rustup-home" "/workspace/cargo-home/bin/cargo" "+nightly-2024-10-28" "fetch" "--manifest-path" "Cargo.toml", kill_on_drop: false }`
[INFO] running `Command { std: "docker" "create" "-v" "/var/lib/crater-agent-workspace/builds/worker-5-tc1/target:/opt/rustwide/target:rw,Z" "-v" "/var/lib/crater-agent-workspace/builds/worker-5-tc1/source:/opt/rustwide/workdir:ro,Z" "-v" "/var/lib/crater-agent-workspace/cargo-home:/opt/rustwide/cargo-home:ro,Z" "-v" "/var/lib/crater-agent-workspace/rustup-home:/opt/rustwide/rustup-home:ro,Z" "-e" "SOURCE_DIR=/opt/rustwide/workdir" "-e" "CARGO_TARGET_DIR=/opt/rustwide/target" "-e" "CARGO_HOME=/opt/rustwide/cargo-home" "-e" "RUSTUP_HOME=/opt/rustwide/rustup-home" "-w" "/opt/rustwide/workdir" "-m" "1610612736" "--user" "0:0" "--network" "none" "ghcr.io/rust-lang/crates-build-env/linux@sha256:4a844ea9eb2546a2d2c7022eacef16ef2e8229c7fbb2c7d4d55a9ceca922f72d" "/opt/rustwide/cargo-home/bin/cargo" "+nightly-2024-10-28" "metadata" "--no-deps" "--format-version=1", kill_on_drop: false }`
[INFO] [stdout] de3759533ea02a99ce4e5f12f03be24821e3c94b3d356ba12e5eb614d53e7faf
[INFO] running `Command { std: "docker" "start" "-a" "de3759533ea02a99ce4e5f12f03be24821e3c94b3d356ba12e5eb614d53e7faf", kill_on_drop: false }`
[INFO] running `Command { std: "docker" "inspect" "de3759533ea02a99ce4e5f12f03be24821e3c94b3d356ba12e5eb614d53e7faf", kill_on_drop: false }`
[INFO] running `Command { std: "docker" "rm" "-f" "de3759533ea02a99ce4e5f12f03be24821e3c94b3d356ba12e5eb614d53e7faf", kill_on_drop: false }`
[INFO] [stdout] de3759533ea02a99ce4e5f12f03be24821e3c94b3d356ba12e5eb614d53e7faf
[INFO] running `Command { std: "docker" "create" "-v" "/var/lib/crater-agent-workspace/builds/worker-5-tc1/target:/opt/rustwide/target:rw,Z" "-v" "/var/lib/crater-agent-workspace/builds/worker-5-tc1/source:/opt/rustwide/workdir:ro,Z" "-v" "/var/lib/crater-agent-workspace/cargo-home:/opt/rustwide/cargo-home:ro,Z" "-v" "/var/lib/crater-agent-workspace/rustup-home:/opt/rustwide/rustup-home:ro,Z" "-e" "SOURCE_DIR=/opt/rustwide/workdir" "-e" "CARGO_TARGET_DIR=/opt/rustwide/target" "-e" "CARGO_INCREMENTAL=0" "-e" "RUST_BACKTRACE=full" "-e" "RUSTFLAGS=--cap-lints=forbid" "-e" "RUSTDOCFLAGS=--cap-lints=forbid" "-e" "CARGO_HOME=/opt/rustwide/cargo-home" "-e" "RUSTUP_HOME=/opt/rustwide/rustup-home" "-w" "/opt/rustwide/workdir" "-m" "1610612736" "--user" "0:0" "--network" "none" "ghcr.io/rust-lang/crates-build-env/linux@sha256:4a844ea9eb2546a2d2c7022eacef16ef2e8229c7fbb2c7d4d55a9ceca922f72d" "/opt/rustwide/cargo-home/bin/cargo" "+nightly-2024-10-28" "build" "--frozen" "--message-format=json", kill_on_drop: false }`
[INFO] [stdout] 63746c301bceb89161dacae452ccc5f4de8d115fb4f79a533ca27356ae24b342
[INFO] running `Command { std: "docker" "start" "-a" "63746c301bceb89161dacae452ccc5f4de8d115fb4f79a533ca27356ae24b342", kill_on_drop: false }`
[INFO] [stderr]    Compiling libc v0.2.158
[INFO] [stderr]    Compiling proc-macro2 v1.0.86
[INFO] [stderr]    Compiling unicode-ident v1.0.13
[INFO] [stderr]    Compiling version_check v0.9.5
[INFO] [stderr]    Compiling typenum v1.17.0
[INFO] [stderr]    Compiling shlex v1.3.0
[INFO] [stderr]    Compiling pkg-config v0.3.30
[INFO] [stderr]    Compiling byteorder v1.5.0
[INFO] [stderr]    Compiling subtle v2.6.1
[INFO] [stderr]    Compiling zstd-safe v7.2.1
[INFO] [stderr]    Compiling thiserror v1.0.63
[INFO] [stderr]    Compiling adler2 v2.0.0
[INFO] [stderr]    Compiling powerfmt v0.2.0
[INFO] [stderr]    Compiling cpufeatures v0.2.14
[INFO] [stderr]    Compiling crc-catalog v2.4.0
[INFO] [stderr]    Compiling crc32fast v1.4.2
[INFO] [stderr]    Compiling log v0.4.22
[INFO] [stderr]    Compiling miniz_oxide v0.8.0
[INFO] [stderr]    Compiling crc v3.2.1
[INFO] [stderr]    Compiling num-conv v0.1.0
[INFO] [stderr]    Compiling deranged v0.3.11
[INFO] [stderr]    Compiling simd-adler32 v0.3.7
[INFO] [stderr]    Compiling equivalent v1.0.1
[INFO] [stderr]    Compiling bumpalo v3.16.0
[INFO] [stderr]    Compiling once_cell v1.19.0
[INFO] [stderr]    Compiling time-core v0.1.2
[INFO] [stderr]    Compiling zip v2.2.0
[INFO] [stderr]    Compiling hashbrown v0.14.5
[INFO] [stderr]    Compiling lockfree-object-pool v0.1.6
[INFO] [stderr]    Compiling constant_time_eq v0.3.1
[INFO] [stderr]    Compiling memchr v2.7.4
[INFO] [stderr]    Compiling generic-array v0.14.7
[INFO] [stderr]    Compiling deflate64 v0.1.9
[INFO] [stderr]    Compiling lzma-rs v0.3.0
[INFO] [stderr]    Compiling zopfli v0.8.1
[INFO] [stderr]    Compiling lazy_static v1.5.0
[INFO] [stderr]    Compiling flate2 v1.0.33
[INFO] [stderr]    Compiling quote v1.0.37
[INFO] [stderr]    Compiling syn v2.0.77
[INFO] [stderr]    Compiling time v0.3.36
[INFO] [stderr]    Compiling indexmap v2.5.0
[INFO] [stderr]    Compiling jobserver v0.1.32
[INFO] [stderr]    Compiling getrandom v0.2.15
[INFO] [stderr]    Compiling rand_core v0.6.4
[INFO] [stderr]    Compiling cc v1.1.18
[INFO] [stderr]    Compiling crypto-common v0.1.6
[INFO] [stderr]    Compiling block-buffer v0.10.4
[INFO] [stderr]    Compiling inout v0.1.3
[INFO] [stderr]    Compiling cipher v0.4.4
[INFO] [stderr]    Compiling digest v0.10.7
[INFO] [stderr]    Compiling hmac v0.12.1
[INFO] [stderr]    Compiling sha1 v0.10.6
[INFO] [stderr]    Compiling aes v0.8.4
[INFO] [stderr]    Compiling pbkdf2 v0.12.2
[INFO] [stderr]    Compiling zstd-sys v2.0.13+zstd.1.5.6
[INFO] [stderr]    Compiling bzip2-sys v0.1.11+1.0.8
[INFO] [stderr]    Compiling bzip2 v0.4.4
[INFO] [stderr]    Compiling zerocopy-derive v0.7.35
[INFO] [stderr]    Compiling zeroize_derive v1.4.2
[INFO] [stderr]    Compiling thiserror-impl v1.0.63
[INFO] [stderr]    Compiling displaydoc v0.2.5
[INFO] [stderr]    Compiling zstd v0.13.2
[INFO] [stderr]    Compiling zeroize v1.8.1
[INFO] [stderr]    Compiling zerocopy v0.7.35
[INFO] [stderr]    Compiling ppv-lite86 v0.2.20
[INFO] [stderr]    Compiling rand_chacha v0.3.1
[INFO] [stderr]    Compiling rand v0.8.5
[INFO] [stderr]    Compiling DcVm v0.1.0 (/opt/rustwide/workdir)
[INFO] [stdout] warning: unused import: `Klass`
[INFO] [stdout]  --> src/oops/oop.rs:5:35
[INFO] [stdout]   |
[INFO] [stdout] 5 | use super::klass::{InstanceKlass, Klass, KlassRef};
[INFO] [stdout]   |                                   ^^^^^
[INFO] [stdout]   |
[INFO] [stdout]   = note: `#[warn(unused_imports)]` on by default
[INFO] [stdout] 
[INFO] [stdout] 
[INFO] [stdout] warning: type `jint` should have an upper camel case name
[INFO] [stdout]  --> src/jni/jni_md.rs:1:10
[INFO] [stdout]   |
[INFO] [stdout] 1 | pub type jint = i32;
[INFO] [stdout]   |          ^^^^ help: convert the identifier to upper camel case: `Jint`
[INFO] [stdout]   |
[INFO] [stdout]   = note: `#[warn(non_camel_case_types)]` on by default
[INFO] [stdout] 
[INFO] [stdout] 
[INFO] [stdout] warning: type `jlong` should have an upper camel case name
[INFO] [stdout]  --> src/jni/jni_md.rs:2:10
[INFO] [stdout]   |
[INFO] [stdout] 2 | pub type jlong = i64;
[INFO] [stdout]   |          ^^^^^ help: convert the identifier to upper camel case: `Jlong`
[INFO] [stdout] 
[INFO] [stdout] 
[INFO] [stdout] warning: unused variable: `class_file`
[INFO] [stdout]   --> src/oops/klass.rs:64:16
[INFO] [stdout]    |
[INFO] [stdout] 64 |     pub fn new(class_file: ClassFile, class_loader: Rc<dyn ClassLoader>) -> Self {
[INFO] [stdout]    |                ^^^^^^^^^^ help: if this is intentional, prefix it with an underscore: `_class_file`
[INFO] [stdout]    |
[INFO] [stdout]    = note: `#[warn(unused_variables)]` on by default
[INFO] [stdout] 
[INFO] [stdout] 
[INFO] [stdout] warning: type `ClassFileStream<'a>` is more private than the item `ClassFileParser::class_file_stream`
[INFO] [stdout]   --> src/classfile/class_file_parse.rs:55:5
[INFO] [stdout]    |
[INFO] [stdout] 55 |     pub class_file_stream: ClassFileStream<'a>,
[INFO] [stdout]    |     ^^^^^^^^^^^^^^^^^^^^^^^^^^^^^^^^^^^^^^^^^^ field `ClassFileParser::class_file_stream` is reachable at visibility `pub(crate)`
[INFO] [stdout]    |
[INFO] [stdout] note: but type `ClassFileStream<'a>` is only usable at visibility `pub(self)`
[INFO] [stdout]   --> src/classfile/class_file_parse.rs:19:1
[INFO] [stdout]    |
[INFO] [stdout] 19 | enum ClassFileStream<'a> {
[INFO] [stdout]    | ^^^^^^^^^^^^^^^^^^^^^^^^
[INFO] [stdout]    = note: `#[warn(private_interfaces)]` on by default
[INFO] [stdout] 
[INFO] [stdout] 
[INFO] [stdout] warning: fields `access_flags`, `name_index`, `descriptor_index`, `attributes_count`, and `attributes` are never read
[INFO] [stdout]    --> src/classfile/class_file.rs:145:5
[INFO] [stdout]     |
[INFO] [stdout] 144 | pub struct FieldInfo {
[INFO] [stdout]     |            --------- fields in this struct
[INFO] [stdout] 145 |     access_flags: U2,
[INFO] [stdout]     |     ^^^^^^^^^^^^
[INFO] [stdout] 146 |     name_index: U2,
[INFO] [stdout]     |     ^^^^^^^^^^
[INFO] [stdout] 147 |     descriptor_index: U2,
[INFO] [stdout]     |     ^^^^^^^^^^^^^^^^
[INFO] [stdout] 148 |     attributes_count: U2,
[INFO] [stdout]     |     ^^^^^^^^^^^^^^^^
[INFO] [stdout] 149 |     attributes: Vec<AttributeInfo>,
[INFO] [stdout]     |     ^^^^^^^^^^
[INFO] [stdout]     |
[INFO] [stdout]     = note: `FieldInfo` has a derived impl for the trait `Debug`, but this is intentionally ignored during dead code analysis
[INFO] [stdout]     = note: `#[warn(dead_code)]` on by default
[INFO] [stdout] 
[INFO] [stdout] 
[INFO] [stdout] warning: type alias `U8` is never used
[INFO] [stdout]  --> src/classfile/types.rs:4:10
[INFO] [stdout]   |
[INFO] [stdout] 4 | pub type U8 = u64;
[INFO] [stdout]   |          ^^
[INFO] [stdout] 
[INFO] [stdout] 
[INFO] [stdout] warning: fields `attribute_name_index`, `attribute_length`, and `constant_value_index` are never read
[INFO] [stdout]  --> src/classfile/attribute_info.rs:6:9
[INFO] [stdout]   |
[INFO] [stdout] 5 |     ConstantValue {
[INFO] [stdout]   |     ------------- fields in this variant
[INFO] [stdout] 6 |         attribute_name_index: U2,
[INFO] [stdout]   |         ^^^^^^^^^^^^^^^^^^^^
[INFO] [stdout] 7 |         attribute_length: U4,
[INFO] [stdout]   |         ^^^^^^^^^^^^^^^^
[INFO] [stdout] 8 |         constant_value_index: U2,
[INFO] [stdout]   |         ^^^^^^^^^^^^^^^^^^^^
[INFO] [stdout]   |
[INFO] [stdout]   = note: `AttributeInfo` has a derived impl for the trait `Debug`, but this is intentionally ignored during dead code analysis
[INFO] [stdout] 
[INFO] [stdout] 
[INFO] [stdout] warning: multiple fields are never read
[INFO] [stdout]   --> src/classfile/attribute_info.rs:11:9
[INFO] [stdout]    |
[INFO] [stdout] 10 |     Code {
[INFO] [stdout]    |     ---- fields in this variant
[INFO] [stdout] 11 |         attribute_name_index: U2,
[INFO] [stdout]    |         ^^^^^^^^^^^^^^^^^^^^
[INFO] [stdout] 12 |         attribute_length: U4,
[INFO] [stdout]    |         ^^^^^^^^^^^^^^^^
[INFO] [stdout] 13 |         max_stack: U2,
[INFO] [stdout]    |         ^^^^^^^^^
[INFO] [stdout] 14 |         max_locals: U2,
[INFO] [stdout]    |         ^^^^^^^^^^
[INFO] [stdout] 15 |         code_length: U4,
[INFO] [stdout]    |         ^^^^^^^^^^^
[INFO] [stdout] 16 |         code: Vec<U1>,
[INFO] [stdout]    |         ^^^^
[INFO] [stdout] 17 |         exception_table_length: U2,
[INFO] [stdout]    |         ^^^^^^^^^^^^^^^^^^^^^^
[INFO] [stdout] 18 |         //start_pc, end_pc, handler_pc, catch_type
[INFO] [stdout] 19 |         exception_table: Vec<(U2, U2, U2, U2)>,
[INFO] [stdout]    |         ^^^^^^^^^^^^^^^
[INFO] [stdout] 20 |         attributes_count: U2,
[INFO] [stdout]    |         ^^^^^^^^^^^^^^^^
[INFO] [stdout] 21 |         attributes: Vec<AttributeInfo>,
[INFO] [stdout]    |         ^^^^^^^^^^
[INFO] [stdout]    |
[INFO] [stdout]    = note: `AttributeInfo` has a derived impl for the trait `Debug`, but this is intentionally ignored during dead code analysis
[INFO] [stdout] 
[INFO] [stdout] 
[INFO] [stdout] warning: fields `attribute_name_index`, `attribute_length`, `number_of_entries`, and `entries` are never read
[INFO] [stdout]   --> src/classfile/attribute_info.rs:24:9
[INFO] [stdout]    |
[INFO] [stdout] 23 |     StackMapTable {
[INFO] [stdout]    |     ------------- fields in this variant
[INFO] [stdout] 24 |         attribute_name_index: U2,
[INFO] [stdout]    |         ^^^^^^^^^^^^^^^^^^^^
[INFO] [stdout] 25 |         attribute_length: U4,
[INFO] [stdout]    |         ^^^^^^^^^^^^^^^^
[INFO] [stdout] 26 |         number_of_entries: U2,
[INFO] [stdout]    |         ^^^^^^^^^^^^^^^^^
[INFO] [stdout] 27 |         entries: Vec<StackMapFrame>,
[INFO] [stdout]    |         ^^^^^^^
[INFO] [stdout]    |
[INFO] [stdout]    = note: `AttributeInfo` has a derived impl for the trait `Debug`, but this is intentionally ignored during dead code analysis
[INFO] [stdout] 
[INFO] [stdout] 
[INFO] [stdout] warning: fields `attribute_name_index`, `attribute_length`, `number_of_exceptions`, and `exception_index_table` are never read
[INFO] [stdout]   --> src/classfile/attribute_info.rs:30:9
[INFO] [stdout]    |
[INFO] [stdout] 29 |     Exceptions {
[INFO] [stdout]    |     ---------- fields in this variant
[INFO] [stdout] 30 |         attribute_name_index: U2,
[INFO] [stdout]    |         ^^^^^^^^^^^^^^^^^^^^
[INFO] [stdout] 31 |         attribute_length: U4,
[INFO] [stdout]    |         ^^^^^^^^^^^^^^^^
[INFO] [stdout] 32 |         number_of_exceptions: U2,
[INFO] [stdout]    |         ^^^^^^^^^^^^^^^^^^^^
[INFO] [stdout] 33 |         exception_index_table: Vec<U2>,
[INFO] [stdout]    |         ^^^^^^^^^^^^^^^^^^^^^
[INFO] [stdout]    |
[INFO] [stdout]    = note: `AttributeInfo` has a derived impl for the trait `Debug`, but this is intentionally ignored during dead code analysis
[INFO] [stdout] 
[INFO] [stdout] 
[INFO] [stdout] warning: fields `attribute_name_index`, `attribute_length`, `number_of_classes`, and `classes` are never read
[INFO] [stdout]   --> src/classfile/attribute_info.rs:36:9
[INFO] [stdout]    |
[INFO] [stdout] 35 |     InnerClasses {
[INFO] [stdout]    |     ------------ fields in this variant
[INFO] [stdout] 36 |         attribute_name_index: U2,
[INFO] [stdout]    |         ^^^^^^^^^^^^^^^^^^^^
[INFO] [stdout] 37 |         attribute_length: U4,
[INFO] [stdout]    |         ^^^^^^^^^^^^^^^^
[INFO] [stdout] 38 |         number_of_classes: U2,
[INFO] [stdout]    |         ^^^^^^^^^^^^^^^^^
[INFO] [stdout] 39 |         //inner_class_info_index, outer_class_info_index, inner_name_index, inner_class_access_flags
[INFO] [stdout] 40 |         classes: Vec<(U2, U2, U2, U2)>,
[INFO] [stdout]    |         ^^^^^^^
[INFO] [stdout]    |
[INFO] [stdout]    = note: `AttributeInfo` has a derived impl for the trait `Debug`, but this is intentionally ignored during dead code analysis
[INFO] [stdout] 
[INFO] [stdout] 
[INFO] [stdout] warning: fields `attribute_name_index`, `attribute_length`, `class_index`, and `method_index` are never read
[INFO] [stdout]   --> src/classfile/attribute_info.rs:43:9
[INFO] [stdout]    |
[INFO] [stdout] 42 |     EnclosingMethod {
[INFO] [stdout]    |     --------------- fields in this variant
[INFO] [stdout] 43 |         attribute_name_index: U2,
[INFO] [stdout]    |         ^^^^^^^^^^^^^^^^^^^^
[INFO] [stdout] 44 |         attribute_length: U4,
[INFO] [stdout]    |         ^^^^^^^^^^^^^^^^
[INFO] [stdout] 45 |         class_index: U2,
[INFO] [stdout]    |         ^^^^^^^^^^^
[INFO] [stdout] 46 |         method_index: U2,
[INFO] [stdout]    |         ^^^^^^^^^^^^
[INFO] [stdout]    |
[INFO] [stdout]    = note: `AttributeInfo` has a derived impl for the trait `Debug`, but this is intentionally ignored during dead code analysis
[INFO] [stdout] 
[INFO] [stdout] 
[INFO] [stdout] warning: fields `attribute_name_index` and `attribute_length` are never read
[INFO] [stdout]   --> src/classfile/attribute_info.rs:49:9
[INFO] [stdout]    |
[INFO] [stdout] 48 |     Synthetic {
[INFO] [stdout]    |     --------- fields in this variant
[INFO] [stdout] 49 |         attribute_name_index: U2,
[INFO] [stdout]    |         ^^^^^^^^^^^^^^^^^^^^
[INFO] [stdout] 50 |         attribute_length: U4,
[INFO] [stdout]    |         ^^^^^^^^^^^^^^^^
[INFO] [stdout]    |
[INFO] [stdout]    = note: `AttributeInfo` has a derived impl for the trait `Debug`, but this is intentionally ignored during dead code analysis
[INFO] [stdout] 
[INFO] [stdout] 
[INFO] [stdout] warning: fields `attribute_name_index`, `attribute_length`, and `signature_index` are never read
[INFO] [stdout]   --> src/classfile/attribute_info.rs:53:9
[INFO] [stdout]    |
[INFO] [stdout] 52 |     Signature {
[INFO] [stdout]    |     --------- fields in this variant
[INFO] [stdout] 53 |         attribute_name_index: U2,
[INFO] [stdout]    |         ^^^^^^^^^^^^^^^^^^^^
[INFO] [stdout] 54 |         attribute_length: U4,
[INFO] [stdout]    |         ^^^^^^^^^^^^^^^^
[INFO] [stdout] 55 |         signature_index: U2,
[INFO] [stdout]    |         ^^^^^^^^^^^^^^^
[INFO] [stdout]    |
[INFO] [stdout]    = note: `AttributeInfo` has a derived impl for the trait `Debug`, but this is intentionally ignored during dead code analysis
[INFO] [stdout] 
[INFO] [stdout] 
[INFO] [stdout] warning: fields `attribute_name_index`, `attribute_length`, and `sourcefile_index` are never read
[INFO] [stdout]   --> src/classfile/attribute_info.rs:58:9
[INFO] [stdout]    |
[INFO] [stdout] 57 |     SourceFile {
[INFO] [stdout]    |     ---------- fields in this variant
[INFO] [stdout] 58 |         attribute_name_index: U2,
[INFO] [stdout]    |         ^^^^^^^^^^^^^^^^^^^^
[INFO] [stdout] 59 |         attribute_length: U4,
[INFO] [stdout]    |         ^^^^^^^^^^^^^^^^
[INFO] [stdout] 60 |         sourcefile_index: U2,
[INFO] [stdout]    |         ^^^^^^^^^^^^^^^^
[INFO] [stdout]    |
[INFO] [stdout]    = note: `AttributeInfo` has a derived impl for the trait `Debug`, but this is intentionally ignored during dead code analysis
[INFO] [stdout] 
[INFO] [stdout] 
[INFO] [stdout] warning: fields `attribute_name_index`, `attribute_length`, and `debug_extension` are never read
[INFO] [stdout]   --> src/classfile/attribute_info.rs:63:9
[INFO] [stdout]    |
[INFO] [stdout] 62 |     SourceDebugExtension {
[INFO] [stdout]    |     -------------------- fields in this variant
[INFO] [stdout] 63 |         attribute_name_index: U2,
[INFO] [stdout]    |         ^^^^^^^^^^^^^^^^^^^^
[INFO] [stdout] 64 |         attribute_length: U4,
[INFO] [stdout]    |         ^^^^^^^^^^^^^^^^
[INFO] [stdout] 65 |         debug_extension: Vec<U1>,
[INFO] [stdout]    |         ^^^^^^^^^^^^^^^
[INFO] [stdout]    |
[INFO] [stdout]    = note: `AttributeInfo` has a derived impl for the trait `Debug`, but this is intentionally ignored during dead code analysis
[INFO] [stdout] 
[INFO] [stdout] 
[INFO] [stdout] warning: fields `attribute_name_index`, `attribute_length`, `line_number_table_length`, and `line_number_table` are never read
[INFO] [stdout]   --> src/classfile/attribute_info.rs:68:9
[INFO] [stdout]    |
[INFO] [stdout] 67 |     LineNumberTable {
[INFO] [stdout]    |     --------------- fields in this variant
[INFO] [stdout] 68 |         attribute_name_index: U2,
[INFO] [stdout]    |         ^^^^^^^^^^^^^^^^^^^^
[INFO] [stdout] 69 |         attribute_length: U4,
[INFO] [stdout]    |         ^^^^^^^^^^^^^^^^
[INFO] [stdout] 70 |         line_number_table_length: U2,
[INFO] [stdout]    |         ^^^^^^^^^^^^^^^^^^^^^^^^
[INFO] [stdout] 71 |         //start_pc, line_number
[INFO] [stdout] 72 |         line_number_table: Vec<(U2, U2)>,
[INFO] [stdout]    |         ^^^^^^^^^^^^^^^^^
[INFO] [stdout]    |
[INFO] [stdout]    = note: `AttributeInfo` has a derived impl for the trait `Debug`, but this is intentionally ignored during dead code analysis
[INFO] [stdout] 
[INFO] [stdout] 
[INFO] [stdout] warning: fields `attribute_name_index`, `attribute_length`, `local_variable_table_length`, and `local_variable_table` are never read
[INFO] [stdout]   --> src/classfile/attribute_info.rs:75:9
[INFO] [stdout]    |
[INFO] [stdout] 74 |     LocalVariableTable {
[INFO] [stdout]    |     ------------------ fields in this variant
[INFO] [stdout] 75 |         attribute_name_index: U2,
[INFO] [stdout]    |         ^^^^^^^^^^^^^^^^^^^^
[INFO] [stdout] 76 |         attribute_length: U4,
[INFO] [stdout]    |         ^^^^^^^^^^^^^^^^
[INFO] [stdout] 77 |         local_variable_table_length: U2,
[INFO] [stdout]    |         ^^^^^^^^^^^^^^^^^^^^^^^^^^^
[INFO] [stdout] 78 |         //start_pc, length, name_index, descriptor_index, index
[INFO] [stdout] 79 |         local_variable_table: Vec<(U2, U2, U2, U2, U2)>,
[INFO] [stdout]    |         ^^^^^^^^^^^^^^^^^^^^
[INFO] [stdout]    |
[INFO] [stdout]    = note: `AttributeInfo` has a derived impl for the trait `Debug`, but this is intentionally ignored during dead code analysis
[INFO] [stdout] 
[INFO] [stdout] 
[INFO] [stdout] warning: fields `attribute_name_index` and `attribute_length` are never read
[INFO] [stdout]   --> src/classfile/attribute_info.rs:89:9
[INFO] [stdout]    |
[INFO] [stdout] 88 |     Deprecated {
[INFO] [stdout]    |     ---------- fields in this variant
[INFO] [stdout] 89 |         attribute_name_index: U2,
[INFO] [stdout]    |         ^^^^^^^^^^^^^^^^^^^^
[INFO] [stdout] 90 |         attribute_length: U4,
[INFO] [stdout]    |         ^^^^^^^^^^^^^^^^
[INFO] [stdout]    |
[INFO] [stdout]    = note: `AttributeInfo` has a derived impl for the trait `Debug`, but this is intentionally ignored during dead code analysis
[INFO] [stdout] 
[INFO] [stdout] 
[INFO] [stdout] warning: fields `attribute_name_index`, `attribute_length`, `num_annotations`, and `annotations` are never read
[INFO] [stdout]   --> src/classfile/attribute_info.rs:93:9
[INFO] [stdout]    |
[INFO] [stdout] 92 |     RuntimeVisibleAnnotations {
[INFO] [stdout]    |     ------------------------- fields in this variant
[INFO] [stdout] 93 |         attribute_name_index: U2,
[INFO] [stdout]    |         ^^^^^^^^^^^^^^^^^^^^
[INFO] [stdout] 94 |         attribute_length: U4,
[INFO] [stdout]    |         ^^^^^^^^^^^^^^^^
[INFO] [stdout] 95 |         num_annotations: U2,
[INFO] [stdout]    |         ^^^^^^^^^^^^^^^
[INFO] [stdout] 96 |         annotations: Vec<Annotation>,
[INFO] [stdout]    |         ^^^^^^^^^^^
[INFO] [stdout]    |
[INFO] [stdout]    = note: `AttributeInfo` has a derived impl for the trait `Debug`, but this is intentionally ignored during dead code analysis
[INFO] [stdout] 
[INFO] [stdout] 
[INFO] [stdout] warning: fields `attribute_name_index`, `attribute_length`, `num_annotations`, and `annotations` are never read
[INFO] [stdout]    --> src/classfile/attribute_info.rs:99:9
[INFO] [stdout]     |
[INFO] [stdout] 98  |     RuntimeInvisibleAnnotations {
[INFO] [stdout]     |     --------------------------- fields in this variant
[INFO] [stdout] 99  |         attribute_name_index: U2,
[INFO] [stdout]     |         ^^^^^^^^^^^^^^^^^^^^
[INFO] [stdout] 100 |         attribute_length: U4,
[INFO] [stdout]     |         ^^^^^^^^^^^^^^^^
[INFO] [stdout] 101 |         num_annotations: U2,
[INFO] [stdout]     |         ^^^^^^^^^^^^^^^
[INFO] [stdout] 102 |         annotations: Vec<Annotation>,
[INFO] [stdout]     |         ^^^^^^^^^^^
[INFO] [stdout]     |
[INFO] [stdout]     = note: `AttributeInfo` has a derived impl for the trait `Debug`, but this is intentionally ignored during dead code analysis
[INFO] [stdout] 
[INFO] [stdout] 
[INFO] [stdout] warning: fields `attribute_name_index`, `attribute_length`, `num_parameters`, and `parameter_annotations` are never read
[INFO] [stdout]    --> src/classfile/attribute_info.rs:105:9
[INFO] [stdout]     |
[INFO] [stdout] 104 |     RuntimeVisibleParameterAnnotations {
[INFO] [stdout]     |     ---------------------------------- fields in this variant
[INFO] [stdout] 105 |         attribute_name_index: U2,
[INFO] [stdout]     |         ^^^^^^^^^^^^^^^^^^^^
[INFO] [stdout] 106 |         attribute_length: U4,
[INFO] [stdout]     |         ^^^^^^^^^^^^^^^^
[INFO] [stdout] 107 |         num_parameters: U1,
[INFO] [stdout]     |         ^^^^^^^^^^^^^^
[INFO] [stdout] 108 |         //num_annotations, annotations
[INFO] [stdout] 109 |         parameter_annotations: Vec<(U2, Vec<Annotation>)>,
[INFO] [stdout]     |         ^^^^^^^^^^^^^^^^^^^^^
[INFO] [stdout]     |
[INFO] [stdout]     = note: `AttributeInfo` has a derived impl for the trait `Debug`, but this is intentionally ignored during dead code analysis
[INFO] [stdout] 
[INFO] [stdout] 
[INFO] [stdout] warning: fields `attribute_name_index`, `attribute_length`, `num_parameters`, and `parameter_annotations` are never read
[INFO] [stdout]    --> src/classfile/attribute_info.rs:112:9
[INFO] [stdout]     |
[INFO] [stdout] 111 |     RuntimeInvisibleParameterAnnotations {
[INFO] [stdout]     |     ------------------------------------ fields in this variant
[INFO] [stdout] 112 |         attribute_name_index: U2,
[INFO] [stdout]     |         ^^^^^^^^^^^^^^^^^^^^
[INFO] [stdout] 113 |         attribute_length: U4,
[INFO] [stdout]     |         ^^^^^^^^^^^^^^^^
[INFO] [stdout] 114 |         num_parameters: U1,
[INFO] [stdout]     |         ^^^^^^^^^^^^^^
[INFO] [stdout] 115 |         //num_annotations, annotations
[INFO] [stdout] 116 |         parameter_annotations: Vec<(U2, Vec<Annotation>)>,
[INFO] [stdout]     |         ^^^^^^^^^^^^^^^^^^^^^
[INFO] [stdout]     |
[INFO] [stdout]     = note: `AttributeInfo` has a derived impl for the trait `Debug`, but this is intentionally ignored during dead code analysis
[INFO] [stdout] 
[INFO] [stdout] 
[INFO] [stdout] warning: fields `attribute_name_index`, `attribute_length`, `num_annotations`, and `annotations` are never read
[INFO] [stdout]    --> src/classfile/attribute_info.rs:119:9
[INFO] [stdout]     |
[INFO] [stdout] 118 |     RuntimeVisibleTypeAnnotations {
[INFO] [stdout]     |     ----------------------------- fields in this variant
[INFO] [stdout] 119 |         attribute_name_index: U2,
[INFO] [stdout]     |         ^^^^^^^^^^^^^^^^^^^^
[INFO] [stdout] 120 |         attribute_length: U4,
[INFO] [stdout]     |         ^^^^^^^^^^^^^^^^
[INFO] [stdout] 121 |         num_annotations: U2,
[INFO] [stdout]     |         ^^^^^^^^^^^^^^^
[INFO] [stdout] 122 |         annotations: Vec<TypeAnnotation>,
[INFO] [stdout]     |         ^^^^^^^^^^^
[INFO] [stdout]     |
[INFO] [stdout]     = note: `AttributeInfo` has a derived impl for the trait `Debug`, but this is intentionally ignored during dead code analysis
[INFO] [stdout] 
[INFO] [stdout] 
[INFO] [stdout] warning: fields `attribute_name_index`, `attribute_length`, and `default_value` are never read
[INFO] [stdout]    --> src/classfile/attribute_info.rs:131:9
[INFO] [stdout]     |
[INFO] [stdout] 130 |     AnnotationDefault {
[INFO] [stdout]     |     ----------------- fields in this variant
[INFO] [stdout] 131 |         attribute_name_index: U2,
[INFO] [stdout]     |         ^^^^^^^^^^^^^^^^^^^^
[INFO] [stdout] 132 |         attribute_length: U4,
[INFO] [stdout]     |         ^^^^^^^^^^^^^^^^
[INFO] [stdout] 133 |         default_value: ElementValue,
[INFO] [stdout]     |         ^^^^^^^^^^^^^
[INFO] [stdout]     |
[INFO] [stdout]     = note: `AttributeInfo` has a derived impl for the trait `Debug`, but this is intentionally ignored during dead code analysis
[INFO] [stdout] 
[INFO] [stdout] 
[INFO] [stdout] warning: fields `attribute_name_index`, `attribute_length`, `num_bootstrap_methods`, and `bootstrap_methods` are never read
[INFO] [stdout]    --> src/classfile/attribute_info.rs:136:9
[INFO] [stdout]     |
[INFO] [stdout] 135 |     BootstrapMethods {
[INFO] [stdout]     |     ---------------- fields in this variant
[INFO] [stdout] 136 |         attribute_name_index: U2,
[INFO] [stdout]     |         ^^^^^^^^^^^^^^^^^^^^
[INFO] [stdout] 137 |         attribute_length: U4,
[INFO] [stdout]     |         ^^^^^^^^^^^^^^^^
[INFO] [stdout] 138 |         num_bootstrap_methods: U2,
[INFO] [stdout]     |         ^^^^^^^^^^^^^^^^^^^^^
[INFO] [stdout] 139 |         //bootstrap_method_ref, num_bootstrap_arguments, bootstrap_arguments
[INFO] [stdout] 140 |         bootstrap_methods: Vec<(U2, U2, Vec<U2>)>,
[INFO] [stdout]     |         ^^^^^^^^^^^^^^^^^
[INFO] [stdout]     |
[INFO] [stdout]     = note: `AttributeInfo` has a derived impl for the trait `Debug`, but this is intentionally ignored during dead code analysis
[INFO] [stdout] 
[INFO] [stdout] 
[INFO] [stdout] warning: fields `attribute_name_index`, `attribute_length`, `parameters_count`, and `parameters` are never read
[INFO] [stdout]    --> src/classfile/attribute_info.rs:143:9
[INFO] [stdout]     |
[INFO] [stdout] 142 |     MethodParameters {
[INFO] [stdout]     |     ---------------- fields in this variant
[INFO] [stdout] 143 |         attribute_name_index: U2,
[INFO] [stdout]     |         ^^^^^^^^^^^^^^^^^^^^
[INFO] [stdout] 144 |         attribute_length: U4,
[INFO] [stdout]     |         ^^^^^^^^^^^^^^^^
[INFO] [stdout] 145 |         parameters_count: U1,
[INFO] [stdout]     |         ^^^^^^^^^^^^^^^^
[INFO] [stdout] 146 |         //name_index, access_flags
[INFO] [stdout] 147 |         parameters: Vec<(U2, U2)>,
[INFO] [stdout]     |         ^^^^^^^^^^
[INFO] [stdout]     |
[INFO] [stdout]     = note: `AttributeInfo` has a derived impl for the trait `Debug`, but this is intentionally ignored during dead code analysis
[INFO] [stdout] 
[INFO] [stdout] 
[INFO] [stdout] warning: variants `LocalVariableTypeTable` and `RuntimeInvisibleTypeAnnotations` are never constructed
[INFO] [stdout]    --> src/classfile/attribute_info.rs:81:5
[INFO] [stdout]     |
[INFO] [stdout] 4   | pub enum AttributeInfo {
[INFO] [stdout]     |          ------------- variants in this enum
[INFO] [stdout] ...
[INFO] [stdout] 81  |     LocalVariableTypeTable {
[INFO] [stdout]     |     ^^^^^^^^^^^^^^^^^^^^^^
[INFO] [stdout] ...
[INFO] [stdout] 124 |     RuntimeInvisibleTypeAnnotations {
[INFO] [stdout]     |     ^^^^^^^^^^^^^^^^^^^^^^^^^^^^^^^
[INFO] [stdout]     |
[INFO] [stdout]     = note: `AttributeInfo` has a derived impl for the trait `Debug`, but this is intentionally ignored during dead code analysis
[INFO] [stdout] 
[INFO] [stdout] 
[INFO] [stdout] warning: field `frame_type` is never read
[INFO] [stdout]    --> src/classfile/attribute_info.rs:154:9
[INFO] [stdout]     |
[INFO] [stdout] 153 |     SameFrame {
[INFO] [stdout]     |     --------- field in this variant
[INFO] [stdout] 154 |         frame_type: U1,
[INFO] [stdout]     |         ^^^^^^^^^^
[INFO] [stdout]     |
[INFO] [stdout]     = note: `StackMapFrame` has a derived impl for the trait `Debug`, but this is intentionally ignored during dead code analysis
[INFO] [stdout] 
[INFO] [stdout] 
[INFO] [stdout] warning: fields `frame_type` and `stack` are never read
[INFO] [stdout]    --> src/classfile/attribute_info.rs:157:9
[INFO] [stdout]     |
[INFO] [stdout] 156 |     SameLocals1StackItemFrame {
[INFO] [stdout]     |     ------------------------- fields in this variant
[INFO] [stdout] 157 |         frame_type: U1,
[INFO] [stdout]     |         ^^^^^^^^^^
[INFO] [stdout] 158 |         stack: [VerificationTypeInfo;1],
[INFO] [stdout]     |         ^^^^^
[INFO] [stdout]     |
[INFO] [stdout]     = note: `StackMapFrame` has a derived impl for the trait `Debug`, but this is intentionally ignored during dead code analysis
[INFO] [stdout] 
[INFO] [stdout] 
[INFO] [stdout] warning: fields `frame_type`, `offset_delta`, and `stack` are never read
[INFO] [stdout]    --> src/classfile/attribute_info.rs:161:9
[INFO] [stdout]     |
[INFO] [stdout] 160 |     SameLocals1StackItemFrameExtended {
[INFO] [stdout]     |     --------------------------------- fields in this variant
[INFO] [stdout] 161 |         frame_type: U1,
[INFO] [stdout]     |         ^^^^^^^^^^
[INFO] [stdout] 162 |         offset_delta: U2,
[INFO] [stdout]     |         ^^^^^^^^^^^^
[INFO] [stdout] 163 |         stack: [VerificationTypeInfo;1],
[INFO] [stdout]     |         ^^^^^
[INFO] [stdout]     |
[INFO] [stdout]     = note: `StackMapFrame` has a derived impl for the trait `Debug`, but this is intentionally ignored during dead code analysis
[INFO] [stdout] 
[INFO] [stdout] 
[INFO] [stdout] warning: fields `frame_type` and `offset_delta` are never read
[INFO] [stdout]    --> src/classfile/attribute_info.rs:166:9
[INFO] [stdout]     |
[INFO] [stdout] 165 |     ChopFrame {
[INFO] [stdout]     |     --------- fields in this variant
[INFO] [stdout] 166 |         frame_type: U1,
[INFO] [stdout]     |         ^^^^^^^^^^
[INFO] [stdout] 167 |         offset_delta: U2,
[INFO] [stdout]     |         ^^^^^^^^^^^^
[INFO] [stdout]     |
[INFO] [stdout]     = note: `StackMapFrame` has a derived impl for the trait `Debug`, but this is intentionally ignored during dead code analysis
[INFO] [stdout] 
[INFO] [stdout] 
[INFO] [stdout] warning: fields `frame_type` and `offset_delta` are never read
[INFO] [stdout]    --> src/classfile/attribute_info.rs:170:9
[INFO] [stdout]     |
[INFO] [stdout] 169 |     SameFrameExtended {
[INFO] [stdout]     |     ----------------- fields in this variant
[INFO] [stdout] 170 |         frame_type: U1,
[INFO] [stdout]     |         ^^^^^^^^^^
[INFO] [stdout] 171 |         offset_delta: U2,
[INFO] [stdout]     |         ^^^^^^^^^^^^
[INFO] [stdout]     |
[INFO] [stdout]     = note: `StackMapFrame` has a derived impl for the trait `Debug`, but this is intentionally ignored during dead code analysis
[INFO] [stdout] 
[INFO] [stdout] 
[INFO] [stdout] warning: fields `frame_type`, `offset_delta`, and `locals` are never read
[INFO] [stdout]    --> src/classfile/attribute_info.rs:174:9
[INFO] [stdout]     |
[INFO] [stdout] 173 |     AppendFrame {
[INFO] [stdout]     |     ----------- fields in this variant
[INFO] [stdout] 174 |         frame_type: U1,
[INFO] [stdout]     |         ^^^^^^^^^^
[INFO] [stdout] 175 |         offset_delta: U2,
[INFO] [stdout]     |         ^^^^^^^^^^^^
[INFO] [stdout] 176 |         locals: Vec<VerificationTypeInfo>,
[INFO] [stdout]     |         ^^^^^^
[INFO] [stdout]     |
[INFO] [stdout]     = note: `StackMapFrame` has a derived impl for the trait `Debug`, but this is intentionally ignored during dead code analysis
[INFO] [stdout] 
[INFO] [stdout] 
[INFO] [stdout] warning: fields `frame_type`, `offset_delta`, `number_of_locals`, `locals`, `number_of_stack_items`, and `stack` are never read
[INFO] [stdout]    --> src/classfile/attribute_info.rs:179:9
[INFO] [stdout]     |
[INFO] [stdout] 178 |     FullFrame {
[INFO] [stdout]     |     --------- fields in this variant
[INFO] [stdout] 179 |         frame_type: U1,
[INFO] [stdout]     |         ^^^^^^^^^^
[INFO] [stdout] 180 |         offset_delta: U2,
[INFO] [stdout]     |         ^^^^^^^^^^^^
[INFO] [stdout] 181 |         number_of_locals: U2,
[INFO] [stdout]     |         ^^^^^^^^^^^^^^^^
[INFO] [stdout] 182 |         locals: Vec<VerificationTypeInfo>,
[INFO] [stdout]     |         ^^^^^^
[INFO] [stdout] 183 |         number_of_stack_items: U2,
[INFO] [stdout]     |         ^^^^^^^^^^^^^^^^^^^^^
[INFO] [stdout] 184 |         stack: Vec<VerificationTypeInfo>,
[INFO] [stdout]     |         ^^^^^
[INFO] [stdout]     |
[INFO] [stdout]     = note: `StackMapFrame` has a derived impl for the trait `Debug`, but this is intentionally ignored during dead code analysis
[INFO] [stdout] 
[INFO] [stdout] 
[INFO] [stdout] warning: field `tag` is never read
[INFO] [stdout]    --> src/classfile/attribute_info.rs:190:19
[INFO] [stdout]     |
[INFO] [stdout] 190 |     TopVariable { tag: U1 },
[INFO] [stdout]     |     -----------   ^^^
[INFO] [stdout]     |     |
[INFO] [stdout]     |     field in this variant
[INFO] [stdout]     |
[INFO] [stdout]     = note: `VerificationTypeInfo` has a derived impl for the trait `Debug`, but this is intentionally ignored during dead code analysis
[INFO] [stdout] 
[INFO] [stdout] 
[INFO] [stdout] warning: field `tag` is never read
[INFO] [stdout]    --> src/classfile/attribute_info.rs:191:23
[INFO] [stdout]     |
[INFO] [stdout] 191 |     IntegerVariable { tag: U1 },
[INFO] [stdout]     |     ---------------   ^^^
[INFO] [stdout]     |     |
[INFO] [stdout]     |     field in this variant
[INFO] [stdout]     |
[INFO] [stdout]     = note: `VerificationTypeInfo` has a derived impl for the trait `Debug`, but this is intentionally ignored during dead code analysis
[INFO] [stdout] 
[INFO] [stdout] 
[INFO] [stdout] warning: field `tag` is never read
[INFO] [stdout]    --> src/classfile/attribute_info.rs:192:21
[INFO] [stdout]     |
[INFO] [stdout] 192 |     FloatVariable { tag: U1 },
[INFO] [stdout]     |     -------------   ^^^
[INFO] [stdout]     |     |
[INFO] [stdout]     |     field in this variant
[INFO] [stdout]     |
[INFO] [stdout]     = note: `VerificationTypeInfo` has a derived impl for the trait `Debug`, but this is intentionally ignored during dead code analysis
[INFO] [stdout] 
[INFO] [stdout] 
[INFO] [stdout] warning: field `tag` is never read
[INFO] [stdout]    --> src/classfile/attribute_info.rs:193:20
[INFO] [stdout]     |
[INFO] [stdout] 193 |     LongVariable { tag: U1 },
[INFO] [stdout]     |     ------------   ^^^
[INFO] [stdout]     |     |
[INFO] [stdout]     |     field in this variant
[INFO] [stdout]     |
[INFO] [stdout]     = note: `VerificationTypeInfo` has a derived impl for the trait `Debug`, but this is intentionally ignored during dead code analysis
[INFO] [stdout] 
[INFO] [stdout] 
[INFO] [stdout] warning: field `tag` is never read
[INFO] [stdout]    --> src/classfile/attribute_info.rs:194:22
[INFO] [stdout]     |
[INFO] [stdout] 194 |     DoubleVariable { tag: U1 },
[INFO] [stdout]     |     --------------   ^^^
[INFO] [stdout]     |     |
[INFO] [stdout]     |     field in this variant
[INFO] [stdout]     |
[INFO] [stdout]     = note: `VerificationTypeInfo` has a derived impl for the trait `Debug`, but this is intentionally ignored during dead code analysis
[INFO] [stdout] 
[INFO] [stdout] 
[INFO] [stdout] warning: field `tag` is never read
[INFO] [stdout]    --> src/classfile/attribute_info.rs:195:20
[INFO] [stdout]     |
[INFO] [stdout] 195 |     NullVariable { tag: U1 },
[INFO] [stdout]     |     ------------   ^^^
[INFO] [stdout]     |     |
[INFO] [stdout]     |     field in this variant
[INFO] [stdout]     |
[INFO] [stdout]     = note: `VerificationTypeInfo` has a derived impl for the trait `Debug`, but this is intentionally ignored during dead code analysis
[INFO] [stdout] 
[INFO] [stdout] 
[INFO] [stdout] warning: field `tag` is never read
[INFO] [stdout]    --> src/classfile/attribute_info.rs:196:33
[INFO] [stdout]     |
[INFO] [stdout] 196 |     UninitializedThisVariable { tag: U1 },
[INFO] [stdout]     |     -------------------------   ^^^
[INFO] [stdout]     |     |
[INFO] [stdout]     |     field in this variant
[INFO] [stdout]     |
[INFO] [stdout]     = note: `VerificationTypeInfo` has a derived impl for the trait `Debug`, but this is intentionally ignored during dead code analysis
[INFO] [stdout] 
[INFO] [stdout] 
[INFO] [stdout] warning: fields `tag` and `cpool_index` are never read
[INFO] [stdout]    --> src/classfile/attribute_info.rs:197:22
[INFO] [stdout]     |
[INFO] [stdout] 197 |     ObjectVariable { tag: U1, cpool_index: U2 },
[INFO] [stdout]     |     --------------   ^^^      ^^^^^^^^^^^
[INFO] [stdout]     |     |
[INFO] [stdout]     |     fields in this variant
[INFO] [stdout]     |
[INFO] [stdout]     = note: `VerificationTypeInfo` has a derived impl for the trait `Debug`, but this is intentionally ignored during dead code analysis
[INFO] [stdout] 
[INFO] [stdout] 
[INFO] [stdout] warning: fields `tag` and `offset` are never read
[INFO] [stdout]    --> src/classfile/attribute_info.rs:198:29
[INFO] [stdout]     |
[INFO] [stdout] 198 |     UninitializedVariable { tag: U1, offset: U2 },
[INFO] [stdout]     |     ---------------------   ^^^      ^^^^^^
[INFO] [stdout]     |     |
[INFO] [stdout]     |     fields in this variant
[INFO] [stdout]     |
[INFO] [stdout]     = note: `VerificationTypeInfo` has a derived impl for the trait `Debug`, but this is intentionally ignored during dead code analysis
[INFO] [stdout] 
[INFO] [stdout] 
[INFO] [stdout] warning: fields `type_index`, `num_element_value_pairs`, and `element_value_pairs` are never read
[INFO] [stdout]    --> src/classfile/attribute_info.rs:203:9
[INFO] [stdout]     |
[INFO] [stdout] 202 | pub struct Annotation {
[INFO] [stdout]     |            ---------- fields in this struct
[INFO] [stdout] 203 |     pub type_index: U2,
[INFO] [stdout]     |         ^^^^^^^^^^
[INFO] [stdout] 204 |     pub num_element_value_pairs: U2,
[INFO] [stdout]     |         ^^^^^^^^^^^^^^^^^^^^^^^
[INFO] [stdout] 205 |     pub element_value_pairs: Vec<(U2, ElementValue)>,
[INFO] [stdout]     |         ^^^^^^^^^^^^^^^^^^^
[INFO] [stdout]     |
[INFO] [stdout]     = note: `Annotation` has a derived impl for the trait `Debug`, but this is intentionally ignored during dead code analysis
[INFO] [stdout] 
[INFO] [stdout] 
[INFO] [stdout] warning: fields `tag` and `value` are never read
[INFO] [stdout]    --> src/classfile/attribute_info.rs:210:9
[INFO] [stdout]     |
[INFO] [stdout] 209 | pub struct ElementValue {
[INFO] [stdout]     |            ------------ fields in this struct
[INFO] [stdout] 210 |     pub tag: U1,
[INFO] [stdout]     |         ^^^
[INFO] [stdout] 211 |     pub value: ElementValueItem,
[INFO] [stdout]     |         ^^^^^
[INFO] [stdout]     |
[INFO] [stdout]     = note: `ElementValue` has a derived impl for the trait `Debug`, but this is intentionally ignored during dead code analysis
[INFO] [stdout] 
[INFO] [stdout] 
[INFO] [stdout] warning: field `const_value_index` is never read
[INFO] [stdout]    --> src/classfile/attribute_info.rs:217:9
[INFO] [stdout]     |
[INFO] [stdout] 216 |     ConstValueIndex {
[INFO] [stdout]     |     --------------- field in this variant
[INFO] [stdout] 217 |         const_value_index: U2,
[INFO] [stdout]     |         ^^^^^^^^^^^^^^^^^
[INFO] [stdout]     |
[INFO] [stdout]     = note: `ElementValueItem` has a derived impl for the trait `Debug`, but this is intentionally ignored during dead code analysis
[INFO] [stdout] 
[INFO] [stdout] 
[INFO] [stdout] warning: fields `type_name_index` and `const_name_index` are never read
[INFO] [stdout]    --> src/classfile/attribute_info.rs:220:9
[INFO] [stdout]     |
[INFO] [stdout] 219 |     EnumConstValue {
[INFO] [stdout]     |     -------------- fields in this variant
[INFO] [stdout] 220 |         type_name_index: U2,
[INFO] [stdout]     |         ^^^^^^^^^^^^^^^
[INFO] [stdout] 221 |         const_name_index: U2,
[INFO] [stdout]     |         ^^^^^^^^^^^^^^^^
[INFO] [stdout]     |
[INFO] [stdout]     = note: `ElementValueItem` has a derived impl for the trait `Debug`, but this is intentionally ignored during dead code analysis
[INFO] [stdout] 
[INFO] [stdout] 
[INFO] [stdout] warning: field `class_info_index` is never read
[INFO] [stdout]    --> src/classfile/attribute_info.rs:224:9
[INFO] [stdout]     |
[INFO] [stdout] 223 |     ClassInfoIndex {
[INFO] [stdout]     |     -------------- field in this variant
[INFO] [stdout] 224 |         class_info_index: U2,
[INFO] [stdout]     |         ^^^^^^^^^^^^^^^^
[INFO] [stdout]     |
[INFO] [stdout]     = note: `ElementValueItem` has a derived impl for the trait `Debug`, but this is intentionally ignored during dead code analysis
[INFO] [stdout] 
[INFO] [stdout] 
[INFO] [stdout] warning: field `annotation_value` is never read
[INFO] [stdout]    --> src/classfile/attribute_info.rs:227:9
[INFO] [stdout]     |
[INFO] [stdout] 226 |     AnnotationValue {
[INFO] [stdout]     |     --------------- field in this variant
[INFO] [stdout] 227 |         annotation_value: Annotation,
[INFO] [stdout]     |         ^^^^^^^^^^^^^^^^
[INFO] [stdout]     |
[INFO] [stdout]     = note: `ElementValueItem` has a derived impl for the trait `Debug`, but this is intentionally ignored during dead code analysis
[INFO] [stdout] 
[INFO] [stdout] 
[INFO] [stdout] warning: fields `num_values` and `values` are never read
[INFO] [stdout]    --> src/classfile/attribute_info.rs:230:9
[INFO] [stdout]     |
[INFO] [stdout] 229 |     ArrayValue {
[INFO] [stdout]     |     ---------- fields in this variant
[INFO] [stdout] 230 |         num_values: U2,
[INFO] [stdout]     |         ^^^^^^^^^^
[INFO] [stdout] 231 |         values: Vec<ElementValue>,
[INFO] [stdout]     |         ^^^^^^
[INFO] [stdout]     |
[INFO] [stdout]     = note: `ElementValueItem` has a derived impl for the trait `Debug`, but this is intentionally ignored during dead code analysis
[INFO] [stdout] 
[INFO] [stdout] 
[INFO] [stdout] warning: struct `ParameterAnnotation` is never constructed
[INFO] [stdout]    --> src/classfile/attribute_info.rs:236:12
[INFO] [stdout]     |
[INFO] [stdout] 236 | pub struct ParameterAnnotation {
[INFO] [stdout]     |            ^^^^^^^^^^^^^^^^^^^
[INFO] [stdout]     |
[INFO] [stdout]     = note: `ParameterAnnotation` has a derived impl for the trait `Debug`, but this is intentionally ignored during dead code analysis
[INFO] [stdout] 
[INFO] [stdout] 
[INFO] [stdout] warning: fields `target_type`, `target_info`, `target_path`, `type_index`, `num_element_value_pairs`, and `element_value_pairs` are never read
[INFO] [stdout]    --> src/classfile/attribute_info.rs:243:9
[INFO] [stdout]     |
[INFO] [stdout] 242 | pub struct TypeAnnotation {
[INFO] [stdout]     |            -------------- fields in this struct
[INFO] [stdout] 243 |     pub target_type: U1,
[INFO] [stdout]     |         ^^^^^^^^^^^
[INFO] [stdout] 244 |     pub target_info: TargetInfo,
[INFO] [stdout]     |         ^^^^^^^^^^^
[INFO] [stdout] 245 |     pub target_path: TypePath,
[INFO] [stdout]     |         ^^^^^^^^^^^
[INFO] [stdout] 246 |     pub type_index: U2,
[INFO] [stdout]     |         ^^^^^^^^^^
[INFO] [stdout] 247 |     pub num_element_value_pairs: U2,
[INFO] [stdout]     |         ^^^^^^^^^^^^^^^^^^^^^^^
[INFO] [stdout] 248 |     pub element_value_pairs: Vec<(U2, ElementValue)>,
[INFO] [stdout]     |         ^^^^^^^^^^^^^^^^^^^
[INFO] [stdout]     |
[INFO] [stdout]     = note: `TypeAnnotation` has a derived impl for the trait `Debug`, but this is intentionally ignored during dead code analysis
[INFO] [stdout] 
[INFO] [stdout] 
[INFO] [stdout] warning: field `type_parameter_index` is never read
[INFO] [stdout]    --> src/classfile/attribute_info.rs:254:9
[INFO] [stdout]     |
[INFO] [stdout] 253 |     TypeParameterTarget {
[INFO] [stdout]     |     ------------------- field in this variant
[INFO] [stdout] 254 |         type_parameter_index: U1,
[INFO] [stdout]     |         ^^^^^^^^^^^^^^^^^^^^
[INFO] [stdout]     |
[INFO] [stdout]     = note: `TargetInfo` has a derived impl for the trait `Debug`, but this is intentionally ignored during dead code analysis
[INFO] [stdout] 
[INFO] [stdout] 
[INFO] [stdout] warning: field `supertype_index` is never read
[INFO] [stdout]    --> src/classfile/attribute_info.rs:257:9
[INFO] [stdout]     |
[INFO] [stdout] 256 |     SuperTypeTarget {
[INFO] [stdout]     |     --------------- field in this variant
[INFO] [stdout] 257 |         supertype_index: U2,
[INFO] [stdout]     |         ^^^^^^^^^^^^^^^
[INFO] [stdout]     |
[INFO] [stdout]     = note: `TargetInfo` has a derived impl for the trait `Debug`, but this is intentionally ignored during dead code analysis
[INFO] [stdout] 
[INFO] [stdout] 
[INFO] [stdout] warning: fields `type_parameter_index` and `bound_index` are never read
[INFO] [stdout]    --> src/classfile/attribute_info.rs:260:9
[INFO] [stdout]     |
[INFO] [stdout] 259 |     TypeParameterBoundTarget {
[INFO] [stdout]     |     ------------------------ fields in this variant
[INFO] [stdout] 260 |         type_parameter_index: U1,
[INFO] [stdout]     |         ^^^^^^^^^^^^^^^^^^^^
[INFO] [stdout] 261 |         bound_index: U1,
[INFO] [stdout]     |         ^^^^^^^^^^^
[INFO] [stdout]     |
[INFO] [stdout]     = note: `TargetInfo` has a derived impl for the trait `Debug`, but this is intentionally ignored during dead code analysis
[INFO] [stdout] 
[INFO] [stdout] 
[INFO] [stdout] warning: field `formal_parameter_index` is never read
[INFO] [stdout]    --> src/classfile/attribute_info.rs:265:9
[INFO] [stdout]     |
[INFO] [stdout] 264 |     FormalParameterTarget {
[INFO] [stdout]     |     --------------------- field in this variant
[INFO] [stdout] 265 |         formal_parameter_index: U1,
[INFO] [stdout]     |         ^^^^^^^^^^^^^^^^^^^^^^
[INFO] [stdout]     |
[INFO] [stdout]     = note: `TargetInfo` has a derived impl for the trait `Debug`, but this is intentionally ignored during dead code analysis
[INFO] [stdout] 
[INFO] [stdout] 
[INFO] [stdout] warning: field `throws_type_index` is never read
[INFO] [stdout]    --> src/classfile/attribute_info.rs:268:9
[INFO] [stdout]     |
[INFO] [stdout] 267 |     ThrowsTarget {
[INFO] [stdout]     |     ------------ field in this variant
[INFO] [stdout] 268 |         throws_type_index: U2,
[INFO] [stdout]     |         ^^^^^^^^^^^^^^^^^
[INFO] [stdout]     |
[INFO] [stdout]     = note: `TargetInfo` has a derived impl for the trait `Debug`, but this is intentionally ignored during dead code analysis
[INFO] [stdout] 
[INFO] [stdout] 
[INFO] [stdout] warning: fields `table_length` and `table` are never read
[INFO] [stdout]    --> src/classfile/attribute_info.rs:271:9
[INFO] [stdout]     |
[INFO] [stdout] 270 |     LocalVarTarget {
[INFO] [stdout]     |     -------------- fields in this variant
[INFO] [stdout] 271 |         table_length: U2,
[INFO] [stdout]     |         ^^^^^^^^^^^^
[INFO] [stdout] 272 |         //start_pc, length, index
[INFO] [stdout] 273 |         table: Vec<(U2, U2, U2)>,
[INFO] [stdout]     |         ^^^^^
[INFO] [stdout]     |
[INFO] [stdout]     = note: `TargetInfo` has a derived impl for the trait `Debug`, but this is intentionally ignored during dead code analysis
[INFO] [stdout] 
[INFO] [stdout] 
[INFO] [stdout] warning: field `exception_table_index` is never read
[INFO] [stdout]    --> src/classfile/attribute_info.rs:276:9
[INFO] [stdout]     |
[INFO] [stdout] 275 |     CatchTarget {
[INFO] [stdout]     |     ----------- field in this variant
[INFO] [stdout] 276 |         exception_table_index: U2,
[INFO] [stdout]     |         ^^^^^^^^^^^^^^^^^^^^^
[INFO] [stdout]     |
[INFO] [stdout]     = note: `TargetInfo` has a derived impl for the trait `Debug`, but this is intentionally ignored during dead code analysis
[INFO] [stdout] 
[INFO] [stdout] 
[INFO] [stdout] warning: field `offset` is never read
[INFO] [stdout]    --> src/classfile/attribute_info.rs:279:9
[INFO] [stdout]     |
[INFO] [stdout] 278 |     OffsetTarget {
[INFO] [stdout]     |     ------------ field in this variant
[INFO] [stdout] 279 |         offset: U2,
[INFO] [stdout]     |         ^^^^^^
[INFO] [stdout]     |
[INFO] [stdout]     = note: `TargetInfo` has a derived impl for the trait `Debug`, but this is intentionally ignored during dead code analysis
[INFO] [stdout] 
[INFO] [stdout] 
[INFO] [stdout] warning: fields `offset` and `type_argument_index` are never read
[INFO] [stdout]    --> src/classfile/attribute_info.rs:282:9
[INFO] [stdout]     |
[INFO] [stdout] 281 |     TypeArgumentTarget {
[INFO] [stdout]     |     ------------------ fields in this variant
[INFO] [stdout] 282 |         offset: U2,
[INFO] [stdout]     |         ^^^^^^
[INFO] [stdout] 283 |         type_argument_index: U1,
[INFO] [stdout]     |         ^^^^^^^^^^^^^^^^^^^
[INFO] [stdout]     |
[INFO] [stdout]     = note: `TargetInfo` has a derived impl for the trait `Debug`, but this is intentionally ignored during dead code analysis
[INFO] [stdout] 
[INFO] [stdout] 
[INFO] [stdout] warning: fields `path_length` and `path` are never read
[INFO] [stdout]    --> src/classfile/attribute_info.rs:289:9
[INFO] [stdout]     |
[INFO] [stdout] 288 | pub struct TypePath {
[INFO] [stdout]     |            -------- fields in this struct
[INFO] [stdout] 289 |     pub path_length: U1,
[INFO] [stdout]     |         ^^^^^^^^^^^
[INFO] [stdout] 290 |     //type_path_kind, type_argument_index
[INFO] [stdout] 291 |     pub path: Vec<(U1, U1)>,
[INFO] [stdout]     |         ^^^^
[INFO] [stdout]     |
[INFO] [stdout]     = note: `TypePath` has a derived impl for the trait `Debug`, but this is intentionally ignored during dead code analysis
[INFO] [stdout] 
[INFO] [stdout] 
[INFO] [stdout] warning: variants `DIR` and `JAR` are never constructed
[INFO] [stdout]   --> src/classpath/class_path_manager.rs:9:5
[INFO] [stdout]    |
[INFO] [stdout] 8  | enum ClassPathEntry {
[INFO] [stdout]    |      -------------- variants in this enum
[INFO] [stdout] 9  |     DIR { path: String },
[INFO] [stdout]    |     ^^^
[INFO] [stdout] 10 |     JAR { path: String },
[INFO] [stdout]    |     ^^^
[INFO] [stdout] 
[INFO] [stdout] 
[INFO] [stdout] warning: associated items `new`, `add_class_path`, and `add_class_paths` are never used
[INFO] [stdout]   --> src/classpath/class_path_manager.rs:27:12
[INFO] [stdout]    |
[INFO] [stdout] 26 | impl ClassPathManager {
[INFO] [stdout]    | --------------------- associated items in this implementation
[INFO] [stdout] 27 |     pub fn new() -> ClassPathManager {
[INFO] [stdout]    |            ^^^
[INFO] [stdout] ...
[INFO] [stdout] 33 |     pub fn add_class_path(&mut self, path: &str) {
[INFO] [stdout]    |            ^^^^^^^^^^^^^^
[INFO] [stdout] ...
[INFO] [stdout] 49 |     pub fn add_class_paths(&mut self, paths: &str) {
[INFO] [stdout]    |            ^^^^^^^^^^^^^^^
[INFO] [stdout] 
[INFO] [stdout] 
[INFO] [stdout] warning: associated function `new` is never used
[INFO] [stdout]   --> src/classpath/class_loader.rs:43:12
[INFO] [stdout]    |
[INFO] [stdout] 42 | impl BootStrapClassLoader {
[INFO] [stdout]    | ------------------------- associated function in this implementation
[INFO] [stdout] 43 |     pub fn new() -> BootStrapClassLoader {
[INFO] [stdout]    |            ^^^
[INFO] [stdout] 
[INFO] [stdout] 
[INFO] [stdout] warning: variant `InstanceOopDesc` is never constructed
[INFO] [stdout]   --> src/oops/oop.rs:11:5
[INFO] [stdout]    |
[INFO] [stdout] 10 | pub enum Oop {
[INFO] [stdout]    |          --- variant in this enum
[INFO] [stdout] 11 |     InstanceOopDesc(InstanceOopDesc),
[INFO] [stdout]    |     ^^^^^^^^^^^^^^^
[INFO] [stdout]    |
[INFO] [stdout]    = note: `Oop` has a derived impl for the trait `Debug`, but this is intentionally ignored during dead code analysis
[INFO] [stdout] 
[INFO] [stdout] 
[INFO] [stdout] warning: variants `InstanceOop`, `PrimitiveOop`, `ObjectArrayOop`, and `TypeArrayOop` are never constructed
[INFO] [stdout]   --> src/oops/oop.rs:16:5
[INFO] [stdout]    |
[INFO] [stdout] 15 | pub enum OopType {
[INFO] [stdout]    |          ------- variants in this enum
[INFO] [stdout] 16 |     InstanceOop,
[INFO] [stdout]    |     ^^^^^^^^^^^
[INFO] [stdout] 17 |     PrimitiveOop,
[INFO] [stdout]    |     ^^^^^^^^^^^^
[INFO] [stdout] 18 |     ObjectArrayOop,
[INFO] [stdout]    |     ^^^^^^^^^^^^^^
[INFO] [stdout] 19 |     TypeArrayOop,
[INFO] [stdout]    |     ^^^^^^^^^^^^
[INFO] [stdout]    |
[INFO] [stdout]    = note: `OopType` has a derived impl for the trait `Debug`, but this is intentionally ignored during dead code analysis
[INFO] [stdout] 
[INFO] [stdout] 
[INFO] [stdout] warning: fields `oop_type`, `hash`, and `klass` are never read
[INFO] [stdout]   --> src/oops/oop.rs:24:5
[INFO] [stdout]    |
[INFO] [stdout] 23 | pub struct OopMeta<T> {
[INFO] [stdout]    |            ------- fields in this struct
[INFO] [stdout] 24 |     oop_type: OopType,
[INFO] [stdout]    |     ^^^^^^^^
[INFO] [stdout] 25 |     hash: jint,
[INFO] [stdout]    |     ^^^^
[INFO] [stdout] 26 |     klass: T,
[INFO] [stdout]    |     ^^^^^
[INFO] [stdout]    |
[INFO] [stdout]    = note: `OopMeta` has a derived impl for the trait `Debug`, but this is intentionally ignored during dead code analysis
[INFO] [stdout] 
[INFO] [stdout] 
[INFO] [stdout] warning: associated items `new` and `get_klass` are never used
[INFO] [stdout]   --> src/oops/oop.rs:30:8
[INFO] [stdout]    |
[INFO] [stdout] 29 | impl<T> OopMeta<T> {
[INFO] [stdout]    | ------------------ associated items in this implementation
[INFO] [stdout] 30 |     fn new(oop_type: OopType, klass: T) -> OopMeta<T> {
[INFO] [stdout]    |        ^^^
[INFO] [stdout] ...
[INFO] [stdout] 38 |     fn get_klass(&self) -> &T {
[INFO] [stdout]    |        ^^^^^^^^^
[INFO] [stdout] 
[INFO] [stdout] 
[INFO] [stdout] warning: fields `oop_desc` and `instance_field_values` are never read
[INFO] [stdout]   --> src/oops/oop.rs:47:5
[INFO] [stdout]    |
[INFO] [stdout] 46 | pub struct InstanceOopDesc {
[INFO] [stdout]    |            --------------- fields in this struct
[INFO] [stdout] 47 |     oop_desc: OopMeta<InstanceKlass>,
[INFO] [stdout]    |     ^^^^^^^^
[INFO] [stdout] 48 |     instance_field_values: Vec<Oop>,
[INFO] [stdout]    |     ^^^^^^^^^^^^^^^^^^^^^
[INFO] [stdout]    |
[INFO] [stdout]    = note: `InstanceOopDesc` has a derived impl for the trait `Debug`, but this is intentionally ignored during dead code analysis
[INFO] [stdout] 
[INFO] [stdout] 
[INFO] [stdout] warning: fields `instance_oop`, `mirror_target`, and `mirror_primitive_type` are never read
[INFO] [stdout]   --> src/oops/oop.rs:53:5
[INFO] [stdout]    |
[INFO] [stdout] 52 | pub struct MirrorOopDesc {
[INFO] [stdout]    |            ------------- fields in this struct
[INFO] [stdout] 53 |     instance_oop: InstanceOop,
[INFO] [stdout]    |     ^^^^^^^^^^^^
[INFO] [stdout] 54 |     mirror_target: Option<KlassRef>,
[INFO] [stdout]    |     ^^^^^^^^^^^^^
[INFO] [stdout] 55 |     mirror_primitive_type: Option<ValueType>,
[INFO] [stdout]    |     ^^^^^^^^^^^^^^^^^^^^^
[INFO] [stdout]    |
[INFO] [stdout]    = note: `MirrorOopDesc` has a derived impl for the trait `Debug`, but this is intentionally ignored during dead code analysis
[INFO] [stdout] 
[INFO] [stdout] 
[INFO] [stdout] warning: associated function `new` is never used
[INFO] [stdout]   --> src/oops/oop.rs:59:12
[INFO] [stdout]    |
[INFO] [stdout] 58 | impl MirrorOopDesc {
[INFO] [stdout]    | ------------------ associated function in this implementation
[INFO] [stdout] 59 |     pub fn new(instance_oop: InstanceOop) -> MirrorOopDesc {
[INFO] [stdout]    |            ^^^
[INFO] [stdout] 
[INFO] [stdout] 
[INFO] [stdout] warning: method `get_instance_class` is never used
[INFO] [stdout]   --> src/oops/oop.rs:70:8
[INFO] [stdout]    |
[INFO] [stdout] 69 | impl InstanceOopDesc {
[INFO] [stdout]    | -------------------- method in this implementation
[INFO] [stdout] 70 |     fn get_instance_class(&self) -> &InstanceKlass {
[INFO] [stdout]    |        ^^^^^^^^^^^^^^^^^^
[INFO] [stdout] 
[INFO] [stdout] 
[INFO] [stdout] warning: variants `Allocated`, `Loaded`, `Linked`, `BeginInitialized`, `FullyInitialized`, and `InitializationError` are never constructed
[INFO] [stdout]   --> src/oops/klass.rs:17:5
[INFO] [stdout]    |
[INFO] [stdout] 16 | pub enum ClassState {
[INFO] [stdout]    |          ---------- variants in this enum
[INFO] [stdout] 17 |     Allocated,
[INFO] [stdout]    |     ^^^^^^^^^
[INFO] [stdout] 18 |     Loaded,
[INFO] [stdout]    |     ^^^^^^
[INFO] [stdout] 19 |     Linked,
[INFO] [stdout]    |     ^^^^^^
[INFO] [stdout] 20 |     BeginInitialized,
[INFO] [stdout]    |     ^^^^^^^^^^^^^^^^
[INFO] [stdout] 21 |     FullyInitialized,
[INFO] [stdout]    |     ^^^^^^^^^^^^^^^^
[INFO] [stdout] 22 |     InitializationError,
[INFO] [stdout]    |     ^^^^^^^^^^^^^^^^^^^
[INFO] [stdout]    |
[INFO] [stdout]    = note: `ClassState` has a derived impl for the trait `Debug`, but this is intentionally ignored during dead code analysis
[INFO] [stdout] 
[INFO] [stdout] 
[INFO] [stdout] warning: fields `state`, `access_flags`, `name`, `ktype`, `java_mirror`, and `super_klass` are never read
[INFO] [stdout]   --> src/oops/klass.rs:34:5
[INFO] [stdout]    |
[INFO] [stdout] 33 | pub struct KlassMeta {
[INFO] [stdout]    |            --------- fields in this struct
[INFO] [stdout] 34 |     state: Option<ClassState>,
[INFO] [stdout]    |     ^^^^^
[INFO] [stdout] 35 |     access_flags: U2,
[INFO] [stdout]    |     ^^^^^^^^^^^^
[INFO] [stdout] 36 |     name: String,
[INFO] [stdout]    |     ^^^^
[INFO] [stdout] 37 |     ktype: ClassType,
[INFO] [stdout]    |     ^^^^^
[INFO] [stdout] 38 |     java_mirror: Option<MirrorOop>,
[INFO] [stdout]    |     ^^^^^^^^^^^
[INFO] [stdout] 39 |     super_klass: Option<Box<InstanceKlass>>,
[INFO] [stdout]    |     ^^^^^^^^^^^
[INFO] [stdout]    |
[INFO] [stdout]    = note: `KlassMeta` has a derived impl for the trait `Debug`, but this is intentionally ignored during dead code analysis
[INFO] [stdout] 
[INFO] [stdout] 
[INFO] [stdout] warning: multiple fields are never read
[INFO] [stdout]   --> src/oops/klass.rs:44:5
[INFO] [stdout]    |
[INFO] [stdout] 43 | pub struct InstanceKlass {
[INFO] [stdout]    |            ------------- fields in this struct
[INFO] [stdout] 44 |     klass_meta: KlassMeta,
[INFO] [stdout]    |     ^^^^^^^^^^
[INFO] [stdout] 45 |     class_loader: Rc<dyn ClassLoader>,
[INFO] [stdout]    |     ^^^^^^^^^^^^
[INFO] [stdout] 46 |     java_loader: Option<MirrorOop>,
[INFO] [stdout]    |     ^^^^^^^^^^^
[INFO] [stdout] 47 |     class_file: String,
[INFO] [stdout]    |     ^^^^^^^^^^
[INFO] [stdout] 48 |     source_file: String,
[INFO] [stdout]    |     ^^^^^^^^^^^
[INFO] [stdout] 49 |     signature: String,
[INFO] [stdout]    |     ^^^^^^^^^
[INFO] [stdout] 50 |     inner_class_attr: String,
[INFO] [stdout]    |     ^^^^^^^^^^^^^^^^
[INFO] [stdout] 51 |     enclosing_method_attr: String,
[INFO] [stdout]    |     ^^^^^^^^^^^^^^^^^^^^^
[INFO] [stdout] 52 |     boot_strap_methods_attr: String,
[INFO] [stdout]    |     ^^^^^^^^^^^^^^^^^^^^^^^
[INFO] [stdout] 53 |     runtime_constant_pool: String,
[INFO] [stdout]    |     ^^^^^^^^^^^^^^^^^^^^^
[INFO] [stdout] 54 |     static_field_nums: usize,
[INFO] [stdout]    |     ^^^^^^^^^^^^^^^^^
[INFO] [stdout] 55 |     instance_field_nums: usize,
[INFO] [stdout]    |     ^^^^^^^^^^^^^^^^^^^
[INFO] [stdout] 56 |     all_methods: HashMap<String, String>,
[INFO] [stdout]    |     ^^^^^^^^^^^
[INFO] [stdout] 57 |     vtable: HashMap<String, String>,
[INFO] [stdout]    |     ^^^^^^
[INFO] [stdout] 58 |     static_fields: HashMap<String, String>,
[INFO] [stdout]    |     ^^^^^^^^^^^^^
[INFO] [stdout] 59 |     static_field_values: Vec<Oop>,
[INFO] [stdout]    |     ^^^^^^^^^^^^^^^^^^^
[INFO] [stdout] 60 |     interfaces: HashMap<String, Rc<InstanceKlass>>,
[INFO] [stdout]    |     ^^^^^^^^^^
[INFO] [stdout]    |
[INFO] [stdout]    = note: `InstanceKlass` has a derived impl for the trait `Debug`, but this is intentionally ignored during dead code analysis
[INFO] [stdout] 
[INFO] [stdout] 
[INFO] [stdout] warning: fields `klass_meta` and `class_loader` are never read
[INFO] [stdout]   --> src/oops/klass.rs:96:5
[INFO] [stdout]    |
[INFO] [stdout] 95 | pub struct ArrayKlassMeta {
[INFO] [stdout]    |            -------------- fields in this struct
[INFO] [stdout] 96 |     klass_meta: KlassMeta,
[INFO] [stdout]    |     ^^^^^^^^^^
[INFO] [stdout] 97 |     class_loader: Rc<dyn ClassLoader>,
[INFO] [stdout]    |     ^^^^^^^^^^^^
[INFO] [stdout]    |
[INFO] [stdout]    = note: `ArrayKlassMeta` has a derived impl for the trait `Debug`, but this is intentionally ignored during dead code analysis
[INFO] [stdout] 
[INFO] [stdout] 
[INFO] [stdout] warning: field `down_dimension_type` is never read
[INFO] [stdout]    --> src/oops/klass.rs:129:5
[INFO] [stdout]     |
[INFO] [stdout] 126 | pub struct ObjectArrayKlass {
[INFO] [stdout]     |            ---------------- field in this struct
[INFO] [stdout] ...
[INFO] [stdout] 129 |     down_dimension_type: Option<Box<ObjectArrayKlass>>,
[INFO] [stdout]     |     ^^^^^^^^^^^^^^^^^^^
[INFO] [stdout]     |
[INFO] [stdout]     = note: `ObjectArrayKlass` has a derived impl for the trait `Debug`, but this is intentionally ignored during dead code analysis
[INFO] [stdout] 
[INFO] [stdout] 
[INFO] [stdout] warning: field `down_dimension_type` is never read
[INFO] [stdout]    --> src/oops/klass.rs:173:5
[INFO] [stdout]     |
[INFO] [stdout] 170 | pub struct TypeArrayKlass {
[INFO] [stdout]     |            -------------- field in this struct
[INFO] [stdout] ...
[INFO] [stdout] 173 |     down_dimension_type: Option<Rc<TypeArrayKlass>>,
[INFO] [stdout]     |     ^^^^^^^^^^^^^^^^^^^
[INFO] [stdout]     |
[INFO] [stdout]     = note: `TypeArrayKlass` has a derived impl for the trait `Debug`, but this is intentionally ignored during dead code analysis
[INFO] [stdout] 
[INFO] [stdout] 
[INFO] [stdout] warning: type alias `jlong` is never used
[INFO] [stdout]  --> src/jni/jni_md.rs:2:10
[INFO] [stdout]   |
[INFO] [stdout] 2 | pub type jlong = i64;
[INFO] [stdout]   |          ^^^^^
[INFO] [stdout] 
[INFO] [stdout] 
[INFO] [stdout] warning: variants `Object` and `Array` are never constructed
[INFO] [stdout]   --> src/common.rs:12:5
[INFO] [stdout]    |
[INFO] [stdout] 2  | pub enum ValueType {
[INFO] [stdout]    |          --------- variants in this enum
[INFO] [stdout] ...
[INFO] [stdout] 12 |     Object,
[INFO] [stdout]    |     ^^^^^^
[INFO] [stdout] 13 |     Array,
[INFO] [stdout]    |     ^^^^^
[INFO] [stdout]    |
[INFO] [stdout]    = note: `ValueType` has derived impls for the traits `Clone` and `Debug`, but these are intentionally ignored during dead code analysis
[INFO] [stdout] 
[INFO] [stdout] 
[INFO] [stdout] warning: comparison is useless due to type limits
[INFO] [stdout]    --> src/classfile/class_file_parse.rs:733:16
[INFO] [stdout]     |
[INFO] [stdout] 733 |             if frame_type >= 0 && frame_type <= 63 {
[INFO] [stdout]     |                ^^^^^^^^^^^^^^^
[INFO] [stdout]     |
[INFO] [stdout]     = note: `#[warn(unused_comparisons)]` on by default
[INFO] [stdout] 
[INFO] [stdout] 
[INFO] [stderr]     Finished `dev` profile [unoptimized + debuginfo] target(s) in 6.28s
[INFO] running `Command { std: "docker" "inspect" "63746c301bceb89161dacae452ccc5f4de8d115fb4f79a533ca27356ae24b342", kill_on_drop: false }`
[INFO] running `Command { std: "docker" "rm" "-f" "63746c301bceb89161dacae452ccc5f4de8d115fb4f79a533ca27356ae24b342", kill_on_drop: false }`
[INFO] [stdout] 63746c301bceb89161dacae452ccc5f4de8d115fb4f79a533ca27356ae24b342
[INFO] running `Command { std: "docker" "create" "-v" "/var/lib/crater-agent-workspace/builds/worker-5-tc1/target:/opt/rustwide/target:rw,Z" "-v" "/var/lib/crater-agent-workspace/builds/worker-5-tc1/source:/opt/rustwide/workdir:ro,Z" "-v" "/var/lib/crater-agent-workspace/cargo-home:/opt/rustwide/cargo-home:ro,Z" "-v" "/var/lib/crater-agent-workspace/rustup-home:/opt/rustwide/rustup-home:ro,Z" "-e" "SOURCE_DIR=/opt/rustwide/workdir" "-e" "CARGO_TARGET_DIR=/opt/rustwide/target" "-e" "CARGO_INCREMENTAL=0" "-e" "RUST_BACKTRACE=full" "-e" "RUSTFLAGS=--cap-lints=forbid" "-e" "RUSTDOCFLAGS=--cap-lints=forbid" "-e" "CARGO_HOME=/opt/rustwide/cargo-home" "-e" "RUSTUP_HOME=/opt/rustwide/rustup-home" "-w" "/opt/rustwide/workdir" "-m" "1610612736" "--user" "0:0" "--network" "none" "ghcr.io/rust-lang/crates-build-env/linux@sha256:4a844ea9eb2546a2d2c7022eacef16ef2e8229c7fbb2c7d4d55a9ceca922f72d" "/opt/rustwide/cargo-home/bin/cargo" "+nightly-2024-10-28" "test" "--frozen" "--no-run" "--message-format=json", kill_on_drop: false }`
[INFO] [stdout] 2490f31f6311b68cf5c67ec90c2193c0f7dfb6ef1f47101dcafea71b308c8b48
[INFO] running `Command { std: "docker" "start" "-a" "2490f31f6311b68cf5c67ec90c2193c0f7dfb6ef1f47101dcafea71b308c8b48", kill_on_drop: false }`
[INFO] [stderr]    Compiling DcVm v0.1.0 (/opt/rustwide/workdir)
[INFO] [stdout] warning: unused import: `Klass`
[INFO] [stdout]  --> src/oops/oop.rs:5:35
[INFO] [stdout]   |
[INFO] [stdout] 5 | use super::klass::{InstanceKlass, Klass, KlassRef};
[INFO] [stdout]   |                                   ^^^^^
[INFO] [stdout]   |
[INFO] [stdout]   = note: `#[warn(unused_imports)]` on by default
[INFO] [stdout] 
[INFO] [stdout] 
[INFO] [stdout] warning: type `jint` should have an upper camel case name
[INFO] [stdout]  --> src/jni/jni_md.rs:1:10
[INFO] [stdout]   |
[INFO] [stdout] 1 | pub type jint = i32;
[INFO] [stdout]   |          ^^^^ help: convert the identifier to upper camel case: `Jint`
[INFO] [stdout]   |
[INFO] [stdout]   = note: `#[warn(non_camel_case_types)]` on by default
[INFO] [stdout] 
[INFO] [stdout] 
[INFO] [stdout] warning: type `jlong` should have an upper camel case name
[INFO] [stdout]  --> src/jni/jni_md.rs:2:10
[INFO] [stdout]   |
[INFO] [stdout] 2 | pub type jlong = i64;
[INFO] [stdout]   |          ^^^^^ help: convert the identifier to upper camel case: `Jlong`
[INFO] [stdout] 
[INFO] [stdout] 
[INFO] [stdout] warning: unused variable: `klass`
[INFO] [stdout]    --> src/classpath/class_loader.rs:197:13
[INFO] [stdout]     |
[INFO] [stdout] 197 |         let klass = class_loader
[INFO] [stdout]     |             ^^^^^ help: if this is intentional, prefix it with an underscore: `_klass`
[INFO] [stdout]     |
[INFO] [stdout]     = note: `#[warn(unused_variables)]` on by default
[INFO] [stdout] 
[INFO] [stdout] 
[INFO] [stdout] warning: unused variable: `class_file`
[INFO] [stdout]   --> src/oops/klass.rs:64:16
[INFO] [stdout]    |
[INFO] [stdout] 64 |     pub fn new(class_file: ClassFile, class_loader: Rc<dyn ClassLoader>) -> Self {
[INFO] [stdout]    |                ^^^^^^^^^^ help: if this is intentional, prefix it with an underscore: `_class_file`
[INFO] [stdout] 
[INFO] [stdout] 
[INFO] [stdout] warning: type `ClassFileStream<'a>` is more private than the item `class_file_parse::ClassFileParser::class_file_stream`
[INFO] [stdout]   --> src/classfile/class_file_parse.rs:55:5
[INFO] [stdout]    |
[INFO] [stdout] 55 |     pub class_file_stream: ClassFileStream<'a>,
[INFO] [stdout]    |     ^^^^^^^^^^^^^^^^^^^^^^^^^^^^^^^^^^^^^^^^^^ field `class_file_parse::ClassFileParser::class_file_stream` is reachable at visibility `pub(crate)`
[INFO] [stdout]    |
[INFO] [stdout] note: but type `ClassFileStream<'a>` is only usable at visibility `pub(self)`
[INFO] [stdout]   --> src/classfile/class_file_parse.rs:19:1
[INFO] [stdout]    |
[INFO] [stdout] 19 | enum ClassFileStream<'a> {
[INFO] [stdout]    | ^^^^^^^^^^^^^^^^^^^^^^^^
[INFO] [stdout]    = note: `#[warn(private_interfaces)]` on by default
[INFO] [stdout] 
[INFO] [stdout] 
[INFO] [stdout] warning: fields `access_flags`, `name_index`, `descriptor_index`, `attributes_count`, and `attributes` are never read
[INFO] [stdout]    --> src/classfile/class_file.rs:145:5
[INFO] [stdout]     |
[INFO] [stdout] 144 | pub struct FieldInfo {
[INFO] [stdout]     |            --------- fields in this struct
[INFO] [stdout] 145 |     access_flags: U2,
[INFO] [stdout]     |     ^^^^^^^^^^^^
[INFO] [stdout] 146 |     name_index: U2,
[INFO] [stdout]     |     ^^^^^^^^^^
[INFO] [stdout] 147 |     descriptor_index: U2,
[INFO] [stdout]     |     ^^^^^^^^^^^^^^^^
[INFO] [stdout] 148 |     attributes_count: U2,
[INFO] [stdout]     |     ^^^^^^^^^^^^^^^^
[INFO] [stdout] 149 |     attributes: Vec<AttributeInfo>,
[INFO] [stdout]     |     ^^^^^^^^^^
[INFO] [stdout]     |
[INFO] [stdout]     = note: `FieldInfo` has a derived impl for the trait `Debug`, but this is intentionally ignored during dead code analysis
[INFO] [stdout]     = note: `#[warn(dead_code)]` on by default
[INFO] [stdout] 
[INFO] [stdout] 
[INFO] [stdout] warning: type alias `U8` is never used
[INFO] [stdout]  --> src/classfile/types.rs:4:10
[INFO] [stdout]   |
[INFO] [stdout] 4 | pub type U8 = u64;
[INFO] [stdout]   |          ^^
[INFO] [stdout] 
[INFO] [stdout] 
[INFO] [stdout] warning: fields `attribute_name_index`, `attribute_length`, and `constant_value_index` are never read
[INFO] [stdout]  --> src/classfile/attribute_info.rs:6:9
[INFO] [stdout]   |
[INFO] [stdout] 5 |     ConstantValue {
[INFO] [stdout]   |     ------------- fields in this variant
[INFO] [stdout] 6 |         attribute_name_index: U2,
[INFO] [stdout]   |         ^^^^^^^^^^^^^^^^^^^^
[INFO] [stdout] 7 |         attribute_length: U4,
[INFO] [stdout]   |         ^^^^^^^^^^^^^^^^
[INFO] [stdout] 8 |         constant_value_index: U2,
[INFO] [stdout]   |         ^^^^^^^^^^^^^^^^^^^^
[INFO] [stdout]   |
[INFO] [stdout]   = note: `AttributeInfo` has a derived impl for the trait `Debug`, but this is intentionally ignored during dead code analysis
[INFO] [stdout] 
[INFO] [stdout] 
[INFO] [stdout] warning: multiple fields are never read
[INFO] [stdout]   --> src/classfile/attribute_info.rs:11:9
[INFO] [stdout]    |
[INFO] [stdout] 10 |     Code {
[INFO] [stdout]    |     ---- fields in this variant
[INFO] [stdout] 11 |         attribute_name_index: U2,
[INFO] [stdout]    |         ^^^^^^^^^^^^^^^^^^^^
[INFO] [stdout] 12 |         attribute_length: U4,
[INFO] [stdout]    |         ^^^^^^^^^^^^^^^^
[INFO] [stdout] 13 |         max_stack: U2,
[INFO] [stdout]    |         ^^^^^^^^^
[INFO] [stdout] 14 |         max_locals: U2,
[INFO] [stdout]    |         ^^^^^^^^^^
[INFO] [stdout] 15 |         code_length: U4,
[INFO] [stdout]    |         ^^^^^^^^^^^
[INFO] [stdout] 16 |         code: Vec<U1>,
[INFO] [stdout]    |         ^^^^
[INFO] [stdout] 17 |         exception_table_length: U2,
[INFO] [stdout]    |         ^^^^^^^^^^^^^^^^^^^^^^
[INFO] [stdout] 18 |         //start_pc, end_pc, handler_pc, catch_type
[INFO] [stdout] 19 |         exception_table: Vec<(U2, U2, U2, U2)>,
[INFO] [stdout]    |         ^^^^^^^^^^^^^^^
[INFO] [stdout] 20 |         attributes_count: U2,
[INFO] [stdout]    |         ^^^^^^^^^^^^^^^^
[INFO] [stdout] 21 |         attributes: Vec<AttributeInfo>,
[INFO] [stdout]    |         ^^^^^^^^^^
[INFO] [stdout]    |
[INFO] [stdout]    = note: `AttributeInfo` has a derived impl for the trait `Debug`, but this is intentionally ignored during dead code analysis
[INFO] [stdout] 
[INFO] [stdout] 
[INFO] [stdout] warning: fields `attribute_name_index`, `attribute_length`, `number_of_entries`, and `entries` are never read
[INFO] [stdout]   --> src/classfile/attribute_info.rs:24:9
[INFO] [stdout]    |
[INFO] [stdout] 23 |     StackMapTable {
[INFO] [stdout]    |     ------------- fields in this variant
[INFO] [stdout] 24 |         attribute_name_index: U2,
[INFO] [stdout]    |         ^^^^^^^^^^^^^^^^^^^^
[INFO] [stdout] 25 |         attribute_length: U4,
[INFO] [stdout]    |         ^^^^^^^^^^^^^^^^
[INFO] [stdout] 26 |         number_of_entries: U2,
[INFO] [stdout]    |         ^^^^^^^^^^^^^^^^^
[INFO] [stdout] 27 |         entries: Vec<StackMapFrame>,
[INFO] [stdout]    |         ^^^^^^^
[INFO] [stdout]    |
[INFO] [stdout]    = note: `AttributeInfo` has a derived impl for the trait `Debug`, but this is intentionally ignored during dead code analysis
[INFO] [stdout] 
[INFO] [stdout] 
[INFO] [stdout] warning: fields `attribute_name_index`, `attribute_length`, `number_of_exceptions`, and `exception_index_table` are never read
[INFO] [stdout]   --> src/classfile/attribute_info.rs:30:9
[INFO] [stdout]    |
[INFO] [stdout] 29 |     Exceptions {
[INFO] [stdout]    |     ---------- fields in this variant
[INFO] [stdout] 30 |         attribute_name_index: U2,
[INFO] [stdout]    |         ^^^^^^^^^^^^^^^^^^^^
[INFO] [stdout] 31 |         attribute_length: U4,
[INFO] [stdout]    |         ^^^^^^^^^^^^^^^^
[INFO] [stdout] 32 |         number_of_exceptions: U2,
[INFO] [stdout]    |         ^^^^^^^^^^^^^^^^^^^^
[INFO] [stdout] 33 |         exception_index_table: Vec<U2>,
[INFO] [stdout]    |         ^^^^^^^^^^^^^^^^^^^^^
[INFO] [stdout]    |
[INFO] [stdout]    = note: `AttributeInfo` has a derived impl for the trait `Debug`, but this is intentionally ignored during dead code analysis
[INFO] [stdout] 
[INFO] [stdout] 
[INFO] [stdout] warning: fields `attribute_name_index`, `attribute_length`, `number_of_classes`, and `classes` are never read
[INFO] [stdout]   --> src/classfile/attribute_info.rs:36:9
[INFO] [stdout]    |
[INFO] [stdout] 35 |     InnerClasses {
[INFO] [stdout]    |     ------------ fields in this variant
[INFO] [stdout] 36 |         attribute_name_index: U2,
[INFO] [stdout]    |         ^^^^^^^^^^^^^^^^^^^^
[INFO] [stdout] 37 |         attribute_length: U4,
[INFO] [stdout]    |         ^^^^^^^^^^^^^^^^
[INFO] [stdout] 38 |         number_of_classes: U2,
[INFO] [stdout]    |         ^^^^^^^^^^^^^^^^^
[INFO] [stdout] 39 |         //inner_class_info_index, outer_class_info_index, inner_name_index, inner_class_access_flags
[INFO] [stdout] 40 |         classes: Vec<(U2, U2, U2, U2)>,
[INFO] [stdout]    |         ^^^^^^^
[INFO] [stdout]    |
[INFO] [stdout]    = note: `AttributeInfo` has a derived impl for the trait `Debug`, but this is intentionally ignored during dead code analysis
[INFO] [stdout] 
[INFO] [stdout] 
[INFO] [stdout] warning: fields `attribute_name_index`, `attribute_length`, `class_index`, and `method_index` are never read
[INFO] [stdout]   --> src/classfile/attribute_info.rs:43:9
[INFO] [stdout]    |
[INFO] [stdout] 42 |     EnclosingMethod {
[INFO] [stdout]    |     --------------- fields in this variant
[INFO] [stdout] 43 |         attribute_name_index: U2,
[INFO] [stdout]    |         ^^^^^^^^^^^^^^^^^^^^
[INFO] [stdout] 44 |         attribute_length: U4,
[INFO] [stdout]    |         ^^^^^^^^^^^^^^^^
[INFO] [stdout] 45 |         class_index: U2,
[INFO] [stdout]    |         ^^^^^^^^^^^
[INFO] [stdout] 46 |         method_index: U2,
[INFO] [stdout]    |         ^^^^^^^^^^^^
[INFO] [stdout]    |
[INFO] [stdout]    = note: `AttributeInfo` has a derived impl for the trait `Debug`, but this is intentionally ignored during dead code analysis
[INFO] [stdout] 
[INFO] [stdout] 
[INFO] [stdout] warning: fields `attribute_name_index` and `attribute_length` are never read
[INFO] [stdout]   --> src/classfile/attribute_info.rs:49:9
[INFO] [stdout]    |
[INFO] [stdout] 48 |     Synthetic {
[INFO] [stdout]    |     --------- fields in this variant
[INFO] [stdout] 49 |         attribute_name_index: U2,
[INFO] [stdout]    |         ^^^^^^^^^^^^^^^^^^^^
[INFO] [stdout] 50 |         attribute_length: U4,
[INFO] [stdout]    |         ^^^^^^^^^^^^^^^^
[INFO] [stdout]    |
[INFO] [stdout]    = note: `AttributeInfo` has a derived impl for the trait `Debug`, but this is intentionally ignored during dead code analysis
[INFO] [stdout] 
[INFO] [stdout] 
[INFO] [stdout] warning: fields `attribute_name_index`, `attribute_length`, and `signature_index` are never read
[INFO] [stdout]   --> src/classfile/attribute_info.rs:53:9
[INFO] [stdout]    |
[INFO] [stdout] 52 |     Signature {
[INFO] [stdout]    |     --------- fields in this variant
[INFO] [stdout] 53 |         attribute_name_index: U2,
[INFO] [stdout]    |         ^^^^^^^^^^^^^^^^^^^^
[INFO] [stdout] 54 |         attribute_length: U4,
[INFO] [stdout]    |         ^^^^^^^^^^^^^^^^
[INFO] [stdout] 55 |         signature_index: U2,
[INFO] [stdout]    |         ^^^^^^^^^^^^^^^
[INFO] [stdout]    |
[INFO] [stdout]    = note: `AttributeInfo` has a derived impl for the trait `Debug`, but this is intentionally ignored during dead code analysis
[INFO] [stdout] 
[INFO] [stdout] 
[INFO] [stdout] warning: fields `attribute_name_index`, `attribute_length`, and `sourcefile_index` are never read
[INFO] [stdout]   --> src/classfile/attribute_info.rs:58:9
[INFO] [stdout]    |
[INFO] [stdout] 57 |     SourceFile {
[INFO] [stdout]    |     ---------- fields in this variant
[INFO] [stdout] 58 |         attribute_name_index: U2,
[INFO] [stdout]    |         ^^^^^^^^^^^^^^^^^^^^
[INFO] [stdout] 59 |         attribute_length: U4,
[INFO] [stdout]    |         ^^^^^^^^^^^^^^^^
[INFO] [stdout] 60 |         sourcefile_index: U2,
[INFO] [stdout]    |         ^^^^^^^^^^^^^^^^
[INFO] [stdout]    |
[INFO] [stdout]    = note: `AttributeInfo` has a derived impl for the trait `Debug`, but this is intentionally ignored during dead code analysis
[INFO] [stdout] 
[INFO] [stdout] 
[INFO] [stdout] warning: fields `attribute_name_index`, `attribute_length`, and `debug_extension` are never read
[INFO] [stdout]   --> src/classfile/attribute_info.rs:63:9
[INFO] [stdout]    |
[INFO] [stdout] 62 |     SourceDebugExtension {
[INFO] [stdout]    |     -------------------- fields in this variant
[INFO] [stdout] 63 |         attribute_name_index: U2,
[INFO] [stdout]    |         ^^^^^^^^^^^^^^^^^^^^
[INFO] [stdout] 64 |         attribute_length: U4,
[INFO] [stdout]    |         ^^^^^^^^^^^^^^^^
[INFO] [stdout] 65 |         debug_extension: Vec<U1>,
[INFO] [stdout]    |         ^^^^^^^^^^^^^^^
[INFO] [stdout]    |
[INFO] [stdout]    = note: `AttributeInfo` has a derived impl for the trait `Debug`, but this is intentionally ignored during dead code analysis
[INFO] [stdout] 
[INFO] [stdout] 
[INFO] [stdout] warning: fields `attribute_name_index`, `attribute_length`, `line_number_table_length`, and `line_number_table` are never read
[INFO] [stdout]   --> src/classfile/attribute_info.rs:68:9
[INFO] [stdout]    |
[INFO] [stdout] 67 |     LineNumberTable {
[INFO] [stdout]    |     --------------- fields in this variant
[INFO] [stdout] 68 |         attribute_name_index: U2,
[INFO] [stdout]    |         ^^^^^^^^^^^^^^^^^^^^
[INFO] [stdout] 69 |         attribute_length: U4,
[INFO] [stdout]    |         ^^^^^^^^^^^^^^^^
[INFO] [stdout] 70 |         line_number_table_length: U2,
[INFO] [stdout]    |         ^^^^^^^^^^^^^^^^^^^^^^^^
[INFO] [stdout] 71 |         //start_pc, line_number
[INFO] [stdout] 72 |         line_number_table: Vec<(U2, U2)>,
[INFO] [stdout]    |         ^^^^^^^^^^^^^^^^^
[INFO] [stdout]    |
[INFO] [stdout]    = note: `AttributeInfo` has a derived impl for the trait `Debug`, but this is intentionally ignored during dead code analysis
[INFO] [stdout] 
[INFO] [stdout] 
[INFO] [stdout] warning: fields `attribute_name_index`, `attribute_length`, `local_variable_table_length`, and `local_variable_table` are never read
[INFO] [stdout]   --> src/classfile/attribute_info.rs:75:9
[INFO] [stdout]    |
[INFO] [stdout] 74 |     LocalVariableTable {
[INFO] [stdout]    |     ------------------ fields in this variant
[INFO] [stdout] 75 |         attribute_name_index: U2,
[INFO] [stdout]    |         ^^^^^^^^^^^^^^^^^^^^
[INFO] [stdout] 76 |         attribute_length: U4,
[INFO] [stdout]    |         ^^^^^^^^^^^^^^^^
[INFO] [stdout] 77 |         local_variable_table_length: U2,
[INFO] [stdout]    |         ^^^^^^^^^^^^^^^^^^^^^^^^^^^
[INFO] [stdout] 78 |         //start_pc, length, name_index, descriptor_index, index
[INFO] [stdout] 79 |         local_variable_table: Vec<(U2, U2, U2, U2, U2)>,
[INFO] [stdout]    |         ^^^^^^^^^^^^^^^^^^^^
[INFO] [stdout]    |
[INFO] [stdout]    = note: `AttributeInfo` has a derived impl for the trait `Debug`, but this is intentionally ignored during dead code analysis
[INFO] [stdout] 
[INFO] [stdout] 
[INFO] [stdout] warning: fields `attribute_name_index` and `attribute_length` are never read
[INFO] [stdout]   --> src/classfile/attribute_info.rs:89:9
[INFO] [stdout]    |
[INFO] [stdout] 88 |     Deprecated {
[INFO] [stdout]    |     ---------- fields in this variant
[INFO] [stdout] 89 |         attribute_name_index: U2,
[INFO] [stdout]    |         ^^^^^^^^^^^^^^^^^^^^
[INFO] [stdout] 90 |         attribute_length: U4,
[INFO] [stdout]    |         ^^^^^^^^^^^^^^^^
[INFO] [stdout]    |
[INFO] [stdout]    = note: `AttributeInfo` has a derived impl for the trait `Debug`, but this is intentionally ignored during dead code analysis
[INFO] [stdout] 
[INFO] [stdout] 
[INFO] [stdout] warning: fields `attribute_name_index`, `attribute_length`, `num_annotations`, and `annotations` are never read
[INFO] [stdout]   --> src/classfile/attribute_info.rs:93:9
[INFO] [stdout]    |
[INFO] [stdout] 92 |     RuntimeVisibleAnnotations {
[INFO] [stdout]    |     ------------------------- fields in this variant
[INFO] [stdout] 93 |         attribute_name_index: U2,
[INFO] [stdout]    |         ^^^^^^^^^^^^^^^^^^^^
[INFO] [stdout] 94 |         attribute_length: U4,
[INFO] [stdout]    |         ^^^^^^^^^^^^^^^^
[INFO] [stdout] 95 |         num_annotations: U2,
[INFO] [stdout]    |         ^^^^^^^^^^^^^^^
[INFO] [stdout] 96 |         annotations: Vec<Annotation>,
[INFO] [stdout]    |         ^^^^^^^^^^^
[INFO] [stdout]    |
[INFO] [stdout]    = note: `AttributeInfo` has a derived impl for the trait `Debug`, but this is intentionally ignored during dead code analysis
[INFO] [stdout] 
[INFO] [stdout] 
[INFO] [stdout] warning: fields `attribute_name_index`, `attribute_length`, `num_annotations`, and `annotations` are never read
[INFO] [stdout]    --> src/classfile/attribute_info.rs:99:9
[INFO] [stdout]     |
[INFO] [stdout] 98  |     RuntimeInvisibleAnnotations {
[INFO] [stdout]     |     --------------------------- fields in this variant
[INFO] [stdout] 99  |         attribute_name_index: U2,
[INFO] [stdout]     |         ^^^^^^^^^^^^^^^^^^^^
[INFO] [stdout] 100 |         attribute_length: U4,
[INFO] [stdout]     |         ^^^^^^^^^^^^^^^^
[INFO] [stdout] 101 |         num_annotations: U2,
[INFO] [stdout]     |         ^^^^^^^^^^^^^^^
[INFO] [stdout] 102 |         annotations: Vec<Annotation>,
[INFO] [stdout]     |         ^^^^^^^^^^^
[INFO] [stdout]     |
[INFO] [stdout]     = note: `AttributeInfo` has a derived impl for the trait `Debug`, but this is intentionally ignored during dead code analysis
[INFO] [stdout] 
[INFO] [stdout] 
[INFO] [stdout] warning: fields `attribute_name_index`, `attribute_length`, `num_parameters`, and `parameter_annotations` are never read
[INFO] [stdout]    --> src/classfile/attribute_info.rs:105:9
[INFO] [stdout]     |
[INFO] [stdout] 104 |     RuntimeVisibleParameterAnnotations {
[INFO] [stdout]     |     ---------------------------------- fields in this variant
[INFO] [stdout] 105 |         attribute_name_index: U2,
[INFO] [stdout]     |         ^^^^^^^^^^^^^^^^^^^^
[INFO] [stdout] 106 |         attribute_length: U4,
[INFO] [stdout]     |         ^^^^^^^^^^^^^^^^
[INFO] [stdout] 107 |         num_parameters: U1,
[INFO] [stdout]     |         ^^^^^^^^^^^^^^
[INFO] [stdout] 108 |         //num_annotations, annotations
[INFO] [stdout] 109 |         parameter_annotations: Vec<(U2, Vec<Annotation>)>,
[INFO] [stdout]     |         ^^^^^^^^^^^^^^^^^^^^^
[INFO] [stdout]     |
[INFO] [stdout]     = note: `AttributeInfo` has a derived impl for the trait `Debug`, but this is intentionally ignored during dead code analysis
[INFO] [stdout] 
[INFO] [stdout] 
[INFO] [stdout] warning: fields `attribute_name_index`, `attribute_length`, `num_parameters`, and `parameter_annotations` are never read
[INFO] [stdout]    --> src/classfile/attribute_info.rs:112:9
[INFO] [stdout]     |
[INFO] [stdout] 111 |     RuntimeInvisibleParameterAnnotations {
[INFO] [stdout]     |     ------------------------------------ fields in this variant
[INFO] [stdout] 112 |         attribute_name_index: U2,
[INFO] [stdout]     |         ^^^^^^^^^^^^^^^^^^^^
[INFO] [stdout] 113 |         attribute_length: U4,
[INFO] [stdout]     |         ^^^^^^^^^^^^^^^^
[INFO] [stdout] 114 |         num_parameters: U1,
[INFO] [stdout]     |         ^^^^^^^^^^^^^^
[INFO] [stdout] 115 |         //num_annotations, annotations
[INFO] [stdout] 116 |         parameter_annotations: Vec<(U2, Vec<Annotation>)>,
[INFO] [stdout]     |         ^^^^^^^^^^^^^^^^^^^^^
[INFO] [stdout]     |
[INFO] [stdout]     = note: `AttributeInfo` has a derived impl for the trait `Debug`, but this is intentionally ignored during dead code analysis
[INFO] [stdout] 
[INFO] [stdout] 
[INFO] [stdout] warning: fields `attribute_name_index`, `attribute_length`, `num_annotations`, and `annotations` are never read
[INFO] [stdout]    --> src/classfile/attribute_info.rs:119:9
[INFO] [stdout]     |
[INFO] [stdout] 118 |     RuntimeVisibleTypeAnnotations {
[INFO] [stdout]     |     ----------------------------- fields in this variant
[INFO] [stdout] 119 |         attribute_name_index: U2,
[INFO] [stdout]     |         ^^^^^^^^^^^^^^^^^^^^
[INFO] [stdout] 120 |         attribute_length: U4,
[INFO] [stdout]     |         ^^^^^^^^^^^^^^^^
[INFO] [stdout] 121 |         num_annotations: U2,
[INFO] [stdout]     |         ^^^^^^^^^^^^^^^
[INFO] [stdout] 122 |         annotations: Vec<TypeAnnotation>,
[INFO] [stdout]     |         ^^^^^^^^^^^
[INFO] [stdout]     |
[INFO] [stdout]     = note: `AttributeInfo` has a derived impl for the trait `Debug`, but this is intentionally ignored during dead code analysis
[INFO] [stdout] 
[INFO] [stdout] 
[INFO] [stdout] warning: fields `attribute_name_index`, `attribute_length`, and `default_value` are never read
[INFO] [stdout]    --> src/classfile/attribute_info.rs:131:9
[INFO] [stdout]     |
[INFO] [stdout] 130 |     AnnotationDefault {
[INFO] [stdout]     |     ----------------- fields in this variant
[INFO] [stdout] 131 |         attribute_name_index: U2,
[INFO] [stdout]     |         ^^^^^^^^^^^^^^^^^^^^
[INFO] [stdout] 132 |         attribute_length: U4,
[INFO] [stdout]     |         ^^^^^^^^^^^^^^^^
[INFO] [stdout] 133 |         default_value: ElementValue,
[INFO] [stdout]     |         ^^^^^^^^^^^^^
[INFO] [stdout]     |
[INFO] [stdout]     = note: `AttributeInfo` has a derived impl for the trait `Debug`, but this is intentionally ignored during dead code analysis
[INFO] [stdout] 
[INFO] [stdout] 
[INFO] [stdout] warning: fields `attribute_name_index`, `attribute_length`, `num_bootstrap_methods`, and `bootstrap_methods` are never read
[INFO] [stdout]    --> src/classfile/attribute_info.rs:136:9
[INFO] [stdout]     |
[INFO] [stdout] 135 |     BootstrapMethods {
[INFO] [stdout]     |     ---------------- fields in this variant
[INFO] [stdout] 136 |         attribute_name_index: U2,
[INFO] [stdout]     |         ^^^^^^^^^^^^^^^^^^^^
[INFO] [stdout] 137 |         attribute_length: U4,
[INFO] [stdout]     |         ^^^^^^^^^^^^^^^^
[INFO] [stdout] 138 |         num_bootstrap_methods: U2,
[INFO] [stdout]     |         ^^^^^^^^^^^^^^^^^^^^^
[INFO] [stdout] 139 |         //bootstrap_method_ref, num_bootstrap_arguments, bootstrap_arguments
[INFO] [stdout] 140 |         bootstrap_methods: Vec<(U2, U2, Vec<U2>)>,
[INFO] [stdout]     |         ^^^^^^^^^^^^^^^^^
[INFO] [stdout]     |
[INFO] [stdout]     = note: `AttributeInfo` has a derived impl for the trait `Debug`, but this is intentionally ignored during dead code analysis
[INFO] [stdout] 
[INFO] [stdout] 
[INFO] [stdout] warning: fields `attribute_name_index`, `attribute_length`, `parameters_count`, and `parameters` are never read
[INFO] [stdout]    --> src/classfile/attribute_info.rs:143:9
[INFO] [stdout]     |
[INFO] [stdout] 142 |     MethodParameters {
[INFO] [stdout]     |     ---------------- fields in this variant
[INFO] [stdout] 143 |         attribute_name_index: U2,
[INFO] [stdout]     |         ^^^^^^^^^^^^^^^^^^^^
[INFO] [stdout] 144 |         attribute_length: U4,
[INFO] [stdout]     |         ^^^^^^^^^^^^^^^^
[INFO] [stdout] 145 |         parameters_count: U1,
[INFO] [stdout]     |         ^^^^^^^^^^^^^^^^
[INFO] [stdout] 146 |         //name_index, access_flags
[INFO] [stdout] 147 |         parameters: Vec<(U2, U2)>,
[INFO] [stdout]     |         ^^^^^^^^^^
[INFO] [stdout]     |
[INFO] [stdout]     = note: `AttributeInfo` has a derived impl for the trait `Debug`, but this is intentionally ignored during dead code analysis
[INFO] [stdout] 
[INFO] [stdout] 
[INFO] [stdout] warning: variants `LocalVariableTypeTable` and `RuntimeInvisibleTypeAnnotations` are never constructed
[INFO] [stdout]    --> src/classfile/attribute_info.rs:81:5
[INFO] [stdout]     |
[INFO] [stdout] 4   | pub enum AttributeInfo {
[INFO] [stdout]     |          ------------- variants in this enum
[INFO] [stdout] ...
[INFO] [stdout] 81  |     LocalVariableTypeTable {
[INFO] [stdout]     |     ^^^^^^^^^^^^^^^^^^^^^^
[INFO] [stdout] ...
[INFO] [stdout] 124 |     RuntimeInvisibleTypeAnnotations {
[INFO] [stdout]     |     ^^^^^^^^^^^^^^^^^^^^^^^^^^^^^^^
[INFO] [stdout]     |
[INFO] [stdout]     = note: `AttributeInfo` has a derived impl for the trait `Debug`, but this is intentionally ignored during dead code analysis
[INFO] [stdout] 
[INFO] [stdout] 
[INFO] [stdout] warning: field `frame_type` is never read
[INFO] [stdout]    --> src/classfile/attribute_info.rs:154:9
[INFO] [stdout]     |
[INFO] [stdout] 153 |     SameFrame {
[INFO] [stdout]     |     --------- field in this variant
[INFO] [stdout] 154 |         frame_type: U1,
[INFO] [stdout]     |         ^^^^^^^^^^
[INFO] [stdout]     |
[INFO] [stdout]     = note: `StackMapFrame` has a derived impl for the trait `Debug`, but this is intentionally ignored during dead code analysis
[INFO] [stdout] 
[INFO] [stdout] 
[INFO] [stdout] warning: fields `frame_type` and `stack` are never read
[INFO] [stdout]    --> src/classfile/attribute_info.rs:157:9
[INFO] [stdout]     |
[INFO] [stdout] 156 |     SameLocals1StackItemFrame {
[INFO] [stdout]     |     ------------------------- fields in this variant
[INFO] [stdout] 157 |         frame_type: U1,
[INFO] [stdout]     |         ^^^^^^^^^^
[INFO] [stdout] 158 |         stack: [VerificationTypeInfo;1],
[INFO] [stdout]     |         ^^^^^
[INFO] [stdout]     |
[INFO] [stdout]     = note: `StackMapFrame` has a derived impl for the trait `Debug`, but this is intentionally ignored during dead code analysis
[INFO] [stdout] 
[INFO] [stdout] 
[INFO] [stdout] warning: fields `frame_type`, `offset_delta`, and `stack` are never read
[INFO] [stdout]    --> src/classfile/attribute_info.rs:161:9
[INFO] [stdout]     |
[INFO] [stdout] 160 |     SameLocals1StackItemFrameExtended {
[INFO] [stdout]     |     --------------------------------- fields in this variant
[INFO] [stdout] 161 |         frame_type: U1,
[INFO] [stdout]     |         ^^^^^^^^^^
[INFO] [stdout] 162 |         offset_delta: U2,
[INFO] [stdout]     |         ^^^^^^^^^^^^
[INFO] [stdout] 163 |         stack: [VerificationTypeInfo;1],
[INFO] [stdout]     |         ^^^^^
[INFO] [stdout]     |
[INFO] [stdout]     = note: `StackMapFrame` has a derived impl for the trait `Debug`, but this is intentionally ignored during dead code analysis
[INFO] [stdout] 
[INFO] [stdout] 
[INFO] [stdout] warning: fields `frame_type` and `offset_delta` are never read
[INFO] [stdout]    --> src/classfile/attribute_info.rs:166:9
[INFO] [stdout]     |
[INFO] [stdout] 165 |     ChopFrame {
[INFO] [stdout]     |     --------- fields in this variant
[INFO] [stdout] 166 |         frame_type: U1,
[INFO] [stdout]     |         ^^^^^^^^^^
[INFO] [stdout] 167 |         offset_delta: U2,
[INFO] [stdout]     |         ^^^^^^^^^^^^
[INFO] [stdout]     |
[INFO] [stdout]     = note: `StackMapFrame` has a derived impl for the trait `Debug`, but this is intentionally ignored during dead code analysis
[INFO] [stdout] 
[INFO] [stdout] 
[INFO] [stdout] warning: fields `frame_type` and `offset_delta` are never read
[INFO] [stdout]    --> src/classfile/attribute_info.rs:170:9
[INFO] [stdout]     |
[INFO] [stdout] 169 |     SameFrameExtended {
[INFO] [stdout]     |     ----------------- fields in this variant
[INFO] [stdout] 170 |         frame_type: U1,
[INFO] [stdout]     |         ^^^^^^^^^^
[INFO] [stdout] 171 |         offset_delta: U2,
[INFO] [stdout]     |         ^^^^^^^^^^^^
[INFO] [stdout]     |
[INFO] [stdout]     = note: `StackMapFrame` has a derived impl for the trait `Debug`, but this is intentionally ignored during dead code analysis
[INFO] [stdout] 
[INFO] [stdout] 
[INFO] [stdout] warning: fields `frame_type`, `offset_delta`, and `locals` are never read
[INFO] [stdout]    --> src/classfile/attribute_info.rs:174:9
[INFO] [stdout]     |
[INFO] [stdout] 173 |     AppendFrame {
[INFO] [stdout]     |     ----------- fields in this variant
[INFO] [stdout] 174 |         frame_type: U1,
[INFO] [stdout]     |         ^^^^^^^^^^
[INFO] [stdout] 175 |         offset_delta: U2,
[INFO] [stdout]     |         ^^^^^^^^^^^^
[INFO] [stdout] 176 |         locals: Vec<VerificationTypeInfo>,
[INFO] [stdout]     |         ^^^^^^
[INFO] [stdout]     |
[INFO] [stdout]     = note: `StackMapFrame` has a derived impl for the trait `Debug`, but this is intentionally ignored during dead code analysis
[INFO] [stdout] 
[INFO] [stdout] 
[INFO] [stdout] warning: fields `frame_type`, `offset_delta`, `number_of_locals`, `locals`, `number_of_stack_items`, and `stack` are never read
[INFO] [stdout]    --> src/classfile/attribute_info.rs:179:9
[INFO] [stdout]     |
[INFO] [stdout] 178 |     FullFrame {
[INFO] [stdout]     |     --------- fields in this variant
[INFO] [stdout] 179 |         frame_type: U1,
[INFO] [stdout]     |         ^^^^^^^^^^
[INFO] [stdout] 180 |         offset_delta: U2,
[INFO] [stdout]     |         ^^^^^^^^^^^^
[INFO] [stdout] 181 |         number_of_locals: U2,
[INFO] [stdout]     |         ^^^^^^^^^^^^^^^^
[INFO] [stdout] 182 |         locals: Vec<VerificationTypeInfo>,
[INFO] [stdout]     |         ^^^^^^
[INFO] [stdout] 183 |         number_of_stack_items: U2,
[INFO] [stdout]     |         ^^^^^^^^^^^^^^^^^^^^^
[INFO] [stdout] 184 |         stack: Vec<VerificationTypeInfo>,
[INFO] [stdout]     |         ^^^^^
[INFO] [stdout]     |
[INFO] [stdout]     = note: `StackMapFrame` has a derived impl for the trait `Debug`, but this is intentionally ignored during dead code analysis
[INFO] [stdout] 
[INFO] [stdout] 
[INFO] [stdout] warning: field `tag` is never read
[INFO] [stdout]    --> src/classfile/attribute_info.rs:190:19
[INFO] [stdout]     |
[INFO] [stdout] 190 |     TopVariable { tag: U1 },
[INFO] [stdout]     |     -----------   ^^^
[INFO] [stdout]     |     |
[INFO] [stdout]     |     field in this variant
[INFO] [stdout]     |
[INFO] [stdout]     = note: `VerificationTypeInfo` has a derived impl for the trait `Debug`, but this is intentionally ignored during dead code analysis
[INFO] [stdout] 
[INFO] [stdout] 
[INFO] [stdout] warning: field `tag` is never read
[INFO] [stdout]    --> src/classfile/attribute_info.rs:191:23
[INFO] [stdout]     |
[INFO] [stdout] 191 |     IntegerVariable { tag: U1 },
[INFO] [stdout]     |     ---------------   ^^^
[INFO] [stdout]     |     |
[INFO] [stdout]     |     field in this variant
[INFO] [stdout]     |
[INFO] [stdout]     = note: `VerificationTypeInfo` has a derived impl for the trait `Debug`, but this is intentionally ignored during dead code analysis
[INFO] [stdout] 
[INFO] [stdout] 
[INFO] [stdout] warning: field `tag` is never read
[INFO] [stdout]    --> src/classfile/attribute_info.rs:192:21
[INFO] [stdout]     |
[INFO] [stdout] 192 |     FloatVariable { tag: U1 },
[INFO] [stdout]     |     -------------   ^^^
[INFO] [stdout]     |     |
[INFO] [stdout]     |     field in this variant
[INFO] [stdout]     |
[INFO] [stdout]     = note: `VerificationTypeInfo` has a derived impl for the trait `Debug`, but this is intentionally ignored during dead code analysis
[INFO] [stdout] 
[INFO] [stdout] 
[INFO] [stdout] warning: field `tag` is never read
[INFO] [stdout]    --> src/classfile/attribute_info.rs:193:20
[INFO] [stdout]     |
[INFO] [stdout] 193 |     LongVariable { tag: U1 },
[INFO] [stdout]     |     ------------   ^^^
[INFO] [stdout]     |     |
[INFO] [stdout]     |     field in this variant
[INFO] [stdout]     |
[INFO] [stdout]     = note: `VerificationTypeInfo` has a derived impl for the trait `Debug`, but this is intentionally ignored during dead code analysis
[INFO] [stdout] 
[INFO] [stdout] 
[INFO] [stdout] warning: field `tag` is never read
[INFO] [stdout]    --> src/classfile/attribute_info.rs:194:22
[INFO] [stdout]     |
[INFO] [stdout] 194 |     DoubleVariable { tag: U1 },
[INFO] [stdout]     |     --------------   ^^^
[INFO] [stdout]     |     |
[INFO] [stdout]     |     field in this variant
[INFO] [stdout]     |
[INFO] [stdout]     = note: `VerificationTypeInfo` has a derived impl for the trait `Debug`, but this is intentionally ignored during dead code analysis
[INFO] [stdout] 
[INFO] [stdout] 
[INFO] [stdout] warning: field `tag` is never read
[INFO] [stdout]    --> src/classfile/attribute_info.rs:195:20
[INFO] [stdout]     |
[INFO] [stdout] 195 |     NullVariable { tag: U1 },
[INFO] [stdout]     |     ------------   ^^^
[INFO] [stdout]     |     |
[INFO] [stdout]     |     field in this variant
[INFO] [stdout]     |
[INFO] [stdout]     = note: `VerificationTypeInfo` has a derived impl for the trait `Debug`, but this is intentionally ignored during dead code analysis
[INFO] [stdout] 
[INFO] [stdout] 
[INFO] [stdout] warning: field `tag` is never read
[INFO] [stdout]    --> src/classfile/attribute_info.rs:196:33
[INFO] [stdout]     |
[INFO] [stdout] 196 |     UninitializedThisVariable { tag: U1 },
[INFO] [stdout]     |     -------------------------   ^^^
[INFO] [stdout]     |     |
[INFO] [stdout]     |     field in this variant
[INFO] [stdout]     |
[INFO] [stdout]     = note: `VerificationTypeInfo` has a derived impl for the trait `Debug`, but this is intentionally ignored during dead code analysis
[INFO] [stdout] 
[INFO] [stdout] 
[INFO] [stdout] warning: fields `tag` and `cpool_index` are never read
[INFO] [stdout]    --> src/classfile/attribute_info.rs:197:22
[INFO] [stdout]     |
[INFO] [stdout] 197 |     ObjectVariable { tag: U1, cpool_index: U2 },
[INFO] [stdout]     |     --------------   ^^^      ^^^^^^^^^^^
[INFO] [stdout]     |     |
[INFO] [stdout]     |     fields in this variant
[INFO] [stdout]     |
[INFO] [stdout]     = note: `VerificationTypeInfo` has a derived impl for the trait `Debug`, but this is intentionally ignored during dead code analysis
[INFO] [stdout] 
[INFO] [stdout] 
[INFO] [stdout] warning: fields `tag` and `offset` are never read
[INFO] [stdout]    --> src/classfile/attribute_info.rs:198:29
[INFO] [stdout]     |
[INFO] [stdout] 198 |     UninitializedVariable { tag: U1, offset: U2 },
[INFO] [stdout]     |     ---------------------   ^^^      ^^^^^^
[INFO] [stdout]     |     |
[INFO] [stdout]     |     fields in this variant
[INFO] [stdout]     |
[INFO] [stdout]     = note: `VerificationTypeInfo` has a derived impl for the trait `Debug`, but this is intentionally ignored during dead code analysis
[INFO] [stdout] 
[INFO] [stdout] 
[INFO] [stdout] warning: fields `type_index`, `num_element_value_pairs`, and `element_value_pairs` are never read
[INFO] [stdout]    --> src/classfile/attribute_info.rs:203:9
[INFO] [stdout]     |
[INFO] [stdout] 202 | pub struct Annotation {
[INFO] [stdout]     |            ---------- fields in this struct
[INFO] [stdout] 203 |     pub type_index: U2,
[INFO] [stdout]     |         ^^^^^^^^^^
[INFO] [stdout] 204 |     pub num_element_value_pairs: U2,
[INFO] [stdout]     |         ^^^^^^^^^^^^^^^^^^^^^^^
[INFO] [stdout] 205 |     pub element_value_pairs: Vec<(U2, ElementValue)>,
[INFO] [stdout]     |         ^^^^^^^^^^^^^^^^^^^
[INFO] [stdout]     |
[INFO] [stdout]     = note: `Annotation` has a derived impl for the trait `Debug`, but this is intentionally ignored during dead code analysis
[INFO] [stdout] 
[INFO] [stdout] 
[INFO] [stdout] warning: fields `tag` and `value` are never read
[INFO] [stdout]    --> src/classfile/attribute_info.rs:210:9
[INFO] [stdout]     |
[INFO] [stdout] 209 | pub struct ElementValue {
[INFO] [stdout]     |            ------------ fields in this struct
[INFO] [stdout] 210 |     pub tag: U1,
[INFO] [stdout]     |         ^^^
[INFO] [stdout] 211 |     pub value: ElementValueItem,
[INFO] [stdout]     |         ^^^^^
[INFO] [stdout]     |
[INFO] [stdout]     = note: `ElementValue` has a derived impl for the trait `Debug`, but this is intentionally ignored during dead code analysis
[INFO] [stdout] 
[INFO] [stdout] 
[INFO] [stdout] warning: field `const_value_index` is never read
[INFO] [stdout]    --> src/classfile/attribute_info.rs:217:9
[INFO] [stdout]     |
[INFO] [stdout] 216 |     ConstValueIndex {
[INFO] [stdout]     |     --------------- field in this variant
[INFO] [stdout] 217 |         const_value_index: U2,
[INFO] [stdout]     |         ^^^^^^^^^^^^^^^^^
[INFO] [stdout]     |
[INFO] [stdout]     = note: `ElementValueItem` has a derived impl for the trait `Debug`, but this is intentionally ignored during dead code analysis
[INFO] [stdout] 
[INFO] [stdout] 
[INFO] [stdout] warning: fields `type_name_index` and `const_name_index` are never read
[INFO] [stdout]    --> src/classfile/attribute_info.rs:220:9
[INFO] [stdout]     |
[INFO] [stdout] 219 |     EnumConstValue {
[INFO] [stdout]     |     -------------- fields in this variant
[INFO] [stdout] 220 |         type_name_index: U2,
[INFO] [stdout]     |         ^^^^^^^^^^^^^^^
[INFO] [stdout] 221 |         const_name_index: U2,
[INFO] [stdout]     |         ^^^^^^^^^^^^^^^^
[INFO] [stdout]     |
[INFO] [stdout]     = note: `ElementValueItem` has a derived impl for the trait `Debug`, but this is intentionally ignored during dead code analysis
[INFO] [stdout] 
[INFO] [stdout] 
[INFO] [stdout] warning: field `class_info_index` is never read
[INFO] [stdout]    --> src/classfile/attribute_info.rs:224:9
[INFO] [stdout]     |
[INFO] [stdout] 223 |     ClassInfoIndex {
[INFO] [stdout]     |     -------------- field in this variant
[INFO] [stdout] 224 |         class_info_index: U2,
[INFO] [stdout]     |         ^^^^^^^^^^^^^^^^
[INFO] [stdout]     |
[INFO] [stdout]     = note: `ElementValueItem` has a derived impl for the trait `Debug`, but this is intentionally ignored during dead code analysis
[INFO] [stdout] 
[INFO] [stdout] 
[INFO] [stdout] warning: field `annotation_value` is never read
[INFO] [stdout]    --> src/classfile/attribute_info.rs:227:9
[INFO] [stdout]     |
[INFO] [stdout] 226 |     AnnotationValue {
[INFO] [stdout]     |     --------------- field in this variant
[INFO] [stdout] 227 |         annotation_value: Annotation,
[INFO] [stdout]     |         ^^^^^^^^^^^^^^^^
[INFO] [stdout]     |
[INFO] [stdout]     = note: `ElementValueItem` has a derived impl for the trait `Debug`, but this is intentionally ignored during dead code analysis
[INFO] [stdout] 
[INFO] [stdout] 
[INFO] [stdout] warning: fields `num_values` and `values` are never read
[INFO] [stdout]    --> src/classfile/attribute_info.rs:230:9
[INFO] [stdout]     |
[INFO] [stdout] 229 |     ArrayValue {
[INFO] [stdout]     |     ---------- fields in this variant
[INFO] [stdout] 230 |         num_values: U2,
[INFO] [stdout]     |         ^^^^^^^^^^
[INFO] [stdout] 231 |         values: Vec<ElementValue>,
[INFO] [stdout]     |         ^^^^^^
[INFO] [stdout]     |
[INFO] [stdout]     = note: `ElementValueItem` has a derived impl for the trait `Debug`, but this is intentionally ignored during dead code analysis
[INFO] [stdout] 
[INFO] [stdout] 
[INFO] [stdout] warning: struct `ParameterAnnotation` is never constructed
[INFO] [stdout]    --> src/classfile/attribute_info.rs:236:12
[INFO] [stdout]     |
[INFO] [stdout] 236 | pub struct ParameterAnnotation {
[INFO] [stdout]     |            ^^^^^^^^^^^^^^^^^^^
[INFO] [stdout]     |
[INFO] [stdout]     = note: `ParameterAnnotation` has a derived impl for the trait `Debug`, but this is intentionally ignored during dead code analysis
[INFO] [stdout] 
[INFO] [stdout] 
[INFO] [stdout] warning: fields `target_type`, `target_info`, `target_path`, `type_index`, `num_element_value_pairs`, and `element_value_pairs` are never read
[INFO] [stdout]    --> src/classfile/attribute_info.rs:243:9
[INFO] [stdout]     |
[INFO] [stdout] 242 | pub struct TypeAnnotation {
[INFO] [stdout]     |            -------------- fields in this struct
[INFO] [stdout] 243 |     pub target_type: U1,
[INFO] [stdout]     |         ^^^^^^^^^^^
[INFO] [stdout] 244 |     pub target_info: TargetInfo,
[INFO] [stdout]     |         ^^^^^^^^^^^
[INFO] [stdout] 245 |     pub target_path: TypePath,
[INFO] [stdout]     |         ^^^^^^^^^^^
[INFO] [stdout] 246 |     pub type_index: U2,
[INFO] [stdout]     |         ^^^^^^^^^^
[INFO] [stdout] 247 |     pub num_element_value_pairs: U2,
[INFO] [stdout]     |         ^^^^^^^^^^^^^^^^^^^^^^^
[INFO] [stdout] 248 |     pub element_value_pairs: Vec<(U2, ElementValue)>,
[INFO] [stdout]     |         ^^^^^^^^^^^^^^^^^^^
[INFO] [stdout]     |
[INFO] [stdout]     = note: `TypeAnnotation` has a derived impl for the trait `Debug`, but this is intentionally ignored during dead code analysis
[INFO] [stdout] 
[INFO] [stdout] 
[INFO] [stdout] warning: field `type_parameter_index` is never read
[INFO] [stdout]    --> src/classfile/attribute_info.rs:254:9
[INFO] [stdout]     |
[INFO] [stdout] 253 |     TypeParameterTarget {
[INFO] [stdout]     |     ------------------- field in this variant
[INFO] [stdout] 254 |         type_parameter_index: U1,
[INFO] [stdout]     |         ^^^^^^^^^^^^^^^^^^^^
[INFO] [stdout]     |
[INFO] [stdout]     = note: `TargetInfo` has a derived impl for the trait `Debug`, but this is intentionally ignored during dead code analysis
[INFO] [stdout] 
[INFO] [stdout] 
[INFO] [stdout] warning: field `supertype_index` is never read
[INFO] [stdout]    --> src/classfile/attribute_info.rs:257:9
[INFO] [stdout]     |
[INFO] [stdout] 256 |     SuperTypeTarget {
[INFO] [stdout]     |     --------------- field in this variant
[INFO] [stdout] 257 |         supertype_index: U2,
[INFO] [stdout]     |         ^^^^^^^^^^^^^^^
[INFO] [stdout]     |
[INFO] [stdout]     = note: `TargetInfo` has a derived impl for the trait `Debug`, but this is intentionally ignored during dead code analysis
[INFO] [stdout] 
[INFO] [stdout] 
[INFO] [stdout] warning: fields `type_parameter_index` and `bound_index` are never read
[INFO] [stdout]    --> src/classfile/attribute_info.rs:260:9
[INFO] [stdout]     |
[INFO] [stdout] 259 |     TypeParameterBoundTarget {
[INFO] [stdout]     |     ------------------------ fields in this variant
[INFO] [stdout] 260 |         type_parameter_index: U1,
[INFO] [stdout]     |         ^^^^^^^^^^^^^^^^^^^^
[INFO] [stdout] 261 |         bound_index: U1,
[INFO] [stdout]     |         ^^^^^^^^^^^
[INFO] [stdout]     |
[INFO] [stdout]     = note: `TargetInfo` has a derived impl for the trait `Debug`, but this is intentionally ignored during dead code analysis
[INFO] [stdout] 
[INFO] [stdout] 
[INFO] [stdout] warning: field `formal_parameter_index` is never read
[INFO] [stdout]    --> src/classfile/attribute_info.rs:265:9
[INFO] [stdout]     |
[INFO] [stdout] 264 |     FormalParameterTarget {
[INFO] [stdout]     |     --------------------- field in this variant
[INFO] [stdout] 265 |         formal_parameter_index: U1,
[INFO] [stdout]     |         ^^^^^^^^^^^^^^^^^^^^^^
[INFO] [stdout]     |
[INFO] [stdout]     = note: `TargetInfo` has a derived impl for the trait `Debug`, but this is intentionally ignored during dead code analysis
[INFO] [stdout] 
[INFO] [stdout] 
[INFO] [stdout] warning: field `throws_type_index` is never read
[INFO] [stdout]    --> src/classfile/attribute_info.rs:268:9
[INFO] [stdout]     |
[INFO] [stdout] 267 |     ThrowsTarget {
[INFO] [stdout]     |     ------------ field in this variant
[INFO] [stdout] 268 |         throws_type_index: U2,
[INFO] [stdout]     |         ^^^^^^^^^^^^^^^^^
[INFO] [stdout]     |
[INFO] [stdout]     = note: `TargetInfo` has a derived impl for the trait `Debug`, but this is intentionally ignored during dead code analysis
[INFO] [stdout] 
[INFO] [stdout] 
[INFO] [stdout] warning: fields `table_length` and `table` are never read
[INFO] [stdout]    --> src/classfile/attribute_info.rs:271:9
[INFO] [stdout]     |
[INFO] [stdout] 270 |     LocalVarTarget {
[INFO] [stdout]     |     -------------- fields in this variant
[INFO] [stdout] 271 |         table_length: U2,
[INFO] [stdout]     |         ^^^^^^^^^^^^
[INFO] [stdout] 272 |         //start_pc, length, index
[INFO] [stdout] 273 |         table: Vec<(U2, U2, U2)>,
[INFO] [stdout]     |         ^^^^^
[INFO] [stdout]     |
[INFO] [stdout]     = note: `TargetInfo` has a derived impl for the trait `Debug`, but this is intentionally ignored during dead code analysis
[INFO] [stdout] 
[INFO] [stdout] 
[INFO] [stdout] warning: field `exception_table_index` is never read
[INFO] [stdout]    --> src/classfile/attribute_info.rs:276:9
[INFO] [stdout]     |
[INFO] [stdout] 275 |     CatchTarget {
[INFO] [stdout]     |     ----------- field in this variant
[INFO] [stdout] 276 |         exception_table_index: U2,
[INFO] [stdout]     |         ^^^^^^^^^^^^^^^^^^^^^
[INFO] [stdout]     |
[INFO] [stdout]     = note: `TargetInfo` has a derived impl for the trait `Debug`, but this is intentionally ignored during dead code analysis
[INFO] [stdout] 
[INFO] [stdout] 
[INFO] [stdout] warning: field `offset` is never read
[INFO] [stdout]    --> src/classfile/attribute_info.rs:279:9
[INFO] [stdout]     |
[INFO] [stdout] 278 |     OffsetTarget {
[INFO] [stdout]     |     ------------ field in this variant
[INFO] [stdout] 279 |         offset: U2,
[INFO] [stdout]     |         ^^^^^^
[INFO] [stdout]     |
[INFO] [stdout]     = note: `TargetInfo` has a derived impl for the trait `Debug`, but this is intentionally ignored during dead code analysis
[INFO] [stdout] 
[INFO] [stdout] 
[INFO] [stdout] warning: fields `offset` and `type_argument_index` are never read
[INFO] [stdout]    --> src/classfile/attribute_info.rs:282:9
[INFO] [stdout]     |
[INFO] [stdout] 281 |     TypeArgumentTarget {
[INFO] [stdout]     |     ------------------ fields in this variant
[INFO] [stdout] 282 |         offset: U2,
[INFO] [stdout]     |         ^^^^^^
[INFO] [stdout] 283 |         type_argument_index: U1,
[INFO] [stdout]     |         ^^^^^^^^^^^^^^^^^^^
[INFO] [stdout]     |
[INFO] [stdout]     = note: `TargetInfo` has a derived impl for the trait `Debug`, but this is intentionally ignored during dead code analysis
[INFO] [stdout] 
[INFO] [stdout] 
[INFO] [stdout] warning: fields `path_length` and `path` are never read
[INFO] [stdout]    --> src/classfile/attribute_info.rs:289:9
[INFO] [stdout]     |
[INFO] [stdout] 288 | pub struct TypePath {
[INFO] [stdout]     |            -------- fields in this struct
[INFO] [stdout] 289 |     pub path_length: U1,
[INFO] [stdout]     |         ^^^^^^^^^^^
[INFO] [stdout] 290 |     //type_path_kind, type_argument_index
[INFO] [stdout] 291 |     pub path: Vec<(U1, U1)>,
[INFO] [stdout]     |         ^^^^
[INFO] [stdout]     |
[INFO] [stdout]     = note: `TypePath` has a derived impl for the trait `Debug`, but this is intentionally ignored during dead code analysis
[INFO] [stdout] 
[INFO] [stdout] 
[INFO] [stdout] warning: variant `InstanceOopDesc` is never constructed
[INFO] [stdout]   --> src/oops/oop.rs:11:5
[INFO] [stdout]    |
[INFO] [stdout] 10 | pub enum Oop {
[INFO] [stdout]    |          --- variant in this enum
[INFO] [stdout] 11 |     InstanceOopDesc(InstanceOopDesc),
[INFO] [stdout]    |     ^^^^^^^^^^^^^^^
[INFO] [stdout]    |
[INFO] [stdout]    = note: `Oop` has a derived impl for the trait `Debug`, but this is intentionally ignored during dead code analysis
[INFO] [stdout] 
[INFO] [stdout] 
[INFO] [stdout] warning: variants `InstanceOop`, `PrimitiveOop`, `ObjectArrayOop`, and `TypeArrayOop` are never constructed
[INFO] [stdout]   --> src/oops/oop.rs:16:5
[INFO] [stdout]    |
[INFO] [stdout] 15 | pub enum OopType {
[INFO] [stdout]    |          ------- variants in this enum
[INFO] [stdout] 16 |     InstanceOop,
[INFO] [stdout]    |     ^^^^^^^^^^^
[INFO] [stdout] 17 |     PrimitiveOop,
[INFO] [stdout]    |     ^^^^^^^^^^^^
[INFO] [stdout] 18 |     ObjectArrayOop,
[INFO] [stdout]    |     ^^^^^^^^^^^^^^
[INFO] [stdout] 19 |     TypeArrayOop,
[INFO] [stdout]    |     ^^^^^^^^^^^^
[INFO] [stdout]    |
[INFO] [stdout]    = note: `OopType` has a derived impl for the trait `Debug`, but this is intentionally ignored during dead code analysis
[INFO] [stdout] 
[INFO] [stdout] 
[INFO] [stdout] warning: fields `oop_type`, `hash`, and `klass` are never read
[INFO] [stdout]   --> src/oops/oop.rs:24:5
[INFO] [stdout]    |
[INFO] [stdout] 23 | pub struct OopMeta<T> {
[INFO] [stdout]    |            ------- fields in this struct
[INFO] [stdout] 24 |     oop_type: OopType,
[INFO] [stdout]    |     ^^^^^^^^
[INFO] [stdout] 25 |     hash: jint,
[INFO] [stdout]    |     ^^^^
[INFO] [stdout] 26 |     klass: T,
[INFO] [stdout]    |     ^^^^^
[INFO] [stdout]    |
[INFO] [stdout]    = note: `OopMeta` has a derived impl for the trait `Debug`, but this is intentionally ignored during dead code analysis
[INFO] [stdout] 
[INFO] [stdout] 
[INFO] [stdout] warning: associated items `new` and `get_klass` are never used
[INFO] [stdout]   --> src/oops/oop.rs:30:8
[INFO] [stdout]    |
[INFO] [stdout] 29 | impl<T> OopMeta<T> {
[INFO] [stdout]    | ------------------ associated items in this implementation
[INFO] [stdout] 30 |     fn new(oop_type: OopType, klass: T) -> OopMeta<T> {
[INFO] [stdout]    |        ^^^
[INFO] [stdout] ...
[INFO] [stdout] 38 |     fn get_klass(&self) -> &T {
[INFO] [stdout]    |        ^^^^^^^^^
[INFO] [stdout] 
[INFO] [stdout] 
[INFO] [stdout] warning: fields `oop_desc` and `instance_field_values` are never read
[INFO] [stdout]   --> src/oops/oop.rs:47:5
[INFO] [stdout]    |
[INFO] [stdout] 46 | pub struct InstanceOopDesc {
[INFO] [stdout]    |            --------------- fields in this struct
[INFO] [stdout] 47 |     oop_desc: OopMeta<InstanceKlass>,
[INFO] [stdout]    |     ^^^^^^^^
[INFO] [stdout] 48 |     instance_field_values: Vec<Oop>,
[INFO] [stdout]    |     ^^^^^^^^^^^^^^^^^^^^^
[INFO] [stdout]    |
[INFO] [stdout]    = note: `InstanceOopDesc` has a derived impl for the trait `Debug`, but this is intentionally ignored during dead code analysis
[INFO] [stdout] 
[INFO] [stdout] 
[INFO] [stdout] warning: fields `instance_oop`, `mirror_target`, and `mirror_primitive_type` are never read
[INFO] [stdout]   --> src/oops/oop.rs:53:5
[INFO] [stdout]    |
[INFO] [stdout] 52 | pub struct MirrorOopDesc {
[INFO] [stdout]    |            ------------- fields in this struct
[INFO] [stdout] 53 |     instance_oop: InstanceOop,
[INFO] [stdout]    |     ^^^^^^^^^^^^
[INFO] [stdout] 54 |     mirror_target: Option<KlassRef>,
[INFO] [stdout]    |     ^^^^^^^^^^^^^
[INFO] [stdout] 55 |     mirror_primitive_type: Option<ValueType>,
[INFO] [stdout]    |     ^^^^^^^^^^^^^^^^^^^^^
[INFO] [stdout]    |
[INFO] [stdout]    = note: `MirrorOopDesc` has a derived impl for the trait `Debug`, but this is intentionally ignored during dead code analysis
[INFO] [stdout] 
[INFO] [stdout] 
[INFO] [stdout] warning: associated function `new` is never used
[INFO] [stdout]   --> src/oops/oop.rs:59:12
[INFO] [stdout]    |
[INFO] [stdout] 58 | impl MirrorOopDesc {
[INFO] [stdout]    | ------------------ associated function in this implementation
[INFO] [stdout] 59 |     pub fn new(instance_oop: InstanceOop) -> MirrorOopDesc {
[INFO] [stdout]    |            ^^^
[INFO] [stdout] 
[INFO] [stdout] 
[INFO] [stdout] warning: method `get_instance_class` is never used
[INFO] [stdout]   --> src/oops/oop.rs:70:8
[INFO] [stdout]    |
[INFO] [stdout] 69 | impl InstanceOopDesc {
[INFO] [stdout]    | -------------------- method in this implementation
[INFO] [stdout] 70 |     fn get_instance_class(&self) -> &InstanceKlass {
[INFO] [stdout]    |        ^^^^^^^^^^^^^^^^^^
[INFO] [stdout] 
[INFO] [stdout] 
[INFO] [stdout] warning: variants `Allocated`, `Loaded`, `Linked`, `BeginInitialized`, `FullyInitialized`, and `InitializationError` are never constructed
[INFO] [stdout]   --> src/oops/klass.rs:17:5
[INFO] [stdout]    |
[INFO] [stdout] 16 | pub enum ClassState {
[INFO] [stdout]    |          ---------- variants in this enum
[INFO] [stdout] 17 |     Allocated,
[INFO] [stdout]    |     ^^^^^^^^^
[INFO] [stdout] 18 |     Loaded,
[INFO] [stdout]    |     ^^^^^^
[INFO] [stdout] 19 |     Linked,
[INFO] [stdout]    |     ^^^^^^
[INFO] [stdout] 20 |     BeginInitialized,
[INFO] [stdout]    |     ^^^^^^^^^^^^^^^^
[INFO] [stdout] 21 |     FullyInitialized,
[INFO] [stdout]    |     ^^^^^^^^^^^^^^^^
[INFO] [stdout] 22 |     InitializationError,
[INFO] [stdout]    |     ^^^^^^^^^^^^^^^^^^^
[INFO] [stdout]    |
[INFO] [stdout]    = note: `ClassState` has a derived impl for the trait `Debug`, but this is intentionally ignored during dead code analysis
[INFO] [stdout] 
[INFO] [stdout] 
[INFO] [stdout] warning: fields `state`, `access_flags`, `name`, `ktype`, `java_mirror`, and `super_klass` are never read
[INFO] [stdout]   --> src/oops/klass.rs:34:5
[INFO] [stdout]    |
[INFO] [stdout] 33 | pub struct KlassMeta {
[INFO] [stdout]    |            --------- fields in this struct
[INFO] [stdout] 34 |     state: Option<ClassState>,
[INFO] [stdout]    |     ^^^^^
[INFO] [stdout] 35 |     access_flags: U2,
[INFO] [stdout]    |     ^^^^^^^^^^^^
[INFO] [stdout] 36 |     name: String,
[INFO] [stdout]    |     ^^^^
[INFO] [stdout] 37 |     ktype: ClassType,
[INFO] [stdout]    |     ^^^^^
[INFO] [stdout] 38 |     java_mirror: Option<MirrorOop>,
[INFO] [stdout]    |     ^^^^^^^^^^^
[INFO] [stdout] 39 |     super_klass: Option<Box<InstanceKlass>>,
[INFO] [stdout]    |     ^^^^^^^^^^^
[INFO] [stdout]    |
[INFO] [stdout]    = note: `KlassMeta` has a derived impl for the trait `Debug`, but this is intentionally ignored during dead code analysis
[INFO] [stdout] 
[INFO] [stdout] 
[INFO] [stdout] warning: multiple fields are never read
[INFO] [stdout]   --> src/oops/klass.rs:44:5
[INFO] [stdout]    |
[INFO] [stdout] 43 | pub struct InstanceKlass {
[INFO] [stdout]    |            ------------- fields in this struct
[INFO] [stdout] 44 |     klass_meta: KlassMeta,
[INFO] [stdout]    |     ^^^^^^^^^^
[INFO] [stdout] 45 |     class_loader: Rc<dyn ClassLoader>,
[INFO] [stdout]    |     ^^^^^^^^^^^^
[INFO] [stdout] 46 |     java_loader: Option<MirrorOop>,
[INFO] [stdout]    |     ^^^^^^^^^^^
[INFO] [stdout] 47 |     class_file: String,
[INFO] [stdout]    |     ^^^^^^^^^^
[INFO] [stdout] 48 |     source_file: String,
[INFO] [stdout]    |     ^^^^^^^^^^^
[INFO] [stdout] 49 |     signature: String,
[INFO] [stdout]    |     ^^^^^^^^^
[INFO] [stdout] 50 |     inner_class_attr: String,
[INFO] [stdout]    |     ^^^^^^^^^^^^^^^^
[INFO] [stdout] 51 |     enclosing_method_attr: String,
[INFO] [stdout]    |     ^^^^^^^^^^^^^^^^^^^^^
[INFO] [stdout] 52 |     boot_strap_methods_attr: String,
[INFO] [stdout]    |     ^^^^^^^^^^^^^^^^^^^^^^^
[INFO] [stdout] 53 |     runtime_constant_pool: String,
[INFO] [stdout]    |     ^^^^^^^^^^^^^^^^^^^^^
[INFO] [stdout] 54 |     static_field_nums: usize,
[INFO] [stdout]    |     ^^^^^^^^^^^^^^^^^
[INFO] [stdout] 55 |     instance_field_nums: usize,
[INFO] [stdout]    |     ^^^^^^^^^^^^^^^^^^^
[INFO] [stdout] 56 |     all_methods: HashMap<String, String>,
[INFO] [stdout]    |     ^^^^^^^^^^^
[INFO] [stdout] 57 |     vtable: HashMap<String, String>,
[INFO] [stdout]    |     ^^^^^^
[INFO] [stdout] 58 |     static_fields: HashMap<String, String>,
[INFO] [stdout]    |     ^^^^^^^^^^^^^
[INFO] [stdout] 59 |     static_field_values: Vec<Oop>,
[INFO] [stdout]    |     ^^^^^^^^^^^^^^^^^^^
[INFO] [stdout] 60 |     interfaces: HashMap<String, Rc<InstanceKlass>>,
[INFO] [stdout]    |     ^^^^^^^^^^
[INFO] [stdout]    |
[INFO] [stdout]    = note: `InstanceKlass` has a derived impl for the trait `Debug`, but this is intentionally ignored during dead code analysis
[INFO] [stdout] 
[INFO] [stdout] 
[INFO] [stdout] warning: fields `klass_meta` and `class_loader` are never read
[INFO] [stdout]   --> src/oops/klass.rs:96:5
[INFO] [stdout]    |
[INFO] [stdout] 95 | pub struct ArrayKlassMeta {
[INFO] [stdout]    |            -------------- fields in this struct
[INFO] [stdout] 96 |     klass_meta: KlassMeta,
[INFO] [stdout]    |     ^^^^^^^^^^
[INFO] [stdout] 97 |     class_loader: Rc<dyn ClassLoader>,
[INFO] [stdout]    |     ^^^^^^^^^^^^
[INFO] [stdout]    |
[INFO] [stdout]    = note: `ArrayKlassMeta` has a derived impl for the trait `Debug`, but this is intentionally ignored during dead code analysis
[INFO] [stdout] 
[INFO] [stdout] 
[INFO] [stdout] warning: field `down_dimension_type` is never read
[INFO] [stdout]    --> src/oops/klass.rs:129:5
[INFO] [stdout]     |
[INFO] [stdout] 126 | pub struct ObjectArrayKlass {
[INFO] [stdout]     |            ---------------- field in this struct
[INFO] [stdout] ...
[INFO] [stdout] 129 |     down_dimension_type: Option<Box<ObjectArrayKlass>>,
[INFO] [stdout]     |     ^^^^^^^^^^^^^^^^^^^
[INFO] [stdout]     |
[INFO] [stdout]     = note: `ObjectArrayKlass` has a derived impl for the trait `Debug`, but this is intentionally ignored during dead code analysis
[INFO] [stdout] 
[INFO] [stdout] 
[INFO] [stdout] warning: field `down_dimension_type` is never read
[INFO] [stdout]    --> src/oops/klass.rs:173:5
[INFO] [stdout]     |
[INFO] [stdout] 170 | pub struct TypeArrayKlass {
[INFO] [stdout]     |            -------------- field in this struct
[INFO] [stdout] ...
[INFO] [stdout] 173 |     down_dimension_type: Option<Rc<TypeArrayKlass>>,
[INFO] [stdout]     |     ^^^^^^^^^^^^^^^^^^^
[INFO] [stdout]     |
[INFO] [stdout]     = note: `TypeArrayKlass` has a derived impl for the trait `Debug`, but this is intentionally ignored during dead code analysis
[INFO] [stdout] 
[INFO] [stdout] 
[INFO] [stdout] warning: type alias `jlong` is never used
[INFO] [stdout]  --> src/jni/jni_md.rs:2:10
[INFO] [stdout]   |
[INFO] [stdout] 2 | pub type jlong = i64;
[INFO] [stdout]   |          ^^^^^
[INFO] [stdout] 
[INFO] [stdout] 
[INFO] [stdout] warning: variants `Object` and `Array` are never constructed
[INFO] [stdout]   --> src/common.rs:12:5
[INFO] [stdout]    |
[INFO] [stdout] 2  | pub enum ValueType {
[INFO] [stdout]    |          --------- variants in this enum
[INFO] [stdout] ...
[INFO] [stdout] 12 |     Object,
[INFO] [stdout]    |     ^^^^^^
[INFO] [stdout] 13 |     Array,
[INFO] [stdout]    |     ^^^^^
[INFO] [stdout]    |
[INFO] [stdout]    = note: `ValueType` has derived impls for the traits `Clone` and `Debug`, but these are intentionally ignored during dead code analysis
[INFO] [stdout] 
[INFO] [stdout] 
[INFO] [stdout] warning: comparison is useless due to type limits
[INFO] [stdout]    --> src/classfile/class_file_parse.rs:733:16
[INFO] [stdout]     |
[INFO] [stdout] 733 |             if frame_type >= 0 && frame_type <= 63 {
[INFO] [stdout]     |                ^^^^^^^^^^^^^^^
[INFO] [stdout]     |
[INFO] [stdout]     = note: `#[warn(unused_comparisons)]` on by default
[INFO] [stdout] 
[INFO] [stdout] 
[INFO] [stderr]     Finished `test` profile [unoptimized + debuginfo] target(s) in 0.55s
[INFO] running `Command { std: "docker" "inspect" "2490f31f6311b68cf5c67ec90c2193c0f7dfb6ef1f47101dcafea71b308c8b48", kill_on_drop: false }`
[INFO] running `Command { std: "docker" "rm" "-f" "2490f31f6311b68cf5c67ec90c2193c0f7dfb6ef1f47101dcafea71b308c8b48", kill_on_drop: false }`
[INFO] [stdout] 2490f31f6311b68cf5c67ec90c2193c0f7dfb6ef1f47101dcafea71b308c8b48
[INFO] running `Command { std: "docker" "create" "-v" "/var/lib/crater-agent-workspace/builds/worker-5-tc1/target:/opt/rustwide/target:rw,Z" "-v" "/var/lib/crater-agent-workspace/builds/worker-5-tc1/source:/opt/rustwide/workdir:ro,Z" "-v" "/var/lib/crater-agent-workspace/cargo-home:/opt/rustwide/cargo-home:ro,Z" "-v" "/var/lib/crater-agent-workspace/rustup-home:/opt/rustwide/rustup-home:ro,Z" "-e" "SOURCE_DIR=/opt/rustwide/workdir" "-e" "CARGO_TARGET_DIR=/opt/rustwide/target" "-e" "CARGO_INCREMENTAL=0" "-e" "RUST_BACKTRACE=full" "-e" "RUSTFLAGS=--cap-lints=forbid" "-e" "RUSTDOCFLAGS=--cap-lints=forbid" "-e" "CARGO_HOME=/opt/rustwide/cargo-home" "-e" "RUSTUP_HOME=/opt/rustwide/rustup-home" "-w" "/opt/rustwide/workdir" "-m" "1610612736" "--user" "0:0" "--network" "none" "ghcr.io/rust-lang/crates-build-env/linux@sha256:4a844ea9eb2546a2d2c7022eacef16ef2e8229c7fbb2c7d4d55a9ceca922f72d" "/opt/rustwide/cargo-home/bin/cargo" "+nightly-2024-10-28" "test" "--frozen", kill_on_drop: false }`
[INFO] [stdout] 590ac62ffcb62e3048af18c8c0ce612df29830d2562baae102946838c5bb7f10
[INFO] running `Command { std: "docker" "start" "-a" "590ac62ffcb62e3048af18c8c0ce612df29830d2562baae102946838c5bb7f10", kill_on_drop: false }`
[INFO] [stderr] warning: unused import: `Klass`
[INFO] [stderr]  --> src/oops/oop.rs:5:35
[INFO] [stderr]   |
[INFO] [stderr] 5 | use super::klass::{InstanceKlass, Klass, KlassRef};
[INFO] [stderr]   |                                   ^^^^^
[INFO] [stderr]   |
[INFO] [stderr]   = note: `#[warn(unused_imports)]` on by default
[INFO] [stderr] 
[INFO] [stderr] warning: type `jint` should have an upper camel case name
[INFO] [stderr]  --> src/jni/jni_md.rs:1:10
[INFO] [stderr]   |
[INFO] [stderr] 1 | pub type jint = i32;
[INFO] [stderr]   |          ^^^^ help: convert the identifier to upper camel case: `Jint`
[INFO] [stderr]   |
[INFO] [stderr]   = note: `#[warn(non_camel_case_types)]` on by default
[INFO] [stderr] 
[INFO] [stderr] warning: type `jlong` should have an upper camel case name
[INFO] [stderr]  --> src/jni/jni_md.rs:2:10
[INFO] [stderr]   |
[INFO] [stderr] 2 | pub type jlong = i64;
[INFO] [stderr]   |          ^^^^^ help: convert the identifier to upper camel case: `Jlong`
[INFO] [stderr] 
[INFO] [stderr] warning: unused variable: `klass`
[INFO] [stderr]    --> src/classpath/class_loader.rs:197:13
[INFO] [stderr]     |
[INFO] [stderr] 197 |         let klass = class_loader
[INFO] [stderr]     |             ^^^^^ help: if this is intentional, prefix it with an underscore: `_klass`
[INFO] [stderr]     |
[INFO] [stderr]     = note: `#[warn(unused_variables)]` on by default
[INFO] [stderr] 
[INFO] [stderr] warning: unused variable: `class_file`
[INFO] [stderr]   --> src/oops/klass.rs:64:16
[INFO] [stderr]    |
[INFO] [stderr] 64 |     pub fn new(class_file: ClassFile, class_loader: Rc<dyn ClassLoader>) -> Self {
[INFO] [stderr]    |                ^^^^^^^^^^ help: if this is intentional, prefix it with an underscore: `_class_file`
[INFO] [stderr] 
[INFO] [stderr] warning: type `ClassFileStream<'a>` is more private than the item `class_file_parse::ClassFileParser::class_file_stream`
[INFO] [stderr]   --> src/classfile/class_file_parse.rs:55:5
[INFO] [stderr]    |
[INFO] [stderr] 55 |     pub class_file_stream: ClassFileStream<'a>,
[INFO] [stderr]    |     ^^^^^^^^^^^^^^^^^^^^^^^^^^^^^^^^^^^^^^^^^^ field `class_file_parse::ClassFileParser::class_file_stream` is reachable at visibility `pub(crate)`
[INFO] [stderr]    |
[INFO] [stderr] note: but type `ClassFileStream<'a>` is only usable at visibility `pub(self)`
[INFO] [stderr]   --> src/classfile/class_file_parse.rs:19:1
[INFO] [stderr]    |
[INFO] [stderr] 19 | enum ClassFileStream<'a> {
[INFO] [stderr]    | ^^^^^^^^^^^^^^^^^^^^^^^^
[INFO] [stderr]    = note: `#[warn(private_interfaces)]` on by default
[INFO] [stderr] 
[INFO] [stderr] warning: fields `access_flags`, `name_index`, `descriptor_index`, `attributes_count`, and `attributes` are never read
[INFO] [stderr]    --> src/classfile/class_file.rs:145:5
[INFO] [stderr]     |
[INFO] [stderr] 144 | pub struct FieldInfo {
[INFO] [stderr]     |            --------- fields in this struct
[INFO] [stderr] 145 |     access_flags: U2,
[INFO] [stderr]     |     ^^^^^^^^^^^^
[INFO] [stderr] 146 |     name_index: U2,
[INFO] [stderr]     |     ^^^^^^^^^^
[INFO] [stderr] 147 |     descriptor_index: U2,
[INFO] [stderr]     |     ^^^^^^^^^^^^^^^^
[INFO] [stderr] 148 |     attributes_count: U2,
[INFO] [stderr]     |     ^^^^^^^^^^^^^^^^
[INFO] [stderr] 149 |     attributes: Vec<AttributeInfo>,
[INFO] [stderr]     |     ^^^^^^^^^^
[INFO] [stderr]     |
[INFO] [stderr]     = note: `FieldInfo` has a derived impl for the trait `Debug`, but this is intentionally ignored during dead code analysis
[INFO] [stderr]     = note: `#[warn(dead_code)]` on by default
[INFO] [stderr] 
[INFO] [stderr] warning: type alias `U8` is never used
[INFO] [stderr]  --> src/classfile/types.rs:4:10
[INFO] [stderr]   |
[INFO] [stderr] 4 | pub type U8 = u64;
[INFO] [stderr]   |          ^^
[INFO] [stderr] 
[INFO] [stderr] warning: fields `attribute_name_index`, `attribute_length`, and `constant_value_index` are never read
[INFO] [stderr]  --> src/classfile/attribute_info.rs:6:9
[INFO] [stderr]   |
[INFO] [stderr] 5 |     ConstantValue {
[INFO] [stderr]   |     ------------- fields in this variant
[INFO] [stderr] 6 |         attribute_name_index: U2,
[INFO] [stderr]   |         ^^^^^^^^^^^^^^^^^^^^
[INFO] [stderr] 7 |         attribute_length: U4,
[INFO] [stderr]   |         ^^^^^^^^^^^^^^^^
[INFO] [stderr] 8 |         constant_value_index: U2,
[INFO] [stderr]   |         ^^^^^^^^^^^^^^^^^^^^
[INFO] [stderr]   |
[INFO] [stderr]   = note: `AttributeInfo` has a derived impl for the trait `Debug`, but this is intentionally ignored during dead code analysis
[INFO] [stderr] 
[INFO] [stderr] warning: multiple fields are never read
[INFO] [stderr]   --> src/classfile/attribute_info.rs:11:9
[INFO] [stderr]    |
[INFO] [stderr] 10 |     Code {
[INFO] [stderr]    |     ---- fields in this variant
[INFO] [stderr] 11 |         attribute_name_index: U2,
[INFO] [stderr]    |         ^^^^^^^^^^^^^^^^^^^^
[INFO] [stderr] 12 |         attribute_length: U4,
[INFO] [stderr]    |         ^^^^^^^^^^^^^^^^
[INFO] [stderr] 13 |         max_stack: U2,
[INFO] [stderr]    |         ^^^^^^^^^
[INFO] [stderr] 14 |         max_locals: U2,
[INFO] [stderr]    |         ^^^^^^^^^^
[INFO] [stderr] 15 |         code_length: U4,
[INFO] [stderr]    |         ^^^^^^^^^^^
[INFO] [stderr] 16 |         code: Vec<U1>,
[INFO] [stderr]    |         ^^^^
[INFO] [stderr] 17 |         exception_table_length: U2,
[INFO] [stderr]    |         ^^^^^^^^^^^^^^^^^^^^^^
[INFO] [stderr] 18 |         //start_pc, end_pc, handler_pc, catch_type
[INFO] [stderr] 19 |         exception_table: Vec<(U2, U2, U2, U2)>,
[INFO] [stderr]    |         ^^^^^^^^^^^^^^^
[INFO] [stderr] 20 |         attributes_count: U2,
[INFO] [stderr]    |         ^^^^^^^^^^^^^^^^
[INFO] [stderr] 21 |         attributes: Vec<AttributeInfo>,
[INFO] [stderr]    |         ^^^^^^^^^^
[INFO] [stderr]    |
[INFO] [stderr]    = note: `AttributeInfo` has a derived impl for the trait `Debug`, but this is intentionally ignored during dead code analysis
[INFO] [stderr] 
[INFO] [stderr] warning: fields `attribute_name_index`, `attribute_length`, `number_of_entries`, and `entries` are never read
[INFO] [stderr]   --> src/classfile/attribute_info.rs:24:9
[INFO] [stderr]    |
[INFO] [stderr] 23 |     StackMapTable {
[INFO] [stderr]    |     ------------- fields in this variant
[INFO] [stderr] 24 |         attribute_name_index: U2,
[INFO] [stderr]    |         ^^^^^^^^^^^^^^^^^^^^
[INFO] [stderr] 25 |         attribute_length: U4,
[INFO] [stderr]    |         ^^^^^^^^^^^^^^^^
[INFO] [stderr] 26 |         number_of_entries: U2,
[INFO] [stderr]    |         ^^^^^^^^^^^^^^^^^
[INFO] [stderr] 27 |         entries: Vec<StackMapFrame>,
[INFO] [stderr]    |         ^^^^^^^
[INFO] [stderr]    |
[INFO] [stderr]    = note: `AttributeInfo` has a derived impl for the trait `Debug`, but this is intentionally ignored during dead code analysis
[INFO] [stderr] 
[INFO] [stderr] warning: fields `attribute_name_index`, `attribute_length`, `number_of_exceptions`, and `exception_index_table` are never read
[INFO] [stderr]   --> src/classfile/attribute_info.rs:30:9
[INFO] [stderr]    |
[INFO] [stderr] 29 |     Exceptions {
[INFO] [stderr]    |     ---------- fields in this variant
[INFO] [stderr] 30 |         attribute_name_index: U2,
[INFO] [stderr]    |         ^^^^^^^^^^^^^^^^^^^^
[INFO] [stderr] 31 |         attribute_length: U4,
[INFO] [stderr]    |         ^^^^^^^^^^^^^^^^
[INFO] [stderr] 32 |         number_of_exceptions: U2,
[INFO] [stderr]    |         ^^^^^^^^^^^^^^^^^^^^
[INFO] [stderr] 33 |         exception_index_table: Vec<U2>,
[INFO] [stderr]    |         ^^^^^^^^^^^^^^^^^^^^^
[INFO] [stderr]    |
[INFO] [stderr]    = note: `AttributeInfo` has a derived impl for the trait `Debug`, but this is intentionally ignored during dead code analysis
[INFO] [stderr] 
[INFO] [stderr] warning: fields `attribute_name_index`, `attribute_length`, `number_of_classes`, and `classes` are never read
[INFO] [stderr]   --> src/classfile/attribute_info.rs:36:9
[INFO] [stderr]    |
[INFO] [stderr] 35 |     InnerClasses {
[INFO] [stderr]    |     ------------ fields in this variant
[INFO] [stderr] 36 |         attribute_name_index: U2,
[INFO] [stderr]    |         ^^^^^^^^^^^^^^^^^^^^
[INFO] [stderr] 37 |         attribute_length: U4,
[INFO] [stderr]    |         ^^^^^^^^^^^^^^^^
[INFO] [stderr] 38 |         number_of_classes: U2,
[INFO] [stderr]    |         ^^^^^^^^^^^^^^^^^
[INFO] [stderr] 39 |         //inner_class_info_index, outer_class_info_index, inner_name_index, inner_class_access_flags
[INFO] [stderr] 40 |         classes: Vec<(U2, U2, U2, U2)>,
[INFO] [stderr]    |         ^^^^^^^
[INFO] [stderr]    |
[INFO] [stderr]    = note: `AttributeInfo` has a derived impl for the trait `Debug`, but this is intentionally ignored during dead code analysis
[INFO] [stderr] 
[INFO] [stderr] warning: fields `attribute_name_index`, `attribute_length`, `class_index`, and `method_index` are never read
[INFO] [stderr]   --> src/classfile/attribute_info.rs:43:9
[INFO] [stderr]    |
[INFO] [stderr] 42 |     EnclosingMethod {
[INFO] [stderr]    |     --------------- fields in this variant
[INFO] [stderr] 43 |         attribute_name_index: U2,
[INFO] [stderr]    |         ^^^^^^^^^^^^^^^^^^^^
[INFO] [stderr] 44 |         attribute_length: U4,
[INFO] [stderr]    |         ^^^^^^^^^^^^^^^^
[INFO] [stderr] 45 |         class_index: U2,
[INFO] [stderr]    |         ^^^^^^^^^^^
[INFO] [stderr] 46 |         method_index: U2,
[INFO] [stderr]    |         ^^^^^^^^^^^^
[INFO] [stderr]    |
[INFO] [stderr]    = note: `AttributeInfo` has a derived impl for the trait `Debug`, but this is intentionally ignored during dead code analysis
[INFO] [stderr] 
[INFO] [stderr] warning: fields `attribute_name_index` and `attribute_length` are never read
[INFO] [stderr]   --> src/classfile/attribute_info.rs:49:9
[INFO] [stderr]    |
[INFO] [stderr] 48 |     Synthetic {
[INFO] [stderr]    |     --------- fields in this variant
[INFO] [stderr] 49 |         attribute_name_index: U2,
[INFO] [stderr]    |         ^^^^^^^^^^^^^^^^^^^^
[INFO] [stderr] 50 |         attribute_length: U4,
[INFO] [stderr]    |         ^^^^^^^^^^^^^^^^
[INFO] [stderr]    |
[INFO] [stderr]    = note: `AttributeInfo` has a derived impl for the trait `Debug`, but this is intentionally ignored during dead code analysis
[INFO] [stderr] 
[INFO] [stderr] warning: fields `attribute_name_index`, `attribute_length`, and `signature_index` are never read
[INFO] [stderr]   --> src/classfile/attribute_info.rs:53:9
[INFO] [stderr]    |
[INFO] [stderr] 52 |     Signature {
[INFO] [stderr]    |     --------- fields in this variant
[INFO] [stderr] 53 |         attribute_name_index: U2,
[INFO] [stderr]    |         ^^^^^^^^^^^^^^^^^^^^
[INFO] [stderr] 54 |         attribute_length: U4,
[INFO] [stderr]    |         ^^^^^^^^^^^^^^^^
[INFO] [stderr] 55 |         signature_index: U2,
[INFO] [stderr]    |         ^^^^^^^^^^^^^^^
[INFO] [stderr]    |
[INFO] [stderr]    = note: `AttributeInfo` has a derived impl for the trait `Debug`, but this is intentionally ignored during dead code analysis
[INFO] [stderr] 
[INFO] [stderr] warning: fields `attribute_name_index`, `attribute_length`, and `sourcefile_index` are never read
[INFO] [stderr]   --> src/classfile/attribute_info.rs:58:9
[INFO] [stderr]    |
[INFO] [stderr] 57 |     SourceFile {
[INFO] [stderr]    |     ---------- fields in this variant
[INFO] [stderr] 58 |         attribute_name_index: U2,
[INFO] [stderr]    |         ^^^^^^^^^^^^^^^^^^^^
[INFO] [stderr] 59 |         attribute_length: U4,
[INFO] [stderr]    |         ^^^^^^^^^^^^^^^^
[INFO] [stderr] 60 |         sourcefile_index: U2,
[INFO] [stderr]    |         ^^^^^^^^^^^^^^^^
[INFO] [stderr]    |
[INFO] [stderr]    = note: `AttributeInfo` has a derived impl for the trait `Debug`, but this is intentionally ignored during dead code analysis
[INFO] [stderr] 
[INFO] [stderr] warning: fields `attribute_name_index`, `attribute_length`, and `debug_extension` are never read
[INFO] [stderr]   --> src/classfile/attribute_info.rs:63:9
[INFO] [stderr]    |
[INFO] [stderr] 62 |     SourceDebugExtension {
[INFO] [stderr]    |     -------------------- fields in this variant
[INFO] [stderr] 63 |         attribute_name_index: U2,
[INFO] [stderr]    |         ^^^^^^^^^^^^^^^^^^^^
[INFO] [stderr] 64 |         attribute_length: U4,
[INFO] [stderr]    |         ^^^^^^^^^^^^^^^^
[INFO] [stderr] 65 |         debug_extension: Vec<U1>,
[INFO] [stderr]    |         ^^^^^^^^^^^^^^^
[INFO] [stderr]    |
[INFO] [stderr]    = note: `AttributeInfo` has a derived impl for the trait `Debug`, but this is intentionally ignored during dead code analysis
[INFO] [stderr] 
[INFO] [stderr] warning: fields `attribute_name_index`, `attribute_length`, `line_number_table_length`, and `line_number_table` are never read
[INFO] [stderr]   --> src/classfile/attribute_info.rs:68:9
[INFO] [stderr]    |
[INFO] [stderr] 67 |     LineNumberTable {
[INFO] [stderr]    |     --------------- fields in this variant
[INFO] [stderr] 68 |         attribute_name_index: U2,
[INFO] [stderr]    |         ^^^^^^^^^^^^^^^^^^^^
[INFO] [stderr] 69 |         attribute_length: U4,
[INFO] [stderr]    |         ^^^^^^^^^^^^^^^^
[INFO] [stderr] 70 |         line_number_table_length: U2,
[INFO] [stderr]    |         ^^^^^^^^^^^^^^^^^^^^^^^^
[INFO] [stderr] 71 |         //start_pc, line_number
[INFO] [stderr] 72 |         line_number_table: Vec<(U2, U2)>,
[INFO] [stderr]    |         ^^^^^^^^^^^^^^^^^
[INFO] [stderr]    |
[INFO] [stderr]    = note: `AttributeInfo` has a derived impl for the trait `Debug`, but this is intentionally ignored during dead code analysis
[INFO] [stderr] 
[INFO] [stderr] warning: fields `attribute_name_index`, `attribute_length`, `local_variable_table_length`, and `local_variable_table` are never read
[INFO] [stderr]   --> src/classfile/attribute_info.rs:75:9
[INFO] [stderr]    |
[INFO] [stderr] 74 |     LocalVariableTable {
[INFO] [stderr]    |     ------------------ fields in this variant
[INFO] [stderr] 75 |         attribute_name_index: U2,
[INFO] [stderr]    |         ^^^^^^^^^^^^^^^^^^^^
[INFO] [stderr] 76 |         attribute_length: U4,
[INFO] [stderr]    |         ^^^^^^^^^^^^^^^^
[INFO] [stderr] 77 |         local_variable_table_length: U2,
[INFO] [stderr]    |         ^^^^^^^^^^^^^^^^^^^^^^^^^^^
[INFO] [stderr] 78 |         //start_pc, length, name_index, descriptor_index, index
[INFO] [stderr] 79 |         local_variable_table: Vec<(U2, U2, U2, U2, U2)>,
[INFO] [stderr]    |         ^^^^^^^^^^^^^^^^^^^^
[INFO] [stderr]    |
[INFO] [stderr]    = note: `AttributeInfo` has a derived impl for the trait `Debug`, but this is intentionally ignored during dead code analysis
[INFO] [stderr] 
[INFO] [stderr] warning: fields `attribute_name_index` and `attribute_length` are never read
[INFO] [stderr]   --> src/classfile/attribute_info.rs:89:9
[INFO] [stderr]    |
[INFO] [stderr] 88 |     Deprecated {
[INFO] [stderr]    |     ---------- fields in this variant
[INFO] [stderr] 89 |         attribute_name_index: U2,
[INFO] [stderr]    |         ^^^^^^^^^^^^^^^^^^^^
[INFO] [stderr] 90 |         attribute_length: U4,
[INFO] [stderr]    |         ^^^^^^^^^^^^^^^^
[INFO] [stderr]    |
[INFO] [stderr]    = note: `AttributeInfo` has a derived impl for the trait `Debug`, but this is intentionally ignored during dead code analysis
[INFO] [stderr] 
[INFO] [stderr] warning: fields `attribute_name_index`, `attribute_length`, `num_annotations`, and `annotations` are never read
[INFO] [stderr]   --> src/classfile/attribute_info.rs:93:9
[INFO] [stderr]    |
[INFO] [stderr] 92 |     RuntimeVisibleAnnotations {
[INFO] [stderr]    |     ------------------------- fields in this variant
[INFO] [stderr] 93 |         attribute_name_index: U2,
[INFO] [stderr]    |         ^^^^^^^^^^^^^^^^^^^^
[INFO] [stderr] 94 |         attribute_length: U4,
[INFO] [stderr]    |         ^^^^^^^^^^^^^^^^
[INFO] [stderr] 95 |         num_annotations: U2,
[INFO] [stderr]    |         ^^^^^^^^^^^^^^^
[INFO] [stderr] 96 |         annotations: Vec<Annotation>,
[INFO] [stderr]    |         ^^^^^^^^^^^
[INFO] [stderr]    |
[INFO] [stderr]    = note: `AttributeInfo` has a derived impl for the trait `Debug`, but this is intentionally ignored during dead code analysis
[INFO] [stderr] 
[INFO] [stderr] warning: fields `attribute_name_index`, `attribute_length`, `num_annotations`, and `annotations` are never read
[INFO] [stderr]    --> src/classfile/attribute_info.rs:99:9
[INFO] [stderr]     |
[INFO] [stderr] 98  |     RuntimeInvisibleAnnotations {
[INFO] [stderr]     |     --------------------------- fields in this variant
[INFO] [stderr] 99  |         attribute_name_index: U2,
[INFO] [stderr]     |         ^^^^^^^^^^^^^^^^^^^^
[INFO] [stderr] 100 |         attribute_length: U4,
[INFO] [stderr]     |         ^^^^^^^^^^^^^^^^
[INFO] [stderr] 101 |         num_annotations: U2,
[INFO] [stderr]     |         ^^^^^^^^^^^^^^^
[INFO] [stderr] 102 |         annotations: Vec<Annotation>,
[INFO] [stderr]     |         ^^^^^^^^^^^
[INFO] [stderr]     |
[INFO] [stderr]     = note: `AttributeInfo` has a derived impl for the trait `Debug`, but this is intentionally ignored during dead code analysis
[INFO] [stderr] 
[INFO] [stderr] warning: fields `attribute_name_index`, `attribute_length`, `num_parameters`, and `parameter_annotations` are never read
[INFO] [stderr]    --> src/classfile/attribute_info.rs:105:9
[INFO] [stderr]     |
[INFO] [stderr] 104 |     RuntimeVisibleParameterAnnotations {
[INFO] [stderr]     |     ---------------------------------- fields in this variant
[INFO] [stderr] 105 |         attribute_name_index: U2,
[INFO] [stderr]     |         ^^^^^^^^^^^^^^^^^^^^
[INFO] [stderr] 106 |         attribute_length: U4,
[INFO] [stderr]     |         ^^^^^^^^^^^^^^^^
[INFO] [stderr] 107 |         num_parameters: U1,
[INFO] [stderr]     |         ^^^^^^^^^^^^^^
[INFO] [stderr] 108 |         //num_annotations, annotations
[INFO] [stderr] 109 |         parameter_annotations: Vec<(U2, Vec<Annotation>)>,
[INFO] [stderr]     |         ^^^^^^^^^^^^^^^^^^^^^
[INFO] [stderr]     |
[INFO] [stderr]     = note: `AttributeInfo` has a derived impl for the trait `Debug`, but this is intentionally ignored during dead code analysis
[INFO] [stderr] 
[INFO] [stderr] warning: fields `attribute_name_index`, `attribute_length`, `num_parameters`, and `parameter_annotations` are never read
[INFO] [stderr]    --> src/classfile/attribute_info.rs:112:9
[INFO] [stderr]     |
[INFO] [stderr] 111 |     RuntimeInvisibleParameterAnnotations {
[INFO] [stderr]     |     ------------------------------------ fields in this variant
[INFO] [stderr] 112 |         attribute_name_index: U2,
[INFO] [stderr]     |         ^^^^^^^^^^^^^^^^^^^^
[INFO] [stderr] 113 |         attribute_length: U4,
[INFO] [stderr]     |         ^^^^^^^^^^^^^^^^
[INFO] [stderr] 114 |         num_parameters: U1,
[INFO] [stderr]     |         ^^^^^^^^^^^^^^
[INFO] [stderr] 115 |         //num_annotations, annotations
[INFO] [stderr] 116 |         parameter_annotations: Vec<(U2, Vec<Annotation>)>,
[INFO] [stderr]     |         ^^^^^^^^^^^^^^^^^^^^^
[INFO] [stderr]     |
[INFO] [stderr]     = note: `AttributeInfo` has a derived impl for the trait `Debug`, but this is intentionally ignored during dead code analysis
[INFO] [stderr] 
[INFO] [stderr] warning: fields `attribute_name_index`, `attribute_length`, `num_annotations`, and `annotations` are never read
[INFO] [stderr]    --> src/classfile/attribute_info.rs:119:9
[INFO] [stderr]     |
[INFO] [stderr] 118 |     RuntimeVisibleTypeAnnotations {
[INFO] [stderr]     |     ----------------------------- fields in this variant
[INFO] [stderr] 119 |         attribute_name_index: U2,
[INFO] [stderr]     |         ^^^^^^^^^^^^^^^^^^^^
[INFO] [stderr] 120 |         attribute_length: U4,
[INFO] [stderr]     |         ^^^^^^^^^^^^^^^^
[INFO] [stderr] 121 |         num_annotations: U2,
[INFO] [stderr]     |         ^^^^^^^^^^^^^^^
[INFO] [stderr] 122 |         annotations: Vec<TypeAnnotation>,
[INFO] [stderr]     |         ^^^^^^^^^^^
[INFO] [stderr]     |
[INFO] [stderr]     = note: `AttributeInfo` has a derived impl for the trait `Debug`, but this is intentionally ignored during dead code analysis
[INFO] [stderr] 
[INFO] [stderr] warning: fields `attribute_name_index`, `attribute_length`, and `default_value` are never read
[INFO] [stderr]    --> src/classfile/attribute_info.rs:131:9
[INFO] [stderr]     |
[INFO] [stderr] 130 |     AnnotationDefault {
[INFO] [stderr]     |     ----------------- fields in this variant
[INFO] [stderr] 131 |         attribute_name_index: U2,
[INFO] [stderr]     |         ^^^^^^^^^^^^^^^^^^^^
[INFO] [stderr] 132 |         attribute_length: U4,
[INFO] [stderr]     |         ^^^^^^^^^^^^^^^^
[INFO] [stderr] 133 |         default_value: ElementValue,
[INFO] [stderr]     |         ^^^^^^^^^^^^^
[INFO] [stderr]     |
[INFO] [stderr]     = note: `AttributeInfo` has a derived impl for the trait `Debug`, but this is intentionally ignored during dead code analysis
[INFO] [stderr] 
[INFO] [stderr] warning: fields `attribute_name_index`, `attribute_length`, `num_bootstrap_methods`, and `bootstrap_methods` are never read
[INFO] [stderr]    --> src/classfile/attribute_info.rs:136:9
[INFO] [stderr]     |
[INFO] [stderr] 135 |     BootstrapMethods {
[INFO] [stderr]     |     ---------------- fields in this variant
[INFO] [stderr] 136 |         attribute_name_index: U2,
[INFO] [stderr]     |         ^^^^^^^^^^^^^^^^^^^^
[INFO] [stderr] 137 |         attribute_length: U4,
[INFO] [stderr]     |         ^^^^^^^^^^^^^^^^
[INFO] [stderr] 138 |         num_bootstrap_methods: U2,
[INFO] [stderr]     |         ^^^^^^^^^^^^^^^^^^^^^
[INFO] [stderr] 139 |         //bootstrap_method_ref, num_bootstrap_arguments, bootstrap_arguments
[INFO] [stderr] 140 |         bootstrap_methods: Vec<(U2, U2, Vec<U2>)>,
[INFO] [stderr]     |         ^^^^^^^^^^^^^^^^^
[INFO] [stderr]     |
[INFO] [stderr]     = note: `AttributeInfo` has a derived impl for the trait `Debug`, but this is intentionally ignored during dead code analysis
[INFO] [stderr] 
[INFO] [stderr] warning: fields `attribute_name_index`, `attribute_length`, `parameters_count`, and `parameters` are never read
[INFO] [stderr]    --> src/classfile/attribute_info.rs:143:9
[INFO] [stderr]     |
[INFO] [stderr] 142 |     MethodParameters {
[INFO] [stderr]     |     ---------------- fields in this variant
[INFO] [stderr] 143 |         attribute_name_index: U2,
[INFO] [stderr]     |         ^^^^^^^^^^^^^^^^^^^^
[INFO] [stderr] 144 |         attribute_length: U4,
[INFO] [stderr]     |         ^^^^^^^^^^^^^^^^
[INFO] [stderr] 145 |         parameters_count: U1,
[INFO] [stderr]     |         ^^^^^^^^^^^^^^^^
[INFO] [stderr] 146 |         //name_index, access_flags
[INFO] [stderr] 147 |         parameters: Vec<(U2, U2)>,
[INFO] [stderr]     |         ^^^^^^^^^^
[INFO] [stderr]     |
[INFO] [stderr]     = note: `AttributeInfo` has a derived impl for the trait `Debug`, but this is intentionally ignored during dead code analysis
[INFO] [stderr] 
[INFO] [stderr] warning: variants `LocalVariableTypeTable` and `RuntimeInvisibleTypeAnnotations` are never constructed
[INFO] [stderr]    --> src/classfile/attribute_info.rs:81:5
[INFO] [stderr]     |
[INFO] [stderr] 4   | pub enum AttributeInfo {
[INFO] [stderr]     |          ------------- variants in this enum
[INFO] [stderr] ...
[INFO] [stderr] 81  |     LocalVariableTypeTable {
[INFO] [stderr]     |     ^^^^^^^^^^^^^^^^^^^^^^
[INFO] [stderr] ...
[INFO] [stderr] 124 |     RuntimeInvisibleTypeAnnotations {
[INFO] [stderr]     |     ^^^^^^^^^^^^^^^^^^^^^^^^^^^^^^^
[INFO] [stderr]     |
[INFO] [stderr]     = note: `AttributeInfo` has a derived impl for the trait `Debug`, but this is intentionally ignored during dead code analysis
[INFO] [stderr] 
[INFO] [stderr] warning: field `frame_type` is never read
[INFO] [stderr]    --> src/classfile/attribute_info.rs:154:9
[INFO] [stderr]     |
[INFO] [stderr] 153 |     SameFrame {
[INFO] [stderr]     |     --------- field in this variant
[INFO] [stderr] 154 |         frame_type: U1,
[INFO] [stderr]     |         ^^^^^^^^^^
[INFO] [stderr]     |
[INFO] [stderr]     = note: `StackMapFrame` has a derived impl for the trait `Debug`, but this is intentionally ignored during dead code analysis
[INFO] [stderr] 
[INFO] [stderr] warning: fields `frame_type` and `stack` are never read
[INFO] [stderr]    --> src/classfile/attribute_info.rs:157:9
[INFO] [stderr]     |
[INFO] [stderr] 156 |     SameLocals1StackItemFrame {
[INFO] [stderr]     |     ------------------------- fields in this variant
[INFO] [stderr] 157 |         frame_type: U1,
[INFO] [stderr]     |         ^^^^^^^^^^
[INFO] [stderr] 158 |         stack: [VerificationTypeInfo;1],
[INFO] [stderr]     |         ^^^^^
[INFO] [stderr]     |
[INFO] [stderr]     = note: `StackMapFrame` has a derived impl for the trait `Debug`, but this is intentionally ignored during dead code analysis
[INFO] [stderr] 
[INFO] [stderr] warning: fields `frame_type`, `offset_delta`, and `stack` are never read
[INFO] [stderr]    --> src/classfile/attribute_info.rs:161:9
[INFO] [stderr]     |
[INFO] [stderr] 160 |     SameLocals1StackItemFrameExtended {
[INFO] [stderr]     |     --------------------------------- fields in this variant
[INFO] [stderr] 161 |         frame_type: U1,
[INFO] [stderr]     |         ^^^^^^^^^^
[INFO] [stderr] 162 |         offset_delta: U2,
[INFO] [stderr]     |         ^^^^^^^^^^^^
[INFO] [stderr] 163 |         stack: [VerificationTypeInfo;1],
[INFO] [stderr]     |         ^^^^^
[INFO] [stderr]     |
[INFO] [stderr]     = note: `StackMapFrame` has a derived impl for the trait `Debug`, but this is intentionally ignored during dead code analysis
[INFO] [stderr] 
[INFO] [stderr] warning: fields `frame_type` and `offset_delta` are never read
[INFO] [stderr]    --> src/classfile/attribute_info.rs:166:9
[INFO] [stderr]     |
[INFO] [stderr] 165 |     ChopFrame {
[INFO] [stderr]     |     --------- fields in this variant
[INFO] [stderr] 166 |         frame_type: U1,
[INFO] [stderr]     |         ^^^^^^^^^^
[INFO] [stderr] 167 |         offset_delta: U2,
[INFO] [stderr]     |         ^^^^^^^^^^^^
[INFO] [stderr]     |
[INFO] [stderr]     = note: `StackMapFrame` has a derived impl for the trait `Debug`, but this is intentionally ignored during dead code analysis
[INFO] [stderr] 
[INFO] [stderr] warning: fields `frame_type` and `offset_delta` are never read
[INFO] [stderr]    --> src/classfile/attribute_info.rs:170:9
[INFO] [stderr]     |
[INFO] [stderr] 169 |     SameFrameExtended {
[INFO] [stderr]     |     ----------------- fields in this variant
[INFO] [stderr] 170 |         frame_type: U1,
[INFO] [stderr]     |         ^^^^^^^^^^
[INFO] [stderr] 171 |         offset_delta: U2,
[INFO] [stderr]     |         ^^^^^^^^^^^^
[INFO] [stderr]     |
[INFO] [stderr]     = note: `StackMapFrame` has a derived impl for the trait `Debug`, but this is intentionally ignored during dead code analysis
[INFO] [stderr] 
[INFO] [stderr] warning: fields `frame_type`, `offset_delta`, and `locals` are never read
[INFO] [stderr]    --> src/classfile/attribute_info.rs:174:9
[INFO] [stderr]     |
[INFO] [stderr] 173 |     AppendFrame {
[INFO] [stderr]     |     ----------- fields in this variant
[INFO] [stderr] 174 |         frame_type: U1,
[INFO] [stderr]     |         ^^^^^^^^^^
[INFO] [stderr] 175 |         offset_delta: U2,
[INFO] [stderr]     |         ^^^^^^^^^^^^
[INFO] [stderr] 176 |         locals: Vec<VerificationTypeInfo>,
[INFO] [stderr]     |         ^^^^^^
[INFO] [stderr]     |
[INFO] [stderr]     = note: `StackMapFrame` has a derived impl for the trait `Debug`, but this is intentionally ignored during dead code analysis
[INFO] [stderr] 
[INFO] [stderr] warning: fields `frame_type`, `offset_delta`, `number_of_locals`, `locals`, `number_of_stack_items`, and `stack` are never read
[INFO] [stderr]    --> src/classfile/attribute_info.rs:179:9
[INFO] [stderr]     |
[INFO] [stderr] 178 |     FullFrame {
[INFO] [stderr]     |     --------- fields in this variant
[INFO] [stderr] 179 |         frame_type: U1,
[INFO] [stderr]     |         ^^^^^^^^^^
[INFO] [stderr] 180 |         offset_delta: U2,
[INFO] [stderr]     |         ^^^^^^^^^^^^
[INFO] [stderr] 181 |         number_of_locals: U2,
[INFO] [stderr]     |         ^^^^^^^^^^^^^^^^
[INFO] [stderr] 182 |         locals: Vec<VerificationTypeInfo>,
[INFO] [stderr]     |         ^^^^^^
[INFO] [stderr] 183 |         number_of_stack_items: U2,
[INFO] [stderr]     |         ^^^^^^^^^^^^^^^^^^^^^
[INFO] [stderr] 184 |         stack: Vec<VerificationTypeInfo>,
[INFO] [stderr]     |         ^^^^^
[INFO] [stderr]     |
[INFO] [stderr]     = note: `StackMapFrame` has a derived impl for the trait `Debug`, but this is intentionally ignored during dead code analysis
[INFO] [stderr] 
[INFO] [stderr] warning: field `tag` is never read
[INFO] [stderr]    --> src/classfile/attribute_info.rs:190:19
[INFO] [stderr]     |
[INFO] [stderr] 190 |     TopVariable { tag: U1 },
[INFO] [stderr]     |     -----------   ^^^
[INFO] [stderr]     |     |
[INFO] [stderr]     |     field in this variant
[INFO] [stderr]     |
[INFO] [stderr]     = note: `VerificationTypeInfo` has a derived impl for the trait `Debug`, but this is intentionally ignored during dead code analysis
[INFO] [stderr] 
[INFO] [stderr] warning: field `tag` is never read
[INFO] [stderr]    --> src/classfile/attribute_info.rs:191:23
[INFO] [stderr]     |
[INFO] [stderr] 191 |     IntegerVariable { tag: U1 },
[INFO] [stderr]     |     ---------------   ^^^
[INFO] [stderr]     |     |
[INFO] [stderr]     |     field in this variant
[INFO] [stderr]     |
[INFO] [stderr]     = note: `VerificationTypeInfo` has a derived impl for the trait `Debug`, but this is intentionally ignored during dead code analysis
[INFO] [stderr] 
[INFO] [stderr] warning: field `tag` is never read
[INFO] [stderr]    --> src/classfile/attribute_info.rs:192:21
[INFO] [stderr]     |
[INFO] [stderr] 192 |     FloatVariable { tag: U1 },
[INFO] [stderr]     |     -------------   ^^^
[INFO] [stderr]     |     |
[INFO] [stderr]     |     field in this variant
[INFO] [stderr]     |
[INFO] [stderr]     = note: `VerificationTypeInfo` has a derived impl for the trait `Debug`, but this is intentionally ignored during dead code analysis
[INFO] [stderr] 
[INFO] [stderr] warning: field `tag` is never read
[INFO] [stderr]    --> src/classfile/attribute_info.rs:193:20
[INFO] [stderr]     |
[INFO] [stderr] 193 |     LongVariable { tag: U1 },
[INFO] [stderr]     |     ------------   ^^^
[INFO] [stderr]     |     |
[INFO] [stderr]     |     field in this variant
[INFO] [stderr]     |
[INFO] [stderr]     = note: `VerificationTypeInfo` has a derived impl for the trait `Debug`, but this is intentionally ignored during dead code analysis
[INFO] [stderr] 
[INFO] [stderr] warning: field `tag` is never read
[INFO] [stderr]    --> src/classfile/attribute_info.rs:194:22
[INFO] [stderr]     |
[INFO] [stderr] 194 |     DoubleVariable { tag: U1 },
[INFO] [stderr]     |     --------------   ^^^
[INFO] [stderr]     |     |
[INFO] [stderr]     |     field in this variant
[INFO] [stderr]     |
[INFO] [stderr]     = note: `VerificationTypeInfo` has a derived impl for the trait `Debug`, but this is intentionally ignored during dead code analysis
[INFO] [stderr] 
[INFO] [stderr] warning: field `tag` is never read
[INFO] [stderr]    --> src/classfile/attribute_info.rs:195:20
[INFO] [stderr]     |
[INFO] [stderr] 195 |     NullVariable { tag: U1 },
[INFO] [stderr]     |     ------------   ^^^
[INFO] [stderr]     |     |
[INFO] [stderr]     |     field in this variant
[INFO] [stderr]     |
[INFO] [stderr]     = note: `VerificationTypeInfo` has a derived impl for the trait `Debug`, but this is intentionally ignored during dead code analysis
[INFO] [stderr] 
[INFO] [stderr] warning: field `tag` is never read
[INFO] [stderr]    --> src/classfile/attribute_info.rs:196:33
[INFO] [stderr]     |
[INFO] [stderr] 196 |     UninitializedThisVariable { tag: U1 },
[INFO] [stderr]     |     -------------------------   ^^^
[INFO] [stderr]     |     |
[INFO] [stderr]     |     field in this variant
[INFO] [stderr]     |
[INFO] [stderr]     = note: `VerificationTypeInfo` has a derived impl for the trait `Debug`, but this is intentionally ignored during dead code analysis
[INFO] [stderr] 
[INFO] [stderr] warning: fields `tag` and `cpool_index` are never read
[INFO] [stderr]    --> src/classfile/attribute_info.rs:197:22
[INFO] [stderr]     |
[INFO] [stderr] 197 |     ObjectVariable { tag: U1, cpool_index: U2 },
[INFO] [stderr]     |     --------------   ^^^      ^^^^^^^^^^^
[INFO] [stderr]     |     |
[INFO] [stderr]     |     fields in this variant
[INFO] [stderr]     |
[INFO] [stderr]     = note: `VerificationTypeInfo` has a derived impl for the trait `Debug`, but this is intentionally ignored during dead code analysis
[INFO] [stderr] 
[INFO] [stderr] warning: fields `tag` and `offset` are never read
[INFO] [stderr]    --> src/classfile/attribute_info.rs:198:29
[INFO] [stderr]     |
[INFO] [stderr] 198 |     UninitializedVariable { tag: U1, offset: U2 },
[INFO] [stderr]     |     ---------------------   ^^^      ^^^^^^
[INFO] [stderr]     |     |
[INFO] [stderr]     |     fields in this variant
[INFO] [stderr]     |
[INFO] [stderr]     = note: `VerificationTypeInfo` has a derived impl for the trait `Debug`, but this is intentionally ignored during dead code analysis
[INFO] [stderr] 
[INFO] [stderr] warning: fields `type_index`, `num_element_value_pairs`, and `element_value_pairs` are never read
[INFO] [stderr]    --> src/classfile/attribute_info.rs:203:9
[INFO] [stderr]     |
[INFO] [stderr] 202 | pub struct Annotation {
[INFO] [stderr]     |            ---------- fields in this struct
[INFO] [stderr] 203 |     pub type_index: U2,
[INFO] [stderr]     |         ^^^^^^^^^^
[INFO] [stderr] 204 |     pub num_element_value_pairs: U2,
[INFO] [stderr]     |         ^^^^^^^^^^^^^^^^^^^^^^^
[INFO] [stderr] 205 |     pub element_value_pairs: Vec<(U2, ElementValue)>,
[INFO] [stderr]     |         ^^^^^^^^^^^^^^^^^^^
[INFO] [stderr]     |
[INFO] [stderr]     = note: `Annotation` has a derived impl for the trait `Debug`, but this is intentionally ignored during dead code analysis
[INFO] [stderr] 
[INFO] [stderr] warning: fields `tag` and `value` are never read
[INFO] [stderr]    --> src/classfile/attribute_info.rs:210:9
[INFO] [stderr]     |
[INFO] [stderr] 209 | pub struct ElementValue {
[INFO] [stderr]     |            ------------ fields in this struct
[INFO] [stderr] 210 |     pub tag: U1,
[INFO] [stderr]     |         ^^^
[INFO] [stderr] 211 |     pub value: ElementValueItem,
[INFO] [stderr]     |         ^^^^^
[INFO] [stderr]     |
[INFO] [stderr]     = note: `ElementValue` has a derived impl for the trait `Debug`, but this is intentionally ignored during dead code analysis
[INFO] [stderr] 
[INFO] [stderr] warning: field `const_value_index` is never read
[INFO] [stderr]    --> src/classfile/attribute_info.rs:217:9
[INFO] [stderr]     |
[INFO] [stderr] 216 |     ConstValueIndex {
[INFO] [stderr]     |     --------------- field in this variant
[INFO] [stderr] 217 |         const_value_index: U2,
[INFO] [stderr]     |         ^^^^^^^^^^^^^^^^^
[INFO] [stderr]     |
[INFO] [stderr]     = note: `ElementValueItem` has a derived impl for the trait `Debug`, but this is intentionally ignored during dead code analysis
[INFO] [stderr] 
[INFO] [stderr] warning: fields `type_name_index` and `const_name_index` are never read
[INFO] [stderr]    --> src/classfile/attribute_info.rs:220:9
[INFO] [stderr]     |
[INFO] [stderr] 219 |     EnumConstValue {
[INFO] [stderr]     |     -------------- fields in this variant
[INFO] [stderr] 220 |         type_name_index: U2,
[INFO] [stderr]     |         ^^^^^^^^^^^^^^^
[INFO] [stderr] 221 |         const_name_index: U2,
[INFO] [stderr]     |         ^^^^^^^^^^^^^^^^
[INFO] [stderr]     |
[INFO] [stderr]     = note: `ElementValueItem` has a derived impl for the trait `Debug`, but this is intentionally ignored during dead code analysis
[INFO] [stderr] 
[INFO] [stderr] warning: field `class_info_index` is never read
[INFO] [stderr]    --> src/classfile/attribute_info.rs:224:9
[INFO] [stderr]     |
[INFO] [stderr] 223 |     ClassInfoIndex {
[INFO] [stderr]     |     -------------- field in this variant
[INFO] [stderr] 224 |         class_info_index: U2,
[INFO] [stderr]     |         ^^^^^^^^^^^^^^^^
[INFO] [stderr]     |
[INFO] [stderr]     = note: `ElementValueItem` has a derived impl for the trait `Debug`, but this is intentionally ignored during dead code analysis
[INFO] [stderr] 
[INFO] [stderr] warning: field `annotation_value` is never read
[INFO] [stderr]    --> src/classfile/attribute_info.rs:227:9
[INFO] [stderr]     |
[INFO] [stderr] 226 |     AnnotationValue {
[INFO] [stderr]     |     --------------- field in this variant
[INFO] [stderr] 227 |         annotation_value: Annotation,
[INFO] [stderr]     |         ^^^^^^^^^^^^^^^^
[INFO] [stderr]     |
[INFO] [stderr]     = note: `ElementValueItem` has a derived impl for the trait `Debug`, but this is intentionally ignored during dead code analysis
[INFO] [stderr] 
[INFO] [stderr] warning: fields `num_values` and `values` are never read
[INFO] [stderr]    --> src/classfile/attribute_info.rs:230:9
[INFO] [stderr]     |
[INFO] [stderr] 229 |     ArrayValue {
[INFO] [stderr]     |     ---------- fields in this variant
[INFO] [stderr] 230 |         num_values: U2,
[INFO] [stderr]     |         ^^^^^^^^^^
[INFO] [stderr] 231 |         values: Vec<ElementValue>,
[INFO] [stderr]     |         ^^^^^^
[INFO] [stderr]     |
[INFO] [stderr]     = note: `ElementValueItem` has a derived impl for the trait `Debug`, but this is intentionally ignored during dead code analysis
[INFO] [stderr] 
[INFO] [stderr] warning: struct `ParameterAnnotation` is never constructed
[INFO] [stderr]    --> src/classfile/attribute_info.rs:236:12
[INFO] [stderr]     |
[INFO] [stderr] 236 | pub struct ParameterAnnotation {
[INFO] [stderr]     |            ^^^^^^^^^^^^^^^^^^^
[INFO] [stderr]     |
[INFO] [stderr]     = note: `ParameterAnnotation` has a derived impl for the trait `Debug`, but this is intentionally ignored during dead code analysis
[INFO] [stderr] 
[INFO] [stderr] warning: fields `target_type`, `target_info`, `target_path`, `type_index`, `num_element_value_pairs`, and `element_value_pairs` are never read
[INFO] [stderr]    --> src/classfile/attribute_info.rs:243:9
[INFO] [stderr]     |
[INFO] [stderr] 242 | pub struct TypeAnnotation {
[INFO] [stderr]     |            -------------- fields in this struct
[INFO] [stderr] 243 |     pub target_type: U1,
[INFO] [stderr]     |         ^^^^^^^^^^^
[INFO] [stderr] 244 |     pub target_info: TargetInfo,
[INFO] [stderr]     |         ^^^^^^^^^^^
[INFO] [stderr] 245 |     pub target_path: TypePath,
[INFO] [stderr]     |         ^^^^^^^^^^^
[INFO] [stderr] 246 |     pub type_index: U2,
[INFO] [stderr]     |         ^^^^^^^^^^
[INFO] [stderr] 247 |     pub num_element_value_pairs: U2,
[INFO] [stderr]     |         ^^^^^^^^^^^^^^^^^^^^^^^
[INFO] [stderr] 248 |     pub element_value_pairs: Vec<(U2, ElementValue)>,
[INFO] [stderr]     |         ^^^^^^^^^^^^^^^^^^^
[INFO] [stderr]     |
[INFO] [stderr]     = note: `TypeAnnotation` has a derived impl for the trait `Debug`, but this is intentionally ignored during dead code analysis
[INFO] [stderr] 
[INFO] [stderr] warning: field `type_parameter_index` is never read
[INFO] [stderr]    --> src/classfile/attribute_info.rs:254:9
[INFO] [stderr]     |
[INFO] [stderr] 253 |     TypeParameterTarget {
[INFO] [stderr]     |     ------------------- field in this variant
[INFO] [stderr] 254 |         type_parameter_index: U1,
[INFO] [stderr]     |         ^^^^^^^^^^^^^^^^^^^^
[INFO] [stderr]     |
[INFO] [stderr]     = note: `TargetInfo` has a derived impl for the trait `Debug`, but this is intentionally ignored during dead code analysis
[INFO] [stderr] 
[INFO] [stderr] warning: field `supertype_index` is never read
[INFO] [stderr]    --> src/classfile/attribute_info.rs:257:9
[INFO] [stderr]     |
[INFO] [stderr] 256 |     SuperTypeTarget {
[INFO] [stderr]     |     --------------- field in this variant
[INFO] [stderr] 257 |         supertype_index: U2,
[INFO] [stderr]     |         ^^^^^^^^^^^^^^^
[INFO] [stderr]     |
[INFO] [stderr]     = note: `TargetInfo` has a derived impl for the trait `Debug`, but this is intentionally ignored during dead code analysis
[INFO] [stderr] 
[INFO] [stderr] warning: fields `type_parameter_index` and `bound_index` are never read
[INFO] [stderr]    --> src/classfile/attribute_info.rs:260:9
[INFO] [stderr]     |
[INFO] [stderr] 259 |     TypeParameterBoundTarget {
[INFO] [stderr]     |     ------------------------ fields in this variant
[INFO] [stderr] 260 |         type_parameter_index: U1,
[INFO] [stderr]     |         ^^^^^^^^^^^^^^^^^^^^
[INFO] [stderr] 261 |         bound_index: U1,
[INFO] [stderr]     |         ^^^^^^^^^^^
[INFO] [stderr]     |
[INFO] [stderr]     = note: `TargetInfo` has a derived impl for the trait `Debug`, but this is intentionally ignored during dead code analysis
[INFO] [stderr] 
[INFO] [stderr] warning: field `formal_parameter_index` is never read
[INFO] [stderr]    --> src/classfile/attribute_info.rs:265:9
[INFO] [stderr]     |
[INFO] [stderr] 264 |     FormalParameterTarget {
[INFO] [stderr]     |     --------------------- field in this variant
[INFO] [stderr] 265 |         formal_parameter_index: U1,
[INFO] [stderr]     |         ^^^^^^^^^^^^^^^^^^^^^^
[INFO] [stderr]     |
[INFO] [stderr]     = note: `TargetInfo` has a derived impl for the trait `Debug`, but this is intentionally ignored during dead code analysis
[INFO] [stderr] 
[INFO] [stderr] warning: field `throws_type_index` is never read
[INFO] [stderr]    --> src/classfile/attribute_info.rs:268:9
[INFO] [stderr]     |
[INFO] [stderr] 267 |     ThrowsTarget {
[INFO] [stderr]     |     ------------ field in this variant
[INFO] [stderr] 268 |         throws_type_index: U2,
[INFO] [stderr]     |         ^^^^^^^^^^^^^^^^^
[INFO] [stderr]     |
[INFO] [stderr]     = note: `TargetInfo` has a derived impl for the trait `Debug`, but this is intentionally ignored during dead code analysis
[INFO] [stderr] 
[INFO] [stderr] warning: fields `table_length` and `table` are never read
[INFO] [stderr]    --> src/classfile/attribute_info.rs:271:9
[INFO] [stderr]     |
[INFO] [stderr] 270 |     LocalVarTarget {
[INFO] [stderr]     |     -------------- fields in this variant
[INFO] [stderr] 271 |         table_length: U2,
[INFO] [stderr]     |         ^^^^^^^^^^^^
[INFO] [stderr] 272 |         //start_pc, length, index
[INFO] [stderr] 273 |         table: Vec<(U2, U2, U2)>,
[INFO] [stderr]     |         ^^^^^
[INFO] [stderr]     |
[INFO] [stderr]     = note: `TargetInfo` has a derived impl for the trait `Debug`, but this is intentionally ignored during dead code analysis
[INFO] [stderr] 
[INFO] [stderr] warning: field `exception_table_index` is never read
[INFO] [stderr]    --> src/classfile/attribute_info.rs:276:9
[INFO] [stderr]     |
[INFO] [stderr] 275 |     CatchTarget {
[INFO] [stderr]     |     ----------- field in this variant
[INFO] [stderr] 276 |         exception_table_index: U2,
[INFO] [stderr]     |         ^^^^^^^^^^^^^^^^^^^^^
[INFO] [stderr]     |
[INFO] [stderr]     = note: `TargetInfo` has a derived impl for the trait `Debug`, but this is intentionally ignored during dead code analysis
[INFO] [stderr] 
[INFO] [stderr] warning: field `offset` is never read
[INFO] [stderr]    --> src/classfile/attribute_info.rs:279:9
[INFO] [stderr]     |
[INFO] [stderr] 278 |     OffsetTarget {
[INFO] [stderr]     |     ------------ field in this variant
[INFO] [stderr] 279 |         offset: U2,
[INFO] [stderr]     |         ^^^^^^
[INFO] [stderr]     |
[INFO] [stderr]     = note: `TargetInfo` has a derived impl for the trait `Debug`, but this is intentionally ignored during dead code analysis
[INFO] [stderr] 
[INFO] [stderr] warning: fields `offset` and `type_argument_index` are never read
[INFO] [stderr]    --> src/classfile/attribute_info.rs:282:9
[INFO] [stderr]     |
[INFO] [stderr] 281 |     TypeArgumentTarget {
[INFO] [stderr]     |     ------------------ fields in this variant
[INFO] [stderr] 282 |         offset: U2,
[INFO] [stderr]     |         ^^^^^^
[INFO] [stderr] 283 |         type_argument_index: U1,
[INFO] [stderr]     |         ^^^^^^^^^^^^^^^^^^^
[INFO] [stderr]     |
[INFO] [stderr]     = note: `TargetInfo` has a derived impl for the trait `Debug`, but this is intentionally ignored during dead code analysis
[INFO] [stderr] 
[INFO] [stderr] warning: fields `path_length` and `path` are never read
[INFO] [stderr]    --> src/classfile/attribute_info.rs:289:9
[INFO] [stderr]     |
[INFO] [stderr] 288 | pub struct TypePath {
[INFO] [stderr]     |            -------- fields in this struct
[INFO] [stderr] 289 |     pub path_length: U1,
[INFO] [stderr]     |         ^^^^^^^^^^^
[INFO] [stderr] 290 |     //type_path_kind, type_argument_index
[INFO] [stderr] 291 |     pub path: Vec<(U1, U1)>,
[INFO] [stderr]     |         ^^^^
[INFO] [stderr]     |
[INFO] [stderr]     = note: `TypePath` has a derived impl for the trait `Debug`, but this is intentionally ignored during dead code analysis
[INFO] [stderr] 
[INFO] [stderr] warning: variant `InstanceOopDesc` is never constructed
[INFO] [stderr]   --> src/oops/oop.rs:11:5
[INFO] [stderr]    |
[INFO] [stderr] 10 | pub enum Oop {
[INFO] [stderr]    |          --- variant in this enum
[INFO] [stderr] 11 |     InstanceOopDesc(InstanceOopDesc),
[INFO] [stderr]    |     ^^^^^^^^^^^^^^^
[INFO] [stderr]    |
[INFO] [stderr]    = note: `Oop` has a derived impl for the trait `Debug`, but this is intentionally ignored during dead code analysis
[INFO] [stderr] 
[INFO] [stderr] warning: variants `InstanceOop`, `PrimitiveOop`, `ObjectArrayOop`, and `TypeArrayOop` are never constructed
[INFO] [stderr]   --> src/oops/oop.rs:16:5
[INFO] [stderr]    |
[INFO] [stderr] 15 | pub enum OopType {
[INFO] [stderr]    |          ------- variants in this enum
[INFO] [stderr] 16 |     InstanceOop,
[INFO] [stderr]    |     ^^^^^^^^^^^
[INFO] [stderr] 17 |     PrimitiveOop,
[INFO] [stderr]    |     ^^^^^^^^^^^^
[INFO] [stderr] 18 |     ObjectArrayOop,
[INFO] [stderr]    |     ^^^^^^^^^^^^^^
[INFO] [stderr] 19 |     TypeArrayOop,
[INFO] [stderr]    |     ^^^^^^^^^^^^
[INFO] [stderr]    |
[INFO] [stderr]    = note: `OopType` has a derived impl for the trait `Debug`, but this is intentionally ignored during dead code analysis
[INFO] [stderr] 
[INFO] [stderr] warning: fields `oop_type`, `hash`, and `klass` are never read
[INFO] [stderr]   --> src/oops/oop.rs:24:5
[INFO] [stderr]    |
[INFO] [stderr] 23 | pub struct OopMeta<T> {
[INFO] [stderr]    |            ------- fields in this struct
[INFO] [stderr] 24 |     oop_type: OopType,
[INFO] [stderr]    |     ^^^^^^^^
[INFO] [stderr] 25 |     hash: jint,
[INFO] [stderr]    |     ^^^^
[INFO] [stderr] 26 |     klass: T,
[INFO] [stderr]    |     ^^^^^
[INFO] [stderr]    |
[INFO] [stderr]    = note: `OopMeta` has a derived impl for the trait `Debug`, but this is intentionally ignored during dead code analysis
[INFO] [stderr] 
[INFO] [stderr] warning: associated items `new` and `get_klass` are never used
[INFO] [stderr]   --> src/oops/oop.rs:30:8
[INFO] [stderr]    |
[INFO] [stderr] 29 | impl<T> OopMeta<T> {
[INFO] [stderr]    | ------------------ associated items in this implementation
[INFO] [stderr] 30 |     fn new(oop_type: OopType, klass: T) -> OopMeta<T> {
[INFO] [stderr]    |        ^^^
[INFO] [stderr] ...
[INFO] [stderr] 38 |     fn get_klass(&self) -> &T {
[INFO] [stderr]    |        ^^^^^^^^^
[INFO] [stderr] 
[INFO] [stderr] warning: fields `oop_desc` and `instance_field_values` are never read
[INFO] [stderr]   --> src/oops/oop.rs:47:5
[INFO] [stderr]    |
[INFO] [stderr] 46 | pub struct InstanceOopDesc {
[INFO] [stderr]    |            --------------- fields in this struct
[INFO] [stderr] 47 |     oop_desc: OopMeta<InstanceKlass>,
[INFO] [stderr]    |     ^^^^^^^^
[INFO] [stderr] 48 |     instance_field_values: Vec<Oop>,
[INFO] [stderr]    |     ^^^^^^^^^^^^^^^^^^^^^
[INFO] [stderr]    |
[INFO] [stderr]    = note: `InstanceOopDesc` has a derived impl for the trait `Debug`, but this is intentionally ignored during dead code analysis
[INFO] [stderr] 
[INFO] [stderr] warning: fields `instance_oop`, `mirror_target`, and `mirror_primitive_type` are never read
[INFO] [stderr]   --> src/oops/oop.rs:53:5
[INFO] [stderr]    |
[INFO] [stderr] 52 | pub struct MirrorOopDesc {
[INFO] [stderr]    |            ------------- fields in this struct
[INFO] [stderr] 53 |     instance_oop: InstanceOop,
[INFO] [stderr]    |     ^^^^^^^^^^^^
[INFO] [stderr] 54 |     mirror_target: Option<KlassRef>,
[INFO] [stderr]    |     ^^^^^^^^^^^^^
[INFO] [stderr] 55 |     mirror_primitive_type: Option<ValueType>,
[INFO] [stderr]    |     ^^^^^^^^^^^^^^^^^^^^^
[INFO] [stderr]    |
[INFO] [stderr]    = note: `MirrorOopDesc` has a derived impl for the trait `Debug`, but this is intentionally ignored during dead code analysis
[INFO] [stderr] 
[INFO] [stderr] warning: associated function `new` is never used
[INFO] [stderr]   --> src/oops/oop.rs:59:12
[INFO] [stderr]    |
[INFO] [stderr] 58 | impl MirrorOopDesc {
[INFO] [stderr]    | ------------------ associated function in this implementation
[INFO] [stderr] 59 |     pub fn new(instance_oop: InstanceOop) -> MirrorOopDesc {
[INFO] [stderr]    |            ^^^
[INFO] [stderr] 
[INFO] [stderr] warning: method `get_instance_class` is never used
[INFO] [stderr]   --> src/oops/oop.rs:70:8
[INFO] [stderr]    |
[INFO] [stderr] 69 | impl InstanceOopDesc {
[INFO] [stderr]    | -------------------- method in this implementation
[INFO] [stderr] 70 |     fn get_instance_class(&self) -> &InstanceKlass {
[INFO] [stderr]    |        ^^^^^^^^^^^^^^^^^^
[INFO] [stderr] 
[INFO] [stderr] warning: variants `Allocated`, `Loaded`, `Linked`, `BeginInitialized`, `FullyInitialized`, and `InitializationError` are never constructed
[INFO] [stderr]   --> src/oops/klass.rs:17:5
[INFO] [stderr]    |
[INFO] [stderr] 16 | pub enum ClassState {
[INFO] [stderr]    |          ---------- variants in this enum
[INFO] [stderr] 17 |     Allocated,
[INFO] [stderr]    |     ^^^^^^^^^
[INFO] [stderr] 18 |     Loaded,
[INFO] [stderr]    |     ^^^^^^
[INFO] [stderr] 19 |     Linked,
[INFO] [stderr]    |     ^^^^^^
[INFO] [stderr] 20 |     BeginInitialized,
[INFO] [stderr]    |     ^^^^^^^^^^^^^^^^
[INFO] [stderr] 21 |     FullyInitialized,
[INFO] [stderr]    |     ^^^^^^^^^^^^^^^^
[INFO] [stderr] 22 |     InitializationError,
[INFO] [stderr]    |     ^^^^^^^^^^^^^^^^^^^
[INFO] [stderr]    |
[INFO] [stderr]    = note: `ClassState` has a derived impl for the trait `Debug`, but this is intentionally ignored during dead code analysis
[INFO] [stderr] 
[INFO] [stderr] warning: fields `state`, `access_flags`, `name`, `ktype`, `java_mirror`, and `super_klass` are never read
[INFO] [stderr]   --> src/oops/klass.rs:34:5
[INFO] [stderr]    |
[INFO] [stderr] 33 | pub struct KlassMeta {
[INFO] [stderr]    |            --------- fields in this struct
[INFO] [stderr] 34 |     state: Option<ClassState>,
[INFO] [stderr]    |     ^^^^^
[INFO] [stderr] 35 |     access_flags: U2,
[INFO] [stderr]    |     ^^^^^^^^^^^^
[INFO] [stderr] 36 |     name: String,
[INFO] [stderr]    |     ^^^^
[INFO] [stderr] 37 |     ktype: ClassType,
[INFO] [stderr]    |     ^^^^^
[INFO] [stderr] 38 |     java_mirror: Option<MirrorOop>,
[INFO] [stderr]    |     ^^^^^^^^^^^
[INFO] [stderr] 39 |     super_klass: Option<Box<InstanceKlass>>,
[INFO] [stderr]    |     ^^^^^^^^^^^
[INFO] [stderr]    |
[INFO] [stderr]    = note: `KlassMeta` has a derived impl for the trait `Debug`, but this is intentionally ignored during dead code analysis
[INFO] [stderr] 
[INFO] [stderr] warning: multiple fields are never read
[INFO] [stderr]   --> src/oops/klass.rs:44:5
[INFO] [stderr]    |
[INFO] [stderr] 43 | pub struct InstanceKlass {
[INFO] [stderr]    |            ------------- fields in this struct
[INFO] [stderr] 44 |     klass_meta: KlassMeta,
[INFO] [stderr]    |     ^^^^^^^^^^
[INFO] [stderr] 45 |     class_loader: Rc<dyn ClassLoader>,
[INFO] [stderr]    |     ^^^^^^^^^^^^
[INFO] [stderr] 46 |     java_loader: Option<MirrorOop>,
[INFO] [stderr]    |     ^^^^^^^^^^^
[INFO] [stderr] 47 |     class_file: String,
[INFO] [stderr]    |     ^^^^^^^^^^
[INFO] [stderr] 48 |     source_file: String,
[INFO] [stderr]    |     ^^^^^^^^^^^
[INFO] [stderr] 49 |     signature: String,
[INFO] [stderr]    |     ^^^^^^^^^
[INFO] [stderr] 50 |     inner_class_attr: String,
[INFO] [stderr]    |     ^^^^^^^^^^^^^^^^
[INFO] [stderr] 51 |     enclosing_method_attr: String,
[INFO] [stderr]    |     ^^^^^^^^^^^^^^^^^^^^^
[INFO] [stderr] 52 |     boot_strap_methods_attr: String,
[INFO] [stderr]    |     ^^^^^^^^^^^^^^^^^^^^^^^
[INFO] [stderr] 53 |     runtime_constant_pool: String,
[INFO] [stderr]    |     ^^^^^^^^^^^^^^^^^^^^^
[INFO] [stderr] 54 |     static_field_nums: usize,
[INFO] [stderr]    |     ^^^^^^^^^^^^^^^^^
[INFO] [stderr] 55 |     instance_field_nums: usize,
[INFO] [stderr]    |     ^^^^^^^^^^^^^^^^^^^
[INFO] [stderr] 56 |     all_methods: HashMap<String, String>,
[INFO] [stderr]    |     ^^^^^^^^^^^
[INFO] [stderr] 57 |     vtable: HashMap<String, String>,
[INFO] [stderr]    |     ^^^^^^
[INFO] [stderr] 58 |     static_fields: HashMap<String, String>,
[INFO] [stderr]    |     ^^^^^^^^^^^^^
[INFO] [stderr] 59 |     static_field_values: Vec<Oop>,
[INFO] [stderr]    |     ^^^^^^^^^^^^^^^^^^^
[INFO] [stderr] 60 |     interfaces: HashMap<String, Rc<InstanceKlass>>,
[INFO] [stderr]    |     ^^^^^^^^^^
[INFO] [stderr]    |
[INFO] [stderr]    = note: `InstanceKlass` has a derived impl for the trait `Debug`, but this is intentionally ignored during dead code analysis
[INFO] [stderr] 
[INFO] [stderr] warning: fields `klass_meta` and `class_loader` are never read
[INFO] [stderr]   --> src/oops/klass.rs:96:5
[INFO] [stderr]    |
[INFO] [stderr] 95 | pub struct ArrayKlassMeta {
[INFO] [stderr]    |            -------------- fields in this struct
[INFO] [stderr] 96 |     klass_meta: KlassMeta,
[INFO] [stderr]    |     ^^^^^^^^^^
[INFO] [stderr] 97 |     class_loader: Rc<dyn ClassLoader>,
[INFO] [stderr]    |     ^^^^^^^^^^^^
[INFO] [stderr]    |
[INFO] [stderr]    = note: `ArrayKlassMeta` has a derived impl for the trait `Debug`, but this is intentionally ignored during dead code analysis
[INFO] [stderr] 
[INFO] [stderr] warning: field `down_dimension_type` is never read
[INFO] [stderr]    --> src/oops/klass.rs:129:5
[INFO] [stderr]     |
[INFO] [stderr] 126 | pub struct ObjectArrayKlass {
[INFO] [stderr]     |            ---------------- field in this struct
[INFO] [stderr] ...
[INFO] [stderr] 129 |     down_dimension_type: Option<Box<ObjectArrayKlass>>,
[INFO] [stderr]     |     ^^^^^^^^^^^^^^^^^^^
[INFO] [stderr]     |
[INFO] [stderr]     = note: `ObjectArrayKlass` has a derived impl for the trait `Debug`, but this is intentionally ignored during dead code analysis
[INFO] [stderr] 
[INFO] [stderr] warning: field `down_dimension_type` is never read
[INFO] [stderr]    --> src/oops/klass.rs:173:5
[INFO] [stderr]     |
[INFO] [stderr] 170 | pub struct TypeArrayKlass {
[INFO] [stderr]     |            -------------- field in this struct
[INFO] [stderr] ...
[INFO] [stderr] 173 |     down_dimension_type: Option<Rc<TypeArrayKlass>>,
[INFO] [stderr]     |     ^^^^^^^^^^^^^^^^^^^
[INFO] [stderr]     |
[INFO] [stderr]     = note: `TypeArrayKlass` has a derived impl for the trait `Debug`, but this is intentionally ignored during dead code analysis
[INFO] [stderr] 
[INFO] [stderr] warning: type alias `jlong` is never used
[INFO] [stderr]  --> src/jni/jni_md.rs:2:10
[INFO] [stderr]   |
[INFO] [stderr] 2 | pub type jlong = i64;
[INFO] [stderr]   |          ^^^^^
[INFO] [stderr] 
[INFO] [stderr] warning: variants `Object` and `Array` are never constructed
[INFO] [stderr]   --> src/common.rs:12:5
[INFO] [stderr]    |
[INFO] [stderr] 2  | pub enum ValueType {
[INFO] [stderr]    |          --------- variants in this enum
[INFO] [stderr] ...
[INFO] [stderr] 12 |     Object,
[INFO] [stderr]    |     ^^^^^^
[INFO] [stderr] 13 |     Array,
[INFO] [stderr]    |     ^^^^^
[INFO] [stderr]    |
[INFO] [stderr]    = note: `ValueType` has derived impls for the traits `Clone` and `Debug`, but these are intentionally ignored during dead code analysis
[INFO] [stderr] 
[INFO] [stderr] warning: comparison is useless due to type limits
[INFO] [stderr]    --> src/classfile/class_file_parse.rs:733:16
[INFO] [stderr]     |
[INFO] [stderr] 733 |             if frame_type >= 0 && frame_type <= 63 {
[INFO] [stderr]     |                ^^^^^^^^^^^^^^^
[INFO] [stderr]     |
[INFO] [stderr]     = note: `#[warn(unused_comparisons)]` on by default
[INFO] [stderr] 
[INFO] [stderr] warning: `DcVm` (bin "DcVm" test) generated 82 warnings (run `cargo fix --bin "DcVm" --tests` to apply 1 suggestion)
[INFO] [stderr]     Finished `test` profile [unoptimized + debuginfo] target(s) in 0.04s
[INFO] [stderr]      Running unittests src/main.rs (/opt/rustwide/target/debug/deps/DcVm-a26bfcb3fa87cc63)
[INFO] [stdout] 
[INFO] [stdout] running 7 tests
[INFO] [stdout] test classfile::class_file_parse::tests::parse_main_class ... ok
[INFO] [stdout] test classpath::class_loader::tests::test_bootstrap_class_loader_primitive_array ... ok
[INFO] [stdout] test classpath::class_path_manager::tests::test_class_path_manager ... ok
[INFO] [stdout] test classpath::class_loader::tests::test_bootstrap_class_loader ... ok
[INFO] [stdout] test classpath::class_loader::tests::test_bootstrap_class_loader_multi_array ... ok
[INFO] [stdout] test classpath::class_loader::tests::test_bootstrap_class_loader_array ... FAILED
[INFO] [stdout] test classpath::class_path_manager::tests::test_class_path_manager_jar ... FAILED
[INFO] [stdout] 
[INFO] [stdout] failures:
[INFO] [stdout] 
[INFO] [stdout] ---- classpath::class_loader::tests::test_bootstrap_class_loader_array stdout ----
[INFO] [stdout] thread 'classpath::class_loader::tests::test_bootstrap_class_loader_array' panicked at src/classpath/class_loader.rs:199:14:
[INFO] [stdout] called `Result::unwrap()` on an `Err` value: ClassNotFoundError
[INFO] [stdout] stack backtrace:
[INFO] [stdout]    0:     0x5ae1f296ca5a - std::backtrace_rs::backtrace::libunwind::trace::h207520d6e9873551
[INFO] [stdout]                                at /rustc/df4ca44d3fbc9301ee17f30f4d474e6ae4b05252/library/std/src/../../backtrace/src/backtrace/libunwind.rs:116:5
[INFO] [stdout]    1:     0x5ae1f296ca5a - std::backtrace_rs::backtrace::trace_unsynchronized::h2ed7433f370e3eca
[INFO] [stdout]                                at /rustc/df4ca44d3fbc9301ee17f30f4d474e6ae4b05252/library/std/src/../../backtrace/src/backtrace/mod.rs:66:5
[INFO] [stdout]    2:     0x5ae1f296ca5a - std::sys::backtrace::_print_fmt::h916fac51166b18d7
[INFO] [stdout]                                at /rustc/df4ca44d3fbc9301ee17f30f4d474e6ae4b05252/library/std/src/sys/backtrace.rs:66:9
[INFO] [stdout]    3:     0x5ae1f296ca5a - <std::sys::backtrace::BacktraceLock::print::DisplayBacktrace as core::fmt::Display>::fmt::ha0a4c9b8ce3802e6
[INFO] [stdout]                                at /rustc/df4ca44d3fbc9301ee17f30f4d474e6ae4b05252/library/std/src/sys/backtrace.rs:39:26
[INFO] [stdout]    4:     0x5ae1f2993b23 - core::fmt::rt::Argument::fmt::h4cfc8587d52b3eb5
[INFO] [stdout]                                at /rustc/df4ca44d3fbc9301ee17f30f4d474e6ae4b05252/library/core/src/fmt/rt.rs:177:76
[INFO] [stdout]    5:     0x5ae1f2993b23 - core::fmt::write::h522cc39e5b36ae9f
[INFO] [stdout]                                at /rustc/df4ca44d3fbc9301ee17f30f4d474e6ae4b05252/library/core/src/fmt/mod.rs:1190:21
[INFO] [stdout]    6:     0x5ae1f2969503 - std::io::Write::write_fmt::h7d3c26752da97734
[INFO] [stdout]                                at /rustc/df4ca44d3fbc9301ee17f30f4d474e6ae4b05252/library/std/src/io/mod.rs:1839:15
[INFO] [stdout]    7:     0x5ae1f296c8a2 - std::sys::backtrace::BacktraceLock::print::h4b9e00b29e9c0942
[INFO] [stdout]                                at /rustc/df4ca44d3fbc9301ee17f30f4d474e6ae4b05252/library/std/src/sys/backtrace.rs:42:9
[INFO] [stdout]    8:     0x5ae1f296deea - std::panicking::default_hook::{{closure}}::hb59b88280d0324d9
[INFO] [stdout]                                at /rustc/df4ca44d3fbc9301ee17f30f4d474e6ae4b05252/library/std/src/panicking.rs:268:22
[INFO] [stdout]    9:     0x5ae1f296dcf4 - std::panicking::default_hook::he1dd496665be4a29
[INFO] [stdout]                                at /rustc/df4ca44d3fbc9301ee17f30f4d474e6ae4b05252/library/std/src/panicking.rs:292:9
[INFO] [stdout]   10:     0x5ae1f2845089 - <alloc::boxed::Box<F,A> as core::ops::function::Fn<Args>>::call::h4ff71de18744e1dc
[INFO] [stdout]                                at /rustc/df4ca44d3fbc9301ee17f30f4d474e6ae4b05252/library/alloc/src/boxed.rs:2468:9
[INFO] [stdout]   11:     0x5ae1f2845089 - test::test_main::{{closure}}::hcf7c055ce117aa81
[INFO] [stdout]                                at /rustc/df4ca44d3fbc9301ee17f30f4d474e6ae4b05252/library/test/src/lib.rs:133:21
[INFO] [stdout]   12:     0x5ae1f296e5e8 - <alloc::boxed::Box<F,A> as core::ops::function::Fn<Args>>::call::h1d66c6bbd60c9692
[INFO] [stdout]                                at /rustc/df4ca44d3fbc9301ee17f30f4d474e6ae4b05252/library/alloc/src/boxed.rs:2468:9
[INFO] [stdout]   13:     0x5ae1f296e5e8 - std::panicking::rust_panic_with_hook::h2ff17fe8f26dfcf8
[INFO] [stdout]                                at /rustc/df4ca44d3fbc9301ee17f30f4d474e6ae4b05252/library/std/src/panicking.rs:809:13
[INFO] [stdout]   14:     0x5ae1f296e3aa - std::panicking::begin_panic_handler::{{closure}}::h4fad77951c07e101
[INFO] [stdout]                                at /rustc/df4ca44d3fbc9301ee17f30f4d474e6ae4b05252/library/std/src/panicking.rs:674:13
[INFO] [stdout]   15:     0x5ae1f296cf39 - std::sys::backtrace::__rust_end_short_backtrace::hb1a25b3da5d0ea08
[INFO] [stdout]                                at /rustc/df4ca44d3fbc9301ee17f30f4d474e6ae4b05252/library/std/src/sys/backtrace.rs:170:18
[INFO] [stdout]   16:     0x5ae1f296e03c - rust_begin_unwind
[INFO] [stdout]                                at /rustc/df4ca44d3fbc9301ee17f30f4d474e6ae4b05252/library/std/src/panicking.rs:665:5
[INFO] [stdout]   17:     0x5ae1f2992190 - core::panicking::panic_fmt::ha9db07b529f9b256
[INFO] [stdout]                                at /rustc/df4ca44d3fbc9301ee17f30f4d474e6ae4b05252/library/core/src/panicking.rs:75:14
[INFO] [stdout]   18:     0x5ae1f2992616 - core::result::unwrap_failed::h5e8218e4d4338b8a
[INFO] [stdout]                                at /rustc/df4ca44d3fbc9301ee17f30f4d474e6ae4b05252/library/core/src/result.rs:1698:5
[INFO] [stdout]   19:     0x5ae1f27d31a7 - core::result::Result<T,E>::unwrap::h560a2250c7845f8c
[INFO] [stdout]                                at /rustc/df4ca44d3fbc9301ee17f30f4d474e6ae4b05252/library/core/src/result.rs:1103:23
[INFO] [stdout]   20:     0x5ae1f27d31a7 - DcVm::classpath::class_loader::tests::test_bootstrap_class_loader_array::h11eda6e8c0496837
[INFO] [stdout]                                at /opt/rustwide/workdir/src/classpath/class_loader.rs:197:21
[INFO] [stdout]   21:     0x5ae1f27d2f17 - DcVm::classpath::class_loader::tests::test_bootstrap_class_loader_array::{{closure}}::h5c55fd5a3f826dc3
[INFO] [stdout]                                at /opt/rustwide/workdir/src/classpath/class_loader.rs:190:43
[INFO] [stdout]   22:     0x5ae1f27fcda6 - core::ops::function::FnOnce::call_once::hfa8575bc4f3825c5
[INFO] [stdout]                                at /rustc/df4ca44d3fbc9301ee17f30f4d474e6ae4b05252/library/core/src/ops/function.rs:250:5
[INFO] [stdout]   23:     0x5ae1f284995b - core::ops::function::FnOnce::call_once::h22c3ba5715e93f05
[INFO] [stdout]                                at /rustc/df4ca44d3fbc9301ee17f30f4d474e6ae4b05252/library/core/src/ops/function.rs:250:5
[INFO] [stdout]   24:     0x5ae1f284995b - test::__rust_begin_short_backtrace::h8e82d8113d0da17f
[INFO] [stdout]                                at /rustc/df4ca44d3fbc9301ee17f30f4d474e6ae4b05252/library/test/src/lib.rs:621:18
[INFO] [stdout]   25:     0x5ae1f28492d7 - test::run_test_in_process::{{closure}}::h33235f4f20b7b7c7
[INFO] [stdout]                                at /rustc/df4ca44d3fbc9301ee17f30f4d474e6ae4b05252/library/test/src/lib.rs:644:60
[INFO] [stdout]   26:     0x5ae1f28492d7 - <core::panic::unwind_safe::AssertUnwindSafe<F> as core::ops::function::FnOnce<()>>::call_once::hb5043206310c586f
[INFO] [stdout]                                at /rustc/df4ca44d3fbc9301ee17f30f4d474e6ae4b05252/library/core/src/panic/unwind_safe.rs:272:9
[INFO] [stdout]   27:     0x5ae1f28492d7 - std::panicking::try::do_call::h9ad4731a60ab23e2
[INFO] [stdout]                                at /rustc/df4ca44d3fbc9301ee17f30f4d474e6ae4b05252/library/std/src/panicking.rs:557:40
[INFO] [stdout]   28:     0x5ae1f28492d7 - std::panicking::try::h3824d23db772a716
[INFO] [stdout]                                at /rustc/df4ca44d3fbc9301ee17f30f4d474e6ae4b05252/library/std/src/panicking.rs:520:19
[INFO] [stdout]   29:     0x5ae1f28492d7 - std::panic::catch_unwind::h5afd514605fde46b
[INFO] [stdout]                                at /rustc/df4ca44d3fbc9301ee17f30f4d474e6ae4b05252/library/std/src/panic.rs:358:14
[INFO] [stdout]   30:     0x5ae1f28492d7 - test::run_test_in_process::h0d5cbfa7067d1720
[INFO] [stdout]                                at /rustc/df4ca44d3fbc9301ee17f30f4d474e6ae4b05252/library/test/src/lib.rs:644:27
[INFO] [stdout]   31:     0x5ae1f28492d7 - test::run_test::{{closure}}::h708eb8872708115d
[INFO] [stdout]                                at /rustc/df4ca44d3fbc9301ee17f30f4d474e6ae4b05252/library/test/src/lib.rs:565:43
[INFO] [stdout]   32:     0x5ae1f280c9f4 - test::run_test::{{closure}}::h392c51cee94713ab
[INFO] [stdout]                                at /rustc/df4ca44d3fbc9301ee17f30f4d474e6ae4b05252/library/test/src/lib.rs:595:41
[INFO] [stdout]   33:     0x5ae1f280c9f4 - std::sys::backtrace::__rust_begin_short_backtrace::h2f40290710935a8b
[INFO] [stdout]                                at /rustc/df4ca44d3fbc9301ee17f30f4d474e6ae4b05252/library/std/src/sys/backtrace.rs:154:18
[INFO] [stdout]   34:     0x5ae1f281019e - std::thread::Builder::spawn_unchecked_::{{closure}}::{{closure}}::h3fd968d89053a903
[INFO] [stdout]                                at /rustc/df4ca44d3fbc9301ee17f30f4d474e6ae4b05252/library/std/src/thread/mod.rs:541:17
[INFO] [stdout]   35:     0x5ae1f281019e - <core::panic::unwind_safe::AssertUnwindSafe<F> as core::ops::function::FnOnce<()>>::call_once::h743f637ba4229880
[INFO] [stdout]                                at /rustc/df4ca44d3fbc9301ee17f30f4d474e6ae4b05252/library/core/src/panic/unwind_safe.rs:272:9
[INFO] [stdout]   36:     0x5ae1f281019e - std::panicking::try::do_call::h07440897322525a6
[INFO] [stdout]                                at /rustc/df4ca44d3fbc9301ee17f30f4d474e6ae4b05252/library/std/src/panicking.rs:557:40
[INFO] [stdout]   37:     0x5ae1f281019e - std::panicking::try::he5a2e00188156637
[INFO] [stdout]                                at /rustc/df4ca44d3fbc9301ee17f30f4d474e6ae4b05252/library/std/src/panicking.rs:520:19
[INFO] [stdout]   38:     0x5ae1f281019e - std::panic::catch_unwind::hbaf3cae49b3c6433
[INFO] [stdout]                                at /rustc/df4ca44d3fbc9301ee17f30f4d474e6ae4b05252/library/std/src/panic.rs:358:14
[INFO] [stdout]   39:     0x5ae1f281019e - std::thread::Builder::spawn_unchecked_::{{closure}}::h8e141ea224820bce
[INFO] [stdout]                                at /rustc/df4ca44d3fbc9301ee17f30f4d474e6ae4b05252/library/std/src/thread/mod.rs:540:30
[INFO] [stdout]   40:     0x5ae1f281019e - core::ops::function::FnOnce::call_once{{vtable.shim}}::h90d312fedd7b8ea8
[INFO] [stdout]                                at /rustc/df4ca44d3fbc9301ee17f30f4d474e6ae4b05252/library/core/src/ops/function.rs:250:5
[INFO] [stdout]   41:     0x5ae1f29723eb - <alloc::boxed::Box<F,A> as core::ops::function::FnOnce<Args>>::call_once::h69aa08ddb6adb8b6
[INFO] [stdout]                                at /rustc/df4ca44d3fbc9301ee17f30f4d474e6ae4b05252/library/alloc/src/boxed.rs:2454:9
[INFO] [stdout]   42:     0x5ae1f29723eb - <alloc::boxed::Box<F,A> as core::ops::function::FnOnce<Args>>::call_once::h5aa36efdb79c806f
[INFO] [stdout]                                at /rustc/df4ca44d3fbc9301ee17f30f4d474e6ae4b05252/library/alloc/src/boxed.rs:2454:9
[INFO] [stdout]   43:     0x5ae1f29723eb - std::sys::pal::unix::thread::Thread::new::thread_start::h6cd80a1b4be5158d
[INFO] [stdout]                                at /rustc/df4ca44d3fbc9301ee17f30f4d474e6ae4b05252/library/std/src/sys/pal/unix/thread.rs:105:17
[INFO] [stdout]   44:     0x76dfe7212ac3 - <unknown>
[INFO] [stdout]   45:     0x76dfe72a3a04 - clone
[INFO] [stdout]   46:                0x0 - <unknown>
[INFO] [stdout] 
[INFO] [stdout] ---- classpath::class_path_manager::tests::test_class_path_manager_jar stdout ----
[INFO] [stdout] thread 'classpath::class_path_manager::tests::test_class_path_manager_jar' panicked at src/classpath/class_path_manager.rs:34:38:
[INFO] [stdout] Invalid class path: Os { code: 2, kind: NotFound, message: "No such file or directory" }
[INFO] [stdout] stack backtrace:
[INFO] [stdout]    0:     0x5ae1f296ca5a - std::backtrace_rs::backtrace::libunwind::trace::h207520d6e9873551
[INFO] [stdout]                                at /rustc/df4ca44d3fbc9301ee17f30f4d474e6ae4b05252/library/std/src/../../backtrace/src/backtrace/libunwind.rs:116:5
[INFO] [stdout]    1:     0x5ae1f296ca5a - std::backtrace_rs::backtrace::trace_unsynchronized::h2ed7433f370e3eca
[INFO] [stdout]                                at /rustc/df4ca44d3fbc9301ee17f30f4d474e6ae4b05252/library/std/src/../../backtrace/src/backtrace/mod.rs:66:5
[INFO] [stdout]    2:     0x5ae1f296ca5a - std::sys::backtrace::_print_fmt::h916fac51166b18d7
[INFO] [stdout]                                at /rustc/df4ca44d3fbc9301ee17f30f4d474e6ae4b05252/library/std/src/sys/backtrace.rs:66:9
[INFO] [stdout]    3:     0x5ae1f296ca5a - <std::sys::backtrace::BacktraceLock::print::DisplayBacktrace as core::fmt::Display>::fmt::ha0a4c9b8ce3802e6
[INFO] [stdout]                                at /rustc/df4ca44d3fbc9301ee17f30f4d474e6ae4b05252/library/std/src/sys/backtrace.rs:39:26
[INFO] [stdout]    4:     0x5ae1f2993b23 - core::fmt::rt::Argument::fmt::h4cfc8587d52b3eb5
[INFO] [stdout]                                at /rustc/df4ca44d3fbc9301ee17f30f4d474e6ae4b05252/library/core/src/fmt/rt.rs:177:76
[INFO] [stdout]    5:     0x5ae1f2993b23 - core::fmt::write::h522cc39e5b36ae9f
[INFO] [stdout]                                at /rustc/df4ca44d3fbc9301ee17f30f4d474e6ae4b05252/library/core/src/fmt/mod.rs:1190:21
[INFO] [stdout]    6:     0x5ae1f2969503 - std::io::Write::write_fmt::h7d3c26752da97734
[INFO] [stdout]                                at /rustc/df4ca44d3fbc9301ee17f30f4d474e6ae4b05252/library/std/src/io/mod.rs:1839:15
[INFO] [stdout]    7:     0x5ae1f296c8a2 - std::sys::backtrace::BacktraceLock::print::h4b9e00b29e9c0942
[INFO] [stdout]                                at /rustc/df4ca44d3fbc9301ee17f30f4d474e6ae4b05252/library/std/src/sys/backtrace.rs:42:9
[INFO] [stdout]    8:     0x5ae1f296deea - std::panicking::default_hook::{{closure}}::hb59b88280d0324d9
[INFO] [stdout]                                at /rustc/df4ca44d3fbc9301ee17f30f4d474e6ae4b05252/library/std/src/panicking.rs:268:22
[INFO] [stdout]    9:     0x5ae1f296dcf4 - std::panicking::default_hook::he1dd496665be4a29
[INFO] [stdout]                                at /rustc/df4ca44d3fbc9301ee17f30f4d474e6ae4b05252/library/std/src/panicking.rs:292:9
[INFO] [stdout]   10:     0x5ae1f2845089 - <alloc::boxed::Box<F,A> as core::ops::function::Fn<Args>>::call::h4ff71de18744e1dc
[INFO] [stdout]                                at /rustc/df4ca44d3fbc9301ee17f30f4d474e6ae4b05252/library/alloc/src/boxed.rs:2468:9
[INFO] [stdout]   11:     0x5ae1f2845089 - test::test_main::{{closure}}::hcf7c055ce117aa81
[INFO] [stdout]                                at /rustc/df4ca44d3fbc9301ee17f30f4d474e6ae4b05252/library/test/src/lib.rs:133:21
[INFO] [stdout]   12:     0x5ae1f296e5e8 - <alloc::boxed::Box<F,A> as core::ops::function::Fn<Args>>::call::h1d66c6bbd60c9692
[INFO] [stdout]                                at /rustc/df4ca44d3fbc9301ee17f30f4d474e6ae4b05252/library/alloc/src/boxed.rs:2468:9
[INFO] [stdout]   13:     0x5ae1f296e5e8 - std::panicking::rust_panic_with_hook::h2ff17fe8f26dfcf8
[INFO] [stdout]                                at /rustc/df4ca44d3fbc9301ee17f30f4d474e6ae4b05252/library/std/src/panicking.rs:809:13
[INFO] [stdout]   14:     0x5ae1f296e3aa - std::panicking::begin_panic_handler::{{closure}}::h4fad77951c07e101
[INFO] [stdout]                                at /rustc/df4ca44d3fbc9301ee17f30f4d474e6ae4b05252/library/std/src/panicking.rs:674:13
[INFO] [stdout]   15:     0x5ae1f296cf39 - std::sys::backtrace::__rust_end_short_backtrace::hb1a25b3da5d0ea08
[INFO] [stdout]                                at /rustc/df4ca44d3fbc9301ee17f30f4d474e6ae4b05252/library/std/src/sys/backtrace.rs:170:18
[INFO] [stdout]   16:     0x5ae1f296e03c - rust_begin_unwind
[INFO] [stdout]                                at /rustc/df4ca44d3fbc9301ee17f30f4d474e6ae4b05252/library/std/src/panicking.rs:665:5
[INFO] [stdout]   17:     0x5ae1f2992190 - core::panicking::panic_fmt::ha9db07b529f9b256
[INFO] [stdout]                                at /rustc/df4ca44d3fbc9301ee17f30f4d474e6ae4b05252/library/core/src/panicking.rs:75:14
[INFO] [stdout]   18:     0x5ae1f2992616 - core::result::unwrap_failed::h5e8218e4d4338b8a
[INFO] [stdout]                                at /rustc/df4ca44d3fbc9301ee17f30f4d474e6ae4b05252/library/core/src/result.rs:1698:5
[INFO] [stdout]   19:     0x5ae1f2803eaf - core::result::Result<T,E>::expect::hf30557be9d9e441c
[INFO] [stdout]                                at /rustc/df4ca44d3fbc9301ee17f30f4d474e6ae4b05252/library/core/src/result.rs:1060:23
[INFO] [stdout]   20:     0x5ae1f280a565 - DcVm::classpath::class_path_manager::ClassPathManager::add_class_path::h85bed55d637715d8
[INFO] [stdout]                                at /opt/rustwide/workdir/src/classpath/class_path_manager.rs:34:18
[INFO] [stdout]   21:     0x5ae1f280a7b3 - DcVm::classpath::class_path_manager::ClassPathManager::add_class_paths::h2c11e482a836bfa7
[INFO] [stdout]                                at /opt/rustwide/workdir/src/classpath/class_path_manager.rs:51:13
[INFO] [stdout]   22:     0x5ae1f27f733c - DcVm::classpath::class_path_manager::tests::test_class_path_manager_jar::h5c404419200c82a5
[INFO] [stdout]                                at /opt/rustwide/workdir/src/classpath/class_path_manager.rs:112:9
[INFO] [stdout]   23:     0x5ae1f27f72f7 - DcVm::classpath::class_path_manager::tests::test_class_path_manager_jar::{{closure}}::hf2b3ece90551743b
[INFO] [stdout]                                at /opt/rustwide/workdir/src/classpath/class_path_manager.rs:110:37
[INFO] [stdout]   24:     0x5ae1f27fcb06 - core::ops::function::FnOnce::call_once::h3d91d527e0461a79
[INFO] [stdout]                                at /rustc/df4ca44d3fbc9301ee17f30f4d474e6ae4b05252/library/core/src/ops/function.rs:250:5
[INFO] [stdout]   25:     0x5ae1f284995b - core::ops::function::FnOnce::call_once::h22c3ba5715e93f05
[INFO] [stdout]                                at /rustc/df4ca44d3fbc9301ee17f30f4d474e6ae4b05252/library/core/src/ops/function.rs:250:5
[INFO] [stdout]   26:     0x5ae1f284995b - test::__rust_begin_short_backtrace::h8e82d8113d0da17f
[INFO] [stdout]                                at /rustc/df4ca44d3fbc9301ee17f30f4d474e6ae4b05252/library/test/src/lib.rs:621:18
[INFO] [stdout]   27:     0x5ae1f28492d7 - test::run_test_in_process::{{closure}}::h33235f4f20b7b7c7
[INFO] [stdout]                                at /rustc/df4ca44d3fbc9301ee17f30f4d474e6ae4b05252/library/test/src/lib.rs:644:60
[INFO] [stdout]   28:     0x5ae1f28492d7 - <core::panic::unwind_safe::AssertUnwindSafe<F> as core::ops::function::FnOnce<()>>::call_once::hb5043206310c586f
[INFO] [stdout]                                at /rustc/df4ca44d3fbc9301ee17f30f4d474e6ae4b05252/library/core/src/panic/unwind_safe.rs:272:9
[INFO] [stdout]   29:     0x5ae1f28492d7 - std::panicking::try::do_call::h9ad4731a60ab23e2
[INFO] [stdout]                                at /rustc/df4ca44d3fbc9301ee17f30f4d474e6ae4b05252/library/std/src/panicking.rs:557:40
[INFO] [stdout]   30:     0x5ae1f28492d7 - std::panicking::try::h3824d23db772a716
[INFO] [stdout]                                at /rustc/df4ca44d3fbc9301ee17f30f4d474e6ae4b05252/library/std/src/panicking.rs:520:19
[INFO] [stdout]   31:     0x5ae1f28492d7 - std::panic::catch_unwind::h5afd514605fde46b
[INFO] [stdout]                                at /rustc/df4ca44d3fbc9301ee17f30f4d474e6ae4b05252/library/std/src/panic.rs:358:14
[INFO] [stdout]   32:     0x5ae1f28492d7 - test::run_test_in_process::h0d5cbfa7067d1720
[INFO] [stdout]                                at /rustc/df4ca44d3fbc9301ee17f30f4d474e6ae4b05252/library/test/src/lib.rs:644:27
[INFO] [stdout]   33:     0x5ae1f28492d7 - test::run_test::{{closure}}::h708eb8872708115d
[INFO] [stdout]                                at /rustc/df4ca44d3fbc9301ee17f30f4d474e6ae4b05252/library/test/src/lib.rs:565:43
[INFO] [stdout]   34:     0x5ae1f280c9f4 - test::run_test::{{closure}}::h392c51cee94713ab
[INFO] [stdout]                                at /rustc/df4ca44d3fbc9301ee17f30f4d474e6ae4b05252/library/test/src/lib.rs:595:41
[INFO] [stdout]   35:     0x5ae1f280c9f4 - std::sys::backtrace::__rust_begin_short_backtrace::h2f40290710935a8b
[INFO] [stdout]                                at /rustc/df4ca44d3fbc9301ee17f30f4d474e6ae4b05252/library/std/src/sys/backtrace.rs:154:18
[INFO] [stdout]   36:     0x5ae1f281019e - std::thread::Builder::spawn_unchecked_::{{closure}}::{{closure}}::h3fd968d89053a903
[INFO] [stdout]                                at /rustc/df4ca44d3fbc9301ee17f30f4d474e6ae4b05252/library/std/src/thread/mod.rs:541:17
[INFO] [stdout]   37:     0x5ae1f281019e - <core::panic::unwind_safe::AssertUnwindSafe<F> as core::ops::function::FnOnce<()>>::call_once::h743f637ba4229880
[INFO] [stdout]                                at /rustc/df4ca44d3fbc9301ee17f30f4d474e6ae4b05252/library/core/src/panic/unwind_safe.rs:272:9
[INFO] [stdout]   38:     0x5ae1f281019e - std::panicking::try::do_call::h07440897322525a6
[INFO] [stdout]                                at /rustc/df4ca44d3fbc9301ee17f30f4d474e6ae4b05252/library/std/src/panicking.rs:557:40
[INFO] [stdout]   39:     0x5ae1f281019e - std::panicking::try::he5a2e00188156637
[INFO] [stdout]                                at /rustc/df4ca44d3fbc9301ee17f30f4d474e6ae4b05252/library/std/src/panicking.rs:520:19
[INFO] [stdout]   40:     0x5ae1f281019e - std::panic::catch_unwind::hbaf3cae49b3c6433
[INFO] [stdout]                                at /rustc/df4ca44d3fbc9301ee17f30f4d474e6ae4b05252/library/std/src/panic.rs:358:14
[INFO] [stdout]   41:     0x5ae1f281019e - std::thread::Builder::spawn_unchecked_::{{closure}}::h8e141ea224820bce
[INFO] [stdout]                                at /rustc/df4ca44d3fbc9301ee17f30f4d474e6ae4b05252/library/std/src/thread/mod.rs:540:30
[INFO] [stdout]   42:     0x5ae1f281019e - core::ops::function::FnOnce::call_once{{vtable.shim}}::h90d312fedd7b8ea8
[INFO] [stdout]                                at /rustc/df4ca44d3fbc9301ee17f30f4d474e6ae4b05252/library/core/src/ops/function.rs:250:5
[INFO] [stdout]   43:     0x5ae1f29723eb - <alloc::boxed::Box<F,A> as core::ops::function::FnOnce<Args>>::call_once::h69aa08ddb6adb8b6
[INFO] [stdout]                                at /rustc/df4ca44d3fbc9301ee17f30f4d474e6ae4b05252/library/alloc/src/boxed.rs:2454:9
[INFO] [stdout]   44:     0x5ae1f29723eb - <alloc::boxed::Box<F,A> as core::ops::function::FnOnce<Args>>::call_once::h5aa36efdb79c806f
[INFO] [stdout]                                at /rustc/df4ca44d3fbc9301ee17f30f4d474e6ae4b05252/library/alloc/src/boxed.rs:2454:9
[INFO] [stdout]   45:     0x5ae1f29723eb - std::sys::pal::unix::thread::Thread::new::thread_start::h6cd80a1b4be5158d
[INFO] [stdout]                                at /rustc/df4ca44d3fbc9301ee17f30f4d474e6ae4b05252/library/std/src/sys/pal/unix/thread.rs:105:17
[INFO] [stdout]   46:     0x76dfe7212ac3 - <unknown>
[INFO] [stdout]   47:     0x76dfe72a3a04 - clone
[INFO] [stdout]   48:                0x0 - <unknown>
[INFO] [stdout] 
[INFO] [stdout] 
[INFO] [stdout] failures:
[INFO] [stdout]     classpath::class_loader::tests::test_bootstrap_class_loader_array
[INFO] [stdout]     classpath::class_path_manager::tests::test_class_path_manager_jar
[INFO] [stdout] 
[INFO] [stdout] test result: FAILED. 5 passed; 2 failed; 0 ignored; 0 measured; 0 filtered out; finished in 0.02s
[INFO] [stdout] 
[INFO] [stderr] error: test failed, to rerun pass `--bin DcVm`
[INFO] running `Command { std: "docker" "inspect" "590ac62ffcb62e3048af18c8c0ce612df29830d2562baae102946838c5bb7f10", kill_on_drop: false }`
[INFO] running `Command { std: "docker" "rm" "-f" "590ac62ffcb62e3048af18c8c0ce612df29830d2562baae102946838c5bb7f10", kill_on_drop: false }`
[INFO] [stdout] 590ac62ffcb62e3048af18c8c0ce612df29830d2562baae102946838c5bb7f10
