[INFO] cloning repository https://github.com/Draculente/aoc23
[INFO] running `Command { std: "git" "-c" "credential.helper=" "-c" "credential.helper=/workspace/cargo-home/bin/git-credential-null" "clone" "--bare" "https://github.com/Draculente/aoc23" "/workspace/cache/git-repos/https%3A%2F%2Fgithub.com%2FDraculente%2Faoc23", kill_on_drop: false }`
[INFO] [stderr] Cloning into bare repository '/workspace/cache/git-repos/https%3A%2F%2Fgithub.com%2FDraculente%2Faoc23'...
[INFO] running `Command { std: "git" "rev-parse" "HEAD", kill_on_drop: false }`
[INFO] [stdout] ea021d1f30727c9cb207da81f5ae3a9f5641bb09
[INFO] testing Draculente/aoc23/ea021d1f30727c9cb207da81f5ae3a9f5641bb09 against nightly-2024-10-28+rustflags=-Zrandomize-layout for randomize-layout
[INFO] running `Command { std: "git" "clone" "/workspace/cache/git-repos/https%3A%2F%2Fgithub.com%2FDraculente%2Faoc23" "/workspace/builds/worker-7-tc2/source", kill_on_drop: false }`
[INFO] [stderr] Cloning into '/workspace/builds/worker-7-tc2/source'...
[INFO] [stderr] done.
[INFO] validating manifest of git repo https://github.com/Draculente/aoc23 on toolchain nightly-2024-10-28
[INFO] running `Command { std: CARGO_HOME="/workspace/cargo-home" RUSTUP_HOME="/workspace/rustup-home" "/workspace/cargo-home/bin/cargo" "+nightly-2024-10-28" "metadata" "--manifest-path" "Cargo.toml" "--no-deps", kill_on_drop: false }`
[INFO] started tweaking git repo https://github.com/Draculente/aoc23
[INFO] finished tweaking git repo https://github.com/Draculente/aoc23
[INFO] tweaked toml for git repo https://github.com/Draculente/aoc23 written to /workspace/builds/worker-7-tc2/source/Cargo.toml
[INFO] crate git repo https://github.com/Draculente/aoc23 already has a lockfile, it will not be regenerated
[INFO] running `Command { std: CARGO_HOME="/workspace/cargo-home" RUSTUP_HOME="/workspace/rustup-home" "/workspace/cargo-home/bin/cargo" "+nightly-2024-10-28" "fetch" "--manifest-path" "Cargo.toml", kill_on_drop: false }`
[INFO] running `Command { std: "docker" "create" "-v" "/var/lib/crater-agent-workspace/builds/worker-7-tc2/target:/opt/rustwide/target:rw,Z" "-v" "/var/lib/crater-agent-workspace/builds/worker-7-tc2/source:/opt/rustwide/workdir:ro,Z" "-v" "/var/lib/crater-agent-workspace/cargo-home:/opt/rustwide/cargo-home:ro,Z" "-v" "/var/lib/crater-agent-workspace/rustup-home:/opt/rustwide/rustup-home:ro,Z" "-e" "SOURCE_DIR=/opt/rustwide/workdir" "-e" "CARGO_TARGET_DIR=/opt/rustwide/target" "-e" "CARGO_HOME=/opt/rustwide/cargo-home" "-e" "RUSTUP_HOME=/opt/rustwide/rustup-home" "-w" "/opt/rustwide/workdir" "-m" "1610612736" "--user" "0:0" "--network" "none" "ghcr.io/rust-lang/crates-build-env/linux@sha256:4a844ea9eb2546a2d2c7022eacef16ef2e8229c7fbb2c7d4d55a9ceca922f72d" "/opt/rustwide/cargo-home/bin/cargo" "+nightly-2024-10-28" "metadata" "--no-deps" "--format-version=1", kill_on_drop: false }`
[INFO] [stdout] e0f789f3eb0e82ab94e7d896f405908bab23cd1ad1b98e04f5679a227a810f76
[INFO] running `Command { std: "docker" "start" "-a" "e0f789f3eb0e82ab94e7d896f405908bab23cd1ad1b98e04f5679a227a810f76", kill_on_drop: false }`
[INFO] running `Command { std: "docker" "inspect" "e0f789f3eb0e82ab94e7d896f405908bab23cd1ad1b98e04f5679a227a810f76", kill_on_drop: false }`
[INFO] running `Command { std: "docker" "rm" "-f" "e0f789f3eb0e82ab94e7d896f405908bab23cd1ad1b98e04f5679a227a810f76", kill_on_drop: false }`
[INFO] [stdout] e0f789f3eb0e82ab94e7d896f405908bab23cd1ad1b98e04f5679a227a810f76
[INFO] running `Command { std: "docker" "create" "-v" "/var/lib/crater-agent-workspace/builds/worker-7-tc2/target:/opt/rustwide/target:rw,Z" "-v" "/var/lib/crater-agent-workspace/builds/worker-7-tc2/source:/opt/rustwide/workdir:ro,Z" "-v" "/var/lib/crater-agent-workspace/cargo-home:/opt/rustwide/cargo-home:ro,Z" "-v" "/var/lib/crater-agent-workspace/rustup-home:/opt/rustwide/rustup-home:ro,Z" "-e" "SOURCE_DIR=/opt/rustwide/workdir" "-e" "CARGO_TARGET_DIR=/opt/rustwide/target" "-e" "CARGO_INCREMENTAL=0" "-e" "RUST_BACKTRACE=full" "-e" "RUSTFLAGS=--cap-lints=forbid -Zrandomize-layout" "-e" "RUSTDOCFLAGS=--cap-lints=forbid" "-e" "CARGO_HOME=/opt/rustwide/cargo-home" "-e" "RUSTUP_HOME=/opt/rustwide/rustup-home" "-w" "/opt/rustwide/workdir" "-m" "1610612736" "--user" "0:0" "--network" "none" "ghcr.io/rust-lang/crates-build-env/linux@sha256:4a844ea9eb2546a2d2c7022eacef16ef2e8229c7fbb2c7d4d55a9ceca922f72d" "/opt/rustwide/cargo-home/bin/cargo" "+nightly-2024-10-28" "build" "--frozen" "--message-format=json", kill_on_drop: false }`
[INFO] [stdout] c357c41a8c7022f3ea41e89185b84a5223c18e938ae20a2be6a248be38147eff
[INFO] running `Command { std: "docker" "start" "-a" "c357c41a8c7022f3ea41e89185b84a5223c18e938ae20a2be6a248be38147eff", kill_on_drop: false }`
[INFO] [stderr]    Compiling anyhow v1.0.75
[INFO] [stderr]    Compiling aoc23 v0.1.0 (/opt/rustwide/workdir)
[INFO] [stdout] warning: function `read_file` is never used
[INFO] [stdout]   --> src/main.rs:32:4
[INFO] [stdout]    |
[INFO] [stdout] 32 | fn read_file(path: &str) -> Result<Vec<String>, anyhow::Error> {
[INFO] [stdout]    |    ^^^^^^^^^
[INFO] [stdout]    |
[INFO] [stdout]    = note: `#[warn(dead_code)]` on by default
[INFO] [stdout] 
[INFO] [stdout] 
[INFO] [stdout] warning: function `part1` is never used
[INFO] [stdout]  --> src/day1/mod.rs:1:8
[INFO] [stdout]   |
[INFO] [stdout] 1 | pub fn part1(input: Vec<String>) -> Result<i32, anyhow::Error> {
[INFO] [stdout]   |        ^^^^^
[INFO] [stdout] 
[INFO] [stdout] 
[INFO] [stdout] warning: function `handle_part1_line` is never used
[INFO] [stdout]  --> src/day1/mod.rs:6:4
[INFO] [stdout]   |
[INFO] [stdout] 6 | fn handle_part1_line(line: String) -> i32 {
[INFO] [stdout]   |    ^^^^^^^^^^^^^^^^^
[INFO] [stdout] 
[INFO] [stdout] 
[INFO] [stdout] warning: function `part2` is never used
[INFO] [stdout]   --> src/day1/mod.rs:24:8
[INFO] [stdout]    |
[INFO] [stdout] 24 | pub fn part2(input: Vec<String>) -> Result<i32, anyhow::Error> {
[INFO] [stdout]    |        ^^^^^
[INFO] [stdout] 
[INFO] [stdout] 
[INFO] [stdout] warning: function `handle_part2_line` is never used
[INFO] [stdout]   --> src/day1/mod.rs:29:4
[INFO] [stdout]    |
[INFO] [stdout] 29 | fn handle_part2_line(line: String) -> i32 {
[INFO] [stdout]    |    ^^^^^^^^^^^^^^^^^
[INFO] [stdout] 
[INFO] [stdout] 
[INFO] [stdout] warning: variant `Partial` is never constructed
[INFO] [stdout]  --> src/day5/mod.rs:8:5
[INFO] [stdout]   |
[INFO] [stdout] 6 | enum RuleRange{
[INFO] [stdout]   |      --------- variant in this enum
[INFO] [stdout] 7 |     Rule(i64, i64),
[INFO] [stdout] 8 |     Partial(i64)
[INFO] [stdout]   |     ^^^^^^^
[INFO] [stdout]   |
[INFO] [stdout]   = note: `RuleRange` has derived impls for the traits `Clone` and `Debug`, but these are intentionally ignored during dead code analysis
[INFO] [stdout] 
[INFO] [stdout] 
[INFO] [stdout] warning: fields `rules` and `seeds` are never read
[INFO] [stdout]   --> src/day5/mod.rs:55:5
[INFO] [stdout]    |
[INFO] [stdout] 54 | struct Almanach {
[INFO] [stdout]    |        -------- fields in this struct
[INFO] [stdout] 55 |     rules: Arc<Rules>,
[INFO] [stdout]    |     ^^^^^
[INFO] [stdout] 56 |     seeds: Vec<i64>,
[INFO] [stdout]    |     ^^^^^
[INFO] [stdout] 
[INFO] [stdout] 
[INFO] [stdout] warning: associated items `from_file`, `run_one`, `location_from_seed`, `get_seed_ranges`, and `run_two` are never used
[INFO] [stdout]   --> src/day5/mod.rs:64:8
[INFO] [stdout]    |
[INFO] [stdout] 59 | impl Almanach {
[INFO] [stdout]    | ------------- associated items in this implementation
[INFO] [stdout] ...
[INFO] [stdout] 64 |     fn from_file(path: &str) -> anyhow::Result<Self> {
[INFO] [stdout]    |        ^^^^^^^^^
[INFO] [stdout] ...
[INFO] [stdout] 68 |     fn run_one(&self) -> Result<i64, anyhow::Error> {
[INFO] [stdout]    |        ^^^^^^^
[INFO] [stdout] ...
[INFO] [stdout] 75 |     fn location_from_seed(rules: &Rules, seed: i64) -> i64 {
[INFO] [stdout]    |        ^^^^^^^^^^^^^^^^^^
[INFO] [stdout] ...
[INFO] [stdout] 89 |     fn get_seed_ranges(&self) -> Vec<RuleRange> {
[INFO] [stdout]    |        ^^^^^^^^^^^^^^^
[INFO] [stdout] ...
[INFO] [stdout] 99 |     fn run_two(&self) -> Result<i64, anyhow::Error> {
[INFO] [stdout]    |        ^^^^^^^
[INFO] [stdout] 
[INFO] [stdout] 
[INFO] [stdout] warning: function `part_one` is never used
[INFO] [stdout]    --> src/day5/mod.rs:154:8
[INFO] [stdout]     |
[INFO] [stdout] 154 | pub fn part_one(path: &str) -> Result<i64, anyhow::Error> {
[INFO] [stdout]     |        ^^^^^^^^
[INFO] [stdout] 
[INFO] [stdout] 
[INFO] [stdout] warning: function `part_two` is never used
[INFO] [stdout]    --> src/day5/mod.rs:159:8
[INFO] [stdout]     |
[INFO] [stdout] 159 | pub fn part_two(path: &str) -> Result<i64, anyhow::Error> {
[INFO] [stdout]     |        ^^^^^^^^
[INFO] [stdout] 
[INFO] [stdout] 
[INFO] [stderr]     Finished `dev` profile [unoptimized + debuginfo] target(s) in 1.00s
[INFO] running `Command { std: "docker" "inspect" "c357c41a8c7022f3ea41e89185b84a5223c18e938ae20a2be6a248be38147eff", kill_on_drop: false }`
[INFO] running `Command { std: "docker" "rm" "-f" "c357c41a8c7022f3ea41e89185b84a5223c18e938ae20a2be6a248be38147eff", kill_on_drop: false }`
[INFO] [stdout] c357c41a8c7022f3ea41e89185b84a5223c18e938ae20a2be6a248be38147eff
[INFO] running `Command { std: "docker" "create" "-v" "/var/lib/crater-agent-workspace/builds/worker-7-tc2/target:/opt/rustwide/target:rw,Z" "-v" "/var/lib/crater-agent-workspace/builds/worker-7-tc2/source:/opt/rustwide/workdir:ro,Z" "-v" "/var/lib/crater-agent-workspace/cargo-home:/opt/rustwide/cargo-home:ro,Z" "-v" "/var/lib/crater-agent-workspace/rustup-home:/opt/rustwide/rustup-home:ro,Z" "-e" "SOURCE_DIR=/opt/rustwide/workdir" "-e" "CARGO_TARGET_DIR=/opt/rustwide/target" "-e" "CARGO_INCREMENTAL=0" "-e" "RUST_BACKTRACE=full" "-e" "RUSTFLAGS=--cap-lints=forbid -Zrandomize-layout" "-e" "RUSTDOCFLAGS=--cap-lints=forbid" "-e" "CARGO_HOME=/opt/rustwide/cargo-home" "-e" "RUSTUP_HOME=/opt/rustwide/rustup-home" "-w" "/opt/rustwide/workdir" "-m" "1610612736" "--user" "0:0" "--network" "none" "ghcr.io/rust-lang/crates-build-env/linux@sha256:4a844ea9eb2546a2d2c7022eacef16ef2e8229c7fbb2c7d4d55a9ceca922f72d" "/opt/rustwide/cargo-home/bin/cargo" "+nightly-2024-10-28" "test" "--frozen" "--no-run" "--message-format=json", kill_on_drop: false }`
[INFO] [stdout] 5c5ff0735a89245cc242cf748ef5cf2d8d63a00af844e70d8c1022ff91492f3f
[INFO] running `Command { std: "docker" "start" "-a" "5c5ff0735a89245cc242cf748ef5cf2d8d63a00af844e70d8c1022ff91492f3f", kill_on_drop: false }`
[INFO] [stderr]    Compiling aoc23 v0.1.0 (/opt/rustwide/workdir)
[INFO] [stdout] warning: function `read_file` is never used
[INFO] [stdout]   --> src/main.rs:32:4
[INFO] [stdout]    |
[INFO] [stdout] 32 | fn read_file(path: &str) -> Result<Vec<String>, anyhow::Error> {
[INFO] [stdout]    |    ^^^^^^^^^
[INFO] [stdout]    |
[INFO] [stdout]    = note: `#[warn(dead_code)]` on by default
[INFO] [stdout] 
[INFO] [stdout] 
[INFO] [stdout] warning: function `part_one` is never used
[INFO] [stdout]    --> src/day5/mod.rs:154:8
[INFO] [stdout]     |
[INFO] [stdout] 154 | pub fn part_one(path: &str) -> Result<i64, anyhow::Error> {
[INFO] [stdout]     |        ^^^^^^^^
[INFO] [stdout] 
[INFO] [stdout] 
[INFO] [stdout] warning: function `part_two` is never used
[INFO] [stdout]    --> src/day5/mod.rs:159:8
[INFO] [stdout]     |
[INFO] [stdout] 159 | pub fn part_two(path: &str) -> Result<i64, anyhow::Error> {
[INFO] [stdout]     |        ^^^^^^^^
[INFO] [stdout] 
[INFO] [stdout] 
[INFO] [stderr]     Finished `test` profile [unoptimized + debuginfo] target(s) in 0.62s
[INFO] running `Command { std: "docker" "inspect" "5c5ff0735a89245cc242cf748ef5cf2d8d63a00af844e70d8c1022ff91492f3f", kill_on_drop: false }`
[INFO] running `Command { std: "docker" "rm" "-f" "5c5ff0735a89245cc242cf748ef5cf2d8d63a00af844e70d8c1022ff91492f3f", kill_on_drop: false }`
[INFO] [stdout] 5c5ff0735a89245cc242cf748ef5cf2d8d63a00af844e70d8c1022ff91492f3f
[INFO] running `Command { std: "docker" "create" "-v" "/var/lib/crater-agent-workspace/builds/worker-7-tc2/target:/opt/rustwide/target:rw,Z" "-v" "/var/lib/crater-agent-workspace/builds/worker-7-tc2/source:/opt/rustwide/workdir:ro,Z" "-v" "/var/lib/crater-agent-workspace/cargo-home:/opt/rustwide/cargo-home:ro,Z" "-v" "/var/lib/crater-agent-workspace/rustup-home:/opt/rustwide/rustup-home:ro,Z" "-e" "SOURCE_DIR=/opt/rustwide/workdir" "-e" "CARGO_TARGET_DIR=/opt/rustwide/target" "-e" "CARGO_INCREMENTAL=0" "-e" "RUST_BACKTRACE=full" "-e" "RUSTFLAGS=--cap-lints=forbid -Zrandomize-layout" "-e" "RUSTDOCFLAGS=--cap-lints=forbid" "-e" "CARGO_HOME=/opt/rustwide/cargo-home" "-e" "RUSTUP_HOME=/opt/rustwide/rustup-home" "-w" "/opt/rustwide/workdir" "-m" "1610612736" "--user" "0:0" "--network" "none" "ghcr.io/rust-lang/crates-build-env/linux@sha256:4a844ea9eb2546a2d2c7022eacef16ef2e8229c7fbb2c7d4d55a9ceca922f72d" "/opt/rustwide/cargo-home/bin/cargo" "+nightly-2024-10-28" "test" "--frozen", kill_on_drop: false }`
[INFO] [stdout] c3472908f9766b2c9989363e30f0b8a3d3d30e324ca78d942465dde7cb8d7c35
[INFO] running `Command { std: "docker" "start" "-a" "c3472908f9766b2c9989363e30f0b8a3d3d30e324ca78d942465dde7cb8d7c35", kill_on_drop: false }`
[INFO] [stderr] warning: function `read_file` is never used
[INFO] [stderr]   --> src/main.rs:32:4
[INFO] [stderr]    |
[INFO] [stderr] 32 | fn read_file(path: &str) -> Result<Vec<String>, anyhow::Error> {
[INFO] [stderr]    |    ^^^^^^^^^
[INFO] [stderr]    |
[INFO] [stderr]    = note: `#[warn(dead_code)]` on by default
[INFO] [stderr] 
[INFO] [stderr] warning: function `part_one` is never used
[INFO] [stderr]    --> src/day5/mod.rs:154:8
[INFO] [stderr]     |
[INFO] [stderr] 154 | pub fn part_one(path: &str) -> Result<i64, anyhow::Error> {
[INFO] [stderr]     |        ^^^^^^^^
[INFO] [stderr] 
[INFO] [stderr] warning: function `part_two` is never used
[INFO] [stderr]    --> src/day5/mod.rs:159:8
[INFO] [stderr]     |
[INFO] [stderr] 159 | pub fn part_two(path: &str) -> Result<i64, anyhow::Error> {
[INFO] [stderr]     |        ^^^^^^^^
[INFO] [stderr] 
[INFO] [stderr] warning: `aoc23` (bin "aoc23" test) generated 3 warnings
[INFO] [stderr]     Finished `test` profile [unoptimized + debuginfo] target(s) in 0.02s
[INFO] [stderr]      Running unittests src/main.rs (/opt/rustwide/target/debug/deps/aoc23-ec4c6e30a96e723e)
[INFO] [stdout] 
[INFO] [stdout] running 25 tests
[INFO] [stdout] test day1::tests::aoc1_test_input_is_correct ... ok
[INFO] [stdout] test day1::tests::aoc2_test_input_is_correct ... ok
[INFO] [stdout] test day1::tests::line1_with_more_than_two_digits_is_correct ... ok
[INFO] [stdout] test day1::tests::line1_with_exactly_two_digits_is_correct ... ok
[INFO] [stdout] test day1::tests::line2_with_exactly_two_digits_is_correct ... ok
[INFO] [stdout] test day1::tests::line2_with_three_digits_is_correct ... ok
[INFO] [stdout] test day1::tests::line2_with_one_digit_is_correct ... ok
[INFO] [stdout] test day5::tests::test_insert_multiple_rule_ranges_into_map ... ok
[INFO] [stdout] test day1::tests::line1_with_only_one_digit_is_correct ... ok
[INFO] [stdout] test day5::tests::test_part_one_from_file ... ok
[INFO] [stdout] test day5::tests::test_partial_range_is_equal_to_rule_bottom_edge ... ok
[INFO] [stdout] test day5::tests::test_partial_range_is_equal_to_rule_range ... ok
[INFO] [stdout] test day5::tests::test_partial_range_is_equal_to_rule_top_edge ... ok
[INFO] [stdout] test day5::tests::test_partial_range_is_greater_than_rule_edge ... ok
[INFO] [stdout] test day5::tests::test_partial_range_is_less_than_rule_bottom_edge ... ok
[INFO] [stdout] test day5::tests::test_partial_range_is_greater_than_rule_range ... ok
[INFO] [stdout] test day5::tests::test_partial_range_is_less_than_rule_range ... ok
[INFO] [stdout] test day5::tests::test_rule_map_gets_correct_rule_range ... ok
[INFO] [stdout] test day5::tests::test_two_different_rule_ranges_are_not_equal ... ok
[INFO] [stdout] test day6::tests::test_race_has_correct_amount_of_options_2 ... ok
[INFO] [stdout] test day6::tests::test_race_has_correct_amount_of_options ... ok
[INFO] [stdout] test day6::tests::test_race_has_correct_amount_of_options_3 ... ok
[INFO] [stdout] test day6::tests::test_day6_part_one_test_data ... ok
[INFO] [stdout] test day5::tests::test_part_two_from_file ... ok
[INFO] [stdout] test day6::tests::get_solution_for_part_two ... FAILED
[INFO] [stdout] 
[INFO] [stdout] failures:
[INFO] [stdout] 
[INFO] [stdout] ---- day6::tests::get_solution_for_part_two stdout ----
[INFO] [stdout] thread 'day6::tests::get_solution_for_part_two' panicked at src/day6/mod.rs:134:9:
[INFO] [stdout] assertion `left == right` failed
[INFO] [stdout]   left: 35150181
[INFO] [stdout]  right: 9
[INFO] [stdout] stack backtrace:
[INFO] [stdout]    0:     0x5ec86565d41a - std::backtrace_rs::backtrace::libunwind::trace::h207520d6e9873551
[INFO] [stdout]                                at /rustc/df4ca44d3fbc9301ee17f30f4d474e6ae4b05252/library/std/src/../../backtrace/src/backtrace/libunwind.rs:116:5
[INFO] [stdout]    1:     0x5ec86565d41a - std::backtrace_rs::backtrace::trace_unsynchronized::h2ed7433f370e3eca
[INFO] [stdout]                                at /rustc/df4ca44d3fbc9301ee17f30f4d474e6ae4b05252/library/std/src/../../backtrace/src/backtrace/mod.rs:66:5
[INFO] [stdout]    2:     0x5ec86565d41a - std::sys::backtrace::_print_fmt::h916fac51166b18d7
[INFO] [stdout]                                at /rustc/df4ca44d3fbc9301ee17f30f4d474e6ae4b05252/library/std/src/sys/backtrace.rs:66:9
[INFO] [stdout]    3:     0x5ec86565d41a - <std::sys::backtrace::BacktraceLock::print::DisplayBacktrace as core::fmt::Display>::fmt::ha0a4c9b8ce3802e6
[INFO] [stdout]                                at /rustc/df4ca44d3fbc9301ee17f30f4d474e6ae4b05252/library/std/src/sys/backtrace.rs:39:26
[INFO] [stdout]    4:     0x5ec865683e73 - core::fmt::rt::Argument::fmt::h4cfc8587d52b3eb5
[INFO] [stdout]                                at /rustc/df4ca44d3fbc9301ee17f30f4d474e6ae4b05252/library/core/src/fmt/rt.rs:177:76
[INFO] [stdout]    5:     0x5ec865683e73 - core::fmt::write::h522cc39e5b36ae9f
[INFO] [stdout]                                at /rustc/df4ca44d3fbc9301ee17f30f4d474e6ae4b05252/library/core/src/fmt/mod.rs:1190:21
[INFO] [stdout]    6:     0x5ec865659eb3 - std::io::Write::write_fmt::h7d3c26752da97734
[INFO] [stdout]                                at /rustc/df4ca44d3fbc9301ee17f30f4d474e6ae4b05252/library/std/src/io/mod.rs:1839:15
[INFO] [stdout]    7:     0x5ec86565d262 - std::sys::backtrace::BacktraceLock::print::h4b9e00b29e9c0942
[INFO] [stdout]                                at /rustc/df4ca44d3fbc9301ee17f30f4d474e6ae4b05252/library/std/src/sys/backtrace.rs:42:9
[INFO] [stdout]    8:     0x5ec86565e8aa - std::panicking::default_hook::{{closure}}::hb59b88280d0324d9
[INFO] [stdout]                                at /rustc/df4ca44d3fbc9301ee17f30f4d474e6ae4b05252/library/std/src/panicking.rs:268:22
[INFO] [stdout]    9:     0x5ec86565e6b4 - std::panicking::default_hook::he1dd496665be4a29
[INFO] [stdout]                                at /rustc/df4ca44d3fbc9301ee17f30f4d474e6ae4b05252/library/std/src/panicking.rs:292:9
[INFO] [stdout]   10:     0x5ec86561b8b9 - <alloc::boxed::Box<F,A> as core::ops::function::Fn<Args>>::call::h4ff71de18744e1dc
[INFO] [stdout]                                at /rustc/df4ca44d3fbc9301ee17f30f4d474e6ae4b05252/library/alloc/src/boxed.rs:2468:9
[INFO] [stdout]   11:     0x5ec86561b8b9 - test::test_main::{{closure}}::hcf7c055ce117aa81
[INFO] [stdout]                                at /rustc/df4ca44d3fbc9301ee17f30f4d474e6ae4b05252/library/test/src/lib.rs:133:21
[INFO] [stdout]   12:     0x5ec86565efa8 - <alloc::boxed::Box<F,A> as core::ops::function::Fn<Args>>::call::h1d66c6bbd60c9692
[INFO] [stdout]                                at /rustc/df4ca44d3fbc9301ee17f30f4d474e6ae4b05252/library/alloc/src/boxed.rs:2468:9
[INFO] [stdout]   13:     0x5ec86565efa8 - std::panicking::rust_panic_with_hook::h2ff17fe8f26dfcf8
[INFO] [stdout]                                at /rustc/df4ca44d3fbc9301ee17f30f4d474e6ae4b05252/library/std/src/panicking.rs:809:13
[INFO] [stdout]   14:     0x5ec86565ed6a - std::panicking::begin_panic_handler::{{closure}}::h4fad77951c07e101
[INFO] [stdout]                                at /rustc/df4ca44d3fbc9301ee17f30f4d474e6ae4b05252/library/std/src/panicking.rs:674:13
[INFO] [stdout]   15:     0x5ec86565d8f9 - std::sys::backtrace::__rust_end_short_backtrace::hb1a25b3da5d0ea08
[INFO] [stdout]                                at /rustc/df4ca44d3fbc9301ee17f30f4d474e6ae4b05252/library/std/src/sys/backtrace.rs:170:18
[INFO] [stdout]   16:     0x5ec86565e9fc - rust_begin_unwind
[INFO] [stdout]                                at /rustc/df4ca44d3fbc9301ee17f30f4d474e6ae4b05252/library/std/src/panicking.rs:665:5
[INFO] [stdout]   17:     0x5ec865682520 - core::panicking::panic_fmt::ha9db07b529f9b256
[INFO] [stdout]                                at /rustc/df4ca44d3fbc9301ee17f30f4d474e6ae4b05252/library/core/src/panicking.rs:75:14
[INFO] [stdout]   18:     0x5ec8656828eb - core::panicking::assert_failed_inner::h04f38944d74a80a8
[INFO] [stdout]   19:     0x5ec8655dedaa - core::panicking::assert_failed::ha991e890ee2408bf
[INFO] [stdout]                                at /rustc/df4ca44d3fbc9301ee17f30f4d474e6ae4b05252/library/core/src/panicking.rs:377:5
[INFO] [stdout]   20:     0x5ec8655dc715 - aoc23::day6::tests::get_solution_for_part_two::hb1fccb088312d6fb
[INFO] [stdout]                                at /opt/rustwide/workdir/src/day6/mod.rs:134:9
[INFO] [stdout]   21:     0x5ec8655dc677 - aoc23::day6::tests::get_solution_for_part_two::{{closure}}::h980a716ee82f414f
[INFO] [stdout]                                at /opt/rustwide/workdir/src/day6/mod.rs:132:35
[INFO] [stdout]   22:     0x5ec8655cc7f6 - core::ops::function::FnOnce::call_once::h10099e6c023a3f71
[INFO] [stdout]                                at /rustc/df4ca44d3fbc9301ee17f30f4d474e6ae4b05252/library/core/src/ops/function.rs:250:5
[INFO] [stdout]   23:     0x5ec86562018b - core::ops::function::FnOnce::call_once::h22c3ba5715e93f05
[INFO] [stdout]                                at /rustc/df4ca44d3fbc9301ee17f30f4d474e6ae4b05252/library/core/src/ops/function.rs:250:5
[INFO] [stdout]   24:     0x5ec86562018b - test::__rust_begin_short_backtrace::h8e82d8113d0da17f
[INFO] [stdout]                                at /rustc/df4ca44d3fbc9301ee17f30f4d474e6ae4b05252/library/test/src/lib.rs:621:18
[INFO] [stdout]   25:     0x5ec86561fb07 - test::run_test_in_process::{{closure}}::h33235f4f20b7b7c7
[INFO] [stdout]                                at /rustc/df4ca44d3fbc9301ee17f30f4d474e6ae4b05252/library/test/src/lib.rs:644:60
[INFO] [stdout]   26:     0x5ec86561fb07 - <core::panic::unwind_safe::AssertUnwindSafe<F> as core::ops::function::FnOnce<()>>::call_once::hb5043206310c586f
[INFO] [stdout]                                at /rustc/df4ca44d3fbc9301ee17f30f4d474e6ae4b05252/library/core/src/panic/unwind_safe.rs:272:9
[INFO] [stdout]   27:     0x5ec86561fb07 - std::panicking::try::do_call::h9ad4731a60ab23e2
[INFO] [stdout]                                at /rustc/df4ca44d3fbc9301ee17f30f4d474e6ae4b05252/library/std/src/panicking.rs:557:40
[INFO] [stdout]   28:     0x5ec86561fb07 - std::panicking::try::h3824d23db772a716
[INFO] [stdout]                                at /rustc/df4ca44d3fbc9301ee17f30f4d474e6ae4b05252/library/std/src/panicking.rs:520:19
[INFO] [stdout]   29:     0x5ec86561fb07 - std::panic::catch_unwind::h5afd514605fde46b
[INFO] [stdout]                                at /rustc/df4ca44d3fbc9301ee17f30f4d474e6ae4b05252/library/std/src/panic.rs:358:14
[INFO] [stdout]   30:     0x5ec86561fb07 - test::run_test_in_process::h0d5cbfa7067d1720
[INFO] [stdout]                                at /rustc/df4ca44d3fbc9301ee17f30f4d474e6ae4b05252/library/test/src/lib.rs:644:27
[INFO] [stdout]   31:     0x5ec86561fb07 - test::run_test::{{closure}}::h708eb8872708115d
[INFO] [stdout]                                at /rustc/df4ca44d3fbc9301ee17f30f4d474e6ae4b05252/library/test/src/lib.rs:565:43
[INFO] [stdout]   32:     0x5ec8655e3224 - test::run_test::{{closure}}::h392c51cee94713ab
[INFO] [stdout]                                at /rustc/df4ca44d3fbc9301ee17f30f4d474e6ae4b05252/library/test/src/lib.rs:595:41
[INFO] [stdout]   33:     0x5ec8655e3224 - std::sys::backtrace::__rust_begin_short_backtrace::h2f40290710935a8b
[INFO] [stdout]                                at /rustc/df4ca44d3fbc9301ee17f30f4d474e6ae4b05252/library/std/src/sys/backtrace.rs:154:18
[INFO] [stdout]   34:     0x5ec8655e69ce - std::thread::Builder::spawn_unchecked_::{{closure}}::{{closure}}::h3fd968d89053a903
[INFO] [stdout]                                at /rustc/df4ca44d3fbc9301ee17f30f4d474e6ae4b05252/library/std/src/thread/mod.rs:541:17
[INFO] [stdout]   35:     0x5ec8655e69ce - <core::panic::unwind_safe::AssertUnwindSafe<F> as core::ops::function::FnOnce<()>>::call_once::h743f637ba4229880
[INFO] [stdout]                                at /rustc/df4ca44d3fbc9301ee17f30f4d474e6ae4b05252/library/core/src/panic/unwind_safe.rs:272:9
[INFO] [stdout]   36:     0x5ec8655e69ce - std::panicking::try::do_call::h07440897322525a6
[INFO] [stdout]                                at /rustc/df4ca44d3fbc9301ee17f30f4d474e6ae4b05252/library/std/src/panicking.rs:557:40
[INFO] [stdout]   37:     0x5ec8655e69ce - std::panicking::try::he5a2e00188156637
[INFO] [stdout]                                at /rustc/df4ca44d3fbc9301ee17f30f4d474e6ae4b05252/library/std/src/panicking.rs:520:19
[INFO] [stdout]   38:     0x5ec8655e69ce - std::panic::catch_unwind::hbaf3cae49b3c6433
[INFO] [stdout]                                at /rustc/df4ca44d3fbc9301ee17f30f4d474e6ae4b05252/library/std/src/panic.rs:358:14
[INFO] [stdout]   39:     0x5ec8655e69ce - std::thread::Builder::spawn_unchecked_::{{closure}}::h8e141ea224820bce
[INFO] [stdout]                                at /rustc/df4ca44d3fbc9301ee17f30f4d474e6ae4b05252/library/std/src/thread/mod.rs:540:30
[INFO] [stdout]   40:     0x5ec8655e69ce - core::ops::function::FnOnce::call_once{{vtable.shim}}::h90d312fedd7b8ea8
[INFO] [stdout]                                at /rustc/df4ca44d3fbc9301ee17f30f4d474e6ae4b05252/library/core/src/ops/function.rs:250:5
[INFO] [stdout]   41:     0x5ec865662d9b - <alloc::boxed::Box<F,A> as core::ops::function::FnOnce<Args>>::call_once::h69aa08ddb6adb8b6
[INFO] [stdout]                                at /rustc/df4ca44d3fbc9301ee17f30f4d474e6ae4b05252/library/alloc/src/boxed.rs:2454:9
[INFO] [stdout]   42:     0x5ec865662d9b - <alloc::boxed::Box<F,A> as core::ops::function::FnOnce<Args>>::call_once::h5aa36efdb79c806f
[INFO] [stdout]                                at /rustc/df4ca44d3fbc9301ee17f30f4d474e6ae4b05252/library/alloc/src/boxed.rs:2454:9
[INFO] [stdout]   43:     0x5ec865662d9b - std::sys::pal::unix::thread::Thread::new::thread_start::h6cd80a1b4be5158d
[INFO] [stdout]                                at /rustc/df4ca44d3fbc9301ee17f30f4d474e6ae4b05252/library/std/src/sys/pal/unix/thread.rs:105:17
[INFO] [stdout]   44:     0x71c581dfdac3 - <unknown>
[INFO] [stdout]   45:     0x71c581e8ea04 - clone
[INFO] [stdout]   46:                0x0 - <unknown>
[INFO] [stdout] 
[INFO] [stdout] 
[INFO] [stdout] failures:
[INFO] [stdout]     day6::tests::get_solution_for_part_two
[INFO] [stdout] 
[INFO] [stdout] test result: FAILED. 24 passed; 1 failed; 0 ignored; 0 measured; 0 filtered out; finished in 2.89s
[INFO] [stdout] 
[INFO] [stderr] error: test failed, to rerun pass `--bin aoc23`
[INFO] running `Command { std: "docker" "inspect" "c3472908f9766b2c9989363e30f0b8a3d3d30e324ca78d942465dde7cb8d7c35", kill_on_drop: false }`
[INFO] running `Command { std: "docker" "rm" "-f" "c3472908f9766b2c9989363e30f0b8a3d3d30e324ca78d942465dde7cb8d7c35", kill_on_drop: false }`
[INFO] [stdout] c3472908f9766b2c9989363e30f0b8a3d3d30e324ca78d942465dde7cb8d7c35
