[INFO] cloning repository https://github.com/DorianCoding/objforces
[INFO] running `Command { std: "git" "-c" "credential.helper=" "-c" "credential.helper=/workspace/cargo-home/bin/git-credential-null" "clone" "--bare" "https://github.com/DorianCoding/objforces" "/workspace/cache/git-repos/https%3A%2F%2Fgithub.com%2FDorianCoding%2Fobjforces", kill_on_drop: false }`
[INFO] [stderr] Cloning into bare repository '/workspace/cache/git-repos/https%3A%2F%2Fgithub.com%2FDorianCoding%2Fobjforces'...
[INFO] running `Command { std: "git" "rev-parse" "HEAD", kill_on_drop: false }`
[INFO] [stdout] 9db70448b91a9fb1df2c3178e39df18ce4fc4ca5
[INFO] testing DorianCoding/objforces/9db70448b91a9fb1df2c3178e39df18ce4fc4ca5 against nightly-2024-10-28+rustflags=-Zrandomize-layout for randomize-layout
[INFO] running `Command { std: "git" "clone" "/workspace/cache/git-repos/https%3A%2F%2Fgithub.com%2FDorianCoding%2Fobjforces" "/workspace/builds/worker-5-tc2/source", kill_on_drop: false }`
[INFO] [stderr] Cloning into '/workspace/builds/worker-5-tc2/source'...
[INFO] [stderr] done.
[INFO] validating manifest of git repo https://github.com/DorianCoding/objforces on toolchain nightly-2024-10-28
[INFO] running `Command { std: CARGO_HOME="/workspace/cargo-home" RUSTUP_HOME="/workspace/rustup-home" "/workspace/cargo-home/bin/cargo" "+nightly-2024-10-28" "metadata" "--manifest-path" "Cargo.toml" "--no-deps", kill_on_drop: false }`
[INFO] started tweaking git repo https://github.com/DorianCoding/objforces
[INFO] finished tweaking git repo https://github.com/DorianCoding/objforces
[INFO] tweaked toml for git repo https://github.com/DorianCoding/objforces written to /workspace/builds/worker-5-tc2/source/Cargo.toml
[INFO] crate git repo https://github.com/DorianCoding/objforces already has a lockfile, it will not be regenerated
[INFO] running `Command { std: CARGO_HOME="/workspace/cargo-home" RUSTUP_HOME="/workspace/rustup-home" "/workspace/cargo-home/bin/cargo" "+nightly-2024-10-28" "fetch" "--manifest-path" "Cargo.toml", kill_on_drop: false }`
[INFO] running `Command { std: "docker" "create" "-v" "/var/lib/crater-agent-workspace/builds/worker-5-tc2/target:/opt/rustwide/target:rw,Z" "-v" "/var/lib/crater-agent-workspace/builds/worker-5-tc2/source:/opt/rustwide/workdir:ro,Z" "-v" "/var/lib/crater-agent-workspace/cargo-home:/opt/rustwide/cargo-home:ro,Z" "-v" "/var/lib/crater-agent-workspace/rustup-home:/opt/rustwide/rustup-home:ro,Z" "-e" "SOURCE_DIR=/opt/rustwide/workdir" "-e" "CARGO_TARGET_DIR=/opt/rustwide/target" "-e" "CARGO_HOME=/opt/rustwide/cargo-home" "-e" "RUSTUP_HOME=/opt/rustwide/rustup-home" "-w" "/opt/rustwide/workdir" "-m" "1610612736" "--user" "0:0" "--network" "none" "ghcr.io/rust-lang/crates-build-env/linux@sha256:4a844ea9eb2546a2d2c7022eacef16ef2e8229c7fbb2c7d4d55a9ceca922f72d" "/opt/rustwide/cargo-home/bin/cargo" "+nightly-2024-10-28" "metadata" "--no-deps" "--format-version=1", kill_on_drop: false }`
[INFO] [stdout] 859123f7606391c13fa38c284bf50d3a5143614b9ecee6c30b2a05f3f72a9128
[INFO] running `Command { std: "docker" "start" "-a" "859123f7606391c13fa38c284bf50d3a5143614b9ecee6c30b2a05f3f72a9128", kill_on_drop: false }`
[INFO] running `Command { std: "docker" "inspect" "859123f7606391c13fa38c284bf50d3a5143614b9ecee6c30b2a05f3f72a9128", kill_on_drop: false }`
[INFO] running `Command { std: "docker" "rm" "-f" "859123f7606391c13fa38c284bf50d3a5143614b9ecee6c30b2a05f3f72a9128", kill_on_drop: false }`
[INFO] [stdout] 859123f7606391c13fa38c284bf50d3a5143614b9ecee6c30b2a05f3f72a9128
[INFO] running `Command { std: "docker" "create" "-v" "/var/lib/crater-agent-workspace/builds/worker-5-tc2/target:/opt/rustwide/target:rw,Z" "-v" "/var/lib/crater-agent-workspace/builds/worker-5-tc2/source:/opt/rustwide/workdir:ro,Z" "-v" "/var/lib/crater-agent-workspace/cargo-home:/opt/rustwide/cargo-home:ro,Z" "-v" "/var/lib/crater-agent-workspace/rustup-home:/opt/rustwide/rustup-home:ro,Z" "-e" "SOURCE_DIR=/opt/rustwide/workdir" "-e" "CARGO_TARGET_DIR=/opt/rustwide/target" "-e" "CARGO_INCREMENTAL=0" "-e" "RUST_BACKTRACE=full" "-e" "RUSTFLAGS=--cap-lints=forbid -Zrandomize-layout" "-e" "RUSTDOCFLAGS=--cap-lints=forbid" "-e" "CARGO_HOME=/opt/rustwide/cargo-home" "-e" "RUSTUP_HOME=/opt/rustwide/rustup-home" "-w" "/opt/rustwide/workdir" "-m" "1610612736" "--user" "0:0" "--network" "none" "ghcr.io/rust-lang/crates-build-env/linux@sha256:4a844ea9eb2546a2d2c7022eacef16ef2e8229c7fbb2c7d4d55a9ceca922f72d" "/opt/rustwide/cargo-home/bin/cargo" "+nightly-2024-10-28" "build" "--frozen" "--message-format=json", kill_on_drop: false }`
[INFO] [stdout] 9c559cfedfd7b7d5fa712d2bbe969a38824398717c07742481924a56435d857a
[INFO] running `Command { std: "docker" "start" "-a" "9c559cfedfd7b7d5fa712d2bbe969a38824398717c07742481924a56435d857a", kill_on_drop: false }`
[INFO] [stderr]    Compiling libm v0.2.8
[INFO] [stderr]    Compiling objforces v0.1.0 (/opt/rustwide/workdir)
[INFO] [stderr]     Finished `dev` profile [unoptimized + debuginfo] target(s) in 0.46s
[INFO] running `Command { std: "docker" "inspect" "9c559cfedfd7b7d5fa712d2bbe969a38824398717c07742481924a56435d857a", kill_on_drop: false }`
[INFO] running `Command { std: "docker" "rm" "-f" "9c559cfedfd7b7d5fa712d2bbe969a38824398717c07742481924a56435d857a", kill_on_drop: false }`
[INFO] [stdout] 9c559cfedfd7b7d5fa712d2bbe969a38824398717c07742481924a56435d857a
[INFO] running `Command { std: "docker" "create" "-v" "/var/lib/crater-agent-workspace/builds/worker-5-tc2/target:/opt/rustwide/target:rw,Z" "-v" "/var/lib/crater-agent-workspace/builds/worker-5-tc2/source:/opt/rustwide/workdir:ro,Z" "-v" "/var/lib/crater-agent-workspace/cargo-home:/opt/rustwide/cargo-home:ro,Z" "-v" "/var/lib/crater-agent-workspace/rustup-home:/opt/rustwide/rustup-home:ro,Z" "-e" "SOURCE_DIR=/opt/rustwide/workdir" "-e" "CARGO_TARGET_DIR=/opt/rustwide/target" "-e" "CARGO_INCREMENTAL=0" "-e" "RUST_BACKTRACE=full" "-e" "RUSTFLAGS=--cap-lints=forbid -Zrandomize-layout" "-e" "RUSTDOCFLAGS=--cap-lints=forbid" "-e" "CARGO_HOME=/opt/rustwide/cargo-home" "-e" "RUSTUP_HOME=/opt/rustwide/rustup-home" "-w" "/opt/rustwide/workdir" "-m" "1610612736" "--user" "0:0" "--network" "none" "ghcr.io/rust-lang/crates-build-env/linux@sha256:4a844ea9eb2546a2d2c7022eacef16ef2e8229c7fbb2c7d4d55a9ceca922f72d" "/opt/rustwide/cargo-home/bin/cargo" "+nightly-2024-10-28" "test" "--frozen" "--no-run" "--message-format=json", kill_on_drop: false }`
[INFO] [stdout] ac97bd5f4e2426737f097be8d6027a705ec75d49713fbb998f299d76614f8707
[INFO] running `Command { std: "docker" "start" "-a" "ac97bd5f4e2426737f097be8d6027a705ec75d49713fbb998f299d76614f8707", kill_on_drop: false }`
[INFO] [stderr]    Compiling objforces v0.1.0 (/opt/rustwide/workdir)
[INFO] [stderr]     Finished `test` profile [unoptimized + debuginfo] target(s) in 0.12s
[INFO] running `Command { std: "docker" "inspect" "ac97bd5f4e2426737f097be8d6027a705ec75d49713fbb998f299d76614f8707", kill_on_drop: false }`
[INFO] running `Command { std: "docker" "rm" "-f" "ac97bd5f4e2426737f097be8d6027a705ec75d49713fbb998f299d76614f8707", kill_on_drop: false }`
[INFO] [stdout] ac97bd5f4e2426737f097be8d6027a705ec75d49713fbb998f299d76614f8707
[INFO] running `Command { std: "docker" "create" "-v" "/var/lib/crater-agent-workspace/builds/worker-5-tc2/target:/opt/rustwide/target:rw,Z" "-v" "/var/lib/crater-agent-workspace/builds/worker-5-tc2/source:/opt/rustwide/workdir:ro,Z" "-v" "/var/lib/crater-agent-workspace/cargo-home:/opt/rustwide/cargo-home:ro,Z" "-v" "/var/lib/crater-agent-workspace/rustup-home:/opt/rustwide/rustup-home:ro,Z" "-e" "SOURCE_DIR=/opt/rustwide/workdir" "-e" "CARGO_TARGET_DIR=/opt/rustwide/target" "-e" "CARGO_INCREMENTAL=0" "-e" "RUST_BACKTRACE=full" "-e" "RUSTFLAGS=--cap-lints=forbid -Zrandomize-layout" "-e" "RUSTDOCFLAGS=--cap-lints=forbid" "-e" "CARGO_HOME=/opt/rustwide/cargo-home" "-e" "RUSTUP_HOME=/opt/rustwide/rustup-home" "-w" "/opt/rustwide/workdir" "-m" "1610612736" "--user" "0:0" "--network" "none" "ghcr.io/rust-lang/crates-build-env/linux@sha256:4a844ea9eb2546a2d2c7022eacef16ef2e8229c7fbb2c7d4d55a9ceca922f72d" "/opt/rustwide/cargo-home/bin/cargo" "+nightly-2024-10-28" "test" "--frozen", kill_on_drop: false }`
[INFO] [stdout] 200fd763eb7b1be2074cf645085a4b32b287367ebacd2348a63a9da664e8cc35
[INFO] running `Command { std: "docker" "start" "-a" "200fd763eb7b1be2074cf645085a4b32b287367ebacd2348a63a9da664e8cc35", kill_on_drop: false }`
[INFO] [stderr]     Finished `test` profile [unoptimized + debuginfo] target(s) in 0.00s
[INFO] [stderr]      Running unittests src/lib.rs (/opt/rustwide/target/debug/deps/objforces-d4e39359d32f591e)
[INFO] [stdout] 
[INFO] [stdout] running 1 test
[INFO] [stdout] test tests::it_works ... ok
[INFO] [stdout] 
[INFO] [stdout] test result: ok. 1 passed; 0 failed; 0 ignored; 0 measured; 0 filtered out; finished in 0.00s
[INFO] [stdout] 
[INFO] [stderr]    Doc-tests objforces
[INFO] [stdout] 
[INFO] [stdout] running 7 tests
[INFO] [stdout] test src/lib.rs - Places::new (line 55) ... FAILED
[INFO] [stdout] test src/lib.rs - Object::hitzero (line 128) ... FAILED
[INFO] [stdout] test src/lib.rs - Object::new (line 75) ... FAILED
[INFO] [stdout] test src/lib.rs - Object::hitzero (line 118) ... FAILED
[INFO] [stdout] test src/lib.rs - Object::addforce (line 173) ... FAILED
[INFO] [stdout] test src/lib.rs - Object::overtime (line 92) ... FAILED
[INFO] [stdout] test src/lib.rs - Object::transverseforce (line 201) ... FAILED
[INFO] [stdout] 
[INFO] [stdout] failures:
[INFO] [stdout] 
[INFO] [stdout] ---- src/lib.rs - Places::new (line 55) stdout ----
[INFO] [stdout] error[E0432]: unresolved import `forces`
[INFO] [stdout]  --> src/lib.rs:56:5
[INFO] [stdout]   |
[INFO] [stdout] 3 | use forces::*;
[INFO] [stdout]   |     ^^^^^^ use of undeclared crate or module `forces`
[INFO] [stdout] 
[INFO] [stdout] error: aborting due to 1 previous error
[INFO] [stdout] 
[INFO] [stdout] For more information about this error, try `rustc --explain E0432`.
[INFO] [stdout] Couldn't compile the test.
[INFO] [stdout] ---- src/lib.rs - Object::hitzero (line 128) stdout ----
[INFO] [stdout] error[E0432]: unresolved import `forces`
[INFO] [stdout]  --> src/lib.rs:129:5
[INFO] [stdout]   |
[INFO] [stdout] 3 | use forces::*;
[INFO] [stdout]   |     ^^^^^^ use of undeclared crate or module `forces`
[INFO] [stdout] 
[INFO] [stdout] error: aborting due to 1 previous error
[INFO] [stdout] 
[INFO] [stdout] For more information about this error, try `rustc --explain E0432`.
[INFO] [stdout] Couldn't compile the test.
[INFO] [stdout] ---- src/lib.rs - Object::new (line 75) stdout ----
[INFO] [stdout] error[E0432]: unresolved import `forces`
[INFO] [stdout]  --> src/lib.rs:76:5
[INFO] [stdout]   |
[INFO] [stdout] 3 | use forces::*;
[INFO] [stdout]   |     ^^^^^^ use of undeclared crate or module `forces`
[INFO] [stdout] 
[INFO] [stdout] error: aborting due to 1 previous error
[INFO] [stdout] 
[INFO] [stdout] For more information about this error, try `rustc --explain E0432`.
[INFO] [stdout] Couldn't compile the test.
[INFO] [stdout] ---- src/lib.rs - Object::hitzero (line 118) stdout ----
[INFO] [stdout] error[E0432]: unresolved import `forces`
[INFO] [stdout]  --> src/lib.rs:119:5
[INFO] [stdout]   |
[INFO] [stdout] 3 | use forces::*;
[INFO] [stdout]   |     ^^^^^^ use of undeclared crate or module `forces`
[INFO] [stdout] 
[INFO] [stdout] error: aborting due to 1 previous error
[INFO] [stdout] 
[INFO] [stdout] For more information about this error, try `rustc --explain E0432`.
[INFO] [stdout] Couldn't compile the test.
[INFO] [stdout] ---- src/lib.rs - Object::addforce (line 173) stdout ----
[INFO] [stdout] error[E0432]: unresolved import `forces`
[INFO] [stdout]  --> src/lib.rs:174:5
[INFO] [stdout]   |
[INFO] [stdout] 3 | use forces::*;
[INFO] [stdout]   |     ^^^^^^ use of undeclared crate or module `forces`
[INFO] [stdout] 
[INFO] [stdout] error: aborting due to 1 previous error
[INFO] [stdout] 
[INFO] [stdout] For more information about this error, try `rustc --explain E0432`.
[INFO] [stdout] Couldn't compile the test.
[INFO] [stdout] ---- src/lib.rs - Object::overtime (line 92) stdout ----
[INFO] [stdout] error[E0432]: unresolved import `forces`
[INFO] [stdout]  --> src/lib.rs:93:5
[INFO] [stdout]   |
[INFO] [stdout] 3 | use forces::*;
[INFO] [stdout]   |     ^^^^^^ use of undeclared crate or module `forces`
[INFO] [stdout] 
[INFO] [stdout] error: aborting due to 1 previous error
[INFO] [stdout] 
[INFO] [stdout] For more information about this error, try `rustc --explain E0432`.
[INFO] [stdout] Couldn't compile the test.
[INFO] [stdout] ---- src/lib.rs - Object::transverseforce (line 201) stdout ----
[INFO] [stdout] error[E0432]: unresolved import `forces`
[INFO] [stdout]  --> src/lib.rs:202:5
[INFO] [stdout]   |
[INFO] [stdout] 3 | use forces::*;
[INFO] [stdout]   |     ^^^^^^ use of undeclared crate or module `forces`
[INFO] [stdout] 
[INFO] [stdout] error: aborting due to 1 previous error
[INFO] [stdout] 
[INFO] [stdout] For more information about this error, try `rustc --explain E0432`.
[INFO] [stdout] Couldn't compile the test.
[INFO] [stdout] 
[INFO] [stdout] failures:
[INFO] [stdout]     src/lib.rs - Object::addforce (line 173)
[INFO] [stdout]     src/lib.rs - Object::hitzero (line 118)
[INFO] [stdout]     src/lib.rs - Object::hitzero (line 128)
[INFO] [stdout]     src/lib.rs - Object::new (line 75)
[INFO] [stdout]     src/lib.rs - Object::overtime (line 92)
[INFO] [stdout]     src/lib.rs - Object::transverseforce (line 201)
[INFO] [stdout]     src/lib.rs - Places::new (line 55)
[INFO] [stdout] 
[INFO] [stdout] test result: FAILED. 0 passed; 7 failed; 0 ignored; 0 measured; 0 filtered out; finished in 0.04s
[INFO] [stdout] 
[INFO] [stderr] error: doctest failed, to rerun pass `--doc`
[INFO] running `Command { std: "docker" "inspect" "200fd763eb7b1be2074cf645085a4b32b287367ebacd2348a63a9da664e8cc35", kill_on_drop: false }`
[INFO] running `Command { std: "docker" "rm" "-f" "200fd763eb7b1be2074cf645085a4b32b287367ebacd2348a63a9da664e8cc35", kill_on_drop: false }`
[INFO] [stdout] 200fd763eb7b1be2074cf645085a4b32b287367ebacd2348a63a9da664e8cc35
