[INFO] cloning repository https://github.com/DonPools/rust-pal
[INFO] running `Command { std: "git" "-c" "credential.helper=" "-c" "credential.helper=/workspace/cargo-home/bin/git-credential-null" "clone" "--bare" "https://github.com/DonPools/rust-pal" "/workspace/cache/git-repos/https%3A%2F%2Fgithub.com%2FDonPools%2Frust-pal", kill_on_drop: false }`
[INFO] [stderr] Cloning into bare repository '/workspace/cache/git-repos/https%3A%2F%2Fgithub.com%2FDonPools%2Frust-pal'...
[INFO] running `Command { std: "git" "rev-parse" "HEAD", kill_on_drop: false }`
[INFO] [stdout] b9f10617da573b31a834d74fa010c8c27e609eac
[INFO] testing DonPools/rust-pal/b9f10617da573b31a834d74fa010c8c27e609eac against nightly-2024-10-28 for randomize-layout
[INFO] running `Command { std: "git" "clone" "/workspace/cache/git-repos/https%3A%2F%2Fgithub.com%2FDonPools%2Frust-pal" "/workspace/builds/worker-3-tc1/source", kill_on_drop: false }`
[INFO] [stderr] Cloning into '/workspace/builds/worker-3-tc1/source'...
[INFO] [stderr] done.
[INFO] validating manifest of git repo https://github.com/DonPools/rust-pal on toolchain nightly-2024-10-28
[INFO] running `Command { std: CARGO_HOME="/workspace/cargo-home" RUSTUP_HOME="/workspace/rustup-home" "/workspace/cargo-home/bin/cargo" "+nightly-2024-10-28" "metadata" "--manifest-path" "Cargo.toml" "--no-deps", kill_on_drop: false }`
[INFO] started tweaking git repo https://github.com/DonPools/rust-pal
[INFO] finished tweaking git repo https://github.com/DonPools/rust-pal
[INFO] tweaked toml for git repo https://github.com/DonPools/rust-pal written to /workspace/builds/worker-3-tc1/source/Cargo.toml
[INFO] crate git repo https://github.com/DonPools/rust-pal already has a lockfile, it will not be regenerated
[INFO] running `Command { std: CARGO_HOME="/workspace/cargo-home" RUSTUP_HOME="/workspace/rustup-home" "/workspace/cargo-home/bin/cargo" "+nightly-2024-10-28" "fetch" "--manifest-path" "Cargo.toml", kill_on_drop: false }`
[INFO] [stderr]     Updating git repository `https://github.com/bincode-org/bincode`
[INFO] [stderr]     Updating crates.io index
[INFO] [stderr]  Downloading crates ...
[INFO] [stderr]   Downloaded chardetng v0.1.17
[INFO] [stderr]   Downloaded minifb v0.27.0
[INFO] [stderr]   Downloaded virtue v0.0.13
[INFO] running `Command { std: "docker" "create" "-v" "/var/lib/crater-agent-workspace/builds/worker-3-tc1/target:/opt/rustwide/target:rw,Z" "-v" "/var/lib/crater-agent-workspace/builds/worker-3-tc1/source:/opt/rustwide/workdir:ro,Z" "-v" "/var/lib/crater-agent-workspace/cargo-home:/opt/rustwide/cargo-home:ro,Z" "-v" "/var/lib/crater-agent-workspace/rustup-home:/opt/rustwide/rustup-home:ro,Z" "-e" "SOURCE_DIR=/opt/rustwide/workdir" "-e" "CARGO_TARGET_DIR=/opt/rustwide/target" "-e" "CARGO_HOME=/opt/rustwide/cargo-home" "-e" "RUSTUP_HOME=/opt/rustwide/rustup-home" "-w" "/opt/rustwide/workdir" "-m" "1610612736" "--user" "0:0" "--network" "none" "ghcr.io/rust-lang/crates-build-env/linux@sha256:4a844ea9eb2546a2d2c7022eacef16ef2e8229c7fbb2c7d4d55a9ceca922f72d" "/opt/rustwide/cargo-home/bin/cargo" "+nightly-2024-10-28" "metadata" "--no-deps" "--format-version=1", kill_on_drop: false }`
[INFO] [stdout] 06710ef6d25a62f999105d47c73f9c2f622de4809f2e198c6069b220767048e1
[INFO] running `Command { std: "docker" "start" "-a" "06710ef6d25a62f999105d47c73f9c2f622de4809f2e198c6069b220767048e1", kill_on_drop: false }`
[INFO] running `Command { std: "docker" "inspect" "06710ef6d25a62f999105d47c73f9c2f622de4809f2e198c6069b220767048e1", kill_on_drop: false }`
[INFO] running `Command { std: "docker" "rm" "-f" "06710ef6d25a62f999105d47c73f9c2f622de4809f2e198c6069b220767048e1", kill_on_drop: false }`
[INFO] [stdout] 06710ef6d25a62f999105d47c73f9c2f622de4809f2e198c6069b220767048e1
[INFO] running `Command { std: "docker" "create" "-v" "/var/lib/crater-agent-workspace/builds/worker-3-tc1/target:/opt/rustwide/target:rw,Z" "-v" "/var/lib/crater-agent-workspace/builds/worker-3-tc1/source:/opt/rustwide/workdir:ro,Z" "-v" "/var/lib/crater-agent-workspace/cargo-home:/opt/rustwide/cargo-home:ro,Z" "-v" "/var/lib/crater-agent-workspace/rustup-home:/opt/rustwide/rustup-home:ro,Z" "-e" "SOURCE_DIR=/opt/rustwide/workdir" "-e" "CARGO_TARGET_DIR=/opt/rustwide/target" "-e" "CARGO_INCREMENTAL=0" "-e" "RUST_BACKTRACE=full" "-e" "RUSTFLAGS=--cap-lints=forbid" "-e" "RUSTDOCFLAGS=--cap-lints=forbid" "-e" "CARGO_HOME=/opt/rustwide/cargo-home" "-e" "RUSTUP_HOME=/opt/rustwide/rustup-home" "-w" "/opt/rustwide/workdir" "-m" "1610612736" "--user" "0:0" "--network" "none" "ghcr.io/rust-lang/crates-build-env/linux@sha256:4a844ea9eb2546a2d2c7022eacef16ef2e8229c7fbb2c7d4d55a9ceca922f72d" "/opt/rustwide/cargo-home/bin/cargo" "+nightly-2024-10-28" "build" "--frozen" "--message-format=json", kill_on_drop: false }`
[INFO] [stdout] 5de638b1db16fc53802c4050fa44cba85c0e6a426ca8c5a6a2cac785bbed477d
[INFO] running `Command { std: "docker" "start" "-a" "5de638b1db16fc53802c4050fa44cba85c0e6a426ca8c5a6a2cac785bbed477d", kill_on_drop: false }`
[INFO] [stderr]    Compiling cfg-if v1.0.0
[INFO] [stderr]    Compiling libc v0.2.155
[INFO] [stderr]    Compiling proc-macro2 v1.0.86
[INFO] [stderr]    Compiling unicode-ident v1.0.12
[INFO] [stderr]    Compiling pkg-config v0.3.30
[INFO] [stderr]    Compiling xml-rs v0.8.20
[INFO] [stderr]    Compiling autocfg v1.3.0
[INFO] [stderr]    Compiling bitflags v1.3.2
[INFO] [stderr]    Compiling once_cell v1.19.0
[INFO] [stderr]    Compiling lazy_static v1.5.0
[INFO] [stderr]    Compiling smallvec v1.13.2
[INFO] [stderr]    Compiling scoped-tls v1.0.1
[INFO] [stderr]    Compiling downcast-rs v1.2.1
[INFO] [stderr]    Compiling rustix v0.38.34
[INFO] [stderr]    Compiling cc v1.1.6
[INFO] [stderr]    Compiling bitflags v2.6.0
[INFO] [stderr]    Compiling libloading v0.8.5
[INFO] [stderr]    Compiling linux-raw-sys v0.4.14
[INFO] [stderr]    Compiling fastrand v2.1.0
[INFO] [stderr]    Compiling virtue v0.0.13
[INFO] [stderr]    Compiling xcursor v0.3.6
[INFO] [stderr]    Compiling ppv-lite86 v0.2.17
[INFO] [stderr]    Compiling dlib v0.5.2
[INFO] [stderr]    Compiling encoding_rs v0.8.34
[INFO] [stderr]    Compiling raw-window-handle v0.6.2
[INFO] [stderr]    Compiling memchr v2.7.4
[INFO] [stderr]    Compiling memoffset v0.6.5
[INFO] [stderr]    Compiling wayland-sys v0.29.5
[INFO] [stderr]    Compiling x11-dl v2.21.0
[INFO] [stderr]    Compiling bincode_derive v2.0.0-rc.3 (https://github.com/bincode-org/bincode?tag=v2.0.0-rc.3#aada4bb4)
[INFO] [stderr]    Compiling quote v1.0.36
[INFO] [stderr]    Compiling wayland-scanner v0.29.5
[INFO] [stderr]    Compiling bincode v2.0.0-rc.3 (https://github.com/bincode-org/bincode?tag=v2.0.0-rc.3#aada4bb4)
[INFO] [stderr]    Compiling minifb v0.27.0
[INFO] [stderr]    Compiling chardetng v0.1.17
[INFO] [stderr]    Compiling nix v0.24.3
[INFO] [stderr]    Compiling getrandom v0.2.15
[INFO] [stderr]    Compiling rand_core v0.6.4
[INFO] [stderr]    Compiling wayland-client v0.29.5
[INFO] [stderr]    Compiling wayland-protocols v0.29.5
[INFO] [stderr]    Compiling rand_chacha v0.3.1
[INFO] [stderr]    Compiling rand v0.8.5
[INFO] [stderr]    Compiling tempfile v3.10.1
[INFO] [stderr]    Compiling wayland-commons v0.29.5
[INFO] [stderr]    Compiling wayland-cursor v0.29.5
[INFO] [stderr]    Compiling pal v0.1.0 (/opt/rustwide/workdir)
[INFO] [stdout] warning: unused variable: `data`
[INFO] [stdout]    --> src/data.rs:166:32
[INFO] [stdout]     |
[INFO] [stdout] 166 |     pub fn load(sss: &mut MKF, data: &mut MKF) -> Result<GameData> {
[INFO] [stdout]     |                                ^^^^ help: if this is intentional, prefix it with an underscore: `_data`
[INFO] [stdout]     |
[INFO] [stdout]     = note: `#[warn(unused_variables)]` on by default
[INFO] [stdout] 
[INFO] [stdout] 
[INFO] [stdout] warning: unused variable: `event_object_id`
[INFO] [stdout]  --> src/script.rs:4:64
[INFO] [stdout]   |
[INFO] [stdout] 4 |     pub fn interpret_instruction(&mut self, script_entry: u16, event_object_id: u16) -> u16 {
[INFO] [stdout]   |                                                                ^^^^^^^^^^^^^^^ help: if this is intentional, prefix it with an underscore: `_event_object_id`
[INFO] [stdout] 
[INFO] [stdout] 
[INFO] [stdout] warning: unused variable: `next_sciprt_entry`
[INFO] [stdout]    --> src/script.rs:305:13
[INFO] [stdout]     |
[INFO] [stdout] 305 |         let next_sciprt_entry = script_entry;
[INFO] [stdout]     |             ^^^^^^^^^^^^^^^^^ help: if this is intentional, prefix it with an underscore: `_next_sciprt_entry`
[INFO] [stdout] 
[INFO] [stdout] 
[INFO] [stdout] warning: variable `event_object` is assigned to, but never used
[INFO] [stdout]    --> src/script.rs:309:13
[INFO] [stdout]     |
[INFO] [stdout] 309 |         let event_object;
[INFO] [stdout]     |             ^^^^^^^^^^^^
[INFO] [stdout]     |
[INFO] [stdout]     = note: consider using `_event_object` instead
[INFO] [stdout] 
[INFO] [stdout] 
[INFO] [stdout] warning: value assigned to `event_object` is never read
[INFO] [stdout]    --> src/script.rs:312:13
[INFO] [stdout]     |
[INFO] [stdout] 312 |             event_object = &self.state.event_objects[(event_object_id as usize) - 1];
[INFO] [stdout]     |             ^^^^^^^^^^^^
[INFO] [stdout]     |
[INFO] [stdout]     = help: maybe it is overwritten before being read?
[INFO] [stdout]     = note: `#[warn(unused_assignments)]` on by default
[INFO] [stdout] 
[INFO] [stdout] 
[INFO] [stdout] warning: value assigned to `script_entry` is never read
[INFO] [stdout]    --> src/script.rs:354:21
[INFO] [stdout]     |
[INFO] [stdout] 354 |                     script_entry = self.interpret_instruction(script_entry, event_object_id);
[INFO] [stdout]     |                     ^^^^^^^^^^^^
[INFO] [stdout]     |
[INFO] [stdout]     = help: maybe it is overwritten before being read?
[INFO] [stdout] 
[INFO] [stdout] 
[INFO] [stdout] warning: constant `BITMAPNUM_SPLASH_UP` is never used
[INFO] [stdout]   --> src/game.rs:17:7
[INFO] [stdout]    |
[INFO] [stdout] 17 | const BITMAPNUM_SPLASH_UP: u32 = 0x26;
[INFO] [stdout]    |       ^^^^^^^^^^^^^^^^^^^
[INFO] [stdout]    |
[INFO] [stdout]    = note: `#[warn(dead_code)]` on by default
[INFO] [stdout] 
[INFO] [stdout] 
[INFO] [stdout] warning: constant `BITMAPNUM_SPLASH_DOWN` is never used
[INFO] [stdout]   --> src/game.rs:18:7
[INFO] [stdout]    |
[INFO] [stdout] 18 | const BITMAPNUM_SPLASH_DOWN: u32 = 0x27;
[INFO] [stdout]    |       ^^^^^^^^^^^^^^^^^^^^^
[INFO] [stdout] 
[INFO] [stdout] 
[INFO] [stdout] warning: constant `SPRITENUM_SPLASH_TITLE` is never used
[INFO] [stdout]   --> src/game.rs:21:7
[INFO] [stdout]    |
[INFO] [stdout] 21 | const SPRITENUM_SPLASH_TITLE: u32 = 0x47;
[INFO] [stdout]    |       ^^^^^^^^^^^^^^^^^^^^^^
[INFO] [stdout] 
[INFO] [stdout] 
[INFO] [stdout] warning: constant `SPRITENUM_SPLASH_CRANE` is never used
[INFO] [stdout]   --> src/game.rs:22:7
[INFO] [stdout]    |
[INFO] [stdout] 22 | const SPRITENUM_SPLASH_CRANE: u32 = 0x49;
[INFO] [stdout]    |       ^^^^^^^^^^^^^^^^^^^^^^
[INFO] [stdout] 
[INFO] [stdout] 
[INFO] [stdout] warning: constant `NUM_RIX_TITLE` is never used
[INFO] [stdout]   --> src/game.rs:25:7
[INFO] [stdout]    |
[INFO] [stdout] 25 | const NUM_RIX_TITLE: u32 = 0x05;
[INFO] [stdout]    |       ^^^^^^^^^^^^^
[INFO] [stdout] 
[INFO] [stdout] 
[INFO] [stdout] warning: methods `trademark_screen`, `splash_screen`, and `opening_menu_screen` are never used
[INFO] [stdout]    --> src/game.rs:98:8
[INFO] [stdout]     |
[INFO] [stdout] 44  | impl Game {
[INFO] [stdout]     | --------- methods in this implementation
[INFO] [stdout] ...
[INFO] [stdout] 98  |     fn trademark_screen(&mut self) -> Result<()> {
[INFO] [stdout]     |        ^^^^^^^^^^^^^^^^
[INFO] [stdout] ...
[INFO] [stdout] 103 |     fn splash_screen(&mut self) -> Result<()> {
[INFO] [stdout]     |        ^^^^^^^^^^^^^
[INFO] [stdout] ...
[INFO] [stdout] 215 |     fn opening_menu_screen(&mut self) -> Result<()> {
[INFO] [stdout]     |        ^^^^^^^^^^^^^^^^^^^
[INFO] [stdout] 
[INFO] [stdout] 
[INFO] [stdout] warning: fields `compressed_length` and `unknown` are never read
[INFO] [stdout]  --> src/mkf/decompress.rs:5:5
[INFO] [stdout]   |
[INFO] [stdout] 2 | struct YJ1Header {
[INFO] [stdout]   |        --------- fields in this struct
[INFO] [stdout] ...
[INFO] [stdout] 5 |     compressed_length: u32,
[INFO] [stdout]   |     ^^^^^^^^^^^^^^^^^
[INFO] [stdout] 6 |     block_count: u16,
[INFO] [stdout] 7 |     unknown: u8,
[INFO] [stdout]   |     ^^^^^^^
[INFO] [stdout]   |
[INFO] [stdout]   = note: `YJ1Header` has a derived impl for the trait `Debug`, but this is intentionally ignored during dead code analysis
[INFO] [stdout] 
[INFO] [stdout] 
[INFO] [stderr]     Finished `dev` profile [unoptimized + debuginfo] target(s) in 37.70s
[INFO] running `Command { std: "docker" "inspect" "5de638b1db16fc53802c4050fa44cba85c0e6a426ca8c5a6a2cac785bbed477d", kill_on_drop: false }`
[INFO] running `Command { std: "docker" "rm" "-f" "5de638b1db16fc53802c4050fa44cba85c0e6a426ca8c5a6a2cac785bbed477d", kill_on_drop: false }`
[INFO] [stdout] 5de638b1db16fc53802c4050fa44cba85c0e6a426ca8c5a6a2cac785bbed477d
[INFO] running `Command { std: "docker" "create" "-v" "/var/lib/crater-agent-workspace/builds/worker-3-tc1/target:/opt/rustwide/target:rw,Z" "-v" "/var/lib/crater-agent-workspace/builds/worker-3-tc1/source:/opt/rustwide/workdir:ro,Z" "-v" "/var/lib/crater-agent-workspace/cargo-home:/opt/rustwide/cargo-home:ro,Z" "-v" "/var/lib/crater-agent-workspace/rustup-home:/opt/rustwide/rustup-home:ro,Z" "-e" "SOURCE_DIR=/opt/rustwide/workdir" "-e" "CARGO_TARGET_DIR=/opt/rustwide/target" "-e" "CARGO_INCREMENTAL=0" "-e" "RUST_BACKTRACE=full" "-e" "RUSTFLAGS=--cap-lints=forbid" "-e" "RUSTDOCFLAGS=--cap-lints=forbid" "-e" "CARGO_HOME=/opt/rustwide/cargo-home" "-e" "RUSTUP_HOME=/opt/rustwide/rustup-home" "-w" "/opt/rustwide/workdir" "-m" "1610612736" "--user" "0:0" "--network" "none" "ghcr.io/rust-lang/crates-build-env/linux@sha256:4a844ea9eb2546a2d2c7022eacef16ef2e8229c7fbb2c7d4d55a9ceca922f72d" "/opt/rustwide/cargo-home/bin/cargo" "+nightly-2024-10-28" "test" "--frozen" "--no-run" "--message-format=json", kill_on_drop: false }`
[INFO] [stdout] f27593b6b339f59062313074d901a33a0885cf7a67da7bc3cf1881c2490d79c3
[INFO] running `Command { std: "docker" "start" "-a" "f27593b6b339f59062313074d901a33a0885cf7a67da7bc3cf1881c2490d79c3", kill_on_drop: false }`
[INFO] [stdout] warning: unused variable: `data`
[INFO] [stdout]    --> src/data.rs:166:32
[INFO] [stdout]     |
[INFO] [stdout] 166 |     pub fn load(sss: &mut MKF, data: &mut MKF) -> Result<GameData> {
[INFO] [stdout]     |                                ^^^^ help: if this is intentional, prefix it with an underscore: `_data`
[INFO] [stdout]     |
[INFO] [stdout]     = note: `#[warn(unused_variables)]` on by default
[INFO] [stdout] 
[INFO] [stdout] 
[INFO] [stdout] warning: unused variable: `event_object_id`
[INFO] [stdout]  --> src/script.rs:4:64
[INFO] [stdout]   |
[INFO] [stdout] 4 |     pub fn interpret_instruction(&mut self, script_entry: u16, event_object_id: u16) -> u16 {
[INFO] [stdout]   |                                                                ^^^^^^^^^^^^^^^ help: if this is intentional, prefix it with an underscore: `_event_object_id`
[INFO] [stdout] 
[INFO] [stdout] 
[INFO] [stdout] warning: unused variable: `next_sciprt_entry`
[INFO] [stdout]    --> src/script.rs:305:13
[INFO] [stdout]     |
[INFO] [stdout] 305 |         let next_sciprt_entry = script_entry;
[INFO] [stdout]     |             ^^^^^^^^^^^^^^^^^ help: if this is intentional, prefix it with an underscore: `_next_sciprt_entry`
[INFO] [stdout] 
[INFO] [stdout] 
[INFO] [stdout] warning: variable `event_object` is assigned to, but never used
[INFO] [stdout]    --> src/script.rs:309:13
[INFO] [stdout]     |
[INFO] [stdout] 309 |         let event_object;
[INFO] [stdout]     |             ^^^^^^^^^^^^
[INFO] [stdout]     |
[INFO] [stdout]     = note: consider using `_event_object` instead
[INFO] [stdout] 
[INFO] [stdout] 
[INFO] [stdout] warning: value assigned to `event_object` is never read
[INFO] [stdout]    --> src/script.rs:312:13
[INFO] [stdout]     |
[INFO] [stdout] 312 |             event_object = &self.state.event_objects[(event_object_id as usize) - 1];
[INFO] [stdout]     |             ^^^^^^^^^^^^
[INFO] [stdout]     |
[INFO] [stdout]     = help: maybe it is overwritten before being read?
[INFO] [stdout]     = note: `#[warn(unused_assignments)]` on by default
[INFO] [stdout] 
[INFO] [stdout] 
[INFO] [stdout] warning: value assigned to `script_entry` is never read
[INFO] [stdout]    --> src/script.rs:354:21
[INFO] [stdout]     |
[INFO] [stdout] 354 |                     script_entry = self.interpret_instruction(script_entry, event_object_id);
[INFO] [stdout]     |                     ^^^^^^^^^^^^
[INFO] [stdout]     |
[INFO] [stdout]     = help: maybe it is overwritten before being read?
[INFO] [stdout] 
[INFO] [stdout] 
[INFO] [stdout] warning: constant `BITMAPNUM_SPLASH_UP` is never used
[INFO] [stdout]   --> src/game.rs:17:7
[INFO] [stdout]    |
[INFO] [stdout] 17 | const BITMAPNUM_SPLASH_UP: u32 = 0x26;
[INFO] [stdout]    |       ^^^^^^^^^^^^^^^^^^^
[INFO] [stdout]    |
[INFO] [stdout]    = note: `#[warn(dead_code)]` on by default
[INFO] [stdout] 
[INFO] [stdout] 
[INFO] [stdout] warning: constant `BITMAPNUM_SPLASH_DOWN` is never used
[INFO] [stdout]   --> src/game.rs:18:7
[INFO] [stdout]    |
[INFO] [stdout] 18 | const BITMAPNUM_SPLASH_DOWN: u32 = 0x27;
[INFO] [stdout]    |       ^^^^^^^^^^^^^^^^^^^^^
[INFO] [stdout] 
[INFO] [stdout] 
[INFO] [stdout] warning: constant `SPRITENUM_SPLASH_TITLE` is never used
[INFO] [stdout]   --> src/game.rs:21:7
[INFO] [stdout]    |
[INFO] [stdout] 21 | const SPRITENUM_SPLASH_TITLE: u32 = 0x47;
[INFO] [stdout]    |       ^^^^^^^^^^^^^^^^^^^^^^
[INFO] [stdout] 
[INFO] [stdout] 
[INFO] [stdout] warning: constant `SPRITENUM_SPLASH_CRANE` is never used
[INFO] [stdout]   --> src/game.rs:22:7
[INFO] [stdout]    |
[INFO] [stdout] 22 | const SPRITENUM_SPLASH_CRANE: u32 = 0x49;
[INFO] [stdout]    |       ^^^^^^^^^^^^^^^^^^^^^^
[INFO] [stdout] 
[INFO] [stdout] 
[INFO] [stdout] warning: constant `NUM_RIX_TITLE` is never used
[INFO] [stdout]   --> src/game.rs:25:7
[INFO] [stdout]    |
[INFO] [stdout] 25 | const NUM_RIX_TITLE: u32 = 0x05;
[INFO] [stdout]    |       ^^^^^^^^^^^^^
[INFO] [stdout] 
[INFO] [stdout] 
[INFO] [stdout] warning: methods `trademark_screen`, `splash_screen`, and `opening_menu_screen` are never used
[INFO] [stdout]    --> src/game.rs:98:8
[INFO] [stdout]     |
[INFO] [stdout] 44  | impl Game {
[INFO] [stdout]     | --------- methods in this implementation
[INFO] [stdout] ...
[INFO] [stdout] 98  |     fn trademark_screen(&mut self) -> Result<()> {
[INFO] [stdout]     |        ^^^^^^^^^^^^^^^^
[INFO] [stdout] ...
[INFO] [stdout] 103 |     fn splash_screen(&mut self) -> Result<()> {
[INFO] [stdout]     |        ^^^^^^^^^^^^^
[INFO] [stdout] ...
[INFO] [stdout] 215 |     fn opening_menu_screen(&mut self) -> Result<()> {
[INFO] [stdout]     |        ^^^^^^^^^^^^^^^^^^^
[INFO] [stdout] 
[INFO] [stdout] 
[INFO] [stdout] warning: fields `compressed_length` and `unknown` are never read
[INFO] [stdout]  --> src/mkf/decompress.rs:5:5
[INFO] [stdout]   |
[INFO] [stdout] 2 | struct YJ1Header {
[INFO] [stdout]   |        --------- fields in this struct
[INFO] [stdout] ...
[INFO] [stdout] 5 |     compressed_length: u32,
[INFO] [stdout]   |     ^^^^^^^^^^^^^^^^^
[INFO] [stdout] 6 |     block_count: u16,
[INFO] [stdout] 7 |     unknown: u8,
[INFO] [stdout]   |     ^^^^^^^
[INFO] [stdout]   |
[INFO] [stdout]   = note: `YJ1Header` has a derived impl for the trait `Debug`, but this is intentionally ignored during dead code analysis
[INFO] [stdout] 
[INFO] [stdout] 
[INFO] [stderr]    Compiling pal v0.1.0 (/opt/rustwide/workdir)
[INFO] [stdout] warning: unused variable: `data`
[INFO] [stdout]    --> src/data.rs:166:32
[INFO] [stdout]     |
[INFO] [stdout] 166 |     pub fn load(sss: &mut MKF, data: &mut MKF) -> Result<GameData> {
[INFO] [stdout]     |                                ^^^^ help: if this is intentional, prefix it with an underscore: `_data`
[INFO] [stdout]     |
[INFO] [stdout]     = note: `#[warn(unused_variables)]` on by default
[INFO] [stdout] 
[INFO] [stdout] 
[INFO] [stdout] warning: unused variable: `event_object_id`
[INFO] [stdout]  --> src/script.rs:4:64
[INFO] [stdout]   |
[INFO] [stdout] 4 |     pub fn interpret_instruction(&mut self, script_entry: u16, event_object_id: u16) -> u16 {
[INFO] [stdout]   |                                                                ^^^^^^^^^^^^^^^ help: if this is intentional, prefix it with an underscore: `_event_object_id`
[INFO] [stdout] 
[INFO] [stdout] 
[INFO] [stdout] warning: unused variable: `next_sciprt_entry`
[INFO] [stdout]    --> src/script.rs:305:13
[INFO] [stdout]     |
[INFO] [stdout] 305 |         let next_sciprt_entry = script_entry;
[INFO] [stdout]     |             ^^^^^^^^^^^^^^^^^ help: if this is intentional, prefix it with an underscore: `_next_sciprt_entry`
[INFO] [stdout] 
[INFO] [stdout] 
[INFO] [stdout] warning: variable `event_object` is assigned to, but never used
[INFO] [stdout]    --> src/script.rs:309:13
[INFO] [stdout]     |
[INFO] [stdout] 309 |         let event_object;
[INFO] [stdout]     |             ^^^^^^^^^^^^
[INFO] [stdout]     |
[INFO] [stdout]     = note: consider using `_event_object` instead
[INFO] [stdout] 
[INFO] [stdout] 
[INFO] [stdout] warning: value assigned to `event_object` is never read
[INFO] [stdout]    --> src/script.rs:312:13
[INFO] [stdout]     |
[INFO] [stdout] 312 |             event_object = &self.state.event_objects[(event_object_id as usize) - 1];
[INFO] [stdout]     |             ^^^^^^^^^^^^
[INFO] [stdout]     |
[INFO] [stdout]     = help: maybe it is overwritten before being read?
[INFO] [stdout]     = note: `#[warn(unused_assignments)]` on by default
[INFO] [stdout] 
[INFO] [stdout] 
[INFO] [stdout] warning: value assigned to `script_entry` is never read
[INFO] [stdout]    --> src/script.rs:354:21
[INFO] [stdout]     |
[INFO] [stdout] 354 |                     script_entry = self.interpret_instruction(script_entry, event_object_id);
[INFO] [stdout]     |                     ^^^^^^^^^^^^
[INFO] [stdout]     |
[INFO] [stdout]     = help: maybe it is overwritten before being read?
[INFO] [stdout] 
[INFO] [stdout] 
[INFO] [stdout] warning: constant `BITMAPNUM_SPLASH_UP` is never used
[INFO] [stdout]   --> src/game.rs:17:7
[INFO] [stdout]    |
[INFO] [stdout] 17 | const BITMAPNUM_SPLASH_UP: u32 = 0x26;
[INFO] [stdout]    |       ^^^^^^^^^^^^^^^^^^^
[INFO] [stdout]    |
[INFO] [stdout]    = note: `#[warn(dead_code)]` on by default
[INFO] [stdout] 
[INFO] [stdout] 
[INFO] [stdout] warning: constant `BITMAPNUM_SPLASH_DOWN` is never used
[INFO] [stdout]   --> src/game.rs:18:7
[INFO] [stdout]    |
[INFO] [stdout] 18 | const BITMAPNUM_SPLASH_DOWN: u32 = 0x27;
[INFO] [stdout]    |       ^^^^^^^^^^^^^^^^^^^^^
[INFO] [stdout] 
[INFO] [stdout] 
[INFO] [stdout] warning: constant `SPRITENUM_SPLASH_TITLE` is never used
[INFO] [stdout]   --> src/game.rs:21:7
[INFO] [stdout]    |
[INFO] [stdout] 21 | const SPRITENUM_SPLASH_TITLE: u32 = 0x47;
[INFO] [stdout]    |       ^^^^^^^^^^^^^^^^^^^^^^
[INFO] [stdout] 
[INFO] [stdout] 
[INFO] [stdout] warning: constant `SPRITENUM_SPLASH_CRANE` is never used
[INFO] [stdout]   --> src/game.rs:22:7
[INFO] [stdout]    |
[INFO] [stdout] 22 | const SPRITENUM_SPLASH_CRANE: u32 = 0x49;
[INFO] [stdout]    |       ^^^^^^^^^^^^^^^^^^^^^^
[INFO] [stdout] 
[INFO] [stdout] 
[INFO] [stdout] warning: constant `NUM_RIX_TITLE` is never used
[INFO] [stdout]   --> src/game.rs:25:7
[INFO] [stdout]    |
[INFO] [stdout] 25 | const NUM_RIX_TITLE: u32 = 0x05;
[INFO] [stdout]    |       ^^^^^^^^^^^^^
[INFO] [stdout] 
[INFO] [stdout] 
[INFO] [stdout] warning: methods `trademark_screen`, `splash_screen`, and `opening_menu_screen` are never used
[INFO] [stdout]    --> src/game.rs:98:8
[INFO] [stdout]     |
[INFO] [stdout] 44  | impl Game {
[INFO] [stdout]     | --------- methods in this implementation
[INFO] [stdout] ...
[INFO] [stdout] 98  |     fn trademark_screen(&mut self) -> Result<()> {
[INFO] [stdout]     |        ^^^^^^^^^^^^^^^^
[INFO] [stdout] ...
[INFO] [stdout] 103 |     fn splash_screen(&mut self) -> Result<()> {
[INFO] [stdout]     |        ^^^^^^^^^^^^^
[INFO] [stdout] ...
[INFO] [stdout] 215 |     fn opening_menu_screen(&mut self) -> Result<()> {
[INFO] [stdout]     |        ^^^^^^^^^^^^^^^^^^^
[INFO] [stdout] 
[INFO] [stdout] 
[INFO] [stdout] warning: fields `compressed_length` and `unknown` are never read
[INFO] [stdout]  --> src/mkf/decompress.rs:5:5
[INFO] [stdout]   |
[INFO] [stdout] 2 | struct YJ1Header {
[INFO] [stdout]   |        --------- fields in this struct
[INFO] [stdout] ...
[INFO] [stdout] 5 |     compressed_length: u32,
[INFO] [stdout]   |     ^^^^^^^^^^^^^^^^^
[INFO] [stdout] 6 |     block_count: u16,
[INFO] [stdout] 7 |     unknown: u8,
[INFO] [stdout]   |     ^^^^^^^
[INFO] [stdout]   |
[INFO] [stdout]   = note: `YJ1Header` has a derived impl for the trait `Debug`, but this is intentionally ignored during dead code analysis
[INFO] [stdout] 
[INFO] [stdout] 
[INFO] [stderr]     Finished `test` profile [unoptimized + debuginfo] target(s) in 0.37s
[INFO] running `Command { std: "docker" "inspect" "f27593b6b339f59062313074d901a33a0885cf7a67da7bc3cf1881c2490d79c3", kill_on_drop: false }`
[INFO] running `Command { std: "docker" "rm" "-f" "f27593b6b339f59062313074d901a33a0885cf7a67da7bc3cf1881c2490d79c3", kill_on_drop: false }`
[INFO] [stdout] f27593b6b339f59062313074d901a33a0885cf7a67da7bc3cf1881c2490d79c3
[INFO] running `Command { std: "docker" "create" "-v" "/var/lib/crater-agent-workspace/builds/worker-3-tc1/target:/opt/rustwide/target:rw,Z" "-v" "/var/lib/crater-agent-workspace/builds/worker-3-tc1/source:/opt/rustwide/workdir:ro,Z" "-v" "/var/lib/crater-agent-workspace/cargo-home:/opt/rustwide/cargo-home:ro,Z" "-v" "/var/lib/crater-agent-workspace/rustup-home:/opt/rustwide/rustup-home:ro,Z" "-e" "SOURCE_DIR=/opt/rustwide/workdir" "-e" "CARGO_TARGET_DIR=/opt/rustwide/target" "-e" "CARGO_INCREMENTAL=0" "-e" "RUST_BACKTRACE=full" "-e" "RUSTFLAGS=--cap-lints=forbid" "-e" "RUSTDOCFLAGS=--cap-lints=forbid" "-e" "CARGO_HOME=/opt/rustwide/cargo-home" "-e" "RUSTUP_HOME=/opt/rustwide/rustup-home" "-w" "/opt/rustwide/workdir" "-m" "1610612736" "--user" "0:0" "--network" "none" "ghcr.io/rust-lang/crates-build-env/linux@sha256:4a844ea9eb2546a2d2c7022eacef16ef2e8229c7fbb2c7d4d55a9ceca922f72d" "/opt/rustwide/cargo-home/bin/cargo" "+nightly-2024-10-28" "test" "--frozen", kill_on_drop: false }`
[INFO] [stdout] 32dbaad21aec300bd81ea75187c3c71b1cf17a156f646d1cb79a7e37a301e549
[INFO] running `Command { std: "docker" "start" "-a" "32dbaad21aec300bd81ea75187c3c71b1cf17a156f646d1cb79a7e37a301e549", kill_on_drop: false }`
[INFO] [stderr] warning: unused variable: `data`
[INFO] [stderr]    --> src/data.rs:166:32
[INFO] [stderr]     |
[INFO] [stderr] 166 |     pub fn load(sss: &mut MKF, data: &mut MKF) -> Result<GameData> {
[INFO] [stderr]     |                                ^^^^ help: if this is intentional, prefix it with an underscore: `_data`
[INFO] [stderr]     |
[INFO] [stderr]     = note: `#[warn(unused_variables)]` on by default
[INFO] [stderr] 
[INFO] [stderr] warning: unused variable: `event_object_id`
[INFO] [stderr]  --> src/script.rs:4:64
[INFO] [stderr]   |
[INFO] [stderr] 4 |     pub fn interpret_instruction(&mut self, script_entry: u16, event_object_id: u16) -> u16 {
[INFO] [stderr]   |                                                                ^^^^^^^^^^^^^^^ help: if this is intentional, prefix it with an underscore: `_event_object_id`
[INFO] [stderr] 
[INFO] [stderr] warning: unused variable: `next_sciprt_entry`
[INFO] [stderr]    --> src/script.rs:305:13
[INFO] [stderr]     |
[INFO] [stderr] 305 |         let next_sciprt_entry = script_entry;
[INFO] [stderr]     |             ^^^^^^^^^^^^^^^^^ help: if this is intentional, prefix it with an underscore: `_next_sciprt_entry`
[INFO] [stderr] 
[INFO] [stderr] warning: variable `event_object` is assigned to, but never used
[INFO] [stderr]    --> src/script.rs:309:13
[INFO] [stderr]     |
[INFO] [stderr] 309 |         let event_object;
[INFO] [stderr]     |             ^^^^^^^^^^^^
[INFO] [stderr]     |
[INFO] [stderr]     = note: consider using `_event_object` instead
[INFO] [stderr] 
[INFO] [stderr] warning: value assigned to `event_object` is never read
[INFO] [stderr]    --> src/script.rs:312:13
[INFO] [stderr]     |
[INFO] [stderr] 312 |             event_object = &self.state.event_objects[(event_object_id as usize) - 1];
[INFO] [stderr]     |             ^^^^^^^^^^^^
[INFO] [stderr]     |
[INFO] [stderr]     = help: maybe it is overwritten before being read?
[INFO] [stderr]     = note: `#[warn(unused_assignments)]` on by default
[INFO] [stderr] 
[INFO] [stderr] warning: value assigned to `script_entry` is never read
[INFO] [stderr]    --> src/script.rs:354:21
[INFO] [stderr]     |
[INFO] [stderr] 354 |                     script_entry = self.interpret_instruction(script_entry, event_object_id);
[INFO] [stderr]     |                     ^^^^^^^^^^^^
[INFO] [stderr]     |
[INFO] [stderr]     = help: maybe it is overwritten before being read?
[INFO] [stderr] 
[INFO] [stderr] warning: constant `BITMAPNUM_SPLASH_UP` is never used
[INFO] [stderr]   --> src/game.rs:17:7
[INFO] [stderr]    |
[INFO] [stderr] 17 | const BITMAPNUM_SPLASH_UP: u32 = 0x26;
[INFO] [stderr]    |       ^^^^^^^^^^^^^^^^^^^
[INFO] [stderr]    |
[INFO] [stderr]    = note: `#[warn(dead_code)]` on by default
[INFO] [stderr] 
[INFO] [stderr] warning: constant `BITMAPNUM_SPLASH_DOWN` is never used
[INFO] [stderr]   --> src/game.rs:18:7
[INFO] [stderr]    |
[INFO] [stderr] 18 | const BITMAPNUM_SPLASH_DOWN: u32 = 0x27;
[INFO] [stderr]    |       ^^^^^^^^^^^^^^^^^^^^^
[INFO] [stderr] 
[INFO] [stderr] warning: constant `SPRITENUM_SPLASH_TITLE` is never used
[INFO] [stderr]   --> src/game.rs:21:7
[INFO] [stderr]    |
[INFO] [stderr] 21 | const SPRITENUM_SPLASH_TITLE: u32 = 0x47;
[INFO] [stderr]    |       ^^^^^^^^^^^^^^^^^^^^^^
[INFO] [stderr] 
[INFO] [stderr] warning: constant `SPRITENUM_SPLASH_CRANE` is never used
[INFO] [stderr]   --> src/game.rs:22:7
[INFO] [stderr]    |
[INFO] [stderr] 22 | const SPRITENUM_SPLASH_CRANE: u32 = 0x49;
[INFO] [stderr]    |       ^^^^^^^^^^^^^^^^^^^^^^
[INFO] [stderr] 
[INFO] [stderr] warning: constant `NUM_RIX_TITLE` is never used
[INFO] [stderr]   --> src/game.rs:25:7
[INFO] [stderr]    |
[INFO] [stderr] 25 | const NUM_RIX_TITLE: u32 = 0x05;
[INFO] [stderr]    |       ^^^^^^^^^^^^^
[INFO] [stderr] 
[INFO] [stderr] warning: methods `trademark_screen`, `splash_screen`, and `opening_menu_screen` are never used
[INFO] [stderr]    --> src/game.rs:98:8
[INFO] [stderr]     |
[INFO] [stderr] 44  | impl Game {
[INFO] [stderr]     | --------- methods in this implementation
[INFO] [stderr] ...
[INFO] [stderr] 98  |     fn trademark_screen(&mut self) -> Result<()> {
[INFO] [stderr]     |        ^^^^^^^^^^^^^^^^
[INFO] [stderr] ...
[INFO] [stderr] 103 |     fn splash_screen(&mut self) -> Result<()> {
[INFO] [stderr]     |        ^^^^^^^^^^^^^
[INFO] [stderr] ...
[INFO] [stderr] 215 |     fn opening_menu_screen(&mut self) -> Result<()> {
[INFO] [stderr]     |        ^^^^^^^^^^^^^^^^^^^
[INFO] [stderr] 
[INFO] [stderr] warning: fields `compressed_length` and `unknown` are never read
[INFO] [stderr]  --> src/mkf/decompress.rs:5:5
[INFO] [stderr]   |
[INFO] [stderr] 2 | struct YJ1Header {
[INFO] [stderr]   |        --------- fields in this struct
[INFO] [stderr] ...
[INFO] [stderr] 5 |     compressed_length: u32,
[INFO] [stderr]   |     ^^^^^^^^^^^^^^^^^
[INFO] [stderr] 6 |     block_count: u16,
[INFO] [stderr] 7 |     unknown: u8,
[INFO] [stderr]   |     ^^^^^^^
[INFO] [stderr]   |
[INFO] [stderr]   = note: `YJ1Header` has a derived impl for the trait `Debug`, but this is intentionally ignored during dead code analysis
[INFO] [stderr] 
[INFO] [stderr] warning: `pal` (lib) generated 13 warnings
[INFO] [stderr] warning: `pal` (lib test) generated 13 warnings (13 duplicates)
[INFO] [stderr]     Finished `test` profile [unoptimized + debuginfo] target(s) in 0.05s
[INFO] [stderr]      Running unittests src/lib.rs (/opt/rustwide/target/debug/deps/pal-af144e7c1134040b)
[INFO] [stdout] 
[INFO] [stdout] running 0 tests
[INFO] [stdout] 
[INFO] [stdout] test result: ok. 0 passed; 0 failed; 0 ignored; 0 measured; 0 filtered out; finished in 0.00s
[INFO] [stdout] 
[INFO] [stderr]      Running unittests src/main.rs (/opt/rustwide/target/debug/deps/pal95-4e87d1477d03e10c)
[INFO] [stdout] 
[INFO] [stdout] running 0 tests
[INFO] [stdout] 
[INFO] [stdout] test result: ok. 0 passed; 0 failed; 0 ignored; 0 measured; 0 filtered out; finished in 0.00s
[INFO] [stdout] 
[INFO] [stderr]      Running tests/midi.rs (/opt/rustwide/target/debug/deps/midi-383bf16dd0318417)
[INFO] [stdout] 
[INFO] [stdout] running 1 test
[INFO] [stdout] test test_decompress_midi ... FAILED
[INFO] [stdout] 
[INFO] [stdout] failures:
[INFO] [stdout] 
[INFO] [stdout] ---- test_decompress_midi stdout ----
[INFO] [stdout] thread 'test_decompress_midi' panicked at tests/midi.rs:8:45:
[INFO] [stdout] called `Result::unwrap()` on an `Err` value: Os { code: 2, kind: NotFound, message: "No such file or directory" }
[INFO] [stdout] stack backtrace:
[INFO] [stdout]    0:     0x6466a325593a - std::backtrace_rs::backtrace::libunwind::trace::h207520d6e9873551
[INFO] [stdout]                                at /rustc/df4ca44d3fbc9301ee17f30f4d474e6ae4b05252/library/std/src/../../backtrace/src/backtrace/libunwind.rs:116:5
[INFO] [stdout]    1:     0x6466a325593a - std::backtrace_rs::backtrace::trace_unsynchronized::h2ed7433f370e3eca
[INFO] [stdout]                                at /rustc/df4ca44d3fbc9301ee17f30f4d474e6ae4b05252/library/std/src/../../backtrace/src/backtrace/mod.rs:66:5
[INFO] [stdout]    2:     0x6466a325593a - std::sys::backtrace::_print_fmt::h916fac51166b18d7
[INFO] [stdout]                                at /rustc/df4ca44d3fbc9301ee17f30f4d474e6ae4b05252/library/std/src/sys/backtrace.rs:66:9
[INFO] [stdout]    3:     0x6466a325593a - <std::sys::backtrace::BacktraceLock::print::DisplayBacktrace as core::fmt::Display>::fmt::ha0a4c9b8ce3802e6
[INFO] [stdout]                                at /rustc/df4ca44d3fbc9301ee17f30f4d474e6ae4b05252/library/std/src/sys/backtrace.rs:39:26
[INFO] [stdout]    4:     0x6466a327bdf3 - core::fmt::rt::Argument::fmt::h4cfc8587d52b3eb5
[INFO] [stdout]                                at /rustc/df4ca44d3fbc9301ee17f30f4d474e6ae4b05252/library/core/src/fmt/rt.rs:177:76
[INFO] [stdout]    5:     0x6466a327bdf3 - core::fmt::write::h522cc39e5b36ae9f
[INFO] [stdout]                                at /rustc/df4ca44d3fbc9301ee17f30f4d474e6ae4b05252/library/core/src/fmt/mod.rs:1190:21
[INFO] [stdout]    6:     0x6466a3252403 - std::io::Write::write_fmt::h7d3c26752da97734
[INFO] [stdout]                                at /rustc/df4ca44d3fbc9301ee17f30f4d474e6ae4b05252/library/std/src/io/mod.rs:1839:15
[INFO] [stdout]    7:     0x6466a3255782 - std::sys::backtrace::BacktraceLock::print::h4b9e00b29e9c0942
[INFO] [stdout]                                at /rustc/df4ca44d3fbc9301ee17f30f4d474e6ae4b05252/library/std/src/sys/backtrace.rs:42:9
[INFO] [stdout]    8:     0x6466a3256dca - std::panicking::default_hook::{{closure}}::hb59b88280d0324d9
[INFO] [stdout]                                at /rustc/df4ca44d3fbc9301ee17f30f4d474e6ae4b05252/library/std/src/panicking.rs:268:22
[INFO] [stdout]    9:     0x6466a3256bd4 - std::panicking::default_hook::he1dd496665be4a29
[INFO] [stdout]                                at /rustc/df4ca44d3fbc9301ee17f30f4d474e6ae4b05252/library/std/src/panicking.rs:292:9
[INFO] [stdout]   10:     0x6466a3219cf9 - <alloc::boxed::Box<F,A> as core::ops::function::Fn<Args>>::call::h4ff71de18744e1dc
[INFO] [stdout]                                at /rustc/df4ca44d3fbc9301ee17f30f4d474e6ae4b05252/library/alloc/src/boxed.rs:2468:9
[INFO] [stdout]   11:     0x6466a3219cf9 - test::test_main::{{closure}}::hcf7c055ce117aa81
[INFO] [stdout]                                at /rustc/df4ca44d3fbc9301ee17f30f4d474e6ae4b05252/library/test/src/lib.rs:133:21
[INFO] [stdout]   12:     0x6466a32574c8 - <alloc::boxed::Box<F,A> as core::ops::function::Fn<Args>>::call::h1d66c6bbd60c9692
[INFO] [stdout]                                at /rustc/df4ca44d3fbc9301ee17f30f4d474e6ae4b05252/library/alloc/src/boxed.rs:2468:9
[INFO] [stdout]   13:     0x6466a32574c8 - std::panicking::rust_panic_with_hook::h2ff17fe8f26dfcf8
[INFO] [stdout]                                at /rustc/df4ca44d3fbc9301ee17f30f4d474e6ae4b05252/library/std/src/panicking.rs:809:13
[INFO] [stdout]   14:     0x6466a325728a - std::panicking::begin_panic_handler::{{closure}}::h4fad77951c07e101
[INFO] [stdout]                                at /rustc/df4ca44d3fbc9301ee17f30f4d474e6ae4b05252/library/std/src/panicking.rs:674:13
[INFO] [stdout]   15:     0x6466a3255e19 - std::sys::backtrace::__rust_end_short_backtrace::hb1a25b3da5d0ea08
[INFO] [stdout]                                at /rustc/df4ca44d3fbc9301ee17f30f4d474e6ae4b05252/library/std/src/sys/backtrace.rs:170:18
[INFO] [stdout]   16:     0x6466a3256f1c - rust_begin_unwind
[INFO] [stdout]                                at /rustc/df4ca44d3fbc9301ee17f30f4d474e6ae4b05252/library/std/src/panicking.rs:665:5
[INFO] [stdout]   17:     0x6466a327a890 - core::panicking::panic_fmt::ha9db07b529f9b256
[INFO] [stdout]                                at /rustc/df4ca44d3fbc9301ee17f30f4d474e6ae4b05252/library/core/src/panicking.rs:75:14
[INFO] [stdout]   18:     0x6466a327ac36 - core::result::unwrap_failed::h5e8218e4d4338b8a
[INFO] [stdout]                                at /rustc/df4ca44d3fbc9301ee17f30f4d474e6ae4b05252/library/core/src/result.rs:1698:5
[INFO] [stdout]   19:     0x6466a31df957 - core::result::Result<T,E>::unwrap::h3baf57555b6e0a7b
[INFO] [stdout]                                at /rustc/df4ca44d3fbc9301ee17f30f4d474e6ae4b05252/library/core/src/result.rs:1103:23
[INFO] [stdout]   20:     0x6466a31df957 - midi::test_decompress_midi::hfdb7dfc5ceafe9a4
[INFO] [stdout]                                at /opt/rustwide/workdir/tests/midi.rs:8:24
[INFO] [stdout]   21:     0x6466a31df8c7 - midi::test_decompress_midi::{{closure}}::hdb1863f7b359467f
[INFO] [stdout]                                at /opt/rustwide/workdir/tests/midi.rs:7:26
[INFO] [stdout]   22:     0x6466a31df3f6 - core::ops::function::FnOnce::call_once::hf14e08a83999e8c3
[INFO] [stdout]                                at /rustc/df4ca44d3fbc9301ee17f30f4d474e6ae4b05252/library/core/src/ops/function.rs:250:5
[INFO] [stdout]   23:     0x6466a321e5cb - core::ops::function::FnOnce::call_once::h22c3ba5715e93f05
[INFO] [stdout]                                at /rustc/df4ca44d3fbc9301ee17f30f4d474e6ae4b05252/library/core/src/ops/function.rs:250:5
[INFO] [stdout]   24:     0x6466a321e5cb - test::__rust_begin_short_backtrace::h8e82d8113d0da17f
[INFO] [stdout]                                at /rustc/df4ca44d3fbc9301ee17f30f4d474e6ae4b05252/library/test/src/lib.rs:621:18
[INFO] [stdout]   25:     0x6466a321df47 - test::run_test_in_process::{{closure}}::h33235f4f20b7b7c7
[INFO] [stdout]                                at /rustc/df4ca44d3fbc9301ee17f30f4d474e6ae4b05252/library/test/src/lib.rs:644:60
[INFO] [stdout]   26:     0x6466a321df47 - <core::panic::unwind_safe::AssertUnwindSafe<F> as core::ops::function::FnOnce<()>>::call_once::hb5043206310c586f
[INFO] [stdout]                                at /rustc/df4ca44d3fbc9301ee17f30f4d474e6ae4b05252/library/core/src/panic/unwind_safe.rs:272:9
[INFO] [stdout]   27:     0x6466a321df47 - std::panicking::try::do_call::h9ad4731a60ab23e2
[INFO] [stdout]                                at /rustc/df4ca44d3fbc9301ee17f30f4d474e6ae4b05252/library/std/src/panicking.rs:557:40
[INFO] [stdout]   28:     0x6466a321df47 - std::panicking::try::h3824d23db772a716
[INFO] [stdout]                                at /rustc/df4ca44d3fbc9301ee17f30f4d474e6ae4b05252/library/std/src/panicking.rs:520:19
[INFO] [stdout]   29:     0x6466a321df47 - std::panic::catch_unwind::h5afd514605fde46b
[INFO] [stdout]                                at /rustc/df4ca44d3fbc9301ee17f30f4d474e6ae4b05252/library/std/src/panic.rs:358:14
[INFO] [stdout]   30:     0x6466a321df47 - test::run_test_in_process::h0d5cbfa7067d1720
[INFO] [stdout]                                at /rustc/df4ca44d3fbc9301ee17f30f4d474e6ae4b05252/library/test/src/lib.rs:644:27
[INFO] [stdout]   31:     0x6466a321df47 - test::run_test::{{closure}}::h708eb8872708115d
[INFO] [stdout]                                at /rustc/df4ca44d3fbc9301ee17f30f4d474e6ae4b05252/library/test/src/lib.rs:565:43
[INFO] [stdout]   32:     0x6466a31e1664 - test::run_test::{{closure}}::h392c51cee94713ab
[INFO] [stdout]                                at /rustc/df4ca44d3fbc9301ee17f30f4d474e6ae4b05252/library/test/src/lib.rs:595:41
[INFO] [stdout]   33:     0x6466a31e1664 - std::sys::backtrace::__rust_begin_short_backtrace::h2f40290710935a8b
[INFO] [stdout]                                at /rustc/df4ca44d3fbc9301ee17f30f4d474e6ae4b05252/library/std/src/sys/backtrace.rs:154:18
[INFO] [stdout]   34:     0x6466a31e4e0e - std::thread::Builder::spawn_unchecked_::{{closure}}::{{closure}}::h3fd968d89053a903
[INFO] [stdout]                                at /rustc/df4ca44d3fbc9301ee17f30f4d474e6ae4b05252/library/std/src/thread/mod.rs:541:17
[INFO] [stdout]   35:     0x6466a31e4e0e - <core::panic::unwind_safe::AssertUnwindSafe<F> as core::ops::function::FnOnce<()>>::call_once::h743f637ba4229880
[INFO] [stdout]                                at /rustc/df4ca44d3fbc9301ee17f30f4d474e6ae4b05252/library/core/src/panic/unwind_safe.rs:272:9
[INFO] [stdout]   36:     0x6466a31e4e0e - std::panicking::try::do_call::h07440897322525a6
[INFO] [stdout]                                at /rustc/df4ca44d3fbc9301ee17f30f4d474e6ae4b05252/library/std/src/panicking.rs:557:40
[INFO] [stdout]   37:     0x6466a31e4e0e - std::panicking::try::he5a2e00188156637
[INFO] [stdout]                                at /rustc/df4ca44d3fbc9301ee17f30f4d474e6ae4b05252/library/std/src/panicking.rs:520:19
[INFO] [stdout]   38:     0x6466a31e4e0e - std::panic::catch_unwind::hbaf3cae49b3c6433
[INFO] [stdout]                                at /rustc/df4ca44d3fbc9301ee17f30f4d474e6ae4b05252/library/std/src/panic.rs:358:14
[INFO] [stdout]   39:     0x6466a31e4e0e - std::thread::Builder::spawn_unchecked_::{{closure}}::h8e141ea224820bce
[INFO] [stdout]                                at /rustc/df4ca44d3fbc9301ee17f30f4d474e6ae4b05252/library/std/src/thread/mod.rs:540:30
[INFO] [stdout]   40:     0x6466a31e4e0e - core::ops::function::FnOnce::call_once{{vtable.shim}}::h90d312fedd7b8ea8
[INFO] [stdout]                                at /rustc/df4ca44d3fbc9301ee17f30f4d474e6ae4b05252/library/core/src/ops/function.rs:250:5
[INFO] [stdout]   41:     0x6466a325b2cb - <alloc::boxed::Box<F,A> as core::ops::function::FnOnce<Args>>::call_once::h69aa08ddb6adb8b6
[INFO] [stdout]                                at /rustc/df4ca44d3fbc9301ee17f30f4d474e6ae4b05252/library/alloc/src/boxed.rs:2454:9
[INFO] [stdout]   42:     0x6466a325b2cb - <alloc::boxed::Box<F,A> as core::ops::function::FnOnce<Args>>::call_once::h5aa36efdb79c806f
[INFO] [stdout]                                at /rustc/df4ca44d3fbc9301ee17f30f4d474e6ae4b05252/library/alloc/src/boxed.rs:2454:9
[INFO] [stdout]   43:     0x6466a325b2cb - std::sys::pal::unix::thread::Thread::new::thread_start::h6cd80a1b4be5158d
[INFO] [stdout]                                at /rustc/df4ca44d3fbc9301ee17f30f4d474e6ae4b05252/library/std/src/sys/pal/unix/thread.rs:105:17
[INFO] [stdout]   44:     0x76467375dac3 - <unknown>
[INFO] [stdout]   45:     0x7646737eea04 - clone
[INFO] [stdout]   46:                0x0 - <unknown>
[INFO] [stdout] 
[INFO] [stdout] 
[INFO] [stdout] failures:
[INFO] [stdout]     test_decompress_midi
[INFO] [stdout] 
[INFO] [stdout] test result: FAILED. 0 passed; 1 failed; 0 ignored; 0 measured; 0 filtered out; finished in 0.04s
[INFO] [stdout] 
[INFO] [stderr] error: test failed, to rerun pass `--test midi`
[INFO] running `Command { std: "docker" "inspect" "32dbaad21aec300bd81ea75187c3c71b1cf17a156f646d1cb79a7e37a301e549", kill_on_drop: false }`
[INFO] running `Command { std: "docker" "rm" "-f" "32dbaad21aec300bd81ea75187c3c71b1cf17a156f646d1cb79a7e37a301e549", kill_on_drop: false }`
[INFO] [stdout] 32dbaad21aec300bd81ea75187c3c71b1cf17a156f646d1cb79a7e37a301e549
