[INFO] cloning repository https://github.com/DieracDelta/asm-lsp
[INFO] running `Command { std: "git" "-c" "credential.helper=" "-c" "credential.helper=/workspace/cargo-home/bin/git-credential-null" "clone" "--bare" "https://github.com/DieracDelta/asm-lsp" "/workspace/cache/git-repos/https%3A%2F%2Fgithub.com%2FDieracDelta%2Fasm-lsp", kill_on_drop: false }`
[INFO] [stderr] Cloning into bare repository '/workspace/cache/git-repos/https%3A%2F%2Fgithub.com%2FDieracDelta%2Fasm-lsp'...
[INFO] running `Command { std: "git" "rev-parse" "HEAD", kill_on_drop: false }`
[INFO] [stdout] e05a65acf168032d9aee23b33a6b87ceb8eee2a8
[INFO] testing DieracDelta/asm-lsp/e05a65acf168032d9aee23b33a6b87ceb8eee2a8 against nightly-2024-10-28 for randomize-layout
[INFO] running `Command { std: "git" "clone" "/workspace/cache/git-repos/https%3A%2F%2Fgithub.com%2FDieracDelta%2Fasm-lsp" "/workspace/builds/worker-6-tc1/source", kill_on_drop: false }`
[INFO] [stderr] Cloning into '/workspace/builds/worker-6-tc1/source'...
[INFO] [stderr] done.
[INFO] validating manifest of git repo https://github.com/DieracDelta/asm-lsp on toolchain nightly-2024-10-28
[INFO] running `Command { std: CARGO_HOME="/workspace/cargo-home" RUSTUP_HOME="/workspace/rustup-home" "/workspace/cargo-home/bin/cargo" "+nightly-2024-10-28" "metadata" "--manifest-path" "Cargo.toml" "--no-deps", kill_on_drop: false }`
[INFO] started tweaking git repo https://github.com/DieracDelta/asm-lsp
[INFO] finished tweaking git repo https://github.com/DieracDelta/asm-lsp
[INFO] tweaked toml for git repo https://github.com/DieracDelta/asm-lsp written to /workspace/builds/worker-6-tc1/source/Cargo.toml
[INFO] crate git repo https://github.com/DieracDelta/asm-lsp already has a lockfile, it will not be regenerated
[INFO] running `Command { std: CARGO_HOME="/workspace/cargo-home" RUSTUP_HOME="/workspace/rustup-home" "/workspace/cargo-home/bin/cargo" "+nightly-2024-10-28" "fetch" "--manifest-path" "Cargo.toml", kill_on_drop: false }`
[INFO] [stderr] warning: profiles for the non root package will be ignored, specify profiles at the workspace root:
[INFO] [stderr] package:   /workspace/builds/worker-6-tc1/source/lsp/Cargo.toml
[INFO] [stderr] workspace: /workspace/builds/worker-6-tc1/source/Cargo.toml
[INFO] [stderr] warning: virtual workspace defaulting to `resolver = "1"` despite one or more workspace members being on edition 2021 which implies `resolver = "2"`
[INFO] [stderr] note: to keep the current resolver, specify `workspace.resolver = "1"` in the workspace root's manifest
[INFO] [stderr] note: to use the edition 2021 resolver, specify `workspace.resolver = "2"` in the workspace root's manifest
[INFO] [stderr] note: for more details see https://doc.rust-lang.org/cargo/reference/resolver.html#resolver-versions
[INFO] [stderr]     Updating crates.io index
[INFO] [stderr]     Updating git repository `https://github.com/EspressoSystems/nll`
[INFO] [stderr]      Locking 2 packages to latest compatible versions
[INFO] [stderr]     Updating cc v1.0.73 -> v1.0.106 (available: v1.1.31)
[INFO] [stderr]     Updating tree-sitter v0.20.9 -> v0.20.10 (available: v0.24.3)
[INFO] [stderr]  Downloading crates ...
[INFO] [stderr]   Downloaded tower-lsp-macros v0.7.0
[INFO] [stderr]   Downloaded snafu v0.7.4
[INFO] [stderr]   Downloaded str_indices v0.4.0
[INFO] [stderr]   Downloaded snafu-derive v0.7.4
[INFO] [stderr]   Downloaded lsp-types v0.93.1
[INFO] [stderr]   Downloaded tower-lsp v0.18.0
[INFO] running `Command { std: "docker" "create" "-v" "/var/lib/crater-agent-workspace/builds/worker-6-tc1/target:/opt/rustwide/target:rw,Z" "-v" "/var/lib/crater-agent-workspace/builds/worker-6-tc1/source:/opt/rustwide/workdir:ro,Z" "-v" "/var/lib/crater-agent-workspace/cargo-home:/opt/rustwide/cargo-home:ro,Z" "-v" "/var/lib/crater-agent-workspace/rustup-home:/opt/rustwide/rustup-home:ro,Z" "-e" "SOURCE_DIR=/opt/rustwide/workdir" "-e" "CARGO_TARGET_DIR=/opt/rustwide/target" "-e" "CARGO_HOME=/opt/rustwide/cargo-home" "-e" "RUSTUP_HOME=/opt/rustwide/rustup-home" "-w" "/opt/rustwide/workdir" "-m" "1610612736" "--user" "0:0" "--network" "none" "ghcr.io/rust-lang/crates-build-env/linux@sha256:4a844ea9eb2546a2d2c7022eacef16ef2e8229c7fbb2c7d4d55a9ceca922f72d" "/opt/rustwide/cargo-home/bin/cargo" "+nightly-2024-10-28" "metadata" "--no-deps" "--format-version=1", kill_on_drop: false }`
[INFO] [stdout] 4aca08cc887a311f786228c59215b730c9fad2203121dbb16ea1cbca45b7df61
[INFO] running `Command { std: "docker" "start" "-a" "4aca08cc887a311f786228c59215b730c9fad2203121dbb16ea1cbca45b7df61", kill_on_drop: false }`
[INFO] running `Command { std: "docker" "inspect" "4aca08cc887a311f786228c59215b730c9fad2203121dbb16ea1cbca45b7df61", kill_on_drop: false }`
[INFO] running `Command { std: "docker" "rm" "-f" "4aca08cc887a311f786228c59215b730c9fad2203121dbb16ea1cbca45b7df61", kill_on_drop: false }`
[INFO] [stdout] 4aca08cc887a311f786228c59215b730c9fad2203121dbb16ea1cbca45b7df61
[INFO] running `Command { std: "docker" "create" "-v" "/var/lib/crater-agent-workspace/builds/worker-6-tc1/target:/opt/rustwide/target:rw,Z" "-v" "/var/lib/crater-agent-workspace/builds/worker-6-tc1/source:/opt/rustwide/workdir:ro,Z" "-v" "/var/lib/crater-agent-workspace/cargo-home:/opt/rustwide/cargo-home:ro,Z" "-v" "/var/lib/crater-agent-workspace/rustup-home:/opt/rustwide/rustup-home:ro,Z" "-e" "SOURCE_DIR=/opt/rustwide/workdir" "-e" "CARGO_TARGET_DIR=/opt/rustwide/target" "-e" "CARGO_INCREMENTAL=0" "-e" "RUST_BACKTRACE=full" "-e" "RUSTFLAGS=--cap-lints=forbid" "-e" "RUSTDOCFLAGS=--cap-lints=forbid" "-e" "CARGO_HOME=/opt/rustwide/cargo-home" "-e" "RUSTUP_HOME=/opt/rustwide/rustup-home" "-w" "/opt/rustwide/workdir" "-m" "1610612736" "--user" "0:0" "--network" "none" "ghcr.io/rust-lang/crates-build-env/linux@sha256:4a844ea9eb2546a2d2c7022eacef16ef2e8229c7fbb2c7d4d55a9ceca922f72d" "/opt/rustwide/cargo-home/bin/cargo" "+nightly-2024-10-28" "build" "--frozen" "--message-format=json", kill_on_drop: false }`
[INFO] [stdout] b53f926b8b8db539e005af28b5215daa870d21ff6ea12815b6a5a64a323e28f2
[INFO] running `Command { std: "docker" "start" "-a" "b53f926b8b8db539e005af28b5215daa870d21ff6ea12815b6a5a64a323e28f2", kill_on_drop: false }`
[INFO] [stderr] warning: profiles for the non root package will be ignored, specify profiles at the workspace root:
[INFO] [stderr] package:   /opt/rustwide/workdir/lsp/Cargo.toml
[INFO] [stderr] workspace: /opt/rustwide/workdir/Cargo.toml
[INFO] [stderr] warning: virtual workspace defaulting to `resolver = "1"` despite one or more workspace members being on edition 2021 which implies `resolver = "2"`
[INFO] [stderr] note: to keep the current resolver, specify `workspace.resolver = "1"` in the workspace root's manifest
[INFO] [stderr] note: to use the edition 2021 resolver, specify `workspace.resolver = "2"` in the workspace root's manifest
[INFO] [stderr] note: for more details see https://doc.rust-lang.org/cargo/reference/resolver.html#resolver-versions
[INFO] [stderr]    Compiling proc-macro2 v1.0.43
[INFO] [stderr]    Compiling quote v1.0.21
[INFO] [stderr]    Compiling unicode-ident v1.0.3
[INFO] [stderr]    Compiling syn v1.0.99
[INFO] [stderr]    Compiling autocfg v1.1.0
[INFO] [stderr]    Compiling memchr v2.5.0
[INFO] [stderr]    Compiling futures-core v0.3.24
[INFO] [stderr]    Compiling once_cell v1.14.0
[INFO] [stderr]    Compiling libc v0.2.132
[INFO] [stderr]    Compiling version_check v0.9.4
[INFO] [stderr]    Compiling pin-project-lite v0.2.9
[INFO] [stderr]    Compiling serde_derive v1.0.144
[INFO] [stderr]    Compiling cc v1.0.106
[INFO] [stderr]    Compiling slab v0.4.7
[INFO] [stderr]    Compiling futures-channel v0.3.24
[INFO] [stderr]    Compiling tinyvec_macros v0.1.0
[INFO] [stderr]    Compiling futures-sink v0.3.24
[INFO] [stderr]    Compiling serde v1.0.144
[INFO] [stderr]    Compiling futures-task v0.3.24
[INFO] [stderr]    Compiling proc-macro-error-attr v1.0.4
[INFO] [stderr]    Compiling tinyvec v1.6.0
[INFO] [stderr]    Compiling tracing-core v0.1.30
[INFO] [stderr]    Compiling futures-util v0.3.24
[INFO] [stderr]    Compiling smallvec v1.9.0
[INFO] [stderr]    Compiling proc-macro-error v1.0.4
[INFO] [stderr]    Compiling lock_api v0.4.8
[INFO] [stderr]    Compiling tokio v1.25.0
[INFO] [stderr]    Compiling unicode-bidi v0.3.8
[INFO] [stderr]    Compiling parking_lot_core v0.9.3
[INFO] [stderr]    Compiling log v0.4.17
[INFO] [stderr]    Compiling percent-encoding v2.2.0
[INFO] [stderr]    Compiling futures-io v0.3.24
[INFO] [stderr]    Compiling serde_json v1.0.85
[INFO] [stderr]    Compiling form_urlencoded v1.1.0
[INFO] [stderr]    Compiling unicode-normalization v0.1.22
[INFO] [stderr]    Compiling num_cpus v1.13.1
[INFO] [stderr]    Compiling aho-corasick v0.7.19
[INFO] [stderr]    Compiling scopeguard v1.1.0
[INFO] [stderr]    Compiling httparse v1.8.0
[INFO] [stderr]    Compiling itoa v1.0.3
[INFO] [stderr]    Compiling async-trait v0.1.57
[INFO] [stderr]    Compiling doc-comment v0.3.3
[INFO] [stderr]    Compiling ryu v1.0.11
[INFO] [stderr]    Compiling tree-sitter v0.20.10
[INFO] [stderr]    Compiling idna v0.3.0
[INFO] [stderr]    Compiling regex-syntax v0.6.27
[INFO] [stderr]    Compiling lazy_static v1.4.0
[INFO] [stderr]    Compiling tree-sitter-riscvasm v0.0.1 (/opt/rustwide/workdir/tree-sitter-riscvasm)
[INFO] [stderr]    Compiling heck v0.4.0
[INFO] [stderr]    Compiling tower-layer v0.3.1
[INFO] [stderr]    Compiling bytes v1.2.1
[INFO] [stderr]    Compiling overload v0.1.1
[INFO] [stderr]    Compiling tower-service v0.3.2
[INFO] [stderr]    Compiling hashbrown v0.12.3
[INFO] [stderr]    Compiling nu-ansi-term v0.46.0
[INFO] [stderr]    Compiling tracing-log v0.1.3
[INFO] [stderr]    Compiling dashmap v5.4.0
[INFO] [stderr]    Compiling sharded-slab v0.1.4
[INFO] [stderr]    Compiling thread_local v1.1.4
[INFO] [stderr] warning: tree-sitter-riscvasm@0.0.1: In file included from src/parser.c:1:
[INFO] [stderr] warning: tree-sitter-riscvasm@0.0.1: src/parser.c: In function 'ts_lex_keywords':
[INFO] [stderr] warning: tree-sitter-riscvasm@0.0.1: src/tree_sitter/parser.h:138:3: warning: label 'next_state' defined but not used [-Wunused-label]
[INFO] [stderr] warning: tree-sitter-riscvasm@0.0.1:   138 |   next_state:                   \
[INFO] [stderr] warning: tree-sitter-riscvasm@0.0.1:       |   ^~~~~~~~~~
[INFO] [stderr] warning: tree-sitter-riscvasm@0.0.1: src/parser.c:544:3: note: in expansion of macro 'START_LEXER'
[INFO] [stderr] warning: tree-sitter-riscvasm@0.0.1:   544 |   START_LEXER();
[INFO] [stderr] warning: tree-sitter-riscvasm@0.0.1:       |   ^~~~~~~~~~~
[INFO] [stderr]    Compiling str_indices v0.4.0
[INFO] [stderr]    Compiling nll v1.0.0 (https://github.com/EspressoSystems/nll#77c54f67)
[INFO] [stderr]    Compiling ropey v1.6.0
[INFO] [stderr]    Compiling tracing-subscriber v0.3.16
[INFO] [stderr]    Compiling regex v1.6.0
[INFO] [stderr]    Compiling futures-macro v0.3.24
[INFO] [stderr]    Compiling tracing-attributes v0.1.23
[INFO] [stderr]    Compiling tokio-macros v1.8.0
[INFO] [stderr]    Compiling pin-project-internal v1.0.12
[INFO] [stderr]    Compiling serde_repr v0.1.9
[INFO] [stderr]    Compiling tower-lsp-macros v0.7.0
[INFO] [stderr]    Compiling snafu-derive v0.7.4
[INFO] [stderr]    Compiling auto_impl v1.0.1
[INFO] [stderr]    Compiling pin-project v1.0.12
[INFO] [stderr]    Compiling tracing v0.1.37
[INFO] [stderr]    Compiling snafu v0.7.4
[INFO] [stderr]    Compiling tokio-util v0.7.4
[INFO] [stderr]    Compiling futures v0.3.24
[INFO] [stderr]    Compiling tower v0.4.13
[INFO] [stderr]    Compiling url v2.3.1
[INFO] [stderr]    Compiling lsp-types v0.93.1
[INFO] [stderr]    Compiling tower-lsp v0.18.0
[INFO] [stderr]    Compiling lsp v0.1.0 (/opt/rustwide/workdir/lsp)
[INFO] [stdout] warning: unused import: `std::collections::HashMap`
[INFO] [stdout]  --> lsp/src/main.rs:1:5
[INFO] [stdout]   |
[INFO] [stdout] 1 | use std::collections::HashMap;
[INFO] [stdout]   |     ^^^^^^^^^^^^^^^^^^^^^^^^^
[INFO] [stdout]   |
[INFO] [stdout]   = note: `#[warn(unused_imports)]` on by default
[INFO] [stdout] 
[INFO] [stdout] 
[INFO] [stdout] warning: unused imports: `env`, `path::PathBuf`, and `sync::Once`
[INFO] [stdout]  --> lsp/src/main.rs:2:11
[INFO] [stdout]   |
[INFO] [stdout] 2 | use std::{env, io, path::PathBuf, sync::Once};
[INFO] [stdout]   |           ^^^      ^^^^^^^^^^^^^  ^^^^^^^^^^
[INFO] [stdout] 
[INFO] [stdout] 
[INFO] [stdout] warning: unused import: `RV32I_INSTRUCTION_MAP`
[INFO] [stdout]  --> lsp/src/completion.rs:8:51
[INFO] [stdout]   |
[INFO] [stdout] 8 | use crate::{doc::{SyntaxNode, RV32I_INSTRUCTIONS, RV32I_INSTRUCTION_MAP}, ClientWrapper};
[INFO] [stdout]   |                                                   ^^^^^^^^^^^^^^^^^^^^^
[INFO] [stdout] 
[INFO] [stdout] 
[INFO] [stdout] warning: unused import: `super::*`
[INFO] [stdout]    --> lsp/src/completion.rs:130:9
[INFO] [stdout]     |
[INFO] [stdout] 130 |     use super::*;
[INFO] [stdout]     |         ^^^^^^^^
[INFO] [stdout] 
[INFO] [stdout] 
[INFO] [stdout] warning: unused import: `Node`
[INFO] [stdout]  --> lsp/src/doc.rs:8:19
[INFO] [stdout]   |
[INFO] [stdout] 8 | use tree_sitter::{Node, Point, TreeCursor};
[INFO] [stdout]   |                   ^^^^
[INFO] [stdout] 
[INFO] [stdout] 
[INFO] [stdout] warning: unused import: `nll::nll_todo::nll_todo`
[INFO] [stdout]   --> lsp/src/main.rs:11:5
[INFO] [stdout]    |
[INFO] [stdout] 11 | use nll::nll_todo::nll_todo;
[INFO] [stdout]    |     ^^^^^^^^^^^^^^^^^^^^^^^
[INFO] [stdout] 
[INFO] [stdout] 
[INFO] [stdout] warning: unused import: `Error`
[INFO] [stdout]   --> lsp/src/main.rs:12:13
[INFO] [stdout]    |
[INFO] [stdout] 12 | use ropey::{Error, Rope};
[INFO] [stdout]    |             ^^^^^
[INFO] [stdout] 
[INFO] [stdout] 
[INFO] [stdout] warning: unused import: `tokio::task::spawn_local`
[INFO] [stdout]   --> lsp/src/main.rs:16:5
[INFO] [stdout]    |
[INFO] [stdout] 16 | use tokio::task::spawn_local;
[INFO] [stdout]    |     ^^^^^^^^^^^^^^^^^^^^^^^^
[INFO] [stdout] 
[INFO] [stdout] 
[INFO] [stdout] warning: unused import: `Whatever`
[INFO] [stdout]   --> lsp/src/main.rs:23:31
[INFO] [stdout]    |
[INFO] [stdout] 23 | use snafu::{ResultExt, Snafu, Whatever};
[INFO] [stdout]    |                               ^^^^^^^^
[INFO] [stdout] 
[INFO] [stdout] 
[INFO] [stdout] warning: unused import: `info`
[INFO] [stdout]   --> lsp/src/main.rs:24:22
[INFO] [stdout]    |
[INFO] [stdout] 24 | use tracing::{error, info};
[INFO] [stdout]    |                      ^^^^
[INFO] [stdout] 
[INFO] [stdout] 
[INFO] [stdout] warning: unused import: `Language`
[INFO] [stdout]   --> lsp/src/main.rs:26:19
[INFO] [stdout]    |
[INFO] [stdout] 26 | use tree_sitter::{Language, LanguageError, Parser};
[INFO] [stdout]    |                   ^^^^^^^^
[INFO] [stdout] 
[INFO] [stdout] 
[INFO] [stdout] warning: unused import: `tree_sitter_riscvasm::NODE_TYPES`
[INFO] [stdout]   --> lsp/src/main.rs:27:5
[INFO] [stdout]    |
[INFO] [stdout] 27 | use tree_sitter_riscvasm::NODE_TYPES;
[INFO] [stdout]    |     ^^^^^^^^^^^^^^^^^^^^^^^^^^^^^^^^
[INFO] [stdout] 
[INFO] [stdout] 
[INFO] [stdout] warning: use of deprecated function `nll::nll_todo::nll_todo`
[INFO] [stdout]   --> lsp/src/main.rs:11:20
[INFO] [stdout]    |
[INFO] [stdout] 11 | use nll::nll_todo::nll_todo;
[INFO] [stdout]    |                    ^^^^^^^^
[INFO] [stdout]    |
[INFO] [stdout]    = note: `#[warn(deprecated)]` on by default
[INFO] [stdout] 
[INFO] [stdout] 
[INFO] [stdout] warning: `#[macro_use]` only has an effect on `extern crate` and modules
[INFO] [stdout]  --> lsp/src/doc.rs:9:1
[INFO] [stdout]   |
[INFO] [stdout] 9 | #[macro_use]
[INFO] [stdout]   | ^^^^^^^^^^^^
[INFO] [stdout]   |
[INFO] [stdout]   = note: `#[warn(unused_attributes)]` on by default
[INFO] [stdout] 
[INFO] [stdout] 
[INFO] [stdout] warning: use of deprecated function `nll::nll_todo::nll_todo`
[INFO] [stdout]  --> lsp/src/doc.rs:6:20
[INFO] [stdout]   |
[INFO] [stdout] 6 | use nll::nll_todo::nll_todo;
[INFO] [stdout]   |                    ^^^^^^^^
[INFO] [stdout] 
[INFO] [stdout] 
[INFO] [stdout] warning: use of deprecated function `nll::nll_todo::nll_todo`
[INFO] [stdout]   --> lsp/src/doc.rs:84:38
[INFO] [stdout]    |
[INFO] [stdout] 84 |             SyntaxNode::Directive => nll_todo(),
[INFO] [stdout]    |                                      ^^^^^^^^
[INFO] [stdout] 
[INFO] [stdout] 
[INFO] [stdout] warning: use of deprecated function `nll::nll_todo::nll_todo`
[INFO] [stdout]   --> lsp/src/doc.rs:85:41
[INFO] [stdout]    |
[INFO] [stdout] 85 |             SyntaxNode::DirectiveArg => nll_todo(),
[INFO] [stdout]    |                                         ^^^^^^^^
[INFO] [stdout] 
[INFO] [stdout] 
[INFO] [stderr]     Finished `dev` profile [unoptimized + debuginfo] target(s) in 16.58s
[INFO] running `Command { std: "docker" "inspect" "b53f926b8b8db539e005af28b5215daa870d21ff6ea12815b6a5a64a323e28f2", kill_on_drop: false }`
[INFO] running `Command { std: "docker" "rm" "-f" "b53f926b8b8db539e005af28b5215daa870d21ff6ea12815b6a5a64a323e28f2", kill_on_drop: false }`
[INFO] [stdout] b53f926b8b8db539e005af28b5215daa870d21ff6ea12815b6a5a64a323e28f2
[INFO] running `Command { std: "docker" "create" "-v" "/var/lib/crater-agent-workspace/builds/worker-6-tc1/target:/opt/rustwide/target:rw,Z" "-v" "/var/lib/crater-agent-workspace/builds/worker-6-tc1/source:/opt/rustwide/workdir:ro,Z" "-v" "/var/lib/crater-agent-workspace/cargo-home:/opt/rustwide/cargo-home:ro,Z" "-v" "/var/lib/crater-agent-workspace/rustup-home:/opt/rustwide/rustup-home:ro,Z" "-e" "SOURCE_DIR=/opt/rustwide/workdir" "-e" "CARGO_TARGET_DIR=/opt/rustwide/target" "-e" "CARGO_INCREMENTAL=0" "-e" "RUST_BACKTRACE=full" "-e" "RUSTFLAGS=--cap-lints=forbid" "-e" "RUSTDOCFLAGS=--cap-lints=forbid" "-e" "CARGO_HOME=/opt/rustwide/cargo-home" "-e" "RUSTUP_HOME=/opt/rustwide/rustup-home" "-w" "/opt/rustwide/workdir" "-m" "1610612736" "--user" "0:0" "--network" "none" "ghcr.io/rust-lang/crates-build-env/linux@sha256:4a844ea9eb2546a2d2c7022eacef16ef2e8229c7fbb2c7d4d55a9ceca922f72d" "/opt/rustwide/cargo-home/bin/cargo" "+nightly-2024-10-28" "test" "--frozen" "--no-run" "--message-format=json", kill_on_drop: false }`
[INFO] [stdout] 601ab0b61a6bc358494bc2a01a8471322c729a2c30dd3432c56198e81bb7ab44
[INFO] running `Command { std: "docker" "start" "-a" "601ab0b61a6bc358494bc2a01a8471322c729a2c30dd3432c56198e81bb7ab44", kill_on_drop: false }`
[INFO] [stderr] warning: profiles for the non root package will be ignored, specify profiles at the workspace root:
[INFO] [stderr] package:   /opt/rustwide/workdir/lsp/Cargo.toml
[INFO] [stderr] workspace: /opt/rustwide/workdir/Cargo.toml
[INFO] [stderr] warning: virtual workspace defaulting to `resolver = "1"` despite one or more workspace members being on edition 2021 which implies `resolver = "2"`
[INFO] [stderr] note: to keep the current resolver, specify `workspace.resolver = "1"` in the workspace root's manifest
[INFO] [stderr] note: to use the edition 2021 resolver, specify `workspace.resolver = "2"` in the workspace root's manifest
[INFO] [stderr] note: for more details see https://doc.rust-lang.org/cargo/reference/resolver.html#resolver-versions
[INFO] [stderr] warning: tree-sitter-riscvasm@0.0.1: In file included from src/parser.c:1:
[INFO] [stderr] warning: tree-sitter-riscvasm@0.0.1: src/parser.c: In function 'ts_lex_keywords':
[INFO] [stderr] warning: tree-sitter-riscvasm@0.0.1: src/tree_sitter/parser.h:138:3: warning: label 'next_state' defined but not used [-Wunused-label]
[INFO] [stderr] warning: tree-sitter-riscvasm@0.0.1:   138 |   next_state:                   \
[INFO] [stderr] warning: tree-sitter-riscvasm@0.0.1:       |   ^~~~~~~~~~
[INFO] [stderr] warning: tree-sitter-riscvasm@0.0.1: src/parser.c:544:3: note: in expansion of macro 'START_LEXER'
[INFO] [stderr] warning: tree-sitter-riscvasm@0.0.1:   544 |   START_LEXER();
[INFO] [stderr] warning: tree-sitter-riscvasm@0.0.1:       |   ^~~~~~~~~~~
[INFO] [stderr]    Compiling tree-sitter-riscvasm v0.0.1 (/opt/rustwide/workdir/tree-sitter-riscvasm)
[INFO] [stderr]    Compiling lsp v0.1.0 (/opt/rustwide/workdir/lsp)
[INFO] [stdout] warning: unused import: `std::collections::HashMap`
[INFO] [stdout]  --> lsp/src/main.rs:1:5
[INFO] [stdout]   |
[INFO] [stdout] 1 | use std::collections::HashMap;
[INFO] [stdout]   |     ^^^^^^^^^^^^^^^^^^^^^^^^^
[INFO] [stdout]   |
[INFO] [stdout]   = note: `#[warn(unused_imports)]` on by default
[INFO] [stdout] 
[INFO] [stdout] 
[INFO] [stdout] warning: unused imports: `env`, `path::PathBuf`, and `sync::Once`
[INFO] [stdout]  --> lsp/src/main.rs:2:11
[INFO] [stdout]   |
[INFO] [stdout] 2 | use std::{env, io, path::PathBuf, sync::Once};
[INFO] [stdout]   |           ^^^      ^^^^^^^^^^^^^  ^^^^^^^^^^
[INFO] [stdout] 
[INFO] [stdout] 
[INFO] [stdout] warning: unused import: `Node`
[INFO] [stdout]  --> lsp/src/doc.rs:8:19
[INFO] [stdout]   |
[INFO] [stdout] 8 | use tree_sitter::{Node, Point, TreeCursor};
[INFO] [stdout]   |                   ^^^^
[INFO] [stdout] 
[INFO] [stdout] 
[INFO] [stdout] warning: unused import: `nll::nll_todo::nll_todo`
[INFO] [stdout]   --> lsp/src/main.rs:11:5
[INFO] [stdout]    |
[INFO] [stdout] 11 | use nll::nll_todo::nll_todo;
[INFO] [stdout]    |     ^^^^^^^^^^^^^^^^^^^^^^^
[INFO] [stdout] 
[INFO] [stdout] 
[INFO] [stdout] warning: unused import: `Error`
[INFO] [stdout]   --> lsp/src/main.rs:12:13
[INFO] [stdout]    |
[INFO] [stdout] 12 | use ropey::{Error, Rope};
[INFO] [stdout]    |             ^^^^^
[INFO] [stdout] 
[INFO] [stdout] 
[INFO] [stdout] warning: unused import: `tokio::task::spawn_local`
[INFO] [stdout]   --> lsp/src/main.rs:16:5
[INFO] [stdout]    |
[INFO] [stdout] 16 | use tokio::task::spawn_local;
[INFO] [stdout]    |     ^^^^^^^^^^^^^^^^^^^^^^^^
[INFO] [stdout] 
[INFO] [stdout] 
[INFO] [stdout] warning: unused import: `Whatever`
[INFO] [stdout]   --> lsp/src/main.rs:23:31
[INFO] [stdout]    |
[INFO] [stdout] 23 | use snafu::{ResultExt, Snafu, Whatever};
[INFO] [stdout]    |                               ^^^^^^^^
[INFO] [stdout] 
[INFO] [stdout] 
[INFO] [stdout] warning: unused import: `info`
[INFO] [stdout]   --> lsp/src/main.rs:24:22
[INFO] [stdout]    |
[INFO] [stdout] 24 | use tracing::{error, info};
[INFO] [stdout]    |                      ^^^^
[INFO] [stdout] 
[INFO] [stdout] 
[INFO] [stdout] warning: unused import: `Language`
[INFO] [stdout]   --> lsp/src/main.rs:26:19
[INFO] [stdout]    |
[INFO] [stdout] 26 | use tree_sitter::{Language, LanguageError, Parser};
[INFO] [stdout]    |                   ^^^^^^^^
[INFO] [stdout] 
[INFO] [stdout] 
[INFO] [stdout] warning: unused import: `tree_sitter_riscvasm::NODE_TYPES`
[INFO] [stdout]   --> lsp/src/main.rs:27:5
[INFO] [stdout]    |
[INFO] [stdout] 27 | use tree_sitter_riscvasm::NODE_TYPES;
[INFO] [stdout]    |     ^^^^^^^^^^^^^^^^^^^^^^^^^^^^^^^^
[INFO] [stdout] 
[INFO] [stdout] 
[INFO] [stdout] warning: use of deprecated function `nll::nll_todo::nll_todo`
[INFO] [stdout]   --> lsp/src/main.rs:11:20
[INFO] [stdout]    |
[INFO] [stdout] 11 | use nll::nll_todo::nll_todo;
[INFO] [stdout]    |                    ^^^^^^^^
[INFO] [stdout]    |
[INFO] [stdout]    = note: `#[warn(deprecated)]` on by default
[INFO] [stdout] 
[INFO] [stdout] 
[INFO] [stdout] warning: `#[macro_use]` only has an effect on `extern crate` and modules
[INFO] [stdout]  --> lsp/src/doc.rs:9:1
[INFO] [stdout]   |
[INFO] [stdout] 9 | #[macro_use]
[INFO] [stdout]   | ^^^^^^^^^^^^
[INFO] [stdout]   |
[INFO] [stdout]   = note: `#[warn(unused_attributes)]` on by default
[INFO] [stdout] 
[INFO] [stdout] 
[INFO] [stdout] warning: use of deprecated function `nll::nll_todo::nll_todo`
[INFO] [stdout]  --> lsp/src/doc.rs:6:20
[INFO] [stdout]   |
[INFO] [stdout] 6 | use nll::nll_todo::nll_todo;
[INFO] [stdout]   |                    ^^^^^^^^
[INFO] [stdout] 
[INFO] [stdout] 
[INFO] [stdout] warning: use of deprecated function `nll::nll_todo::nll_todo`
[INFO] [stdout]   --> lsp/src/doc.rs:84:38
[INFO] [stdout]    |
[INFO] [stdout] 84 |             SyntaxNode::Directive => nll_todo(),
[INFO] [stdout]    |                                      ^^^^^^^^
[INFO] [stdout] 
[INFO] [stdout] 
[INFO] [stdout] warning: use of deprecated function `nll::nll_todo::nll_todo`
[INFO] [stdout]   --> lsp/src/doc.rs:85:41
[INFO] [stdout]    |
[INFO] [stdout] 85 |             SyntaxNode::DirectiveArg => nll_todo(),
[INFO] [stdout]    |                                         ^^^^^^^^
[INFO] [stdout] 
[INFO] [stdout] 
[INFO] [stderr]     Finished `test` profile [unoptimized + debuginfo] target(s) in 0.44s
[INFO] running `Command { std: "docker" "inspect" "601ab0b61a6bc358494bc2a01a8471322c729a2c30dd3432c56198e81bb7ab44", kill_on_drop: false }`
[INFO] running `Command { std: "docker" "rm" "-f" "601ab0b61a6bc358494bc2a01a8471322c729a2c30dd3432c56198e81bb7ab44", kill_on_drop: false }`
[INFO] [stdout] 601ab0b61a6bc358494bc2a01a8471322c729a2c30dd3432c56198e81bb7ab44
[INFO] running `Command { std: "docker" "create" "-v" "/var/lib/crater-agent-workspace/builds/worker-6-tc1/target:/opt/rustwide/target:rw,Z" "-v" "/var/lib/crater-agent-workspace/builds/worker-6-tc1/source:/opt/rustwide/workdir:ro,Z" "-v" "/var/lib/crater-agent-workspace/cargo-home:/opt/rustwide/cargo-home:ro,Z" "-v" "/var/lib/crater-agent-workspace/rustup-home:/opt/rustwide/rustup-home:ro,Z" "-e" "SOURCE_DIR=/opt/rustwide/workdir" "-e" "CARGO_TARGET_DIR=/opt/rustwide/target" "-e" "CARGO_INCREMENTAL=0" "-e" "RUST_BACKTRACE=full" "-e" "RUSTFLAGS=--cap-lints=forbid" "-e" "RUSTDOCFLAGS=--cap-lints=forbid" "-e" "CARGO_HOME=/opt/rustwide/cargo-home" "-e" "RUSTUP_HOME=/opt/rustwide/rustup-home" "-w" "/opt/rustwide/workdir" "-m" "1610612736" "--user" "0:0" "--network" "none" "ghcr.io/rust-lang/crates-build-env/linux@sha256:4a844ea9eb2546a2d2c7022eacef16ef2e8229c7fbb2c7d4d55a9ceca922f72d" "/opt/rustwide/cargo-home/bin/cargo" "+nightly-2024-10-28" "test" "--frozen", kill_on_drop: false }`
[INFO] [stdout] a7a9011c215ca6f251209d3232472e39f8d8aa4f7d39b1b8156470b334094dbc
[INFO] running `Command { std: "docker" "start" "-a" "a7a9011c215ca6f251209d3232472e39f8d8aa4f7d39b1b8156470b334094dbc", kill_on_drop: false }`
[INFO] [stderr] warning: profiles for the non root package will be ignored, specify profiles at the workspace root:
[INFO] [stderr] package:   /opt/rustwide/workdir/lsp/Cargo.toml
[INFO] [stderr] workspace: /opt/rustwide/workdir/Cargo.toml
[INFO] [stderr] warning: virtual workspace defaulting to `resolver = "1"` despite one or more workspace members being on edition 2021 which implies `resolver = "2"`
[INFO] [stderr] note: to keep the current resolver, specify `workspace.resolver = "1"` in the workspace root's manifest
[INFO] [stderr] note: to use the edition 2021 resolver, specify `workspace.resolver = "2"` in the workspace root's manifest
[INFO] [stderr] note: for more details see https://doc.rust-lang.org/cargo/reference/resolver.html#resolver-versions
[INFO] [stderr] warning: tree-sitter-riscvasm@0.0.1: In file included from src/parser.c:1:
[INFO] [stderr] warning: tree-sitter-riscvasm@0.0.1: src/parser.c: In function 'ts_lex_keywords':
[INFO] [stderr] warning: tree-sitter-riscvasm@0.0.1: src/tree_sitter/parser.h:138:3: warning: label 'next_state' defined but not used [-Wunused-label]
[INFO] [stderr] warning: tree-sitter-riscvasm@0.0.1:   138 |   next_state:                   \
[INFO] [stderr] warning: tree-sitter-riscvasm@0.0.1:       |   ^~~~~~~~~~
[INFO] [stderr] warning: tree-sitter-riscvasm@0.0.1: src/parser.c:544:3: note: in expansion of macro 'START_LEXER'
[INFO] [stderr] warning: tree-sitter-riscvasm@0.0.1:   544 |   START_LEXER();
[INFO] [stderr] warning: tree-sitter-riscvasm@0.0.1:       |   ^~~~~~~~~~~
[INFO] [stderr] warning: unused import: `std::collections::HashMap`
[INFO] [stderr]  --> lsp/src/main.rs:1:5
[INFO] [stderr]   |
[INFO] [stderr] 1 | use std::collections::HashMap;
[INFO] [stderr]   |     ^^^^^^^^^^^^^^^^^^^^^^^^^
[INFO] [stderr]   |
[INFO] [stderr]   = note: `#[warn(unused_imports)]` on by default
[INFO] [stderr] 
[INFO] [stderr] warning: unused imports: `env`, `path::PathBuf`, and `sync::Once`
[INFO] [stderr]  --> lsp/src/main.rs:2:11
[INFO] [stderr]   |
[INFO] [stderr] 2 | use std::{env, io, path::PathBuf, sync::Once};
[INFO] [stderr]   |           ^^^      ^^^^^^^^^^^^^  ^^^^^^^^^^
[INFO] [stderr] 
[INFO] [stderr] warning: unused import: `Node`
[INFO] [stderr]  --> lsp/src/doc.rs:8:19
[INFO] [stderr]   |
[INFO] [stderr] 8 | use tree_sitter::{Node, Point, TreeCursor};
[INFO] [stderr]   |                   ^^^^
[INFO] [stderr] 
[INFO] [stderr] warning: unused import: `nll::nll_todo::nll_todo`
[INFO] [stderr]   --> lsp/src/main.rs:11:5
[INFO] [stderr]    |
[INFO] [stderr] 11 | use nll::nll_todo::nll_todo;
[INFO] [stderr]    |     ^^^^^^^^^^^^^^^^^^^^^^^
[INFO] [stderr] 
[INFO] [stderr] warning: unused import: `Error`
[INFO] [stderr]   --> lsp/src/main.rs:12:13
[INFO] [stderr]    |
[INFO] [stderr] 12 | use ropey::{Error, Rope};
[INFO] [stderr]    |             ^^^^^
[INFO] [stderr] 
[INFO] [stderr] warning: unused import: `tokio::task::spawn_local`
[INFO] [stderr]   --> lsp/src/main.rs:16:5
[INFO] [stderr]    |
[INFO] [stderr] 16 | use tokio::task::spawn_local;
[INFO] [stderr]    |     ^^^^^^^^^^^^^^^^^^^^^^^^
[INFO] [stderr] 
[INFO] [stderr] warning: unused import: `Whatever`
[INFO] [stderr]   --> lsp/src/main.rs:23:31
[INFO] [stderr]    |
[INFO] [stderr] 23 | use snafu::{ResultExt, Snafu, Whatever};
[INFO] [stderr]    |                               ^^^^^^^^
[INFO] [stderr] 
[INFO] [stderr] warning: unused import: `info`
[INFO] [stderr]   --> lsp/src/main.rs:24:22
[INFO] [stderr]    |
[INFO] [stderr] 24 | use tracing::{error, info};
[INFO] [stderr]    |                      ^^^^
[INFO] [stderr] 
[INFO] [stderr] warning: unused import: `Language`
[INFO] [stderr]   --> lsp/src/main.rs:26:19
[INFO] [stderr]    |
[INFO] [stderr] 26 | use tree_sitter::{Language, LanguageError, Parser};
[INFO] [stderr]    |                   ^^^^^^^^
[INFO] [stderr] 
[INFO] [stderr] warning: unused import: `tree_sitter_riscvasm::NODE_TYPES`
[INFO] [stderr]   --> lsp/src/main.rs:27:5
[INFO] [stderr]    |
[INFO] [stderr] 27 | use tree_sitter_riscvasm::NODE_TYPES;
[INFO] [stderr]    |     ^^^^^^^^^^^^^^^^^^^^^^^^^^^^^^^^
[INFO] [stderr] 
[INFO] [stderr] warning: use of deprecated function `nll::nll_todo::nll_todo`
[INFO] [stderr]   --> lsp/src/main.rs:11:20
[INFO] [stderr]    |
[INFO] [stderr] 11 | use nll::nll_todo::nll_todo;
[INFO] [stderr]    |                    ^^^^^^^^
[INFO] [stderr]    |
[INFO] [stderr]    = note: `#[warn(deprecated)]` on by default
[INFO] [stderr] 
[INFO] [stderr] warning: `#[macro_use]` only has an effect on `extern crate` and modules
[INFO] [stderr]  --> lsp/src/doc.rs:9:1
[INFO] [stderr]   |
[INFO] [stderr] 9 | #[macro_use]
[INFO] [stderr]   | ^^^^^^^^^^^^
[INFO] [stderr]   |
[INFO] [stderr]   = note: `#[warn(unused_attributes)]` on by default
[INFO] [stderr] 
[INFO] [stderr] warning: use of deprecated function `nll::nll_todo::nll_todo`
[INFO] [stderr]  --> lsp/src/doc.rs:6:20
[INFO] [stderr]   |
[INFO] [stderr] 6 | use nll::nll_todo::nll_todo;
[INFO] [stderr]   |                    ^^^^^^^^
[INFO] [stderr] 
[INFO] [stderr] warning: use of deprecated function `nll::nll_todo::nll_todo`
[INFO] [stderr]   --> lsp/src/doc.rs:84:38
[INFO] [stderr]    |
[INFO] [stderr] 84 |             SyntaxNode::Directive => nll_todo(),
[INFO] [stderr]    |                                      ^^^^^^^^
[INFO] [stderr] 
[INFO] [stderr] warning: use of deprecated function `nll::nll_todo::nll_todo`
[INFO] [stderr]   --> lsp/src/doc.rs:85:41
[INFO] [stderr]    |
[INFO] [stderr] 85 |             SyntaxNode::DirectiveArg => nll_todo(),
[INFO] [stderr]    |                                         ^^^^^^^^
[INFO] [stderr] 
[INFO] [stderr] warning: `lsp` (bin "lsp" test) generated 15 warnings (run `cargo fix --bin "lsp" --tests` to apply 10 suggestions)
[INFO] [stderr]     Finished `test` profile [unoptimized + debuginfo] target(s) in 0.05s
[INFO] [stderr]      Running unittests src/main.rs (/opt/rustwide/target/debug/deps/lsp-4fea729d00c090b5)
[INFO] [stdout] 
[INFO] [stdout] running 2 tests
[INFO] [stdout] test tests::dummy_test ... ok
[INFO] [stdout] test completion::tests::test_completions ... FAILED
[INFO] [stdout] 
[INFO] [stdout] failures:
[INFO] [stdout] 
[INFO] [stdout] ---- completion::tests::test_completions stdout ----
[INFO] [stdout] thread 'completion::tests::test_completions' panicked at lsp/src/completion.rs:137:9:
[INFO] [stdout] assertion `left == right` failed
[INFO] [stdout]   left: CompletionItem { label: "csrrw", kind: Some(Function), detail: Some("a -> a -> a"), documentation: Some(MarkupContent(MarkupContent { kind: Markdown, value: "Write to a csr" })), deprecated: None, preselect: Some(true), sort_text: None, filter_text: None, insert_text: None, insert_text_format: None, insert_text_mode: None, text_edit: None, additional_text_edits: None, command: None, commit_characters: None, data: None, tags: None }
[INFO] [stdout]  right: CompletionItem { label: "csrrw", kind: Some(Function), detail: Some("a -> a -> a"), documentation: Some(MarkupContent(MarkupContent { kind: Markdown, value: "Write to a csr" })), deprecated: None, preselect: None, sort_text: None, filter_text: None, insert_text: Some("csrrw"), insert_text_format: None, insert_text_mode: None, text_edit: None, additional_text_edits: None, command: None, commit_characters: None, data: None, tags: None }
[INFO] [stdout] stack backtrace:
[INFO] [stdout]    0:     0x605e2d8356ba - std::backtrace_rs::backtrace::libunwind::trace::h207520d6e9873551
[INFO] [stdout]                                at /rustc/df4ca44d3fbc9301ee17f30f4d474e6ae4b05252/library/std/src/../../backtrace/src/backtrace/libunwind.rs:116:5
[INFO] [stdout]    1:     0x605e2d8356ba - std::backtrace_rs::backtrace::trace_unsynchronized::h2ed7433f370e3eca
[INFO] [stdout]                                at /rustc/df4ca44d3fbc9301ee17f30f4d474e6ae4b05252/library/std/src/../../backtrace/src/backtrace/mod.rs:66:5
[INFO] [stdout]    2:     0x605e2d8356ba - std::sys::backtrace::_print_fmt::h916fac51166b18d7
[INFO] [stdout]                                at /rustc/df4ca44d3fbc9301ee17f30f4d474e6ae4b05252/library/std/src/sys/backtrace.rs:66:9
[INFO] [stdout]    3:     0x605e2d8356ba - <std::sys::backtrace::BacktraceLock::print::DisplayBacktrace as core::fmt::Display>::fmt::ha0a4c9b8ce3802e6
[INFO] [stdout]                                at /rustc/df4ca44d3fbc9301ee17f30f4d474e6ae4b05252/library/std/src/sys/backtrace.rs:39:26
[INFO] [stdout]    4:     0x605e2d85c013 - core::fmt::rt::Argument::fmt::h4cfc8587d52b3eb5
[INFO] [stdout]                                at /rustc/df4ca44d3fbc9301ee17f30f4d474e6ae4b05252/library/core/src/fmt/rt.rs:177:76
[INFO] [stdout]    5:     0x605e2d85c013 - core::fmt::write::h522cc39e5b36ae9f
[INFO] [stdout]                                at /rustc/df4ca44d3fbc9301ee17f30f4d474e6ae4b05252/library/core/src/fmt/mod.rs:1190:21
[INFO] [stdout]    6:     0x605e2d832323 - std::io::Write::write_fmt::h7d3c26752da97734
[INFO] [stdout]                                at /rustc/df4ca44d3fbc9301ee17f30f4d474e6ae4b05252/library/std/src/io/mod.rs:1839:15
[INFO] [stdout]    7:     0x605e2d835502 - std::sys::backtrace::BacktraceLock::print::h4b9e00b29e9c0942
[INFO] [stdout]                                at /rustc/df4ca44d3fbc9301ee17f30f4d474e6ae4b05252/library/std/src/sys/backtrace.rs:42:9
[INFO] [stdout]    8:     0x605e2d836b4a - std::panicking::default_hook::{{closure}}::hb59b88280d0324d9
[INFO] [stdout]                                at /rustc/df4ca44d3fbc9301ee17f30f4d474e6ae4b05252/library/std/src/panicking.rs:268:22
[INFO] [stdout]    9:     0x605e2d836954 - std::panicking::default_hook::he1dd496665be4a29
[INFO] [stdout]                                at /rustc/df4ca44d3fbc9301ee17f30f4d474e6ae4b05252/library/std/src/panicking.rs:292:9
[INFO] [stdout]   10:     0x605e2d7ec3f9 - <alloc::boxed::Box<F,A> as core::ops::function::Fn<Args>>::call::h4ff71de18744e1dc
[INFO] [stdout]                                at /rustc/df4ca44d3fbc9301ee17f30f4d474e6ae4b05252/library/alloc/src/boxed.rs:2468:9
[INFO] [stdout]   11:     0x605e2d7ec3f9 - test::test_main::{{closure}}::hcf7c055ce117aa81
[INFO] [stdout]                                at /rustc/df4ca44d3fbc9301ee17f30f4d474e6ae4b05252/library/test/src/lib.rs:133:21
[INFO] [stdout]   12:     0x605e2d837248 - <alloc::boxed::Box<F,A> as core::ops::function::Fn<Args>>::call::h1d66c6bbd60c9692
[INFO] [stdout]                                at /rustc/df4ca44d3fbc9301ee17f30f4d474e6ae4b05252/library/alloc/src/boxed.rs:2468:9
[INFO] [stdout]   13:     0x605e2d837248 - std::panicking::rust_panic_with_hook::h2ff17fe8f26dfcf8
[INFO] [stdout]                                at /rustc/df4ca44d3fbc9301ee17f30f4d474e6ae4b05252/library/std/src/panicking.rs:809:13
[INFO] [stdout]   14:     0x605e2d83700a - std::panicking::begin_panic_handler::{{closure}}::h4fad77951c07e101
[INFO] [stdout]                                at /rustc/df4ca44d3fbc9301ee17f30f4d474e6ae4b05252/library/std/src/panicking.rs:674:13
[INFO] [stdout]   15:     0x605e2d835b99 - std::sys::backtrace::__rust_end_short_backtrace::hb1a25b3da5d0ea08
[INFO] [stdout]                                at /rustc/df4ca44d3fbc9301ee17f30f4d474e6ae4b05252/library/std/src/sys/backtrace.rs:170:18
[INFO] [stdout]   16:     0x605e2d836c9c - rust_begin_unwind
[INFO] [stdout]                                at /rustc/df4ca44d3fbc9301ee17f30f4d474e6ae4b05252/library/std/src/panicking.rs:665:5
[INFO] [stdout]   17:     0x605e2d85a680 - core::panicking::panic_fmt::ha9db07b529f9b256
[INFO] [stdout]                                at /rustc/df4ca44d3fbc9301ee17f30f4d474e6ae4b05252/library/core/src/panicking.rs:75:14
[INFO] [stdout]   18:     0x605e2d85aa84 - core::panicking::assert_failed_inner::h04f38944d74a80a8
[INFO] [stdout]   19:     0x605e2d7acfa1 - core::panicking::assert_failed::h931f2a308d0860ca
[INFO] [stdout]                                at /rustc/df4ca44d3fbc9301ee17f30f4d474e6ae4b05252/library/core/src/panicking.rs:377:5
[INFO] [stdout]   20:     0x605e2d7afab3 - lsp::completion::tests::test_completions::h9929f13a4c809ec7
[INFO] [stdout]                                at /opt/rustwide/workdir/lsp/src/completion.rs:137:9
[INFO] [stdout]   21:     0x605e2d7af3e7 - lsp::completion::tests::test_completions::{{closure}}::h1ffcc5fc01ac6816
[INFO] [stdout]                                at /opt/rustwide/workdir/lsp/src/completion.rs:133:30
[INFO] [stdout]   22:     0x605e2d7ac1c6 - core::ops::function::FnOnce::call_once::h9804818673c41fb0
[INFO] [stdout]                                at /rustc/df4ca44d3fbc9301ee17f30f4d474e6ae4b05252/library/core/src/ops/function.rs:250:5
[INFO] [stdout]   23:     0x605e2d7f0ccb - core::ops::function::FnOnce::call_once::h22c3ba5715e93f05
[INFO] [stdout]                                at /rustc/df4ca44d3fbc9301ee17f30f4d474e6ae4b05252/library/core/src/ops/function.rs:250:5
[INFO] [stdout]   24:     0x605e2d7f0ccb - test::__rust_begin_short_backtrace::h8e82d8113d0da17f
[INFO] [stdout]                                at /rustc/df4ca44d3fbc9301ee17f30f4d474e6ae4b05252/library/test/src/lib.rs:621:18
[INFO] [stdout]   25:     0x605e2d7f0647 - test::run_test_in_process::{{closure}}::h33235f4f20b7b7c7
[INFO] [stdout]                                at /rustc/df4ca44d3fbc9301ee17f30f4d474e6ae4b05252/library/test/src/lib.rs:644:60
[INFO] [stdout]   26:     0x605e2d7f0647 - <core::panic::unwind_safe::AssertUnwindSafe<F> as core::ops::function::FnOnce<()>>::call_once::hb5043206310c586f
[INFO] [stdout]                                at /rustc/df4ca44d3fbc9301ee17f30f4d474e6ae4b05252/library/core/src/panic/unwind_safe.rs:272:9
[INFO] [stdout]   27:     0x605e2d7f0647 - std::panicking::try::do_call::h9ad4731a60ab23e2
[INFO] [stdout]                                at /rustc/df4ca44d3fbc9301ee17f30f4d474e6ae4b05252/library/std/src/panicking.rs:557:40
[INFO] [stdout]   28:     0x605e2d7f0647 - std::panicking::try::h3824d23db772a716
[INFO] [stdout]                                at /rustc/df4ca44d3fbc9301ee17f30f4d474e6ae4b05252/library/std/src/panicking.rs:520:19
[INFO] [stdout]   29:     0x605e2d7f0647 - std::panic::catch_unwind::h5afd514605fde46b
[INFO] [stdout]                                at /rustc/df4ca44d3fbc9301ee17f30f4d474e6ae4b05252/library/std/src/panic.rs:358:14
[INFO] [stdout]   30:     0x605e2d7f0647 - test::run_test_in_process::h0d5cbfa7067d1720
[INFO] [stdout]                                at /rustc/df4ca44d3fbc9301ee17f30f4d474e6ae4b05252/library/test/src/lib.rs:644:27
[INFO] [stdout]   31:     0x605e2d7f0647 - test::run_test::{{closure}}::h708eb8872708115d
[INFO] [stdout]                                at /rustc/df4ca44d3fbc9301ee17f30f4d474e6ae4b05252/library/test/src/lib.rs:565:43
[INFO] [stdout]   32:     0x605e2d7b3d64 - test::run_test::{{closure}}::h392c51cee94713ab
[INFO] [stdout]                                at /rustc/df4ca44d3fbc9301ee17f30f4d474e6ae4b05252/library/test/src/lib.rs:595:41
[INFO] [stdout]   33:     0x605e2d7b3d64 - std::sys::backtrace::__rust_begin_short_backtrace::h2f40290710935a8b
[INFO] [stdout]                                at /rustc/df4ca44d3fbc9301ee17f30f4d474e6ae4b05252/library/std/src/sys/backtrace.rs:154:18
[INFO] [stdout]   34:     0x605e2d7b750e - std::thread::Builder::spawn_unchecked_::{{closure}}::{{closure}}::h3fd968d89053a903
[INFO] [stdout]                                at /rustc/df4ca44d3fbc9301ee17f30f4d474e6ae4b05252/library/std/src/thread/mod.rs:541:17
[INFO] [stdout]   35:     0x605e2d7b750e - <core::panic::unwind_safe::AssertUnwindSafe<F> as core::ops::function::FnOnce<()>>::call_once::h743f637ba4229880
[INFO] [stdout]                                at /rustc/df4ca44d3fbc9301ee17f30f4d474e6ae4b05252/library/core/src/panic/unwind_safe.rs:272:9
[INFO] [stdout]   36:     0x605e2d7b750e - std::panicking::try::do_call::h07440897322525a6
[INFO] [stdout]                                at /rustc/df4ca44d3fbc9301ee17f30f4d474e6ae4b05252/library/std/src/panicking.rs:557:40
[INFO] [stdout]   37:     0x605e2d7b750e - std::panicking::try::he5a2e00188156637
[INFO] [stdout]                                at /rustc/df4ca44d3fbc9301ee17f30f4d474e6ae4b05252/library/std/src/panicking.rs:520:19
[INFO] [stdout]   38:     0x605e2d7b750e - std::panic::catch_unwind::hbaf3cae49b3c6433
[INFO] [stdout]                                at /rustc/df4ca44d3fbc9301ee17f30f4d474e6ae4b05252/library/std/src/panic.rs:358:14
[INFO] [stdout]   39:     0x605e2d7b750e - std::thread::Builder::spawn_unchecked_::{{closure}}::h8e141ea224820bce
[INFO] [stdout]                                at /rustc/df4ca44d3fbc9301ee17f30f4d474e6ae4b05252/library/std/src/thread/mod.rs:540:30
[INFO] [stdout]   40:     0x605e2d7b750e - core::ops::function::FnOnce::call_once{{vtable.shim}}::h90d312fedd7b8ea8
[INFO] [stdout]                                at /rustc/df4ca44d3fbc9301ee17f30f4d474e6ae4b05252/library/core/src/ops/function.rs:250:5
[INFO] [stdout]   41:     0x605e2d83b03b - <alloc::boxed::Box<F,A> as core::ops::function::FnOnce<Args>>::call_once::h69aa08ddb6adb8b6
[INFO] [stdout]                                at /rustc/df4ca44d3fbc9301ee17f30f4d474e6ae4b05252/library/alloc/src/boxed.rs:2454:9
[INFO] [stdout]   42:     0x605e2d83b03b - <alloc::boxed::Box<F,A> as core::ops::function::FnOnce<Args>>::call_once::h5aa36efdb79c806f
[INFO] [stdout]                                at /rustc/df4ca44d3fbc9301ee17f30f4d474e6ae4b05252/library/alloc/src/boxed.rs:2454:9
[INFO] [stdout]   43:     0x605e2d83b03b - std::sys::pal::unix::thread::Thread::new::thread_start::h6cd80a1b4be5158d
[INFO] [stdout]                                at /rustc/df4ca44d3fbc9301ee17f30f4d474e6ae4b05252/library/std/src/sys/pal/unix/thread.rs:105:17
[INFO] [stdout]   44:     0x75d57cf48ac3 - <unknown>
[INFO] [stdout]   45:     0x75d57cfd9a04 - clone
[INFO] [stdout]   46:                0x0 - <unknown>
[INFO] [stdout] 
[INFO] [stdout] 
[INFO] [stdout] failures:
[INFO] [stdout]     completion::tests::test_completions
[INFO] [stdout] 
[INFO] [stdout] test result: FAILED. 1 passed; 1 failed; 0 ignored; 0 measured; 0 filtered out; finished in 0.03s
[INFO] [stdout] 
[INFO] [stderr] error: test failed, to rerun pass `-p lsp --bin lsp`
[INFO] running `Command { std: "docker" "inspect" "a7a9011c215ca6f251209d3232472e39f8d8aa4f7d39b1b8156470b334094dbc", kill_on_drop: false }`
[INFO] running `Command { std: "docker" "rm" "-f" "a7a9011c215ca6f251209d3232472e39f8d8aa4f7d39b1b8156470b334094dbc", kill_on_drop: false }`
[INFO] [stdout] a7a9011c215ca6f251209d3232472e39f8d8aa4f7d39b1b8156470b334094dbc
