[INFO] cloning repository https://github.com/DevorCapitaux/DAGT
[INFO] running `Command { std: "git" "-c" "credential.helper=" "-c" "credential.helper=/workspace/cargo-home/bin/git-credential-null" "clone" "--bare" "https://github.com/DevorCapitaux/DAGT" "/workspace/cache/git-repos/https%3A%2F%2Fgithub.com%2FDevorCapitaux%2FDAGT", kill_on_drop: false }`
[INFO] [stderr] Cloning into bare repository '/workspace/cache/git-repos/https%3A%2F%2Fgithub.com%2FDevorCapitaux%2FDAGT'...
[INFO] running `Command { std: "git" "rev-parse" "HEAD", kill_on_drop: false }`
[INFO] [stdout] 16e79a8e8a54f631494ea6b227ee2fb034b9a918
[INFO] testing DevorCapitaux/DAGT/16e79a8e8a54f631494ea6b227ee2fb034b9a918 against nightly-2024-10-28+rustflags=-Zrandomize-layout for randomize-layout
[INFO] running `Command { std: "git" "clone" "/workspace/cache/git-repos/https%3A%2F%2Fgithub.com%2FDevorCapitaux%2FDAGT" "/workspace/builds/worker-0-tc2/source", kill_on_drop: false }`
[INFO] [stderr] Cloning into '/workspace/builds/worker-0-tc2/source'...
[INFO] [stderr] done.
[INFO] validating manifest of git repo https://github.com/DevorCapitaux/DAGT on toolchain nightly-2024-10-28
[INFO] running `Command { std: CARGO_HOME="/workspace/cargo-home" RUSTUP_HOME="/workspace/rustup-home" "/workspace/cargo-home/bin/cargo" "+nightly-2024-10-28" "metadata" "--manifest-path" "Cargo.toml" "--no-deps", kill_on_drop: false }`
[INFO] started tweaking git repo https://github.com/DevorCapitaux/DAGT
[INFO] finished tweaking git repo https://github.com/DevorCapitaux/DAGT
[INFO] tweaked toml for git repo https://github.com/DevorCapitaux/DAGT written to /workspace/builds/worker-0-tc2/source/Cargo.toml
[INFO] crate git repo https://github.com/DevorCapitaux/DAGT already has a lockfile, it will not be regenerated
[INFO] running `Command { std: CARGO_HOME="/workspace/cargo-home" RUSTUP_HOME="/workspace/rustup-home" "/workspace/cargo-home/bin/cargo" "+nightly-2024-10-28" "fetch" "--manifest-path" "Cargo.toml", kill_on_drop: false }`
[INFO] running `Command { std: "docker" "create" "-v" "/var/lib/crater-agent-workspace/builds/worker-0-tc2/target:/opt/rustwide/target:rw,Z" "-v" "/var/lib/crater-agent-workspace/builds/worker-0-tc2/source:/opt/rustwide/workdir:ro,Z" "-v" "/var/lib/crater-agent-workspace/cargo-home:/opt/rustwide/cargo-home:ro,Z" "-v" "/var/lib/crater-agent-workspace/rustup-home:/opt/rustwide/rustup-home:ro,Z" "-e" "SOURCE_DIR=/opt/rustwide/workdir" "-e" "CARGO_TARGET_DIR=/opt/rustwide/target" "-e" "CARGO_HOME=/opt/rustwide/cargo-home" "-e" "RUSTUP_HOME=/opt/rustwide/rustup-home" "-w" "/opt/rustwide/workdir" "-m" "1610612736" "--user" "0:0" "--network" "none" "ghcr.io/rust-lang/crates-build-env/linux@sha256:4a844ea9eb2546a2d2c7022eacef16ef2e8229c7fbb2c7d4d55a9ceca922f72d" "/opt/rustwide/cargo-home/bin/cargo" "+nightly-2024-10-28" "metadata" "--no-deps" "--format-version=1", kill_on_drop: false }`
[INFO] [stdout] 1d7297850dffb9d5afc4a30a0a9b14a15740d27d85896d2373ce72d2648c7101
[INFO] running `Command { std: "docker" "start" "-a" "1d7297850dffb9d5afc4a30a0a9b14a15740d27d85896d2373ce72d2648c7101", kill_on_drop: false }`
[INFO] running `Command { std: "docker" "inspect" "1d7297850dffb9d5afc4a30a0a9b14a15740d27d85896d2373ce72d2648c7101", kill_on_drop: false }`
[INFO] running `Command { std: "docker" "rm" "-f" "1d7297850dffb9d5afc4a30a0a9b14a15740d27d85896d2373ce72d2648c7101", kill_on_drop: false }`
[INFO] [stdout] 1d7297850dffb9d5afc4a30a0a9b14a15740d27d85896d2373ce72d2648c7101
[INFO] running `Command { std: "docker" "create" "-v" "/var/lib/crater-agent-workspace/builds/worker-0-tc2/target:/opt/rustwide/target:rw,Z" "-v" "/var/lib/crater-agent-workspace/builds/worker-0-tc2/source:/opt/rustwide/workdir:ro,Z" "-v" "/var/lib/crater-agent-workspace/cargo-home:/opt/rustwide/cargo-home:ro,Z" "-v" "/var/lib/crater-agent-workspace/rustup-home:/opt/rustwide/rustup-home:ro,Z" "-e" "SOURCE_DIR=/opt/rustwide/workdir" "-e" "CARGO_TARGET_DIR=/opt/rustwide/target" "-e" "CARGO_INCREMENTAL=0" "-e" "RUST_BACKTRACE=full" "-e" "RUSTFLAGS=--cap-lints=forbid -Zrandomize-layout" "-e" "RUSTDOCFLAGS=--cap-lints=forbid" "-e" "CARGO_HOME=/opt/rustwide/cargo-home" "-e" "RUSTUP_HOME=/opt/rustwide/rustup-home" "-w" "/opt/rustwide/workdir" "-m" "1610612736" "--user" "0:0" "--network" "none" "ghcr.io/rust-lang/crates-build-env/linux@sha256:4a844ea9eb2546a2d2c7022eacef16ef2e8229c7fbb2c7d4d55a9ceca922f72d" "/opt/rustwide/cargo-home/bin/cargo" "+nightly-2024-10-28" "build" "--frozen" "--message-format=json", kill_on_drop: false }`
[INFO] [stdout] 1898bb411c8226fb608126cb721332e367906f87e1ae56fbfd889e99bd2a31a5
[INFO] running `Command { std: "docker" "start" "-a" "1898bb411c8226fb608126cb721332e367906f87e1ae56fbfd889e99bd2a31a5", kill_on_drop: false }`
[INFO] [stderr]    Compiling pkg-config v0.3.30
[INFO] [stderr]    Compiling libloading v0.8.3
[INFO] [stderr]    Compiling proc-macro2 v1.0.84
[INFO] [stderr]    Compiling rustix v0.38.34
[INFO] [stderr]    Compiling cc v1.0.98
[INFO] [stderr]    Compiling bitflags v2.5.0
[INFO] [stderr]    Compiling linux-raw-sys v0.4.14
[INFO] [stderr]    Compiling unicode-ident v1.0.12
[INFO] [stderr]    Compiling log v0.4.21
[INFO] [stderr]    Compiling downcast-rs v1.2.1
[INFO] [stderr]    Compiling scoped-tls v1.0.1
[INFO] [stderr]    Compiling memchr v2.7.2
[INFO] [stderr]    Compiling smallvec v1.13.2
[INFO] [stderr]    Compiling libc v0.2.155
[INFO] [stderr]    Compiling wayland-client v0.31.3
[INFO] [stderr]    Compiling xkeysym v0.2.0
[INFO] [stderr]    Compiling dagt-gl v0.1.0 (/opt/rustwide/workdir/gl)
[INFO] [stderr]    Compiling dagt-core v0.1.0 (/opt/rustwide/workdir/core)
[INFO] [stderr]    Compiling dagt-fonts v0.1.0 (/opt/rustwide/workdir/fonts)
[INFO] [stderr]    Compiling dlib v0.5.2
[INFO] [stdout] warning: unused variable: `event`
[INFO] [stdout]  --> core/src/interface/event.rs:6:32
[INFO] [stdout]   |
[INFO] [stdout] 6 |     fn handle_event(&mut self, event: &E) -> bool {
[INFO] [stdout]   |                                ^^^^^ help: if this is intentional, prefix it with an underscore: `_event`
[INFO] [stdout]   |
[INFO] [stdout]   = note: `#[warn(unused_variables)]` on by default
[INFO] [stdout] 
[INFO] [stdout] 
[INFO] [stdout] warning: field `display` is never read
[INFO] [stdout]  --> gl/src/egl/config.rs:7:16
[INFO] [stdout]   |
[INFO] [stdout] 6 | pub struct EglConfig {
[INFO] [stdout]   |            --------- field in this struct
[INFO] [stdout] 7 |     pub(super) display: EGLDisplay,
[INFO] [stdout]   |                ^^^^^^^
[INFO] [stdout]   |
[INFO] [stdout]   = note: `EglConfig` has a derived impl for the trait `Clone`, but this is intentionally ignored during dead code analysis
[INFO] [stdout]   = note: `#[warn(dead_code)]` on by default
[INFO] [stdout] 
[INFO] [stdout] 
[INFO] [stderr]    Compiling dagt-primitives v0.1.0 (/opt/rustwide/workdir/primitives)
[INFO] [stderr]    Compiling wayland-sys v0.31.2
[INFO] [stderr]    Compiling quick-xml v0.31.0
[INFO] [stderr]    Compiling quote v1.0.36
[INFO] [stderr]    Compiling memmap2 v0.8.0
[INFO] [stderr]    Compiling xkbcommon v0.7.0
[INFO] [stderr]    Compiling wayland-backend v0.3.4
[INFO] [stderr]    Compiling wayland-scanner v0.31.2
[INFO] [stderr]    Compiling wayland-egl v0.32.1
[INFO] [stderr]    Compiling wayland-protocols v0.31.2
[INFO] [stderr]    Compiling dagt-platform v0.1.0 (/opt/rustwide/workdir/platform)
[INFO] [stdout] warning: fields `xdg_surface`, `xdg_toplevel`, `display`, `context`, and `title` are never read
[INFO] [stdout]    --> platform/src/desktop/wayland/window.rs:138:16
[INFO] [stdout]     |
[INFO] [stdout] 136 | pub(super) struct WindowState {
[INFO] [stdout]     |                   ----------- fields in this struct
[INFO] [stdout] 137 |     pub(super) wl_surface: WlSurface,
[INFO] [stdout] 138 |     pub(super) xdg_surface: XdgSurface,
[INFO] [stdout]     |                ^^^^^^^^^^^
[INFO] [stdout] 139 |     pub(super) xdg_toplevel: XdgToplevel,
[INFO] [stdout]     |                ^^^^^^^^^^^^
[INFO] [stdout] 140 |     pub(super) display: EglDisplay,
[INFO] [stdout]     |                ^^^^^^^
[INFO] [stdout] ...
[INFO] [stdout] 143 |     pub(super) context: EglContext,
[INFO] [stdout]     |                ^^^^^^^
[INFO] [stdout] 144 |     pub(super) title: String,
[INFO] [stdout]     |                ^^^^^
[INFO] [stdout]     |
[INFO] [stdout]     = note: `#[warn(dead_code)]` on by default
[INFO] [stdout] 
[INFO] [stdout] 
[INFO] [stderr]    Compiling dagt-widgets v0.1.0 (/opt/rustwide/workdir/widgets)
[INFO] [stdout] warning: unused imports: `color::Color` and `rect::Rect`
[INFO] [stdout]  --> widgets/src/layouts/row.rs:3:23
[INFO] [stdout]   |
[INFO] [stdout] 3 | use dagt_primitives::{color::Color, rect::Rect};
[INFO] [stdout]   |                       ^^^^^^^^^^^^  ^^^^^^^^^^
[INFO] [stdout]   |
[INFO] [stdout]   = note: `#[warn(unused_imports)]` on by default
[INFO] [stdout] 
[INFO] [stdout] 
[INFO] [stdout] warning: unused variable: `i`
[INFO] [stdout]    --> widgets/src/text.rs:142:14
[INFO] [stdout]     |
[INFO] [stdout] 142 |         for (i, c) in self.text.chars().enumerate() {
[INFO] [stdout]     |              ^ help: if this is intentional, prefix it with an underscore: `_i`
[INFO] [stdout]     |
[INFO] [stdout]     = note: `#[warn(unused_variables)]` on by default
[INFO] [stdout] 
[INFO] [stdout] 
[INFO] [stdout] warning: fields `text` and `color_hov` are never read
[INFO] [stdout]   --> widgets/src/buttons/button.rs:56:5
[INFO] [stdout]    |
[INFO] [stdout] 55 | struct Button {
[INFO] [stdout]    |        ------ fields in this struct
[INFO] [stdout] 56 |     text: String,
[INFO] [stdout]    |     ^^^^
[INFO] [stdout] ...
[INFO] [stdout] 61 |     color_hov: Color,
[INFO] [stdout]    |     ^^^^^^^^^
[INFO] [stdout]    |
[INFO] [stdout]    = note: `#[warn(dead_code)]` on by default
[INFO] [stdout] 
[INFO] [stdout] 
[INFO] [stdout] warning: field `font_size` is never read
[INFO] [stdout]   --> widgets/src/text.rs:11:5
[INFO] [stdout]    |
[INFO] [stdout] 7  | pub struct Text {
[INFO] [stdout]    |            ---- field in this struct
[INFO] [stdout] ...
[INFO] [stdout] 11 |     font_size: f64,
[INFO] [stdout]    |     ^^^^^^^^^
[INFO] [stdout]    |
[INFO] [stdout]    = note: `Text` has a derived impl for the trait `Clone`, but this is intentionally ignored during dead code analysis
[INFO] [stdout] 
[INFO] [stdout] 
[INFO] [stderr]    Compiling dagt v0.1.0 (/opt/rustwide/workdir/dagt)
[INFO] [stderr]     Finished `dev` profile [unoptimized + debuginfo] target(s) in 5.20s
[INFO] running `Command { std: "docker" "inspect" "1898bb411c8226fb608126cb721332e367906f87e1ae56fbfd889e99bd2a31a5", kill_on_drop: false }`
[INFO] running `Command { std: "docker" "rm" "-f" "1898bb411c8226fb608126cb721332e367906f87e1ae56fbfd889e99bd2a31a5", kill_on_drop: false }`
[INFO] [stdout] 1898bb411c8226fb608126cb721332e367906f87e1ae56fbfd889e99bd2a31a5
[INFO] running `Command { std: "docker" "create" "-v" "/var/lib/crater-agent-workspace/builds/worker-0-tc2/target:/opt/rustwide/target:rw,Z" "-v" "/var/lib/crater-agent-workspace/builds/worker-0-tc2/source:/opt/rustwide/workdir:ro,Z" "-v" "/var/lib/crater-agent-workspace/cargo-home:/opt/rustwide/cargo-home:ro,Z" "-v" "/var/lib/crater-agent-workspace/rustup-home:/opt/rustwide/rustup-home:ro,Z" "-e" "SOURCE_DIR=/opt/rustwide/workdir" "-e" "CARGO_TARGET_DIR=/opt/rustwide/target" "-e" "CARGO_INCREMENTAL=0" "-e" "RUST_BACKTRACE=full" "-e" "RUSTFLAGS=--cap-lints=forbid -Zrandomize-layout" "-e" "RUSTDOCFLAGS=--cap-lints=forbid" "-e" "CARGO_HOME=/opt/rustwide/cargo-home" "-e" "RUSTUP_HOME=/opt/rustwide/rustup-home" "-w" "/opt/rustwide/workdir" "-m" "1610612736" "--user" "0:0" "--network" "none" "ghcr.io/rust-lang/crates-build-env/linux@sha256:4a844ea9eb2546a2d2c7022eacef16ef2e8229c7fbb2c7d4d55a9ceca922f72d" "/opt/rustwide/cargo-home/bin/cargo" "+nightly-2024-10-28" "test" "--frozen" "--no-run" "--message-format=json", kill_on_drop: false }`
[INFO] [stdout] 980c9462a2b6b951581faef94fcbfdda95030141ae56c1ea91148bc89c37221e
[INFO] running `Command { std: "docker" "start" "-a" "980c9462a2b6b951581faef94fcbfdda95030141ae56c1ea91148bc89c37221e", kill_on_drop: false }`
[INFO] [stdout] warning: field `display` is never read
[INFO] [stdout]  --> gl/src/egl/config.rs:7:16
[INFO] [stdout]   |
[INFO] [stdout] 6 | pub struct EglConfig {
[INFO] [stdout]   |            --------- field in this struct
[INFO] [stdout] 7 |     pub(super) display: EGLDisplay,
[INFO] [stdout]   |                ^^^^^^^
[INFO] [stdout]   |
[INFO] [stdout]   = note: `EglConfig` has a derived impl for the trait `Clone`, but this is intentionally ignored during dead code analysis
[INFO] [stdout]   = note: `#[warn(dead_code)]` on by default
[INFO] [stdout] 
[INFO] [stdout] 
[INFO] [stdout] warning: unused variable: `event`
[INFO] [stdout]  --> core/src/interface/event.rs:6:32
[INFO] [stdout]   |
[INFO] [stdout] 6 |     fn handle_event(&mut self, event: &E) -> bool {
[INFO] [stdout]   |                                ^^^^^ help: if this is intentional, prefix it with an underscore: `_event`
[INFO] [stdout]   |
[INFO] [stdout]   = note: `#[warn(unused_variables)]` on by default
[INFO] [stdout] 
[INFO] [stdout] 
[INFO] [stderr]    Compiling dagt-primitives v0.1.0 (/opt/rustwide/workdir/primitives)
[INFO] [stderr]    Compiling dagt-core v0.1.0 (/opt/rustwide/workdir/core)
[INFO] [stderr]    Compiling dagt-gl v0.1.0 (/opt/rustwide/workdir/gl)
[INFO] [stderr]    Compiling dagt-fonts v0.1.0 (/opt/rustwide/workdir/fonts)
[INFO] [stdout] warning: fields `xdg_surface`, `xdg_toplevel`, `display`, `context`, and `title` are never read
[INFO] [stdout]    --> platform/src/desktop/wayland/window.rs:138:16
[INFO] [stdout]     |
[INFO] [stdout] 136 | pub(super) struct WindowState {
[INFO] [stdout]     |                   ----------- fields in this struct
[INFO] [stdout] 137 |     pub(super) wl_surface: WlSurface,
[INFO] [stdout] 138 |     pub(super) xdg_surface: XdgSurface,
[INFO] [stdout]     |                ^^^^^^^^^^^
[INFO] [stdout] 139 |     pub(super) xdg_toplevel: XdgToplevel,
[INFO] [stdout]     |                ^^^^^^^^^^^^
[INFO] [stdout] 140 |     pub(super) display: EglDisplay,
[INFO] [stdout]     |                ^^^^^^^
[INFO] [stdout] ...
[INFO] [stdout] 143 |     pub(super) context: EglContext,
[INFO] [stdout]     |                ^^^^^^^
[INFO] [stdout] 144 |     pub(super) title: String,
[INFO] [stdout]     |                ^^^^^
[INFO] [stdout]     |
[INFO] [stdout]     = note: `#[warn(dead_code)]` on by default
[INFO] [stdout] 
[INFO] [stdout] 
[INFO] [stderr]    Compiling dagt-platform v0.1.0 (/opt/rustwide/workdir/platform)
[INFO] [stdout] warning: unused imports: `color::Color` and `rect::Rect`
[INFO] [stdout]  --> widgets/src/layouts/row.rs:3:23
[INFO] [stdout]   |
[INFO] [stdout] 3 | use dagt_primitives::{color::Color, rect::Rect};
[INFO] [stdout]   |                       ^^^^^^^^^^^^  ^^^^^^^^^^
[INFO] [stdout]   |
[INFO] [stdout]   = note: `#[warn(unused_imports)]` on by default
[INFO] [stdout] 
[INFO] [stdout] 
[INFO] [stdout] warning: unused variable: `i`
[INFO] [stdout]    --> widgets/src/text.rs:142:14
[INFO] [stdout]     |
[INFO] [stdout] 142 |         for (i, c) in self.text.chars().enumerate() {
[INFO] [stdout]     |              ^ help: if this is intentional, prefix it with an underscore: `_i`
[INFO] [stdout]     |
[INFO] [stdout]     = note: `#[warn(unused_variables)]` on by default
[INFO] [stdout] 
[INFO] [stdout] 
[INFO] [stdout] warning: fields `text` and `color_hov` are never read
[INFO] [stdout]   --> widgets/src/buttons/button.rs:56:5
[INFO] [stdout]    |
[INFO] [stdout] 55 | struct Button {
[INFO] [stdout]    |        ------ fields in this struct
[INFO] [stdout] 56 |     text: String,
[INFO] [stdout]    |     ^^^^
[INFO] [stdout] ...
[INFO] [stdout] 61 |     color_hov: Color,
[INFO] [stdout]    |     ^^^^^^^^^
[INFO] [stdout]    |
[INFO] [stdout]    = note: `#[warn(dead_code)]` on by default
[INFO] [stdout] 
[INFO] [stdout] 
[INFO] [stdout] warning: field `font_size` is never read
[INFO] [stdout]   --> widgets/src/text.rs:11:5
[INFO] [stdout]    |
[INFO] [stdout] 7  | pub struct Text {
[INFO] [stdout]    |            ---- field in this struct
[INFO] [stdout] ...
[INFO] [stdout] 11 |     font_size: f64,
[INFO] [stdout]    |     ^^^^^^^^^
[INFO] [stdout]    |
[INFO] [stdout]    = note: `Text` has a derived impl for the trait `Clone`, but this is intentionally ignored during dead code analysis
[INFO] [stdout] 
[INFO] [stdout] 
[INFO] [stderr]    Compiling dagt-widgets v0.1.0 (/opt/rustwide/workdir/widgets)
[INFO] [stderr]    Compiling dagt v0.1.0 (/opt/rustwide/workdir/dagt)
[INFO] [stdout] warning: unused imports: `color::Color` and `rect::Rect`
[INFO] [stdout]  --> widgets/src/layouts/row.rs:3:23
[INFO] [stdout]   |
[INFO] [stdout] 3 | use dagt_primitives::{color::Color, rect::Rect};
[INFO] [stdout]   |                       ^^^^^^^^^^^^  ^^^^^^^^^^
[INFO] [stdout]   |
[INFO] [stdout]   = note: `#[warn(unused_imports)]` on by default
[INFO] [stdout] 
[INFO] [stdout] 
[INFO] [stdout] warning: unused variable: `event`
[INFO] [stdout]  --> core/src/interface/event.rs:6:32
[INFO] [stdout]   |
[INFO] [stdout] 6 |     fn handle_event(&mut self, event: &E) -> bool {
[INFO] [stdout]   |                                ^^^^^ help: if this is intentional, prefix it with an underscore: `_event`
[INFO] [stdout]   |
[INFO] [stdout]   = note: `#[warn(unused_variables)]` on by default
[INFO] [stdout] 
[INFO] [stdout] 
[INFO] [stdout] warning: unused variable: `i`
[INFO] [stdout]    --> widgets/src/text.rs:142:14
[INFO] [stdout]     |
[INFO] [stdout] 142 |         for (i, c) in self.text.chars().enumerate() {
[INFO] [stdout]     |              ^ help: if this is intentional, prefix it with an underscore: `_i`
[INFO] [stdout]     |
[INFO] [stdout]     = note: `#[warn(unused_variables)]` on by default
[INFO] [stdout] 
[INFO] [stdout] 
[INFO] [stdout] warning: fields `text` and `color_hov` are never read
[INFO] [stdout]   --> widgets/src/buttons/button.rs:56:5
[INFO] [stdout]    |
[INFO] [stdout] 55 | struct Button {
[INFO] [stdout]    |        ------ fields in this struct
[INFO] [stdout] 56 |     text: String,
[INFO] [stdout]    |     ^^^^
[INFO] [stdout] ...
[INFO] [stdout] 61 |     color_hov: Color,
[INFO] [stdout]    |     ^^^^^^^^^
[INFO] [stdout]    |
[INFO] [stdout]    = note: `#[warn(dead_code)]` on by default
[INFO] [stdout] 
[INFO] [stdout] 
[INFO] [stdout] warning: field `font_size` is never read
[INFO] [stdout]   --> widgets/src/text.rs:11:5
[INFO] [stdout]    |
[INFO] [stdout] 7  | pub struct Text {
[INFO] [stdout]    |            ---- field in this struct
[INFO] [stdout] ...
[INFO] [stdout] 11 |     font_size: f64,
[INFO] [stdout]    |     ^^^^^^^^^
[INFO] [stdout]    |
[INFO] [stdout]    = note: `Text` has a derived impl for the trait `Clone`, but this is intentionally ignored during dead code analysis
[INFO] [stdout] 
[INFO] [stdout] 
[INFO] [stdout] warning: field `display` is never read
[INFO] [stdout]  --> gl/src/egl/config.rs:7:16
[INFO] [stdout]   |
[INFO] [stdout] 6 | pub struct EglConfig {
[INFO] [stdout]   |            --------- field in this struct
[INFO] [stdout] 7 |     pub(super) display: EGLDisplay,
[INFO] [stdout]   |                ^^^^^^^
[INFO] [stdout]   |
[INFO] [stdout]   = note: `EglConfig` has a derived impl for the trait `Clone`, but this is intentionally ignored during dead code analysis
[INFO] [stdout]   = note: `#[warn(dead_code)]` on by default
[INFO] [stdout] 
[INFO] [stdout] 
[INFO] [stdout] warning: fields `xdg_surface`, `xdg_toplevel`, `display`, `context`, and `title` are never read
[INFO] [stdout]    --> platform/src/desktop/wayland/window.rs:138:16
[INFO] [stdout]     |
[INFO] [stdout] 136 | pub(super) struct WindowState {
[INFO] [stdout]     |                   ----------- fields in this struct
[INFO] [stdout] 137 |     pub(super) wl_surface: WlSurface,
[INFO] [stdout] 138 |     pub(super) xdg_surface: XdgSurface,
[INFO] [stdout]     |                ^^^^^^^^^^^
[INFO] [stdout] 139 |     pub(super) xdg_toplevel: XdgToplevel,
[INFO] [stdout]     |                ^^^^^^^^^^^^
[INFO] [stdout] 140 |     pub(super) display: EglDisplay,
[INFO] [stdout]     |                ^^^^^^^
[INFO] [stdout] ...
[INFO] [stdout] 143 |     pub(super) context: EglContext,
[INFO] [stdout]     |                ^^^^^^^
[INFO] [stdout] 144 |     pub(super) title: String,
[INFO] [stdout]     |                ^^^^^
[INFO] [stdout]     |
[INFO] [stdout]     = note: `#[warn(dead_code)]` on by default
[INFO] [stdout] 
[INFO] [stdout] 
[INFO] [stderr]     Finished `test` profile [unoptimized + debuginfo] target(s) in 0.29s
[INFO] running `Command { std: "docker" "inspect" "980c9462a2b6b951581faef94fcbfdda95030141ae56c1ea91148bc89c37221e", kill_on_drop: false }`
[INFO] running `Command { std: "docker" "rm" "-f" "980c9462a2b6b951581faef94fcbfdda95030141ae56c1ea91148bc89c37221e", kill_on_drop: false }`
[INFO] [stdout] 980c9462a2b6b951581faef94fcbfdda95030141ae56c1ea91148bc89c37221e
[INFO] running `Command { std: "docker" "create" "-v" "/var/lib/crater-agent-workspace/builds/worker-0-tc2/target:/opt/rustwide/target:rw,Z" "-v" "/var/lib/crater-agent-workspace/builds/worker-0-tc2/source:/opt/rustwide/workdir:ro,Z" "-v" "/var/lib/crater-agent-workspace/cargo-home:/opt/rustwide/cargo-home:ro,Z" "-v" "/var/lib/crater-agent-workspace/rustup-home:/opt/rustwide/rustup-home:ro,Z" "-e" "SOURCE_DIR=/opt/rustwide/workdir" "-e" "CARGO_TARGET_DIR=/opt/rustwide/target" "-e" "CARGO_INCREMENTAL=0" "-e" "RUST_BACKTRACE=full" "-e" "RUSTFLAGS=--cap-lints=forbid -Zrandomize-layout" "-e" "RUSTDOCFLAGS=--cap-lints=forbid" "-e" "CARGO_HOME=/opt/rustwide/cargo-home" "-e" "RUSTUP_HOME=/opt/rustwide/rustup-home" "-w" "/opt/rustwide/workdir" "-m" "1610612736" "--user" "0:0" "--network" "none" "ghcr.io/rust-lang/crates-build-env/linux@sha256:4a844ea9eb2546a2d2c7022eacef16ef2e8229c7fbb2c7d4d55a9ceca922f72d" "/opt/rustwide/cargo-home/bin/cargo" "+nightly-2024-10-28" "test" "--frozen", kill_on_drop: false }`
[INFO] [stdout] 1322dfc9734dbf969ae36dd70bed3cda24dfff22bd75ff0d95eb05fb925bbae8
[INFO] running `Command { std: "docker" "start" "-a" "1322dfc9734dbf969ae36dd70bed3cda24dfff22bd75ff0d95eb05fb925bbae8", kill_on_drop: false }`
[INFO] [stderr] warning: unused variable: `event`
[INFO] [stderr]  --> core/src/interface/event.rs:6:32
[INFO] [stderr]   |
[INFO] [stderr] 6 |     fn handle_event(&mut self, event: &E) -> bool {
[INFO] [stderr]   |                                ^^^^^ help: if this is intentional, prefix it with an underscore: `_event`
[INFO] [stderr]   |
[INFO] [stderr]   = note: `#[warn(unused_variables)]` on by default
[INFO] [stderr] 
[INFO] [stderr] warning: field `display` is never read
[INFO] [stderr]  --> gl/src/egl/config.rs:7:16
[INFO] [stderr]   |
[INFO] [stderr] 6 | pub struct EglConfig {
[INFO] [stderr]   |            --------- field in this struct
[INFO] [stderr] 7 |     pub(super) display: EGLDisplay,
[INFO] [stderr]   |                ^^^^^^^
[INFO] [stderr]   |
[INFO] [stderr]   = note: `EglConfig` has a derived impl for the trait `Clone`, but this is intentionally ignored during dead code analysis
[INFO] [stderr]   = note: `#[warn(dead_code)]` on by default
[INFO] [stderr] 
[INFO] [stderr] warning: `dagt-core` (lib) generated 1 warning
[INFO] [stderr] warning: `dagt-gl` (lib) generated 1 warning
[INFO] [stderr] warning: `dagt-core` (lib test) generated 1 warning (1 duplicate)
[INFO] [stderr] warning: `dagt-gl` (lib test) generated 1 warning (1 duplicate)
[INFO] [stderr] warning: fields `xdg_surface`, `xdg_toplevel`, `display`, `context`, and `title` are never read
[INFO] [stderr]    --> platform/src/desktop/wayland/window.rs:138:16
[INFO] [stderr]     |
[INFO] [stderr] 136 | pub(super) struct WindowState {
[INFO] [stderr]     |                   ----------- fields in this struct
[INFO] [stderr] 137 |     pub(super) wl_surface: WlSurface,
[INFO] [stderr] 138 |     pub(super) xdg_surface: XdgSurface,
[INFO] [stderr]     |                ^^^^^^^^^^^
[INFO] [stderr] 139 |     pub(super) xdg_toplevel: XdgToplevel,
[INFO] [stderr]     |                ^^^^^^^^^^^^
[INFO] [stderr] 140 |     pub(super) display: EglDisplay,
[INFO] [stderr]     |                ^^^^^^^
[INFO] [stderr] ...
[INFO] [stderr] 143 |     pub(super) context: EglContext,
[INFO] [stderr]     |                ^^^^^^^
[INFO] [stderr] 144 |     pub(super) title: String,
[INFO] [stderr]     |                ^^^^^
[INFO] [stderr]     |
[INFO] [stderr]     = note: `#[warn(dead_code)]` on by default
[INFO] [stderr] 
[INFO] [stderr] warning: `dagt-platform` (lib) generated 1 warning
[INFO] [stderr] warning: `dagt-platform` (lib test) generated 1 warning (1 duplicate)
[INFO] [stderr] warning: unused imports: `color::Color` and `rect::Rect`
[INFO] [stderr]  --> widgets/src/layouts/row.rs:3:23
[INFO] [stderr]   |
[INFO] [stderr] 3 | use dagt_primitives::{color::Color, rect::Rect};
[INFO] [stderr]   |                       ^^^^^^^^^^^^  ^^^^^^^^^^
[INFO] [stderr]   |
[INFO] [stderr]   = note: `#[warn(unused_imports)]` on by default
[INFO] [stderr] 
[INFO] [stderr] warning: unused variable: `i`
[INFO] [stderr]    --> widgets/src/text.rs:142:14
[INFO] [stderr]     |
[INFO] [stderr] 142 |         for (i, c) in self.text.chars().enumerate() {
[INFO] [stderr]     |              ^ help: if this is intentional, prefix it with an underscore: `_i`
[INFO] [stderr]     |
[INFO] [stderr]     = note: `#[warn(unused_variables)]` on by default
[INFO] [stderr] 
[INFO] [stderr] warning: fields `text` and `color_hov` are never read
[INFO] [stderr]   --> widgets/src/buttons/button.rs:56:5
[INFO] [stderr]    |
[INFO] [stderr] 55 | struct Button {
[INFO] [stderr]    |        ------ fields in this struct
[INFO] [stderr] 56 |     text: String,
[INFO] [stderr]    |     ^^^^
[INFO] [stderr] ...
[INFO] [stderr] 61 |     color_hov: Color,
[INFO] [stderr]    |     ^^^^^^^^^
[INFO] [stderr]    |
[INFO] [stderr]    = note: `#[warn(dead_code)]` on by default
[INFO] [stderr] 
[INFO] [stderr] warning: field `font_size` is never read
[INFO] [stderr]   --> widgets/src/text.rs:11:5
[INFO] [stderr]    |
[INFO] [stderr] 7  | pub struct Text {
[INFO] [stderr]    |            ---- field in this struct
[INFO] [stderr] ...
[INFO] [stderr] 11 |     font_size: f64,
[INFO] [stderr]    |     ^^^^^^^^^
[INFO] [stderr]    |
[INFO] [stderr]    = note: `Text` has a derived impl for the trait `Clone`, but this is intentionally ignored during dead code analysis
[INFO] [stderr] 
[INFO] [stderr] warning: `dagt-widgets` (lib) generated 4 warnings (run `cargo fix --lib -p dagt-widgets` to apply 1 suggestion)
[INFO] [stderr] warning: `dagt-widgets` (lib test) generated 4 warnings (4 duplicates)
[INFO] [stderr]     Finished `test` profile [unoptimized + debuginfo] target(s) in 0.03s
[INFO] [stderr]      Running unittests src/lib.rs (/opt/rustwide/target/debug/deps/dagt-73ba50d45951f1e3)
[INFO] [stdout] 
[INFO] [stdout] running 0 tests
[INFO] [stdout] 
[INFO] [stdout] test result: ok. 0 passed; 0 failed; 0 ignored; 0 measured; 0 filtered out; finished in 0.00s
[INFO] [stdout] 
[INFO] [stderr]      Running unittests src/lib.rs (/opt/rustwide/target/debug/deps/dagt_core-cded55bd4034ba07)
[INFO] [stdout] 
[INFO] [stdout] running 0 tests
[INFO] [stdout] 
[INFO] [stdout] test result: ok. 0 passed; 0 failed; 0 ignored; 0 measured; 0 filtered out; finished in 0.00s
[INFO] [stdout] 
[INFO] [stderr]      Running unittests src/lib.rs (/opt/rustwide/target/debug/deps/dagt_fonts-6dec135e374daa84)
[INFO] [stdout] 
[INFO] [stdout] running 1 test
[INFO] [stdout] test tests::load ... FAILED
[INFO] [stdout] 
[INFO] [stdout] failures:
[INFO] [stdout] 
[INFO] [stdout] ---- tests::load stdout ----
[INFO] [stdout] thread 'tests::load' panicked at fonts/src/lib.rs:26:46:
[INFO] [stdout] called `Result::unwrap()` on an `Err` value: Os { code: 2, kind: NotFound, message: "No such file or directory" }
[INFO] [stdout] stack backtrace:
[INFO] [stdout]    0:     0x619d7720664a - std::backtrace_rs::backtrace::libunwind::trace::h207520d6e9873551
[INFO] [stdout]                                at /rustc/df4ca44d3fbc9301ee17f30f4d474e6ae4b05252/library/std/src/../../backtrace/src/backtrace/libunwind.rs:116:5
[INFO] [stdout]    1:     0x619d7720664a - std::backtrace_rs::backtrace::trace_unsynchronized::h2ed7433f370e3eca
[INFO] [stdout]                                at /rustc/df4ca44d3fbc9301ee17f30f4d474e6ae4b05252/library/std/src/../../backtrace/src/backtrace/mod.rs:66:5
[INFO] [stdout]    2:     0x619d7720664a - std::sys::backtrace::_print_fmt::h916fac51166b18d7
[INFO] [stdout]                                at /rustc/df4ca44d3fbc9301ee17f30f4d474e6ae4b05252/library/std/src/sys/backtrace.rs:66:9
[INFO] [stdout]    3:     0x619d7720664a - <std::sys::backtrace::BacktraceLock::print::DisplayBacktrace as core::fmt::Display>::fmt::ha0a4c9b8ce3802e6
[INFO] [stdout]                                at /rustc/df4ca44d3fbc9301ee17f30f4d474e6ae4b05252/library/std/src/sys/backtrace.rs:39:26
[INFO] [stdout]    4:     0x619d7722cb33 - core::fmt::rt::Argument::fmt::h4cfc8587d52b3eb5
[INFO] [stdout]                                at /rustc/df4ca44d3fbc9301ee17f30f4d474e6ae4b05252/library/core/src/fmt/rt.rs:177:76
[INFO] [stdout]    5:     0x619d7722cb33 - core::fmt::write::h522cc39e5b36ae9f
[INFO] [stdout]                                at /rustc/df4ca44d3fbc9301ee17f30f4d474e6ae4b05252/library/core/src/fmt/mod.rs:1190:21
[INFO] [stdout]    6:     0x619d772032b3 - std::io::Write::write_fmt::h7d3c26752da97734
[INFO] [stdout]                                at /rustc/df4ca44d3fbc9301ee17f30f4d474e6ae4b05252/library/std/src/io/mod.rs:1839:15
[INFO] [stdout]    7:     0x619d77206492 - std::sys::backtrace::BacktraceLock::print::h4b9e00b29e9c0942
[INFO] [stdout]                                at /rustc/df4ca44d3fbc9301ee17f30f4d474e6ae4b05252/library/std/src/sys/backtrace.rs:42:9
[INFO] [stdout]    8:     0x619d77207ada - std::panicking::default_hook::{{closure}}::hb59b88280d0324d9
[INFO] [stdout]                                at /rustc/df4ca44d3fbc9301ee17f30f4d474e6ae4b05252/library/std/src/panicking.rs:268:22
[INFO] [stdout]    9:     0x619d772078e4 - std::panicking::default_hook::he1dd496665be4a29
[INFO] [stdout]                                at /rustc/df4ca44d3fbc9301ee17f30f4d474e6ae4b05252/library/std/src/panicking.rs:292:9
[INFO] [stdout]   10:     0x619d771d16d9 - <alloc::boxed::Box<F,A> as core::ops::function::Fn<Args>>::call::h4ff71de18744e1dc
[INFO] [stdout]                                at /rustc/df4ca44d3fbc9301ee17f30f4d474e6ae4b05252/library/alloc/src/boxed.rs:2468:9
[INFO] [stdout]   11:     0x619d771d16d9 - test::test_main::{{closure}}::hcf7c055ce117aa81
[INFO] [stdout]                                at /rustc/df4ca44d3fbc9301ee17f30f4d474e6ae4b05252/library/test/src/lib.rs:133:21
[INFO] [stdout]   12:     0x619d772081d8 - <alloc::boxed::Box<F,A> as core::ops::function::Fn<Args>>::call::h1d66c6bbd60c9692
[INFO] [stdout]                                at /rustc/df4ca44d3fbc9301ee17f30f4d474e6ae4b05252/library/alloc/src/boxed.rs:2468:9
[INFO] [stdout]   13:     0x619d772081d8 - std::panicking::rust_panic_with_hook::h2ff17fe8f26dfcf8
[INFO] [stdout]                                at /rustc/df4ca44d3fbc9301ee17f30f4d474e6ae4b05252/library/std/src/panicking.rs:809:13
[INFO] [stdout]   14:     0x619d77207f9a - std::panicking::begin_panic_handler::{{closure}}::h4fad77951c07e101
[INFO] [stdout]                                at /rustc/df4ca44d3fbc9301ee17f30f4d474e6ae4b05252/library/std/src/panicking.rs:674:13
[INFO] [stdout]   15:     0x619d77206b29 - std::sys::backtrace::__rust_end_short_backtrace::hb1a25b3da5d0ea08
[INFO] [stdout]                                at /rustc/df4ca44d3fbc9301ee17f30f4d474e6ae4b05252/library/std/src/sys/backtrace.rs:170:18
[INFO] [stdout]   16:     0x619d77207c2c - rust_begin_unwind
[INFO] [stdout]                                at /rustc/df4ca44d3fbc9301ee17f30f4d474e6ae4b05252/library/std/src/panicking.rs:665:5
[INFO] [stdout]   17:     0x619d7722b5d0 - core::panicking::panic_fmt::ha9db07b529f9b256
[INFO] [stdout]                                at /rustc/df4ca44d3fbc9301ee17f30f4d474e6ae4b05252/library/core/src/panicking.rs:75:14
[INFO] [stdout]   18:     0x619d7722b976 - core::result::unwrap_failed::h5e8218e4d4338b8a
[INFO] [stdout]                                at /rustc/df4ca44d3fbc9301ee17f30f4d474e6ae4b05252/library/core/src/result.rs:1698:5
[INFO] [stdout]   19:     0x619d7718e468 - core::result::Result<T,E>::unwrap::h4242aa166af65e2c
[INFO] [stdout]                                at /rustc/df4ca44d3fbc9301ee17f30f4d474e6ae4b05252/library/core/src/result.rs:1103:23
[INFO] [stdout]   20:     0x619d7718e468 - dagt_fonts::Font::load::h9007befbcff07794
[INFO] [stdout]                                at /opt/rustwide/workdir/fonts/src/lib.rs:26:24
[INFO] [stdout]   21:     0x619d771977ab - dagt_fonts::tests::load::h611961e885c60f3c
[INFO] [stdout]                                at /opt/rustwide/workdir/fonts/src/lib.rs:475:21
[INFO] [stdout]   22:     0x619d77197777 - dagt_fonts::tests::load::{{closure}}::h3ba6bc1953cf0b36
[INFO] [stdout]                                at /opt/rustwide/workdir/fonts/src/lib.rs:474:14
[INFO] [stdout]   23:     0x619d771956c6 - core::ops::function::FnOnce::call_once::h8d3519430739d283
[INFO] [stdout]                                at /rustc/df4ca44d3fbc9301ee17f30f4d474e6ae4b05252/library/core/src/ops/function.rs:250:5
[INFO] [stdout]   24:     0x619d771d5fab - core::ops::function::FnOnce::call_once::h22c3ba5715e93f05
[INFO] [stdout]                                at /rustc/df4ca44d3fbc9301ee17f30f4d474e6ae4b05252/library/core/src/ops/function.rs:250:5
[INFO] [stdout]   25:     0x619d771d5fab - test::__rust_begin_short_backtrace::h8e82d8113d0da17f
[INFO] [stdout]                                at /rustc/df4ca44d3fbc9301ee17f30f4d474e6ae4b05252/library/test/src/lib.rs:621:18
[INFO] [stdout]   26:     0x619d771d5927 - test::run_test_in_process::{{closure}}::h33235f4f20b7b7c7
[INFO] [stdout]                                at /rustc/df4ca44d3fbc9301ee17f30f4d474e6ae4b05252/library/test/src/lib.rs:644:60
[INFO] [stdout]   27:     0x619d771d5927 - <core::panic::unwind_safe::AssertUnwindSafe<F> as core::ops::function::FnOnce<()>>::call_once::hb5043206310c586f
[INFO] [stdout]                                at /rustc/df4ca44d3fbc9301ee17f30f4d474e6ae4b05252/library/core/src/panic/unwind_safe.rs:272:9
[INFO] [stdout]   28:     0x619d771d5927 - std::panicking::try::do_call::h9ad4731a60ab23e2
[INFO] [stdout]                                at /rustc/df4ca44d3fbc9301ee17f30f4d474e6ae4b05252/library/std/src/panicking.rs:557:40
[INFO] [stdout]   29:     0x619d771d5927 - std::panicking::try::h3824d23db772a716
[INFO] [stdout]                                at /rustc/df4ca44d3fbc9301ee17f30f4d474e6ae4b05252/library/std/src/panicking.rs:520:19
[INFO] [stdout]   30:     0x619d771d5927 - std::panic::catch_unwind::h5afd514605fde46b
[INFO] [stdout]                                at /rustc/df4ca44d3fbc9301ee17f30f4d474e6ae4b05252/library/std/src/panic.rs:358:14
[INFO] [stdout]   31:     0x619d771d5927 - test::run_test_in_process::h0d5cbfa7067d1720
[INFO] [stdout]                                at /rustc/df4ca44d3fbc9301ee17f30f4d474e6ae4b05252/library/test/src/lib.rs:644:27
[INFO] [stdout]   32:     0x619d771d5927 - test::run_test::{{closure}}::h708eb8872708115d
[INFO] [stdout]                                at /rustc/df4ca44d3fbc9301ee17f30f4d474e6ae4b05252/library/test/src/lib.rs:565:43
[INFO] [stdout]   33:     0x619d77199044 - test::run_test::{{closure}}::h392c51cee94713ab
[INFO] [stdout]                                at /rustc/df4ca44d3fbc9301ee17f30f4d474e6ae4b05252/library/test/src/lib.rs:595:41
[INFO] [stdout]   34:     0x619d77199044 - std::sys::backtrace::__rust_begin_short_backtrace::h2f40290710935a8b
[INFO] [stdout]                                at /rustc/df4ca44d3fbc9301ee17f30f4d474e6ae4b05252/library/std/src/sys/backtrace.rs:154:18
[INFO] [stdout]   35:     0x619d7719c7ee - std::thread::Builder::spawn_unchecked_::{{closure}}::{{closure}}::h3fd968d89053a903
[INFO] [stdout]                                at /rustc/df4ca44d3fbc9301ee17f30f4d474e6ae4b05252/library/std/src/thread/mod.rs:541:17
[INFO] [stdout]   36:     0x619d7719c7ee - <core::panic::unwind_safe::AssertUnwindSafe<F> as core::ops::function::FnOnce<()>>::call_once::h743f637ba4229880
[INFO] [stdout]                                at /rustc/df4ca44d3fbc9301ee17f30f4d474e6ae4b05252/library/core/src/panic/unwind_safe.rs:272:9
[INFO] [stdout]   37:     0x619d7719c7ee - std::panicking::try::do_call::h07440897322525a6
[INFO] [stdout]                                at /rustc/df4ca44d3fbc9301ee17f30f4d474e6ae4b05252/library/std/src/panicking.rs:557:40
[INFO] [stdout]   38:     0x619d7719c7ee - std::panicking::try::he5a2e00188156637
[INFO] [stdout]                                at /rustc/df4ca44d3fbc9301ee17f30f4d474e6ae4b05252/library/std/src/panicking.rs:520:19
[INFO] [stdout]   39:     0x619d7719c7ee - std::panic::catch_unwind::hbaf3cae49b3c6433
[INFO] [stdout]                                at /rustc/df4ca44d3fbc9301ee17f30f4d474e6ae4b05252/library/std/src/panic.rs:358:14
[INFO] [stdout]   40:     0x619d7719c7ee - std::thread::Builder::spawn_unchecked_::{{closure}}::h8e141ea224820bce
[INFO] [stdout]                                at /rustc/df4ca44d3fbc9301ee17f30f4d474e6ae4b05252/library/std/src/thread/mod.rs:540:30
[INFO] [stdout]   41:     0x619d7719c7ee - core::ops::function::FnOnce::call_once{{vtable.shim}}::h90d312fedd7b8ea8
[INFO] [stdout]                                at /rustc/df4ca44d3fbc9301ee17f30f4d474e6ae4b05252/library/core/src/ops/function.rs:250:5
[INFO] [stdout]   42:     0x619d7720bfdb - <alloc::boxed::Box<F,A> as core::ops::function::FnOnce<Args>>::call_once::h69aa08ddb6adb8b6
[INFO] [stdout]                                at /rustc/df4ca44d3fbc9301ee17f30f4d474e6ae4b05252/library/alloc/src/boxed.rs:2454:9
[INFO] [stdout]   43:     0x619d7720bfdb - <alloc::boxed::Box<F,A> as core::ops::function::FnOnce<Args>>::call_once::h5aa36efdb79c806f
[INFO] [stdout]                                at /rustc/df4ca44d3fbc9301ee17f30f4d474e6ae4b05252/library/alloc/src/boxed.rs:2454:9
[INFO] [stdout]   44:     0x619d7720bfdb - std::sys::pal::unix::thread::Thread::new::thread_start::h6cd80a1b4be5158d
[INFO] [stdout]                                at /rustc/df4ca44d3fbc9301ee17f30f4d474e6ae4b05252/library/std/src/sys/pal/unix/thread.rs:105:17
[INFO] [stdout]   45:     0x73394e111ac3 - <unknown>
[INFO] [stdout]   46:     0x73394e1a2a04 - clone
[INFO] [stdout]   47:                0x0 - <unknown>
[INFO] [stdout] 
[INFO] [stdout] 
[INFO] [stdout] failures:
[INFO] [stdout]     tests::load
[INFO] [stdout] 
[INFO] [stdout] test result: FAILED. 0 passed; 1 failed; 0 ignored; 0 measured; 0 filtered out; finished in 0.01s
[INFO] [stdout] 
[INFO] [stderr] error: test failed, to rerun pass `-p dagt-fonts --lib`
[INFO] running `Command { std: "docker" "inspect" "1322dfc9734dbf969ae36dd70bed3cda24dfff22bd75ff0d95eb05fb925bbae8", kill_on_drop: false }`
[INFO] running `Command { std: "docker" "rm" "-f" "1322dfc9734dbf969ae36dd70bed3cda24dfff22bd75ff0d95eb05fb925bbae8", kill_on_drop: false }`
[INFO] [stdout] 1322dfc9734dbf969ae36dd70bed3cda24dfff22bd75ff0d95eb05fb925bbae8
