[INFO] cloning repository https://github.com/DarkoreXOR/leetcode_solutions
[INFO] running `Command { std: "git" "-c" "credential.helper=" "-c" "credential.helper=/workspace/cargo-home/bin/git-credential-null" "clone" "--bare" "https://github.com/DarkoreXOR/leetcode_solutions" "/workspace/cache/git-repos/https%3A%2F%2Fgithub.com%2FDarkoreXOR%2Fleetcode_solutions", kill_on_drop: false }`
[INFO] [stderr] Cloning into bare repository '/workspace/cache/git-repos/https%3A%2F%2Fgithub.com%2FDarkoreXOR%2Fleetcode_solutions'...
[INFO] running `Command { std: "git" "rev-parse" "HEAD", kill_on_drop: false }`
[INFO] [stdout] 0dee0ec0ae522a3185f574754b8fa5afb940a4f9
[INFO] testing DarkoreXOR/leetcode_solutions/0dee0ec0ae522a3185f574754b8fa5afb940a4f9 against nightly-2024-10-28 for randomize-layout
[INFO] running `Command { std: "git" "clone" "/workspace/cache/git-repos/https%3A%2F%2Fgithub.com%2FDarkoreXOR%2Fleetcode_solutions" "/workspace/builds/worker-3-tc1/source", kill_on_drop: false }`
[INFO] [stderr] Cloning into '/workspace/builds/worker-3-tc1/source'...
[INFO] [stderr] done.
[INFO] validating manifest of git repo https://github.com/DarkoreXOR/leetcode_solutions on toolchain nightly-2024-10-28
[INFO] running `Command { std: CARGO_HOME="/workspace/cargo-home" RUSTUP_HOME="/workspace/rustup-home" "/workspace/cargo-home/bin/cargo" "+nightly-2024-10-28" "metadata" "--manifest-path" "Cargo.toml" "--no-deps", kill_on_drop: false }`
[INFO] started tweaking git repo https://github.com/DarkoreXOR/leetcode_solutions
[INFO] finished tweaking git repo https://github.com/DarkoreXOR/leetcode_solutions
[INFO] tweaked toml for git repo https://github.com/DarkoreXOR/leetcode_solutions written to /workspace/builds/worker-3-tc1/source/Cargo.toml
[INFO] crate git repo https://github.com/DarkoreXOR/leetcode_solutions already has a lockfile, it will not be regenerated
[INFO] running `Command { std: CARGO_HOME="/workspace/cargo-home" RUSTUP_HOME="/workspace/rustup-home" "/workspace/cargo-home/bin/cargo" "+nightly-2024-10-28" "fetch" "--manifest-path" "Cargo.toml", kill_on_drop: false }`
[INFO] running `Command { std: "docker" "create" "-v" "/var/lib/crater-agent-workspace/builds/worker-3-tc1/target:/opt/rustwide/target:rw,Z" "-v" "/var/lib/crater-agent-workspace/builds/worker-3-tc1/source:/opt/rustwide/workdir:ro,Z" "-v" "/var/lib/crater-agent-workspace/cargo-home:/opt/rustwide/cargo-home:ro,Z" "-v" "/var/lib/crater-agent-workspace/rustup-home:/opt/rustwide/rustup-home:ro,Z" "-e" "SOURCE_DIR=/opt/rustwide/workdir" "-e" "CARGO_TARGET_DIR=/opt/rustwide/target" "-e" "CARGO_HOME=/opt/rustwide/cargo-home" "-e" "RUSTUP_HOME=/opt/rustwide/rustup-home" "-w" "/opt/rustwide/workdir" "-m" "1610612736" "--user" "0:0" "--network" "none" "ghcr.io/rust-lang/crates-build-env/linux@sha256:4a844ea9eb2546a2d2c7022eacef16ef2e8229c7fbb2c7d4d55a9ceca922f72d" "/opt/rustwide/cargo-home/bin/cargo" "+nightly-2024-10-28" "metadata" "--no-deps" "--format-version=1", kill_on_drop: false }`
[INFO] [stdout] 3edbbecab058c51389438bda75b8f9904fc5798a783c7d23a8f9f0d04d67dff0
[INFO] running `Command { std: "docker" "start" "-a" "3edbbecab058c51389438bda75b8f9904fc5798a783c7d23a8f9f0d04d67dff0", kill_on_drop: false }`
[INFO] running `Command { std: "docker" "inspect" "3edbbecab058c51389438bda75b8f9904fc5798a783c7d23a8f9f0d04d67dff0", kill_on_drop: false }`
[INFO] running `Command { std: "docker" "rm" "-f" "3edbbecab058c51389438bda75b8f9904fc5798a783c7d23a8f9f0d04d67dff0", kill_on_drop: false }`
[INFO] [stdout] 3edbbecab058c51389438bda75b8f9904fc5798a783c7d23a8f9f0d04d67dff0
[INFO] running `Command { std: "docker" "create" "-v" "/var/lib/crater-agent-workspace/builds/worker-3-tc1/target:/opt/rustwide/target:rw,Z" "-v" "/var/lib/crater-agent-workspace/builds/worker-3-tc1/source:/opt/rustwide/workdir:ro,Z" "-v" "/var/lib/crater-agent-workspace/cargo-home:/opt/rustwide/cargo-home:ro,Z" "-v" "/var/lib/crater-agent-workspace/rustup-home:/opt/rustwide/rustup-home:ro,Z" "-e" "SOURCE_DIR=/opt/rustwide/workdir" "-e" "CARGO_TARGET_DIR=/opt/rustwide/target" "-e" "CARGO_INCREMENTAL=0" "-e" "RUST_BACKTRACE=full" "-e" "RUSTFLAGS=--cap-lints=forbid" "-e" "RUSTDOCFLAGS=--cap-lints=forbid" "-e" "CARGO_HOME=/opt/rustwide/cargo-home" "-e" "RUSTUP_HOME=/opt/rustwide/rustup-home" "-w" "/opt/rustwide/workdir" "-m" "1610612736" "--user" "0:0" "--network" "none" "ghcr.io/rust-lang/crates-build-env/linux@sha256:4a844ea9eb2546a2d2c7022eacef16ef2e8229c7fbb2c7d4d55a9ceca922f72d" "/opt/rustwide/cargo-home/bin/cargo" "+nightly-2024-10-28" "build" "--frozen" "--message-format=json", kill_on_drop: false }`
[INFO] [stdout] 041969f171302bb6ddb4971b1fbc90a3b7a7005d95ea59be7e08977d8910f688
[INFO] running `Command { std: "docker" "start" "-a" "041969f171302bb6ddb4971b1fbc90a3b7a7005d95ea59be7e08977d8910f688", kill_on_drop: false }`
[INFO] [stderr]    Compiling leetcode v0.1.0 (/opt/rustwide/workdir)
[INFO] [stdout] warning: associated function `int_to_roman` is never used
[INFO] [stdout]  --> src/bin/integer-to-roman.rs:9:12
[INFO] [stdout]   |
[INFO] [stdout] 8 | impl Solution {
[INFO] [stdout]   | ------------- associated function in this implementation
[INFO] [stdout] 9 |     pub fn int_to_roman(num: i32) -> String {
[INFO] [stdout]   |            ^^^^^^^^^^^^
[INFO] [stdout]   |
[INFO] [stdout]   = note: `#[warn(dead_code)]` on by default
[INFO] [stdout] 
[INFO] [stdout] 
[INFO] [stdout] warning: associated function `reverse` is never used
[INFO] [stdout]  --> src/bin/reverse-integer.rs:9:12
[INFO] [stdout]   |
[INFO] [stdout] 8 | impl Solution {
[INFO] [stdout]   | ------------- associated function in this implementation
[INFO] [stdout] 9 |     pub fn reverse(x: i32) -> i32 {
[INFO] [stdout]   |            ^^^^^^^
[INFO] [stdout]   |
[INFO] [stdout]   = note: `#[warn(dead_code)]` on by default
[INFO] [stdout] 
[INFO] [stdout] 
[INFO] [stdout] warning: associated functions `binary_search` and `three_sum` are never used
[INFO] [stdout]   --> src/bin/3sum.rs:9:8
[INFO] [stdout]    |
[INFO] [stdout] 8  | impl Solution {
[INFO] [stdout]    | ------------- associated functions in this implementation
[INFO] [stdout] 9  |     fn binary_search(sorted: &[i32], elem: i32) -> Option<usize> {
[INFO] [stdout]    |        ^^^^^^^^^^^^^
[INFO] [stdout] ...
[INFO] [stdout] 32 |     pub fn three_sum(nums: Vec<i32>) -> Vec<Vec<i32>> {
[INFO] [stdout]    |            ^^^^^^^^^
[INFO] [stdout]    |
[INFO] [stdout]    = note: `#[warn(dead_code)]` on by default
[INFO] [stdout] 
[INFO] [stdout] 
[INFO] [stdout] warning: associated function `three_sum_closest` is never used
[INFO] [stdout]  --> src/bin/3sum_closest.rs:9:12
[INFO] [stdout]   |
[INFO] [stdout] 8 | impl Solution {
[INFO] [stdout]   | ------------- associated function in this implementation
[INFO] [stdout] 9 |     pub fn three_sum_closest(nums: Vec<i32>, target: i32) -> i32 {
[INFO] [stdout]   |            ^^^^^^^^^^^^^^^^^
[INFO] [stdout]   |
[INFO] [stdout]   = note: `#[warn(dead_code)]` on by default
[INFO] [stdout] 
[INFO] [stdout] 
[INFO] [stdout] warning: associated functions `left_subtree`, `right_subtree`, and `longest_zig_zag` are never used
[INFO] [stdout]   --> src/bin/longest-zigzag-path-in-a-binary-tree.rs:30:8
[INFO] [stdout]    |
[INFO] [stdout] 29 | impl Solution {
[INFO] [stdout]    | ------------- associated functions in this implementation
[INFO] [stdout] 30 |     fn left_subtree(parent: Option<Rc<RefCell<TreeNode>>>, depth: i32) -> i32 {
[INFO] [stdout]    |        ^^^^^^^^^^^^
[INFO] [stdout] ...
[INFO] [stdout] 50 |     fn right_subtree(parent: Option<Rc<RefCell<TreeNode>>>, depth: i32) -> i32 {
[INFO] [stdout]    |        ^^^^^^^^^^^^^
[INFO] [stdout] ...
[INFO] [stdout] 70 |     pub fn longest_zig_zag(root: Option<Rc<RefCell<TreeNode>>>) -> i32 {
[INFO] [stdout]    |            ^^^^^^^^^^^^^^^
[INFO] [stdout]    |
[INFO] [stdout]    = note: `#[warn(dead_code)]` on by default
[INFO] [stdout] 
[INFO] [stdout] 
[INFO] [stdout] warning: associated function `longest_palindrome` is never used
[INFO] [stdout]  --> src/bin/longest-palindromic-substring.rs:9:12
[INFO] [stdout]   |
[INFO] [stdout] 8 | impl Solution {
[INFO] [stdout]   | ------------- associated function in this implementation
[INFO] [stdout] 9 |     pub fn longest_palindrome(s: String) -> String {
[INFO] [stdout]   |            ^^^^^^^^^^^^^^^^^^
[INFO] [stdout]   |
[INFO] [stdout]   = note: `#[warn(dead_code)]` on by default
[INFO] [stdout] 
[INFO] [stdout] 
[INFO] [stdout] warning: associated function `convert` is never used
[INFO] [stdout]  --> src/bin/zigzag-conversion.rs:9:12
[INFO] [stdout]   |
[INFO] [stdout] 8 | impl Solution {
[INFO] [stdout]   | ------------- associated function in this implementation
[INFO] [stdout] 9 |     pub fn convert(s: String, num_rows: i32) -> String {
[INFO] [stdout]   |            ^^^^^^^
[INFO] [stdout]   |
[INFO] [stdout]   = note: `#[warn(dead_code)]` on by default
[INFO] [stdout] 
[INFO] [stdout] 
[INFO] [stdout] warning: associated function `my_atoi` is never used
[INFO] [stdout]  --> src/bin/string-to-integer-atoi.rs:9:12
[INFO] [stdout]   |
[INFO] [stdout] 8 | impl Solution {
[INFO] [stdout]   | ------------- associated function in this implementation
[INFO] [stdout] 9 |     pub fn my_atoi(s: String) -> i32 {
[INFO] [stdout]   |            ^^^^^^^
[INFO] [stdout]   |
[INFO] [stdout]   = note: `#[warn(dead_code)]` on by default
[INFO] [stdout] 
[INFO] [stdout] 
[INFO] [stdout] warning: associated function `group_anagrams` is never used
[INFO] [stdout]  --> src/bin/group-anagrams.rs:9:12
[INFO] [stdout]   |
[INFO] [stdout] 8 | impl Solution {
[INFO] [stdout]   | ------------- associated function in this implementation
[INFO] [stdout] 9 |     pub fn group_anagrams(strs: Vec<String>) -> Vec<Vec<String>> {
[INFO] [stdout]   |            ^^^^^^^^^^^^^^
[INFO] [stdout]   |
[INFO] [stdout]   = note: `#[warn(dead_code)]` on by default
[INFO] [stdout] 
[INFO] [stdout] 
[INFO] [stdout] warning: associated function `new` is never used
[INFO] [stdout]   --> src/bin/add-two-numbers.rs:13:8
[INFO] [stdout]    |
[INFO] [stdout] 11 | impl ListNode {
[INFO] [stdout]    | ------------- associated function in this implementation
[INFO] [stdout] 12 |     #[inline]
[INFO] [stdout] 13 |     fn new(val: i32) -> Self {
[INFO] [stdout]    |        ^^^
[INFO] [stdout]    |
[INFO] [stdout]    = note: `#[warn(dead_code)]` on by default
[INFO] [stdout] 
[INFO] [stdout] 
[INFO] [stdout] warning: associated function `add_two_numbers` is never used
[INFO] [stdout]   --> src/bin/add-two-numbers.rs:25:12
[INFO] [stdout]    |
[INFO] [stdout] 24 | impl Solution {
[INFO] [stdout]    | ------------- associated function in this implementation
[INFO] [stdout] 25 |     pub fn add_two_numbers(l1: Option<Box<ListNode>>, l2: Option<Box<ListNode>>) -> Option<Box<ListNode>> {
[INFO] [stdout]    |            ^^^^^^^^^^^^^^^
[INFO] [stdout] 
[INFO] [stdout] 
[INFO] [stdout] warning: associated function `num_tilings` is never used
[INFO] [stdout]  --> src/bin/domino_tromino.rs:9:12
[INFO] [stdout]   |
[INFO] [stdout] 8 | impl Solution {
[INFO] [stdout]   | ------------- associated function in this implementation
[INFO] [stdout] 9 |     pub fn num_tilings(n: i32) -> i32 {
[INFO] [stdout]   |            ^^^^^^^^^^^
[INFO] [stdout]   |
[INFO] [stdout]   = note: `#[warn(dead_code)]` on by default
[INFO] [stdout] 
[INFO] [stdout] 
[INFO] [stdout] warning: associated function `top_k_frequent` is never used
[INFO] [stdout]  --> src/bin/top-k-frequent-elements.rs:9:12
[INFO] [stdout]   |
[INFO] [stdout] 8 | impl Solution {
[INFO] [stdout]   | ------------- associated function in this implementation
[INFO] [stdout] 9 |     pub fn top_k_frequent(nums: Vec<i32>, k: i32) -> Vec<i32> {
[INFO] [stdout]   |            ^^^^^^^^^^^^^^
[INFO] [stdout]   |
[INFO] [stdout]   = note: `#[warn(dead_code)]` on by default
[INFO] [stdout] 
[INFO] [stdout] 
[INFO] [stdout] warning: associated function `jump` is never used
[INFO] [stdout]   --> src/bin/jump-game2.rs:34:12
[INFO] [stdout]    |
[INFO] [stdout] 33 | impl Solution {
[INFO] [stdout]    | ------------- associated function in this implementation
[INFO] [stdout] 34 |     pub fn jump(nums: Vec<i32>) -> i32 {
[INFO] [stdout]    |            ^^^^
[INFO] [stdout]    |
[INFO] [stdout]    = note: `#[warn(dead_code)]` on by default
[INFO] [stdout] 
[INFO] [stdout] 
[INFO] [stdout] warning: associated function `length_of_longest_substring` is never used
[INFO] [stdout]  --> src/bin/longest-substring-without-repeating-characters.rs:9:12
[INFO] [stdout]   |
[INFO] [stdout] 8 | impl Solution {
[INFO] [stdout]   | ------------- associated function in this implementation
[INFO] [stdout] 9 |     pub fn length_of_longest_substring(s: String) -> i32 {
[INFO] [stdout]   |            ^^^^^^^^^^^^^^^^^^^^^^^^^^^
[INFO] [stdout]   |
[INFO] [stdout]   = note: `#[warn(dead_code)]` on by default
[INFO] [stdout] 
[INFO] [stdout] 
[INFO] [stdout] warning: associated function `count_vowel_strings` is never used
[INFO] [stdout]  --> src/bin/count-sorted-vowel-strings.rs:9:12
[INFO] [stdout]   |
[INFO] [stdout] 8 | impl Solution {
[INFO] [stdout]   | ------------- associated function in this implementation
[INFO] [stdout] 9 |     pub fn count_vowel_strings(n: i32) -> i32 {
[INFO] [stdout]   |            ^^^^^^^^^^^^^^^^^^^
[INFO] [stdout]   |
[INFO] [stdout]   = note: `#[warn(dead_code)]` on by default
[INFO] [stdout] 
[INFO] [stdout] 
[INFO] [stdout] warning: associated function `can_jump` is never used
[INFO] [stdout]   --> src/bin/jump-game.rs:11:12
[INFO] [stdout]    |
[INFO] [stdout] 10 | impl Solution {
[INFO] [stdout]    | ------------- associated function in this implementation
[INFO] [stdout] 11 |     pub fn can_jump(nums: Vec<i32>) -> bool {
[INFO] [stdout]    |            ^^^^^^^^
[INFO] [stdout]    |
[INFO] [stdout]    = note: `#[warn(dead_code)]` on by default
[INFO] [stdout] 
[INFO] [stdout] 
[INFO] [stdout] warning: associated function `two_sum` is never used
[INFO] [stdout]  --> src/bin/two-sum.rs:9:12
[INFO] [stdout]   |
[INFO] [stdout] 8 | impl Solution {
[INFO] [stdout]   | ------------- associated function in this implementation
[INFO] [stdout] 9 |     pub fn two_sum(nums: Vec<i32>, target: i32) -> Vec<i32> {
[INFO] [stdout]   |            ^^^^^^^
[INFO] [stdout]   |
[INFO] [stdout]   = note: `#[warn(dead_code)]` on by default
[INFO] [stdout] 
[INFO] [stdout] 
[INFO] [stdout] warning: associated function `max_rotate_function` is never used
[INFO] [stdout]   --> src/bin/rotate_function.rs:31:12
[INFO] [stdout]    |
[INFO] [stdout] 30 | impl Solution {
[INFO] [stdout]    | ------------- associated function in this implementation
[INFO] [stdout] 31 |     pub fn max_rotate_function(nums: Vec<i32>) -> i32 {
[INFO] [stdout]    |            ^^^^^^^^^^^^^^^^^^^
[INFO] [stdout]    |
[INFO] [stdout]    = note: `#[warn(dead_code)]` on by default
[INFO] [stdout] 
[INFO] [stdout] 
[INFO] [stderr]     Finished `dev` profile [unoptimized + debuginfo] target(s) in 0.33s
[INFO] running `Command { std: "docker" "inspect" "041969f171302bb6ddb4971b1fbc90a3b7a7005d95ea59be7e08977d8910f688", kill_on_drop: false }`
[INFO] running `Command { std: "docker" "rm" "-f" "041969f171302bb6ddb4971b1fbc90a3b7a7005d95ea59be7e08977d8910f688", kill_on_drop: false }`
[INFO] [stdout] 041969f171302bb6ddb4971b1fbc90a3b7a7005d95ea59be7e08977d8910f688
[INFO] running `Command { std: "docker" "create" "-v" "/var/lib/crater-agent-workspace/builds/worker-3-tc1/target:/opt/rustwide/target:rw,Z" "-v" "/var/lib/crater-agent-workspace/builds/worker-3-tc1/source:/opt/rustwide/workdir:ro,Z" "-v" "/var/lib/crater-agent-workspace/cargo-home:/opt/rustwide/cargo-home:ro,Z" "-v" "/var/lib/crater-agent-workspace/rustup-home:/opt/rustwide/rustup-home:ro,Z" "-e" "SOURCE_DIR=/opt/rustwide/workdir" "-e" "CARGO_TARGET_DIR=/opt/rustwide/target" "-e" "CARGO_INCREMENTAL=0" "-e" "RUST_BACKTRACE=full" "-e" "RUSTFLAGS=--cap-lints=forbid" "-e" "RUSTDOCFLAGS=--cap-lints=forbid" "-e" "CARGO_HOME=/opt/rustwide/cargo-home" "-e" "RUSTUP_HOME=/opt/rustwide/rustup-home" "-w" "/opt/rustwide/workdir" "-m" "1610612736" "--user" "0:0" "--network" "none" "ghcr.io/rust-lang/crates-build-env/linux@sha256:4a844ea9eb2546a2d2c7022eacef16ef2e8229c7fbb2c7d4d55a9ceca922f72d" "/opt/rustwide/cargo-home/bin/cargo" "+nightly-2024-10-28" "test" "--frozen" "--no-run" "--message-format=json", kill_on_drop: false }`
[INFO] [stdout] b0a50d7322f04a34ee296004452ef0fbdfc2bd6b4f913469bfee93d436991690
[INFO] running `Command { std: "docker" "start" "-a" "b0a50d7322f04a34ee296004452ef0fbdfc2bd6b4f913469bfee93d436991690", kill_on_drop: false }`
[INFO] [stderr]    Compiling leetcode v0.1.0 (/opt/rustwide/workdir)
[INFO] [stderr]     Finished `test` profile [unoptimized + debuginfo] target(s) in 0.58s
[INFO] running `Command { std: "docker" "inspect" "b0a50d7322f04a34ee296004452ef0fbdfc2bd6b4f913469bfee93d436991690", kill_on_drop: false }`
[INFO] running `Command { std: "docker" "rm" "-f" "b0a50d7322f04a34ee296004452ef0fbdfc2bd6b4f913469bfee93d436991690", kill_on_drop: false }`
[INFO] [stdout] b0a50d7322f04a34ee296004452ef0fbdfc2bd6b4f913469bfee93d436991690
[INFO] running `Command { std: "docker" "create" "-v" "/var/lib/crater-agent-workspace/builds/worker-3-tc1/target:/opt/rustwide/target:rw,Z" "-v" "/var/lib/crater-agent-workspace/builds/worker-3-tc1/source:/opt/rustwide/workdir:ro,Z" "-v" "/var/lib/crater-agent-workspace/cargo-home:/opt/rustwide/cargo-home:ro,Z" "-v" "/var/lib/crater-agent-workspace/rustup-home:/opt/rustwide/rustup-home:ro,Z" "-e" "SOURCE_DIR=/opt/rustwide/workdir" "-e" "CARGO_TARGET_DIR=/opt/rustwide/target" "-e" "CARGO_INCREMENTAL=0" "-e" "RUST_BACKTRACE=full" "-e" "RUSTFLAGS=--cap-lints=forbid" "-e" "RUSTDOCFLAGS=--cap-lints=forbid" "-e" "CARGO_HOME=/opt/rustwide/cargo-home" "-e" "RUSTUP_HOME=/opt/rustwide/rustup-home" "-w" "/opt/rustwide/workdir" "-m" "1610612736" "--user" "0:0" "--network" "none" "ghcr.io/rust-lang/crates-build-env/linux@sha256:4a844ea9eb2546a2d2c7022eacef16ef2e8229c7fbb2c7d4d55a9ceca922f72d" "/opt/rustwide/cargo-home/bin/cargo" "+nightly-2024-10-28" "test" "--frozen", kill_on_drop: false }`
[INFO] [stdout] b7403ec855a14ebe389aff1387ace2612083db286e08672fc6edc3b8661fa811
[INFO] running `Command { std: "docker" "start" "-a" "b7403ec855a14ebe389aff1387ace2612083db286e08672fc6edc3b8661fa811", kill_on_drop: false }`
[INFO] [stderr]     Finished `test` profile [unoptimized + debuginfo] target(s) in 0.00s
[INFO] [stderr]      Running unittests src/bin/3sum.rs (/opt/rustwide/target/debug/deps/3sum-7becd5eca7a9dbe4)
[INFO] [stdout] 
[INFO] [stdout] running 9 tests
[INFO] [stdout] test bs_tests::test_bs1 ... ok
[INFO] [stdout] test bs_tests::test_bs2 ... ok
[INFO] [stdout] test bs_tests::test_bs3 ... ok
[INFO] [stdout] test bs_tests::test_bs4 ... ok
[INFO] [stdout] test tests::test1 ... ok
[INFO] [stdout] test tests::test2 ... ok
[INFO] [stdout] test tests::test3 ... ok
[INFO] [stdout] test tests::test4 ... ok
[INFO] [stdout] test tests::test5 ... ok
[INFO] [stdout] 
[INFO] [stdout] test result: ok. 9 passed; 0 failed; 0 ignored; 0 measured; 0 filtered out; finished in 0.00s
[INFO] [stdout] 
[INFO] [stderr]      Running unittests src/bin/3sum_closest.rs (/opt/rustwide/target/debug/deps/3sum_closest-47b488962442f45f)
[INFO] [stdout] 
[INFO] [stdout] running 3 tests
[INFO] [stdout] test tests::test1 ... ok
[INFO] [stdout] test tests::test2 ... ok
[INFO] [stdout] test tests::test3 ... ok
[INFO] [stdout] 
[INFO] [stdout] test result: ok. 3 passed; 0 failed; 0 ignored; 0 measured; 0 filtered out; finished in 0.00s
[INFO] [stdout] 
[INFO] [stderr]      Running unittests src/bin/_template.rs (/opt/rustwide/target/debug/deps/_template-3a3d41f10d842e44)
[INFO] [stdout] 
[INFO] [stdout] running 1 test
[INFO] [stdout] test tests::test ... ok
[INFO] [stdout] 
[INFO] [stdout] test result: ok. 1 passed; 0 failed; 0 ignored; 0 measured; 0 filtered out; finished in 0.00s
[INFO] [stdout] 
[INFO] [stderr]      Running unittests src/bin/add-two-numbers.rs (/opt/rustwide/target/debug/deps/add_two_numbers-a7f3e2ea15a34d67)
[INFO] [stdout] 
[INFO] [stdout] running 4 tests
[INFO] [stdout] test tests::test ... ok
[INFO] [stdout] test tests::test2 ... ok
[INFO] [stdout] test tests::test4 ... ok
[INFO] [stdout] test tests::test3 ... ok
[INFO] [stdout] 
[INFO] [stdout] test result: ok. 4 passed; 0 failed; 0 ignored; 0 measured; 0 filtered out; finished in 0.00s
[INFO] [stdout] 
[INFO] [stderr]      Running unittests src/bin/count-sorted-vowel-strings.rs (/opt/rustwide/target/debug/deps/count_sorted_vowel_strings-e5bedf794b7731c5)
[INFO] [stdout] 
[INFO] [stdout] running 4 tests
[INFO] [stdout] test tests::test1 ... ok
[INFO] [stdout] test tests::test2 ... ok
[INFO] [stdout] test tests::test3 ... ok
[INFO] [stdout] test tests::test4 ... ok
[INFO] [stdout] 
[INFO] [stdout] test result: ok. 4 passed; 0 failed; 0 ignored; 0 measured; 0 filtered out; finished in 0.00s
[INFO] [stdout] 
[INFO] [stderr]      Running unittests src/bin/domino_tromino.rs (/opt/rustwide/target/debug/deps/domino_tromino-2a10303cde79c164)
[INFO] [stdout] 
[INFO] [stdout] running 5 tests
[INFO] [stdout] test tests::test1 ... ok
[INFO] [stdout] test tests::test2 ... ok
[INFO] [stdout] test tests::test3 ... ok
[INFO] [stdout] test tests::test4 ... ok
[INFO] [stdout] test tests::test5 ... ok
[INFO] [stdout] 
[INFO] [stdout] test result: ok. 5 passed; 0 failed; 0 ignored; 0 measured; 0 filtered out; finished in 0.00s
[INFO] [stdout] 
[INFO] [stderr]      Running unittests src/bin/group-anagrams.rs (/opt/rustwide/target/debug/deps/group_anagrams-9edbfc1e757ee08e)
[INFO] [stdout] 
[INFO] [stdout] running 1 test
[INFO] [stdout] test tests::test ... FAILED
[INFO] [stdout] 
[INFO] [stdout] failures:
[INFO] [stdout] 
[INFO] [stdout] ---- tests::test stdout ----
[INFO] [stdout] thread 'tests::test' panicked at src/bin/group-anagrams.rs:45:9:
[INFO] [stdout] assertion `left == right` failed
[INFO] [stdout]   left: [["tan", "nat"], ["eat", "tea", "ate"], ["bat"]]
[INFO] [stdout]  right: [["tan", "nat"], ["eat", "tea", "eat"], ["bat"]]
[INFO] [stdout] stack backtrace:
[INFO] [stdout]    0:     0x63e4823acd2a - std::backtrace_rs::backtrace::libunwind::trace::h207520d6e9873551
[INFO] [stdout]                                at /rustc/df4ca44d3fbc9301ee17f30f4d474e6ae4b05252/library/std/src/../../backtrace/src/backtrace/libunwind.rs:116:5
[INFO] [stdout]    1:     0x63e4823acd2a - std::backtrace_rs::backtrace::trace_unsynchronized::h2ed7433f370e3eca
[INFO] [stdout]                                at /rustc/df4ca44d3fbc9301ee17f30f4d474e6ae4b05252/library/std/src/../../backtrace/src/backtrace/mod.rs:66:5
[INFO] [stdout]    2:     0x63e4823acd2a - std::sys::backtrace::_print_fmt::h916fac51166b18d7
[INFO] [stdout]                                at /rustc/df4ca44d3fbc9301ee17f30f4d474e6ae4b05252/library/std/src/sys/backtrace.rs:66:9
[INFO] [stdout]    3:     0x63e4823acd2a - <std::sys::backtrace::BacktraceLock::print::DisplayBacktrace as core::fmt::Display>::fmt::ha0a4c9b8ce3802e6
[INFO] [stdout]                                at /rustc/df4ca44d3fbc9301ee17f30f4d474e6ae4b05252/library/std/src/sys/backtrace.rs:39:26
[INFO] [stdout]    4:     0x63e4823d3313 - core::fmt::rt::Argument::fmt::h4cfc8587d52b3eb5
[INFO] [stdout]                                at /rustc/df4ca44d3fbc9301ee17f30f4d474e6ae4b05252/library/core/src/fmt/rt.rs:177:76
[INFO] [stdout]    5:     0x63e4823d3313 - core::fmt::write::h522cc39e5b36ae9f
[INFO] [stdout]                                at /rustc/df4ca44d3fbc9301ee17f30f4d474e6ae4b05252/library/core/src/fmt/mod.rs:1190:21
[INFO] [stdout]    6:     0x63e4823a9993 - std::io::Write::write_fmt::h7d3c26752da97734
[INFO] [stdout]                                at /rustc/df4ca44d3fbc9301ee17f30f4d474e6ae4b05252/library/std/src/io/mod.rs:1839:15
[INFO] [stdout]    7:     0x63e4823acb72 - std::sys::backtrace::BacktraceLock::print::h4b9e00b29e9c0942
[INFO] [stdout]                                at /rustc/df4ca44d3fbc9301ee17f30f4d474e6ae4b05252/library/std/src/sys/backtrace.rs:42:9
[INFO] [stdout]    8:     0x63e4823ae1ba - std::panicking::default_hook::{{closure}}::hb59b88280d0324d9
[INFO] [stdout]                                at /rustc/df4ca44d3fbc9301ee17f30f4d474e6ae4b05252/library/std/src/panicking.rs:268:22
[INFO] [stdout]    9:     0x63e4823adfc4 - std::panicking::default_hook::he1dd496665be4a29
[INFO] [stdout]                                at /rustc/df4ca44d3fbc9301ee17f30f4d474e6ae4b05252/library/std/src/panicking.rs:292:9
[INFO] [stdout]   10:     0x63e482377db9 - <alloc::boxed::Box<F,A> as core::ops::function::Fn<Args>>::call::h4ff71de18744e1dc
[INFO] [stdout]                                at /rustc/df4ca44d3fbc9301ee17f30f4d474e6ae4b05252/library/alloc/src/boxed.rs:2468:9
[INFO] [stdout]   11:     0x63e482377db9 - test::test_main::{{closure}}::hcf7c055ce117aa81
[INFO] [stdout]                                at /rustc/df4ca44d3fbc9301ee17f30f4d474e6ae4b05252/library/test/src/lib.rs:133:21
[INFO] [stdout]   12:     0x63e4823ae8b8 - <alloc::boxed::Box<F,A> as core::ops::function::Fn<Args>>::call::h1d66c6bbd60c9692
[INFO] [stdout]                                at /rustc/df4ca44d3fbc9301ee17f30f4d474e6ae4b05252/library/alloc/src/boxed.rs:2468:9
[INFO] [stdout]   13:     0x63e4823ae8b8 - std::panicking::rust_panic_with_hook::h2ff17fe8f26dfcf8
[INFO] [stdout]                                at /rustc/df4ca44d3fbc9301ee17f30f4d474e6ae4b05252/library/std/src/panicking.rs:809:13
[INFO] [stdout]   14:     0x63e4823ae67a - std::panicking::begin_panic_handler::{{closure}}::h4fad77951c07e101
[INFO] [stdout]                                at /rustc/df4ca44d3fbc9301ee17f30f4d474e6ae4b05252/library/std/src/panicking.rs:674:13
[INFO] [stdout]   15:     0x63e4823ad209 - std::sys::backtrace::__rust_end_short_backtrace::hb1a25b3da5d0ea08
[INFO] [stdout]                                at /rustc/df4ca44d3fbc9301ee17f30f4d474e6ae4b05252/library/std/src/sys/backtrace.rs:170:18
[INFO] [stdout]   16:     0x63e4823ae30c - rust_begin_unwind
[INFO] [stdout]                                at /rustc/df4ca44d3fbc9301ee17f30f4d474e6ae4b05252/library/std/src/panicking.rs:665:5
[INFO] [stdout]   17:     0x63e4823d1d10 - core::panicking::panic_fmt::ha9db07b529f9b256
[INFO] [stdout]                                at /rustc/df4ca44d3fbc9301ee17f30f4d474e6ae4b05252/library/core/src/panicking.rs:75:14
[INFO] [stdout]   18:     0x63e4823d20db - core::panicking::assert_failed_inner::h04f38944d74a80a8
[INFO] [stdout]   19:     0x63e4823334be - core::panicking::assert_failed::hd57a509414a131e4
[INFO] [stdout]                                at /rustc/df4ca44d3fbc9301ee17f30f4d474e6ae4b05252/library/core/src/panicking.rs:377:5
[INFO] [stdout]   20:     0x63e482335bcb - group_anagrams::tests::test::hb874427a05ac9c44
[INFO] [stdout]                                at /opt/rustwide/workdir/src/bin/group-anagrams.rs:45:9
[INFO] [stdout]   21:     0x63e4823354c7 - group_anagrams::tests::test::{{closure}}::h2782e2a22d447883
[INFO] [stdout]                                at /opt/rustwide/workdir/src/bin/group-anagrams.rs:44:14
[INFO] [stdout]   22:     0x63e48233af06 - core::ops::function::FnOnce::call_once::h22322ce5d48c3891
[INFO] [stdout]                                at /rustc/df4ca44d3fbc9301ee17f30f4d474e6ae4b05252/library/core/src/ops/function.rs:250:5
[INFO] [stdout]   23:     0x63e48237c68b - core::ops::function::FnOnce::call_once::h22c3ba5715e93f05
[INFO] [stdout]                                at /rustc/df4ca44d3fbc9301ee17f30f4d474e6ae4b05252/library/core/src/ops/function.rs:250:5
[INFO] [stdout]   24:     0x63e48237c68b - test::__rust_begin_short_backtrace::h8e82d8113d0da17f
[INFO] [stdout]                                at /rustc/df4ca44d3fbc9301ee17f30f4d474e6ae4b05252/library/test/src/lib.rs:621:18
[INFO] [stdout]   25:     0x63e48237c007 - test::run_test_in_process::{{closure}}::h33235f4f20b7b7c7
[INFO] [stdout]                                at /rustc/df4ca44d3fbc9301ee17f30f4d474e6ae4b05252/library/test/src/lib.rs:644:60
[INFO] [stdout]   26:     0x63e48237c007 - <core::panic::unwind_safe::AssertUnwindSafe<F> as core::ops::function::FnOnce<()>>::call_once::hb5043206310c586f
[INFO] [stdout]                                at /rustc/df4ca44d3fbc9301ee17f30f4d474e6ae4b05252/library/core/src/panic/unwind_safe.rs:272:9
[INFO] [stdout]   27:     0x63e48237c007 - std::panicking::try::do_call::h9ad4731a60ab23e2
[INFO] [stdout]                                at /rustc/df4ca44d3fbc9301ee17f30f4d474e6ae4b05252/library/std/src/panicking.rs:557:40
[INFO] [stdout]   28:     0x63e48237c007 - std::panicking::try::h3824d23db772a716
[INFO] [stdout]                                at /rustc/df4ca44d3fbc9301ee17f30f4d474e6ae4b05252/library/std/src/panicking.rs:520:19
[INFO] [stdout]   29:     0x63e48237c007 - std::panic::catch_unwind::h5afd514605fde46b
[INFO] [stdout]                                at /rustc/df4ca44d3fbc9301ee17f30f4d474e6ae4b05252/library/std/src/panic.rs:358:14
[INFO] [stdout]   30:     0x63e48237c007 - test::run_test_in_process::h0d5cbfa7067d1720
[INFO] [stdout]                                at /rustc/df4ca44d3fbc9301ee17f30f4d474e6ae4b05252/library/test/src/lib.rs:644:27
[INFO] [stdout]   31:     0x63e48237c007 - test::run_test::{{closure}}::h708eb8872708115d
[INFO] [stdout]                                at /rustc/df4ca44d3fbc9301ee17f30f4d474e6ae4b05252/library/test/src/lib.rs:565:43
[INFO] [stdout]   32:     0x63e48233f724 - test::run_test::{{closure}}::h392c51cee94713ab
[INFO] [stdout]                                at /rustc/df4ca44d3fbc9301ee17f30f4d474e6ae4b05252/library/test/src/lib.rs:595:41
[INFO] [stdout]   33:     0x63e48233f724 - std::sys::backtrace::__rust_begin_short_backtrace::h2f40290710935a8b
[INFO] [stdout]                                at /rustc/df4ca44d3fbc9301ee17f30f4d474e6ae4b05252/library/std/src/sys/backtrace.rs:154:18
[INFO] [stdout]   34:     0x63e482342ece - std::thread::Builder::spawn_unchecked_::{{closure}}::{{closure}}::h3fd968d89053a903
[INFO] [stdout]                                at /rustc/df4ca44d3fbc9301ee17f30f4d474e6ae4b05252/library/std/src/thread/mod.rs:541:17
[INFO] [stdout]   35:     0x63e482342ece - <core::panic::unwind_safe::AssertUnwindSafe<F> as core::ops::function::FnOnce<()>>::call_once::h743f637ba4229880
[INFO] [stdout]                                at /rustc/df4ca44d3fbc9301ee17f30f4d474e6ae4b05252/library/core/src/panic/unwind_safe.rs:272:9
[INFO] [stdout]   36:     0x63e482342ece - std::panicking::try::do_call::h07440897322525a6
[INFO] [stdout]                                at /rustc/df4ca44d3fbc9301ee17f30f4d474e6ae4b05252/library/std/src/panicking.rs:557:40
[INFO] [stdout]   37:     0x63e482342ece - std::panicking::try::he5a2e00188156637
[INFO] [stdout]                                at /rustc/df4ca44d3fbc9301ee17f30f4d474e6ae4b05252/library/std/src/panicking.rs:520:19
[INFO] [stdout]   38:     0x63e482342ece - std::panic::catch_unwind::hbaf3cae49b3c6433
[INFO] [stdout]                                at /rustc/df4ca44d3fbc9301ee17f30f4d474e6ae4b05252/library/std/src/panic.rs:358:14
[INFO] [stdout]   39:     0x63e482342ece - std::thread::Builder::spawn_unchecked_::{{closure}}::h8e141ea224820bce
[INFO] [stdout]                                at /rustc/df4ca44d3fbc9301ee17f30f4d474e6ae4b05252/library/std/src/thread/mod.rs:540:30
[INFO] [stdout]   40:     0x63e482342ece - core::ops::function::FnOnce::call_once{{vtable.shim}}::h90d312fedd7b8ea8
[INFO] [stdout]                                at /rustc/df4ca44d3fbc9301ee17f30f4d474e6ae4b05252/library/core/src/ops/function.rs:250:5
[INFO] [stdout]   41:     0x63e4823b26ab - <alloc::boxed::Box<F,A> as core::ops::function::FnOnce<Args>>::call_once::h69aa08ddb6adb8b6
[INFO] [stdout]                                at /rustc/df4ca44d3fbc9301ee17f30f4d474e6ae4b05252/library/alloc/src/boxed.rs:2454:9
[INFO] [stdout]   42:     0x63e4823b26ab - <alloc::boxed::Box<F,A> as core::ops::function::FnOnce<Args>>::call_once::h5aa36efdb79c806f
[INFO] [stdout]                                at /rustc/df4ca44d3fbc9301ee17f30f4d474e6ae4b05252/library/alloc/src/boxed.rs:2454:9
[INFO] [stdout]   43:     0x63e4823b26ab - std::sys::pal::unix::thread::Thread::new::thread_start::h6cd80a1b4be5158d
[INFO] [stdout]                                at /rustc/df4ca44d3fbc9301ee17f30f4d474e6ae4b05252/library/std/src/sys/pal/unix/thread.rs:105:17
[INFO] [stdout]   44:     0x74ccbff30ac3 - <unknown>
[INFO] [stdout]   45:     0x74ccbffc1a04 - clone
[INFO] [stdout]   46:                0x0 - <unknown>
[INFO] [stdout] 
[INFO] [stdout] 
[INFO] [stdout] failures:
[INFO] [stdout]     tests::test
[INFO] [stdout] 
[INFO] [stdout] test result: FAILED. 0 passed; 1 failed; 0 ignored; 0 measured; 0 filtered out; finished in 0.01s
[INFO] [stdout] 
[INFO] [stderr] error: test failed, to rerun pass `--bin group-anagrams`
[INFO] running `Command { std: "docker" "inspect" "b7403ec855a14ebe389aff1387ace2612083db286e08672fc6edc3b8661fa811", kill_on_drop: false }`
[INFO] running `Command { std: "docker" "rm" "-f" "b7403ec855a14ebe389aff1387ace2612083db286e08672fc6edc3b8661fa811", kill_on_drop: false }`
[INFO] [stdout] b7403ec855a14ebe389aff1387ace2612083db286e08672fc6edc3b8661fa811
