[INFO] cloning repository https://github.com/Daedaleus/rs_watson
[INFO] running `Command { std: "git" "-c" "credential.helper=" "-c" "credential.helper=/workspace/cargo-home/bin/git-credential-null" "clone" "--bare" "https://github.com/Daedaleus/rs_watson" "/workspace/cache/git-repos/https%3A%2F%2Fgithub.com%2FDaedaleus%2Frs_watson", kill_on_drop: false }`
[INFO] [stderr] Cloning into bare repository '/workspace/cache/git-repos/https%3A%2F%2Fgithub.com%2FDaedaleus%2Frs_watson'...
[INFO] running `Command { std: "git" "rev-parse" "HEAD", kill_on_drop: false }`
[INFO] [stdout] d5d3a95bea8abe55bd5e110ae6070bfb4fa3fa4e
[INFO] testing Daedaleus/rs_watson/d5d3a95bea8abe55bd5e110ae6070bfb4fa3fa4e against nightly-2024-10-28+rustflags=-Zrandomize-layout for randomize-layout
[INFO] running `Command { std: "git" "clone" "/workspace/cache/git-repos/https%3A%2F%2Fgithub.com%2FDaedaleus%2Frs_watson" "/workspace/builds/worker-5-tc2/source", kill_on_drop: false }`
[INFO] [stderr] Cloning into '/workspace/builds/worker-5-tc2/source'...
[INFO] [stderr] done.
[INFO] validating manifest of git repo https://github.com/Daedaleus/rs_watson on toolchain nightly-2024-10-28
[INFO] running `Command { std: CARGO_HOME="/workspace/cargo-home" RUSTUP_HOME="/workspace/rustup-home" "/workspace/cargo-home/bin/cargo" "+nightly-2024-10-28" "metadata" "--manifest-path" "Cargo.toml" "--no-deps", kill_on_drop: false }`
[INFO] started tweaking git repo https://github.com/Daedaleus/rs_watson
[INFO] finished tweaking git repo https://github.com/Daedaleus/rs_watson
[INFO] tweaked toml for git repo https://github.com/Daedaleus/rs_watson written to /workspace/builds/worker-5-tc2/source/Cargo.toml
[INFO] crate git repo https://github.com/Daedaleus/rs_watson already has a lockfile, it will not be regenerated
[INFO] running `Command { std: CARGO_HOME="/workspace/cargo-home" RUSTUP_HOME="/workspace/rustup-home" "/workspace/cargo-home/bin/cargo" "+nightly-2024-10-28" "fetch" "--manifest-path" "Cargo.toml", kill_on_drop: false }`
[INFO] running `Command { std: "docker" "create" "-v" "/var/lib/crater-agent-workspace/builds/worker-5-tc2/target:/opt/rustwide/target:rw,Z" "-v" "/var/lib/crater-agent-workspace/builds/worker-5-tc2/source:/opt/rustwide/workdir:ro,Z" "-v" "/var/lib/crater-agent-workspace/cargo-home:/opt/rustwide/cargo-home:ro,Z" "-v" "/var/lib/crater-agent-workspace/rustup-home:/opt/rustwide/rustup-home:ro,Z" "-e" "SOURCE_DIR=/opt/rustwide/workdir" "-e" "CARGO_TARGET_DIR=/opt/rustwide/target" "-e" "CARGO_HOME=/opt/rustwide/cargo-home" "-e" "RUSTUP_HOME=/opt/rustwide/rustup-home" "-w" "/opt/rustwide/workdir" "-m" "1610612736" "--user" "0:0" "--network" "none" "ghcr.io/rust-lang/crates-build-env/linux@sha256:4a844ea9eb2546a2d2c7022eacef16ef2e8229c7fbb2c7d4d55a9ceca922f72d" "/opt/rustwide/cargo-home/bin/cargo" "+nightly-2024-10-28" "metadata" "--no-deps" "--format-version=1", kill_on_drop: false }`
[INFO] [stdout] 52d6c131f19b4c67cabe7e06b8945d5a3c43568da95d895cd166eec64b72daf7
[INFO] running `Command { std: "docker" "start" "-a" "52d6c131f19b4c67cabe7e06b8945d5a3c43568da95d895cd166eec64b72daf7", kill_on_drop: false }`
[INFO] running `Command { std: "docker" "inspect" "52d6c131f19b4c67cabe7e06b8945d5a3c43568da95d895cd166eec64b72daf7", kill_on_drop: false }`
[INFO] running `Command { std: "docker" "rm" "-f" "52d6c131f19b4c67cabe7e06b8945d5a3c43568da95d895cd166eec64b72daf7", kill_on_drop: false }`
[INFO] [stdout] 52d6c131f19b4c67cabe7e06b8945d5a3c43568da95d895cd166eec64b72daf7
[INFO] running `Command { std: "docker" "create" "-v" "/var/lib/crater-agent-workspace/builds/worker-5-tc2/target:/opt/rustwide/target:rw,Z" "-v" "/var/lib/crater-agent-workspace/builds/worker-5-tc2/source:/opt/rustwide/workdir:ro,Z" "-v" "/var/lib/crater-agent-workspace/cargo-home:/opt/rustwide/cargo-home:ro,Z" "-v" "/var/lib/crater-agent-workspace/rustup-home:/opt/rustwide/rustup-home:ro,Z" "-e" "SOURCE_DIR=/opt/rustwide/workdir" "-e" "CARGO_TARGET_DIR=/opt/rustwide/target" "-e" "CARGO_INCREMENTAL=0" "-e" "RUST_BACKTRACE=full" "-e" "RUSTFLAGS=--cap-lints=forbid -Zrandomize-layout" "-e" "RUSTDOCFLAGS=--cap-lints=forbid" "-e" "CARGO_HOME=/opt/rustwide/cargo-home" "-e" "RUSTUP_HOME=/opt/rustwide/rustup-home" "-w" "/opt/rustwide/workdir" "-m" "1610612736" "--user" "0:0" "--network" "none" "ghcr.io/rust-lang/crates-build-env/linux@sha256:4a844ea9eb2546a2d2c7022eacef16ef2e8229c7fbb2c7d4d55a9ceca922f72d" "/opt/rustwide/cargo-home/bin/cargo" "+nightly-2024-10-28" "build" "--frozen" "--message-format=json", kill_on_drop: false }`
[INFO] [stdout] aabb8fbfc287066d32ce4cfb2ee93dfe82fac46fda35db32ae756fb66fb2feb1
[INFO] running `Command { std: "docker" "start" "-a" "aabb8fbfc287066d32ce4cfb2ee93dfe82fac46fda35db32ae756fb66fb2feb1", kill_on_drop: false }`
[INFO] [stderr]    Compiling proc-macro2 v1.0.89
[INFO] [stderr]    Compiling libc v0.2.153
[INFO] [stderr]    Compiling serde v1.0.214
[INFO] [stderr]    Compiling signal-hook v0.3.17
[INFO] [stderr]    Compiling lock_api v0.4.12
[INFO] [stderr]    Compiling log v0.4.21
[INFO] [stderr]    Compiling rustix v0.38.34
[INFO] [stderr]    Compiling anstyle-parse v0.2.3
[INFO] [stderr]    Compiling num-traits v0.2.18
[INFO] [stderr]    Compiling memchr v2.7.1
[INFO] [stderr]    Compiling anstyle-query v1.0.2
[INFO] [stderr]    Compiling hashbrown v0.14.5
[INFO] [stderr]    Compiling linux-raw-sys v0.4.14
[INFO] [stderr]    Compiling colorchoice v1.0.0
[INFO] [stderr]    Compiling bitflags v2.5.0
[INFO] [stderr]    Compiling anstream v0.6.13
[INFO] [stderr]    Compiling indexmap v2.2.6
[INFO] [stderr]    Compiling thread_local v1.1.8
[INFO] [stderr]    Compiling quote v1.0.35
[INFO] [stderr]    Compiling signal-hook-registry v1.4.2
[INFO] [stderr]    Compiling parking_lot_core v0.9.10
[INFO] [stderr]    Compiling mio v0.8.11
[INFO] [stderr]    Compiling syn v2.0.82
[INFO] [stderr]    Compiling parking_lot v0.12.3
[INFO] [stderr]    Compiling winnow v0.6.18
[INFO] [stderr]    Compiling anyhow v1.0.92
[INFO] [stderr]    Compiling itoa v1.0.10
[INFO] [stderr]    Compiling signal-hook-mio v0.2.3
[INFO] [stderr]    Compiling fastrand v2.1.0
[INFO] [stderr]    Compiling serde_json v1.0.132
[INFO] [stderr]    Compiling strsim v0.11.0
[INFO] [stderr]    Compiling byteorder v1.5.0
[INFO] [stderr]    Compiling unicode-segmentation v1.11.0
[INFO] [stderr]    Compiling crossterm v0.25.0
[INFO] [stderr]    Compiling dirs-sys v0.4.1
[INFO] [stderr]    Compiling clap_builder v4.5.20
[INFO] [stderr]    Compiling tempfile v3.10.1
[INFO] [stderr]    Compiling newline-converter v0.3.0
[INFO] [stderr]    Compiling fxhash v0.2.1
[INFO] [stderr]    Compiling getrandom v0.2.12
[INFO] [stderr]    Compiling fuzzy-matcher v0.3.7
[INFO] [stderr]    Compiling csv-core v0.1.11
[INFO] [stderr]    Compiling either v1.10.0
[INFO] [stderr]    Compiling inquire v0.7.5
[INFO] [stderr]    Compiling colored v2.1.0
[INFO] [stderr]    Compiling itertools v0.13.0
[INFO] [stderr]    Compiling uuid v1.11.0
[INFO] [stderr]    Compiling directories v5.0.1
[INFO] [stderr]    Compiling serde_derive v1.0.214
[INFO] [stderr]    Compiling clap_derive v4.5.18
[INFO] [stderr]    Compiling derive_more-impl v1.0.0
[INFO] [stderr]    Compiling enum_dispatch v0.3.13
[INFO] [stderr]    Compiling derive_more v1.0.0
[INFO] [stderr]    Compiling clap v4.5.20
[INFO] [stderr]    Compiling serde_spanned v0.6.7
[INFO] [stderr]    Compiling toml_datetime v0.6.8
[INFO] [stderr]    Compiling chrono v0.4.38
[INFO] [stderr]    Compiling csv v1.3.0
[INFO] [stderr]    Compiling toml_edit v0.22.20
[INFO] [stderr]    Compiling toml v0.8.19
[INFO] [stderr]    Compiling rs_watson v0.1.0 (/opt/rustwide/workdir)
[INFO] [stderr]     Finished `dev` profile [unoptimized + debuginfo] target(s) in 27.30s
[INFO] running `Command { std: "docker" "inspect" "aabb8fbfc287066d32ce4cfb2ee93dfe82fac46fda35db32ae756fb66fb2feb1", kill_on_drop: false }`
[INFO] running `Command { std: "docker" "rm" "-f" "aabb8fbfc287066d32ce4cfb2ee93dfe82fac46fda35db32ae756fb66fb2feb1", kill_on_drop: false }`
[INFO] [stdout] aabb8fbfc287066d32ce4cfb2ee93dfe82fac46fda35db32ae756fb66fb2feb1
[INFO] running `Command { std: "docker" "create" "-v" "/var/lib/crater-agent-workspace/builds/worker-5-tc2/target:/opt/rustwide/target:rw,Z" "-v" "/var/lib/crater-agent-workspace/builds/worker-5-tc2/source:/opt/rustwide/workdir:ro,Z" "-v" "/var/lib/crater-agent-workspace/cargo-home:/opt/rustwide/cargo-home:ro,Z" "-v" "/var/lib/crater-agent-workspace/rustup-home:/opt/rustwide/rustup-home:ro,Z" "-e" "SOURCE_DIR=/opt/rustwide/workdir" "-e" "CARGO_TARGET_DIR=/opt/rustwide/target" "-e" "CARGO_INCREMENTAL=0" "-e" "RUST_BACKTRACE=full" "-e" "RUSTFLAGS=--cap-lints=forbid -Zrandomize-layout" "-e" "RUSTDOCFLAGS=--cap-lints=forbid" "-e" "CARGO_HOME=/opt/rustwide/cargo-home" "-e" "RUSTUP_HOME=/opt/rustwide/rustup-home" "-w" "/opt/rustwide/workdir" "-m" "1610612736" "--user" "0:0" "--network" "none" "ghcr.io/rust-lang/crates-build-env/linux@sha256:4a844ea9eb2546a2d2c7022eacef16ef2e8229c7fbb2c7d4d55a9ceca922f72d" "/opt/rustwide/cargo-home/bin/cargo" "+nightly-2024-10-28" "test" "--frozen" "--no-run" "--message-format=json", kill_on_drop: false }`
[INFO] [stdout] d6f0a7cbc57d3f1e5f50ac3ffdcadc70aaa8405c756ba965680c5262cafe0930
[INFO] running `Command { std: "docker" "start" "-a" "d6f0a7cbc57d3f1e5f50ac3ffdcadc70aaa8405c756ba965680c5262cafe0930", kill_on_drop: false }`
[INFO] [stderr]    Compiling rs_watson v0.1.0 (/opt/rustwide/workdir)
[INFO] [stderr]     Finished `test` profile [unoptimized + debuginfo] target(s) in 1.35s
[INFO] running `Command { std: "docker" "inspect" "d6f0a7cbc57d3f1e5f50ac3ffdcadc70aaa8405c756ba965680c5262cafe0930", kill_on_drop: false }`
[INFO] running `Command { std: "docker" "rm" "-f" "d6f0a7cbc57d3f1e5f50ac3ffdcadc70aaa8405c756ba965680c5262cafe0930", kill_on_drop: false }`
[INFO] [stdout] d6f0a7cbc57d3f1e5f50ac3ffdcadc70aaa8405c756ba965680c5262cafe0930
[INFO] running `Command { std: "docker" "create" "-v" "/var/lib/crater-agent-workspace/builds/worker-5-tc2/target:/opt/rustwide/target:rw,Z" "-v" "/var/lib/crater-agent-workspace/builds/worker-5-tc2/source:/opt/rustwide/workdir:ro,Z" "-v" "/var/lib/crater-agent-workspace/cargo-home:/opt/rustwide/cargo-home:ro,Z" "-v" "/var/lib/crater-agent-workspace/rustup-home:/opt/rustwide/rustup-home:ro,Z" "-e" "SOURCE_DIR=/opt/rustwide/workdir" "-e" "CARGO_TARGET_DIR=/opt/rustwide/target" "-e" "CARGO_INCREMENTAL=0" "-e" "RUST_BACKTRACE=full" "-e" "RUSTFLAGS=--cap-lints=forbid -Zrandomize-layout" "-e" "RUSTDOCFLAGS=--cap-lints=forbid" "-e" "CARGO_HOME=/opt/rustwide/cargo-home" "-e" "RUSTUP_HOME=/opt/rustwide/rustup-home" "-w" "/opt/rustwide/workdir" "-m" "1610612736" "--user" "0:0" "--network" "none" "ghcr.io/rust-lang/crates-build-env/linux@sha256:4a844ea9eb2546a2d2c7022eacef16ef2e8229c7fbb2c7d4d55a9ceca922f72d" "/opt/rustwide/cargo-home/bin/cargo" "+nightly-2024-10-28" "test" "--frozen", kill_on_drop: false }`
[INFO] [stdout] 7b011cfadae1c50246ceadf28b3187cc5162cb4d82f9ea84a6bdabb809bd6d05
[INFO] running `Command { std: "docker" "start" "-a" "7b011cfadae1c50246ceadf28b3187cc5162cb4d82f9ea84a6bdabb809bd6d05", kill_on_drop: false }`
[INFO] [stderr]     Finished `test` profile [unoptimized + debuginfo] target(s) in 0.10s
[INFO] [stderr]      Running unittests src/main.rs (/opt/rustwide/target/debug/deps/rs_watson-0aa7e82590c6a3e8)
[INFO] [stdout] 
[INFO] [stdout] running 24 tests
[INFO] [stdout] test command::utils::time::tests::test_parse_date ... ok
[INFO] [stdout] test command::utils::time::tests::test_parse_time ... ok
[INFO] [stdout] test command::utils::time::tests::test_parse_time_invalid ... ok
[INFO] [stdout] test storage::entries::tests::test_filter_by_project ... ok
[INFO] [stdout] test storage::entries::tests::test_get_by_hash ... ok
[INFO] [stdout] test storage::entries::tests::test_get_entries ... ok
[INFO] [stdout] test storage::entries::tests::test_get_in_range ... ok
[INFO] [stdout] test command::add::tests::test_add ... ok
[INFO] [stdout] test storage::entry::tests::test_get_id ... ok
[INFO] [stdout] test storage::entries::tests::test_get_last ... ok
[INFO] [stdout] test storage::entries::tests::test_get_unique_project ... ok
[INFO] [stdout] test importer::td_watson::tests::test ... ok
[INFO] [stdout] test storage::entry::tests::test_get_project ... ok
[INFO] [stdout] test storage::entry::tests::test_get_start ... ok
[INFO] [stdout] test storage::entry::tests::test_is_running ... ok
[INFO] [stdout] test storage::entry::tests::test_set_end ... ok
[INFO] [stdout] test storage::report::tests::test_report_from_project_entries ... ok
[INFO] [stdout] test storage::tests::test_gen_id_unique ... ok
[INFO] [stdout] test storage::tests::test_gen_id ... ok
[INFO] [stdout] test storage::entries::tests::test_push ... ok
[INFO] [stdout] test storage::tests::test_gen_id_spacer ... ok
[INFO] [stdout] test storage::entry::tests::test_get_tags ... ok
[INFO] [stdout] test storage::tests::test_get_or_create_file_exists ... FAILED
[INFO] [stdout] test storage::tests::test_get_or_create_file ... FAILED
[INFO] [stdout] 
[INFO] [stdout] failures:
[INFO] [stdout] 
[INFO] [stdout] ---- storage::tests::test_get_or_create_file_exists stdout ----
[INFO] [stdout] Error: No such file or directory (os error 2)
[INFO] [stdout] Creating watson.json
[INFO] [stdout] thread 'storage::tests::test_get_or_create_file_exists' panicked at src/storage/mod.rs:18:14:
[INFO] [stdout] called `Result::unwrap()` on an `Err` value: Failed to open filepath for writing
[INFO] [stdout] 
[INFO] [stdout] Caused by:
[INFO] [stdout]     Read-only file system (os error 30)
[INFO] [stdout] 
[INFO] [stdout] Stack backtrace:
[INFO] [stdout]    0: <E as anyhow::context::ext::StdError>::ext_context
[INFO] [stdout]              at /opt/rustwide/cargo-home/registry/src/index.crates.io-6f17d22bba15001f/anyhow-1.0.92/src/backtrace.rs:27:14
[INFO] [stdout]    1: anyhow::context::<impl anyhow::Context<T,E> for core::result::Result<T,E>>::context
[INFO] [stdout]              at /opt/rustwide/cargo-home/registry/src/index.crates.io-6f17d22bba15001f/anyhow-1.0.92/src/context.rs:54:31
[INFO] [stdout]    2: rs_watson::storage::get_or_create_file::{{closure}}
[INFO] [stdout]              at ./src/storage/mod.rs:16:9
[INFO] [stdout]    3: core::result::Result<T,E>::unwrap_or_else
[INFO] [stdout]              at /rustc/df4ca44d3fbc9301ee17f30f4d474e6ae4b05252/library/core/src/result.rs:1457:23
[INFO] [stdout]    4: rs_watson::storage::get_or_create_file
[INFO] [stdout]              at ./src/storage/mod.rs:13:16
[INFO] [stdout]    5: rs_watson::storage::tests::test_get_or_create_file_exists
[INFO] [stdout]              at ./src/storage/mod.rs:60:20
[INFO] [stdout]    6: rs_watson::storage::tests::test_get_or_create_file_exists::{{closure}}
[INFO] [stdout]              at ./src/storage/mod.rs:59:40
[INFO] [stdout]    7: core::ops::function::FnOnce::call_once
[INFO] [stdout]              at /rustc/df4ca44d3fbc9301ee17f30f4d474e6ae4b05252/library/core/src/ops/function.rs:250:5
[INFO] [stdout]    8: core::ops::function::FnOnce::call_once
[INFO] [stdout]              at /rustc/df4ca44d3fbc9301ee17f30f4d474e6ae4b05252/library/core/src/ops/function.rs:250:5
[INFO] [stdout]    9: test::__rust_begin_short_backtrace
[INFO] [stdout]              at /rustc/df4ca44d3fbc9301ee17f30f4d474e6ae4b05252/library/test/src/lib.rs:621:18
[INFO] [stdout]   10: test::run_test_in_process::{{closure}}
[INFO] [stdout]              at /rustc/df4ca44d3fbc9301ee17f30f4d474e6ae4b05252/library/test/src/lib.rs:644:60
[INFO] [stdout]   11: <core::panic::unwind_safe::AssertUnwindSafe<F> as core::ops::function::FnOnce<()>>::call_once
[INFO] [stdout]              at /rustc/df4ca44d3fbc9301ee17f30f4d474e6ae4b05252/library/core/src/panic/unwind_safe.rs:272:9
[INFO] [stdout]   12: std::panicking::try::do_call
[INFO] [stdout]              at /rustc/df4ca44d3fbc9301ee17f30f4d474e6ae4b05252/library/std/src/panicking.rs:557:40
[INFO] [stdout]   13: std::panicking::try
[INFO] [stdout]              at /rustc/df4ca44d3fbc9301ee17f30f4d474e6ae4b05252/library/std/src/panicking.rs:520:19
[INFO] [stdout]   14: std::panic::catch_unwind
[INFO] [stdout]              at /rustc/df4ca44d3fbc9301ee17f30f4d474e6ae4b05252/library/std/src/panic.rs:358:14
[INFO] [stdout]   15: test::run_test_in_process
[INFO] [stdout]              at /rustc/df4ca44d3fbc9301ee17f30f4d474e6ae4b05252/library/test/src/lib.rs:644:27
[INFO] [stdout]   16: test::run_test::{{closure}}
[INFO] [stdout]              at /rustc/df4ca44d3fbc9301ee17f30f4d474e6ae4b05252/library/test/src/lib.rs:565:43
[INFO] [stdout]   17: test::run_test::{{closure}}
[INFO] [stdout]              at /rustc/df4ca44d3fbc9301ee17f30f4d474e6ae4b05252/library/test/src/lib.rs:595:41
[INFO] [stdout]   18: std::sys::backtrace::__rust_begin_short_backtrace
[INFO] [stdout]              at /rustc/df4ca44d3fbc9301ee17f30f4d474e6ae4b05252/library/std/src/sys/backtrace.rs:154:18
[INFO] [stdout]   19: std::thread::Builder::spawn_unchecked_::{{closure}}::{{closure}}
[INFO] [stdout]              at /rustc/df4ca44d3fbc9301ee17f30f4d474e6ae4b05252/library/std/src/thread/mod.rs:541:17
[INFO] [stdout]   20: <core::panic::unwind_safe::AssertUnwindSafe<F> as core::ops::function::FnOnce<()>>::call_once
[INFO] [stdout]              at /rustc/df4ca44d3fbc9301ee17f30f4d474e6ae4b05252/library/core/src/panic/unwind_safe.rs:272:9
[INFO] [stdout]   21: std::panicking::try::do_call
[INFO] [stdout]              at /rustc/df4ca44d3fbc9301ee17f30f4d474e6ae4b05252/library/std/src/panicking.rs:557:40
[INFO] [stdout]   22: std::panicking::try
[INFO] [stdout]              at /rustc/df4ca44d3fbc9301ee17f30f4d474e6ae4b05252/library/std/src/panicking.rs:520:19
[INFO] [stdout]   23: std::panic::catch_unwind
[INFO] [stdout]              at /rustc/df4ca44d3fbc9301ee17f30f4d474e6ae4b05252/library/std/src/panic.rs:358:14
[INFO] [stdout]   24: std::thread::Builder::spawn_unchecked_::{{closure}}
[INFO] [stdout]              at /rustc/df4ca44d3fbc9301ee17f30f4d474e6ae4b05252/library/std/src/thread/mod.rs:540:30
[INFO] [stdout]   25: core::ops::function::FnOnce::call_once{{vtable.shim}}
[INFO] [stdout]              at /rustc/df4ca44d3fbc9301ee17f30f4d474e6ae4b05252/library/core/src/ops/function.rs:250:5
[INFO] [stdout]   26: <alloc::boxed::Box<F,A> as core::ops::function::FnOnce<Args>>::call_once
[INFO] [stdout]              at /rustc/df4ca44d3fbc9301ee17f30f4d474e6ae4b05252/library/alloc/src/boxed.rs:2454:9
[INFO] [stdout]   27: <alloc::boxed::Box<F,A> as core::ops::function::FnOnce<Args>>::call_once
[INFO] [stdout]              at /rustc/df4ca44d3fbc9301ee17f30f4d474e6ae4b05252/library/alloc/src/boxed.rs:2454:9
[INFO] [stdout]   28: std::sys::pal::unix::thread::Thread::new::thread_start
[INFO] [stdout]              at /rustc/df4ca44d3fbc9301ee17f30f4d474e6ae4b05252/library/std/src/sys/pal/unix/thread.rs:105:17
[INFO] [stdout]   29: <unknown>
[INFO] [stdout]   30: clone
[INFO] [stdout] stack backtrace:
[INFO] [stdout]    0:     0x63a09a6dfeca - std::backtrace_rs::backtrace::libunwind::trace::h207520d6e9873551
[INFO] [stdout]                                at /rustc/df4ca44d3fbc9301ee17f30f4d474e6ae4b05252/library/std/src/../../backtrace/src/backtrace/libunwind.rs:116:5
[INFO] [stdout]    1:     0x63a09a6dfeca - std::backtrace_rs::backtrace::trace_unsynchronized::h2ed7433f370e3eca
[INFO] [stdout]                                at /rustc/df4ca44d3fbc9301ee17f30f4d474e6ae4b05252/library/std/src/../../backtrace/src/backtrace/mod.rs:66:5
[INFO] [stdout]    2:     0x63a09a6dfeca - std::sys::backtrace::_print_fmt::h916fac51166b18d7
[INFO] [stdout]                                at /rustc/df4ca44d3fbc9301ee17f30f4d474e6ae4b05252/library/std/src/sys/backtrace.rs:66:9
[INFO] [stdout]    3:     0x63a09a6dfeca - <std::sys::backtrace::BacktraceLock::print::DisplayBacktrace as core::fmt::Display>::fmt::ha0a4c9b8ce3802e6
[INFO] [stdout]                                at /rustc/df4ca44d3fbc9301ee17f30f4d474e6ae4b05252/library/std/src/sys/backtrace.rs:39:26
[INFO] [stdout]    4:     0x63a09a706ef3 - core::fmt::rt::Argument::fmt::h4cfc8587d52b3eb5
[INFO] [stdout]                                at /rustc/df4ca44d3fbc9301ee17f30f4d474e6ae4b05252/library/core/src/fmt/rt.rs:177:76
[INFO] [stdout]    5:     0x63a09a706ef3 - core::fmt::write::h522cc39e5b36ae9f
[INFO] [stdout]                                at /rustc/df4ca44d3fbc9301ee17f30f4d474e6ae4b05252/library/core/src/fmt/mod.rs:1190:21
[INFO] [stdout]    6:     0x63a09a6dc6e3 - std::io::Write::write_fmt::h7d3c26752da97734
[INFO] [stdout]                                at /rustc/df4ca44d3fbc9301ee17f30f4d474e6ae4b05252/library/std/src/io/mod.rs:1839:15
[INFO] [stdout]    7:     0x63a09a6dfd12 - std::sys::backtrace::BacktraceLock::print::h4b9e00b29e9c0942
[INFO] [stdout]                                at /rustc/df4ca44d3fbc9301ee17f30f4d474e6ae4b05252/library/std/src/sys/backtrace.rs:42:9
[INFO] [stdout]    8:     0x63a09a6e135a - std::panicking::default_hook::{{closure}}::hb59b88280d0324d9
[INFO] [stdout]                                at /rustc/df4ca44d3fbc9301ee17f30f4d474e6ae4b05252/library/std/src/panicking.rs:268:22
[INFO] [stdout]    9:     0x63a09a6e1164 - std::panicking::default_hook::he1dd496665be4a29
[INFO] [stdout]                                at /rustc/df4ca44d3fbc9301ee17f30f4d474e6ae4b05252/library/std/src/panicking.rs:292:9
[INFO] [stdout]   10:     0x63a09a6256e9 - <alloc::boxed::Box<F,A> as core::ops::function::Fn<Args>>::call::h4ff71de18744e1dc
[INFO] [stdout]                                at /rustc/df4ca44d3fbc9301ee17f30f4d474e6ae4b05252/library/alloc/src/boxed.rs:2468:9
[INFO] [stdout]   11:     0x63a09a6256e9 - test::test_main::{{closure}}::hcf7c055ce117aa81
[INFO] [stdout]                                at /rustc/df4ca44d3fbc9301ee17f30f4d474e6ae4b05252/library/test/src/lib.rs:133:21
[INFO] [stdout]   12:     0x63a09a6e1a58 - <alloc::boxed::Box<F,A> as core::ops::function::Fn<Args>>::call::h1d66c6bbd60c9692
[INFO] [stderr] error: test failed, to rerun pass `--bin rs_watson`
[INFO] [stdout]                                at /rustc/df4ca44d3fbc9301ee17f30f4d474e6ae4b05252/library/alloc/src/boxed.rs:2468:9
[INFO] [stdout]   13:     0x63a09a6e1a58 - std::panicking::rust_panic_with_hook::h2ff17fe8f26dfcf8
[INFO] [stdout]                                at /rustc/df4ca44d3fbc9301ee17f30f4d474e6ae4b05252/library/std/src/panicking.rs:809:13
[INFO] [stdout]   14:     0x63a09a6e181a - std::panicking::begin_panic_handler::{{closure}}::h4fad77951c07e101
[INFO] [stdout]                                at /rustc/df4ca44d3fbc9301ee17f30f4d474e6ae4b05252/library/std/src/panicking.rs:674:13
[INFO] [stdout]   15:     0x63a09a6e03a9 - std::sys::backtrace::__rust_end_short_backtrace::hb1a25b3da5d0ea08
[INFO] [stdout]                                at /rustc/df4ca44d3fbc9301ee17f30f4d474e6ae4b05252/library/std/src/sys/backtrace.rs:170:18
[INFO] [stdout]   16:     0x63a09a6e14ac - rust_begin_unwind
[INFO] [stdout]                                at /rustc/df4ca44d3fbc9301ee17f30f4d474e6ae4b05252/library/std/src/panicking.rs:665:5
[INFO] [stdout]   17:     0x63a09a7058f0 - core::panicking::panic_fmt::ha9db07b529f9b256
[INFO] [stdout]                                at /rustc/df4ca44d3fbc9301ee17f30f4d474e6ae4b05252/library/core/src/panicking.rs:75:14
[INFO] [stdout]   18:     0x63a09a705d36 - core::result::unwrap_failed::h5e8218e4d4338b8a
[INFO] [stdout]                                at /rustc/df4ca44d3fbc9301ee17f30f4d474e6ae4b05252/library/core/src/result.rs:1698:5
[INFO] [stdout]   19:     0x63a09a5d05aa - core::result::Result<T,E>::unwrap::hf788d397c8df13c9
[INFO] [stdout]                                at /rustc/df4ca44d3fbc9301ee17f30f4d474e6ae4b05252/library/core/src/result.rs:1103:23
[INFO] [stdout]   20:     0x63a09a5d05aa - rs_watson::storage::get_or_create_file::{{closure}}::h491eade713057383
[INFO] [stdout]                                at /opt/rustwide/workdir/src/storage/mod.rs:16:9
[INFO] [stdout]   21:     0x63a09a5d4254 - core::result::Result<T,E>::unwrap_or_else::h5ff9f9777c52a084
[INFO] [stdout]                                at /rustc/df4ca44d3fbc9301ee17f30f4d474e6ae4b05252/library/core/src/result.rs:1457:23
[INFO] [stdout]   22:     0x63a09a5d03bc - rs_watson::storage::get_or_create_file::hab8be713c58dcee1
[INFO] [stdout]                                at /opt/rustwide/workdir/src/storage/mod.rs:13:16
[INFO] [stdout]   23:     0x63a09a5d283d - rs_watson::storage::tests::test_get_or_create_file_exists::hd0243fb0b53599da
[INFO] [stdout]                                at /opt/rustwide/workdir/src/storage/mod.rs:60:20
[INFO] [stdout]   24:     0x63a09a5d2807 - rs_watson::storage::tests::test_get_or_create_file_exists::{{closure}}::h24da27cd9bd8ae4a
[INFO] [stdout]                                at /opt/rustwide/workdir/src/storage/mod.rs:59:40
[INFO] [stdout]   25:     0x63a09a5d9746 - core::ops::function::FnOnce::call_once::he4db418fc58b921a
[INFO] [stdout]                                at /rustc/df4ca44d3fbc9301ee17f30f4d474e6ae4b05252/library/core/src/ops/function.rs:250:5
[INFO] [stdout]   26:     0x63a09a629fbb - core::ops::function::FnOnce::call_once::h22c3ba5715e93f05
[INFO] [stdout]                                at /rustc/df4ca44d3fbc9301ee17f30f4d474e6ae4b05252/library/core/src/ops/function.rs:250:5
[INFO] [stdout]   27:     0x63a09a629fbb - test::__rust_begin_short_backtrace::h8e82d8113d0da17f
[INFO] [stdout]                                at /rustc/df4ca44d3fbc9301ee17f30f4d474e6ae4b05252/library/test/src/lib.rs:621:18
[INFO] [stdout]   28:     0x63a09a629937 - test::run_test_in_process::{{closure}}::h33235f4f20b7b7c7
[INFO] [stdout]                                at /rustc/df4ca44d3fbc9301ee17f30f4d474e6ae4b05252/library/test/src/lib.rs:644:60
[INFO] [stdout]   29:     0x63a09a629937 - <core::panic::unwind_safe::AssertUnwindSafe<F> as core::ops::function::FnOnce<()>>::call_once::hb5043206310c586f
[INFO] [stdout]                                at /rustc/df4ca44d3fbc9301ee17f30f4d474e6ae4b05252/library/core/src/panic/unwind_safe.rs:272:9
[INFO] [stdout]   30:     0x63a09a629937 - std::panicking::try::do_call::h9ad4731a60ab23e2
[INFO] [stdout]                                at /rustc/df4ca44d3fbc9301ee17f30f4d474e6ae4b05252/library/std/src/panicking.rs:557:40
[INFO] [stdout]   31:     0x63a09a629937 - std::panicking::try::h3824d23db772a716
[INFO] [stdout]                                at /rustc/df4ca44d3fbc9301ee17f30f4d474e6ae4b05252/library/std/src/panicking.rs:520:19
[INFO] [stdout]   32:     0x63a09a629937 - std::panic::catch_unwind::h5afd514605fde46b
[INFO] [stdout]                                at /rustc/df4ca44d3fbc9301ee17f30f4d474e6ae4b05252/library/std/src/panic.rs:358:14
[INFO] [stdout]   33:     0x63a09a629937 - test::run_test_in_process::h0d5cbfa7067d1720
[INFO] [stdout]                                at /rustc/df4ca44d3fbc9301ee17f30f4d474e6ae4b05252/library/test/src/lib.rs:644:27
[INFO] [stdout]   34:     0x63a09a629937 - test::run_test::{{closure}}::h708eb8872708115d
[INFO] [stdout]                                at /rustc/df4ca44d3fbc9301ee17f30f4d474e6ae4b05252/library/test/src/lib.rs:565:43
[INFO] [stdout]   35:     0x63a09a5ed054 - test::run_test::{{closure}}::h392c51cee94713ab
[INFO] [stdout]                                at /rustc/df4ca44d3fbc9301ee17f30f4d474e6ae4b05252/library/test/src/lib.rs:595:41
[INFO] [stdout]   36:     0x63a09a5ed054 - std::sys::backtrace::__rust_begin_short_backtrace::h2f40290710935a8b
[INFO] [stdout]                                at /rustc/df4ca44d3fbc9301ee17f30f4d474e6ae4b05252/library/std/src/sys/backtrace.rs:154:18
[INFO] [stdout]   37:     0x63a09a5f07fe - std::thread::Builder::spawn_unchecked_::{{closure}}::{{closure}}::h3fd968d89053a903
[INFO] [stdout]                                at /rustc/df4ca44d3fbc9301ee17f30f4d474e6ae4b05252/library/std/src/thread/mod.rs:541:17
[INFO] [stdout]   38:     0x63a09a5f07fe - <core::panic::unwind_safe::AssertUnwindSafe<F> as core::ops::function::FnOnce<()>>::call_once::h743f637ba4229880
[INFO] [stdout]                                at /rustc/df4ca44d3fbc9301ee17f30f4d474e6ae4b05252/library/core/src/panic/unwind_safe.rs:272:9
[INFO] [stdout]   39:     0x63a09a5f07fe - std::panicking::try::do_call::h07440897322525a6
[INFO] [stdout]                                at /rustc/df4ca44d3fbc9301ee17f30f4d474e6ae4b05252/library/std/src/panicking.rs:557:40
[INFO] [stdout]   40:     0x63a09a5f07fe - std::panicking::try::he5a2e00188156637
[INFO] [stdout]                                at /rustc/df4ca44d3fbc9301ee17f30f4d474e6ae4b05252/library/std/src/panicking.rs:520:19
[INFO] [stdout]   41:     0x63a09a5f07fe - std::panic::catch_unwind::hbaf3cae49b3c6433
[INFO] [stdout]                                at /rustc/df4ca44d3fbc9301ee17f30f4d474e6ae4b05252/library/std/src/panic.rs:358:14
[INFO] [stdout]   42:     0x63a09a5f07fe - std::thread::Builder::spawn_unchecked_::{{closure}}::h8e141ea224820bce
[INFO] [stdout]                                at /rustc/df4ca44d3fbc9301ee17f30f4d474e6ae4b05252/library/std/src/thread/mod.rs:540:30
[INFO] [stdout]   43:     0x63a09a5f07fe - core::ops::function::FnOnce::call_once{{vtable.shim}}::h90d312fedd7b8ea8
[INFO] [stdout]                                at /rustc/df4ca44d3fbc9301ee17f30f4d474e6ae4b05252/library/core/src/ops/function.rs:250:5
[INFO] [stdout]   44:     0x63a09a6e5b2b - <alloc::boxed::Box<F,A> as core::ops::function::FnOnce<Args>>::call_once::h69aa08ddb6adb8b6
[INFO] [stdout]                                at /rustc/df4ca44d3fbc9301ee17f30f4d474e6ae4b05252/library/alloc/src/boxed.rs:2454:9
[INFO] [stdout]   45:     0x63a09a6e5b2b - <alloc::boxed::Box<F,A> as core::ops::function::FnOnce<Args>>::call_once::h5aa36efdb79c806f
[INFO] [stdout]                                at /rustc/df4ca44d3fbc9301ee17f30f4d474e6ae4b05252/library/alloc/src/boxed.rs:2454:9
[INFO] [stdout]   46:     0x63a09a6e5b2b - std::sys::pal::unix::thread::Thread::new::thread_start::h6cd80a1b4be5158d
[INFO] [stdout]                                at /rustc/df4ca44d3fbc9301ee17f30f4d474e6ae4b05252/library/std/src/sys/pal/unix/thread.rs:105:17
[INFO] [stdout]   47:     0x7d1e020bfac3 - <unknown>
[INFO] [stdout]   48:     0x7d1e02150a04 - clone
[INFO] [stdout]   49:                0x0 - <unknown>
[INFO] [stdout] 
[INFO] [stdout] ---- storage::tests::test_get_or_create_file stdout ----
[INFO] [stdout] Error: No such file or directory (os error 2)
[INFO] [stdout] Creating watson.json
[INFO] [stdout] thread 'storage::tests::test_get_or_create_file' panicked at src/storage/mod.rs:18:14:
[INFO] [stdout] called `Result::unwrap()` on an `Err` value: Failed to open filepath for writing
[INFO] [stdout] 
[INFO] [stdout] Caused by:
[INFO] [stdout]     Read-only file system (os error 30)
[INFO] [stdout] 
[INFO] [stdout] Stack backtrace:
[INFO] [stdout]    0: <E as anyhow::context::ext::StdError>::ext_context
[INFO] [stdout]              at /opt/rustwide/cargo-home/registry/src/index.crates.io-6f17d22bba15001f/anyhow-1.0.92/src/backtrace.rs:27:14
[INFO] [stdout]    1: anyhow::context::<impl anyhow::Context<T,E> for core::result::Result<T,E>>::context
[INFO] [stdout]              at /opt/rustwide/cargo-home/registry/src/index.crates.io-6f17d22bba15001f/anyhow-1.0.92/src/context.rs:54:31
[INFO] [stdout]    2: rs_watson::storage::get_or_create_file::{{closure}}
[INFO] [stdout]              at ./src/storage/mod.rs:16:9
[INFO] [stdout]    3: core::result::Result<T,E>::unwrap_or_else
[INFO] [stdout]              at /rustc/df4ca44d3fbc9301ee17f30f4d474e6ae4b05252/library/core/src/result.rs:1457:23
[INFO] [stdout]    4: rs_watson::storage::get_or_create_file
[INFO] [stdout]              at ./src/storage/mod.rs:13:16
[INFO] [stdout]    5: rs_watson::storage::tests::test_get_or_create_file
[INFO] [stdout]              at ./src/storage/mod.rs:54:20
[INFO] [stdout]    6: rs_watson::storage::tests::test_get_or_create_file::{{closure}}
[INFO] [stdout]              at ./src/storage/mod.rs:53:33
[INFO] [stdout]    7: core::ops::function::FnOnce::call_once
[INFO] [stdout]              at /rustc/df4ca44d3fbc9301ee17f30f4d474e6ae4b05252/library/core/src/ops/function.rs:250:5
[INFO] [stdout]    8: core::ops::function::FnOnce::call_once
[INFO] [stdout]              at /rustc/df4ca44d3fbc9301ee17f30f4d474e6ae4b05252/library/core/src/ops/function.rs:250:5
[INFO] [stdout]    9: test::__rust_begin_short_backtrace
[INFO] [stdout]              at /rustc/df4ca44d3fbc9301ee17f30f4d474e6ae4b05252/library/test/src/lib.rs:621:18
[INFO] [stdout]   10: test::run_test_in_process::{{closure}}
[INFO] [stdout]              at /rustc/df4ca44d3fbc9301ee17f30f4d474e6ae4b05252/library/test/src/lib.rs:644:60
[INFO] [stdout]   11: <core::panic::unwind_safe::AssertUnwindSafe<F> as core::ops::function::FnOnce<()>>::call_once
[INFO] [stdout]              at /rustc/df4ca44d3fbc9301ee17f30f4d474e6ae4b05252/library/core/src/panic/unwind_safe.rs:272:9
[INFO] [stdout]   12: std::panicking::try::do_call
[INFO] [stdout]              at /rustc/df4ca44d3fbc9301ee17f30f4d474e6ae4b05252/library/std/src/panicking.rs:557:40
[INFO] [stdout]   13: std::panicking::try
[INFO] [stdout]              at /rustc/df4ca44d3fbc9301ee17f30f4d474e6ae4b05252/library/std/src/panicking.rs:520:19
[INFO] [stdout]   14: std::panic::catch_unwind
[INFO] [stdout]              at /rustc/df4ca44d3fbc9301ee17f30f4d474e6ae4b05252/library/std/src/panic.rs:358:14
[INFO] [stdout]   15: test::run_test_in_process
[INFO] [stdout]              at /rustc/df4ca44d3fbc9301ee17f30f4d474e6ae4b05252/library/test/src/lib.rs:644:27
[INFO] [stdout]   16: test::run_test::{{closure}}
[INFO] [stdout]              at /rustc/df4ca44d3fbc9301ee17f30f4d474e6ae4b05252/library/test/src/lib.rs:565:43
[INFO] [stdout]   17: test::run_test::{{closure}}
[INFO] [stdout]              at /rustc/df4ca44d3fbc9301ee17f30f4d474e6ae4b05252/library/test/src/lib.rs:595:41
[INFO] [stdout]   18: std::sys::backtrace::__rust_begin_short_backtrace
[INFO] [stdout]              at /rustc/df4ca44d3fbc9301ee17f30f4d474e6ae4b05252/library/std/src/sys/backtrace.rs:154:18
[INFO] [stdout]   19: std::thread::Builder::spawn_unchecked_::{{closure}}::{{closure}}
[INFO] [stdout]              at /rustc/df4ca44d3fbc9301ee17f30f4d474e6ae4b05252/library/std/src/thread/mod.rs:541:17
[INFO] [stdout]   20: <core::panic::unwind_safe::AssertUnwindSafe<F> as core::ops::function::FnOnce<()>>::call_once
[INFO] [stdout]              at /rustc/df4ca44d3fbc9301ee17f30f4d474e6ae4b05252/library/core/src/panic/unwind_safe.rs:272:9
[INFO] [stdout]   21: std::panicking::try::do_call
[INFO] [stdout]              at /rustc/df4ca44d3fbc9301ee17f30f4d474e6ae4b05252/library/std/src/panicking.rs:557:40
[INFO] [stdout]   22: std::panicking::try
[INFO] [stdout]              at /rustc/df4ca44d3fbc9301ee17f30f4d474e6ae4b05252/library/std/src/panicking.rs:520:19
[INFO] [stdout]   23: std::panic::catch_unwind
[INFO] [stdout]              at /rustc/df4ca44d3fbc9301ee17f30f4d474e6ae4b05252/library/std/src/panic.rs:358:14
[INFO] [stdout]   24: std::thread::Builder::spawn_unchecked_::{{closure}}
[INFO] [stdout]              at /rustc/df4ca44d3fbc9301ee17f30f4d474e6ae4b05252/library/std/src/thread/mod.rs:540:30
[INFO] [stdout]   25: core::ops::function::FnOnce::call_once{{vtable.shim}}
[INFO] [stdout]              at /rustc/df4ca44d3fbc9301ee17f30f4d474e6ae4b05252/library/core/src/ops/function.rs:250:5
[INFO] [stdout]   26: <alloc::boxed::Box<F,A> as core::ops::function::FnOnce<Args>>::call_once
[INFO] [stdout]              at /rustc/df4ca44d3fbc9301ee17f30f4d474e6ae4b05252/library/alloc/src/boxed.rs:2454:9
[INFO] [stdout]   27: <alloc::boxed::Box<F,A> as core::ops::function::FnOnce<Args>>::call_once
[INFO] [stdout]              at /rustc/df4ca44d3fbc9301ee17f30f4d474e6ae4b05252/library/alloc/src/boxed.rs:2454:9
[INFO] [stdout]   28: std::sys::pal::unix::thread::Thread::new::thread_start
[INFO] [stdout]              at /rustc/df4ca44d3fbc9301ee17f30f4d474e6ae4b05252/library/std/src/sys/pal/unix/thread.rs:105:17
[INFO] [stdout]   29: <unknown>
[INFO] [stdout]   30: clone
[INFO] [stdout] stack backtrace:
[INFO] [stdout]    0:     0x63a09a6dfeca - std::backtrace_rs::backtrace::libunwind::trace::h207520d6e9873551
[INFO] [stdout]                                at /rustc/df4ca44d3fbc9301ee17f30f4d474e6ae4b05252/library/std/src/../../backtrace/src/backtrace/libunwind.rs:116:5
[INFO] [stdout]    1:     0x63a09a6dfeca - std::backtrace_rs::backtrace::trace_unsynchronized::h2ed7433f370e3eca
[INFO] [stdout]                                at /rustc/df4ca44d3fbc9301ee17f30f4d474e6ae4b05252/library/std/src/../../backtrace/src/backtrace/mod.rs:66:5
[INFO] [stdout]    2:     0x63a09a6dfeca - std::sys::backtrace::_print_fmt::h916fac51166b18d7
[INFO] [stdout]                                at /rustc/df4ca44d3fbc9301ee17f30f4d474e6ae4b05252/library/std/src/sys/backtrace.rs:66:9
[INFO] [stdout]    3:     0x63a09a6dfeca - <std::sys::backtrace::BacktraceLock::print::DisplayBacktrace as core::fmt::Display>::fmt::ha0a4c9b8ce3802e6
[INFO] [stdout]                                at /rustc/df4ca44d3fbc9301ee17f30f4d474e6ae4b05252/library/std/src/sys/backtrace.rs:39:26
[INFO] [stdout]    4:     0x63a09a706ef3 - core::fmt::rt::Argument::fmt::h4cfc8587d52b3eb5
[INFO] [stdout]                                at /rustc/df4ca44d3fbc9301ee17f30f4d474e6ae4b05252/library/core/src/fmt/rt.rs:177:76
[INFO] [stdout]    5:     0x63a09a706ef3 - core::fmt::write::h522cc39e5b36ae9f
[INFO] [stdout]                                at /rustc/df4ca44d3fbc9301ee17f30f4d474e6ae4b05252/library/core/src/fmt/mod.rs:1190:21
[INFO] [stdout]    6:     0x63a09a6dc6e3 - std::io::Write::write_fmt::h7d3c26752da97734
[INFO] [stdout]                                at /rustc/df4ca44d3fbc9301ee17f30f4d474e6ae4b05252/library/std/src/io/mod.rs:1839:15
[INFO] [stdout]    7:     0x63a09a6dfd12 - std::sys::backtrace::BacktraceLock::print::h4b9e00b29e9c0942
[INFO] [stdout]                                at /rustc/df4ca44d3fbc9301ee17f30f4d474e6ae4b05252/library/std/src/sys/backtrace.rs:42:9
[INFO] [stdout]    8:     0x63a09a6e135a - std::panicking::default_hook::{{closure}}::hb59b88280d0324d9
[INFO] [stdout]                                at /rustc/df4ca44d3fbc9301ee17f30f4d474e6ae4b05252/library/std/src/panicking.rs:268:22
[INFO] [stdout]    9:     0x63a09a6e1164 - std::panicking::default_hook::he1dd496665be4a29
[INFO] [stdout]                                at /rustc/df4ca44d3fbc9301ee17f30f4d474e6ae4b05252/library/std/src/panicking.rs:292:9
[INFO] [stdout]   10:     0x63a09a6256e9 - <alloc::boxed::Box<F,A> as core::ops::function::Fn<Args>>::call::h4ff71de18744e1dc
[INFO] [stdout]                                at /rustc/df4ca44d3fbc9301ee17f30f4d474e6ae4b05252/library/alloc/src/boxed.rs:2468:9
[INFO] [stdout]   11:     0x63a09a6256e9 - test::test_main::{{closure}}::hcf7c055ce117aa81
[INFO] [stdout]                                at /rustc/df4ca44d3fbc9301ee17f30f4d474e6ae4b05252/library/test/src/lib.rs:133:21
[INFO] [stdout]   12:     0x63a09a6e1a58 - <alloc::boxed::Box<F,A> as core::ops::function::Fn<Args>>::call::h1d66c6bbd60c9692
[INFO] [stdout]                                at /rustc/df4ca44d3fbc9301ee17f30f4d474e6ae4b05252/library/alloc/src/boxed.rs:2468:9
[INFO] [stdout]   13:     0x63a09a6e1a58 - std::panicking::rust_panic_with_hook::h2ff17fe8f26dfcf8
[INFO] [stdout]                                at /rustc/df4ca44d3fbc9301ee17f30f4d474e6ae4b05252/library/std/src/panicking.rs:809:13
[INFO] [stdout]   14:     0x63a09a6e181a - std::panicking::begin_panic_handler::{{closure}}::h4fad77951c07e101
[INFO] [stdout]                                at /rustc/df4ca44d3fbc9301ee17f30f4d474e6ae4b05252/library/std/src/panicking.rs:674:13
[INFO] [stdout]   15:     0x63a09a6e03a9 - std::sys::backtrace::__rust_end_short_backtrace::hb1a25b3da5d0ea08
[INFO] [stdout]                                at /rustc/df4ca44d3fbc9301ee17f30f4d474e6ae4b05252/library/std/src/sys/backtrace.rs:170:18
[INFO] [stdout]   16:     0x63a09a6e14ac - rust_begin_unwind
[INFO] [stdout]                                at /rustc/df4ca44d3fbc9301ee17f30f4d474e6ae4b05252/library/std/src/panicking.rs:665:5
[INFO] [stdout]   17:     0x63a09a7058f0 - core::panicking::panic_fmt::ha9db07b529f9b256
[INFO] [stdout]                                at /rustc/df4ca44d3fbc9301ee17f30f4d474e6ae4b05252/library/core/src/panicking.rs:75:14
[INFO] [stdout]   18:     0x63a09a705d36 - core::result::unwrap_failed::h5e8218e4d4338b8a
[INFO] [stdout]                                at /rustc/df4ca44d3fbc9301ee17f30f4d474e6ae4b05252/library/core/src/result.rs:1698:5
[INFO] [stdout]   19:     0x63a09a5d05aa - core::result::Result<T,E>::unwrap::hf788d397c8df13c9
[INFO] [stdout]                                at /rustc/df4ca44d3fbc9301ee17f30f4d474e6ae4b05252/library/core/src/result.rs:1103:23
[INFO] [stdout]   20:     0x63a09a5d05aa - rs_watson::storage::get_or_create_file::{{closure}}::h491eade713057383
[INFO] [stdout]                                at /opt/rustwide/workdir/src/storage/mod.rs:16:9
[INFO] [stdout]   21:     0x63a09a5d4254 - core::result::Result<T,E>::unwrap_or_else::h5ff9f9777c52a084
[INFO] [stdout]                                at /rustc/df4ca44d3fbc9301ee17f30f4d474e6ae4b05252/library/core/src/result.rs:1457:23
[INFO] [stdout]   22:     0x63a09a5d03bc - rs_watson::storage::get_or_create_file::hab8be713c58dcee1
[INFO] [stdout]                                at /opt/rustwide/workdir/src/storage/mod.rs:13:16
[INFO] [stdout]   23:     0x63a09a5d25cd - rs_watson::storage::tests::test_get_or_create_file::ha6e1911704f9b12f
[INFO] [stdout]                                at /opt/rustwide/workdir/src/storage/mod.rs:54:20
[INFO] [stdout]   24:     0x63a09a5d2597 - rs_watson::storage::tests::test_get_or_create_file::{{closure}}::hebb3766c6bc1fe65
[INFO] [stdout]                                at /opt/rustwide/workdir/src/storage/mod.rs:53:33
[INFO] [stdout]   25:     0x63a09a5d9396 - core::ops::function::FnOnce::call_once::h5cef1c5e7e0ae32d
[INFO] [stdout]                                at /rustc/df4ca44d3fbc9301ee17f30f4d474e6ae4b05252/library/core/src/ops/function.rs:250:5
[INFO] [stdout]   26:     0x63a09a629fbb - core::ops::function::FnOnce::call_once::h22c3ba5715e93f05
[INFO] [stdout]                                at /rustc/df4ca44d3fbc9301ee17f30f4d474e6ae4b05252/library/core/src/ops/function.rs:250:5
[INFO] [stdout]   27:     0x63a09a629fbb - test::__rust_begin_short_backtrace::h8e82d8113d0da17f
[INFO] [stdout]                                at /rustc/df4ca44d3fbc9301ee17f30f4d474e6ae4b05252/library/test/src/lib.rs:621:18
[INFO] [stdout]   28:     0x63a09a629937 - test::run_test_in_process::{{closure}}::h33235f4f20b7b7c7
[INFO] [stdout]                                at /rustc/df4ca44d3fbc9301ee17f30f4d474e6ae4b05252/library/test/src/lib.rs:644:60
[INFO] [stdout]   29:     0x63a09a629937 - <core::panic::unwind_safe::AssertUnwindSafe<F> as core::ops::function::FnOnce<()>>::call_once::hb5043206310c586f
[INFO] [stdout]                                at /rustc/df4ca44d3fbc9301ee17f30f4d474e6ae4b05252/library/core/src/panic/unwind_safe.rs:272:9
[INFO] [stdout]   30:     0x63a09a629937 - std::panicking::try::do_call::h9ad4731a60ab23e2
[INFO] [stdout]                                at /rustc/df4ca44d3fbc9301ee17f30f4d474e6ae4b05252/library/std/src/panicking.rs:557:40
[INFO] [stdout]   31:     0x63a09a629937 - std::panicking::try::h3824d23db772a716
[INFO] [stdout]                                at /rustc/df4ca44d3fbc9301ee17f30f4d474e6ae4b05252/library/std/src/panicking.rs:520:19
[INFO] [stdout]   32:     0x63a09a629937 - std::panic::catch_unwind::h5afd514605fde46b
[INFO] [stdout]                                at /rustc/df4ca44d3fbc9301ee17f30f4d474e6ae4b05252/library/std/src/panic.rs:358:14
[INFO] [stdout]   33:     0x63a09a629937 - test::run_test_in_process::h0d5cbfa7067d1720
[INFO] [stdout]                                at /rustc/df4ca44d3fbc9301ee17f30f4d474e6ae4b05252/library/test/src/lib.rs:644:27
[INFO] [stdout]   34:     0x63a09a629937 - test::run_test::{{closure}}::h708eb8872708115d
[INFO] [stdout]                                at /rustc/df4ca44d3fbc9301ee17f30f4d474e6ae4b05252/library/test/src/lib.rs:565:43
[INFO] [stdout]   35:     0x63a09a5ed054 - test::run_test::{{closure}}::h392c51cee94713ab
[INFO] [stdout]                                at /rustc/df4ca44d3fbc9301ee17f30f4d474e6ae4b05252/library/test/src/lib.rs:595:41
[INFO] [stdout]   36:     0x63a09a5ed054 - std::sys::backtrace::__rust_begin_short_backtrace::h2f40290710935a8b
[INFO] [stdout]                                at /rustc/df4ca44d3fbc9301ee17f30f4d474e6ae4b05252/library/std/src/sys/backtrace.rs:154:18
[INFO] [stdout]   37:     0x63a09a5f07fe - std::thread::Builder::spawn_unchecked_::{{closure}}::{{closure}}::h3fd968d89053a903
[INFO] [stdout]                                at /rustc/df4ca44d3fbc9301ee17f30f4d474e6ae4b05252/library/std/src/thread/mod.rs:541:17
[INFO] [stdout]   38:     0x63a09a5f07fe - <core::panic::unwind_safe::AssertUnwindSafe<F> as core::ops::function::FnOnce<()>>::call_once::h743f637ba4229880
[INFO] [stdout]                                at /rustc/df4ca44d3fbc9301ee17f30f4d474e6ae4b05252/library/core/src/panic/unwind_safe.rs:272:9
[INFO] [stdout]   39:     0x63a09a5f07fe - std::panicking::try::do_call::h07440897322525a6
[INFO] [stdout]                                at /rustc/df4ca44d3fbc9301ee17f30f4d474e6ae4b05252/library/std/src/panicking.rs:557:40
[INFO] [stdout]   40:     0x63a09a5f07fe - std::panicking::try::he5a2e00188156637
[INFO] [stdout]                                at /rustc/df4ca44d3fbc9301ee17f30f4d474e6ae4b05252/library/std/src/panicking.rs:520:19
[INFO] [stdout]   41:     0x63a09a5f07fe - std::panic::catch_unwind::hbaf3cae49b3c6433
[INFO] [stdout]                                at /rustc/df4ca44d3fbc9301ee17f30f4d474e6ae4b05252/library/std/src/panic.rs:358:14
[INFO] [stdout]   42:     0x63a09a5f07fe - std::thread::Builder::spawn_unchecked_::{{closure}}::h8e141ea224820bce
[INFO] [stdout]                                at /rustc/df4ca44d3fbc9301ee17f30f4d474e6ae4b05252/library/std/src/thread/mod.rs:540:30
[INFO] [stdout]   43:     0x63a09a5f07fe - core::ops::function::FnOnce::call_once{{vtable.shim}}::h90d312fedd7b8ea8
[INFO] [stdout]                                at /rustc/df4ca44d3fbc9301ee17f30f4d474e6ae4b05252/library/core/src/ops/function.rs:250:5
[INFO] [stdout]   44:     0x63a09a6e5b2b - <alloc::boxed::Box<F,A> as core::ops::function::FnOnce<Args>>::call_once::h69aa08ddb6adb8b6
[INFO] [stdout]                                at /rustc/df4ca44d3fbc9301ee17f30f4d474e6ae4b05252/library/alloc/src/boxed.rs:2454:9
[INFO] [stdout]   45:     0x63a09a6e5b2b - <alloc::boxed::Box<F,A> as core::ops::function::FnOnce<Args>>::call_once::h5aa36efdb79c806f
[INFO] [stdout]                                at /rustc/df4ca44d3fbc9301ee17f30f4d474e6ae4b05252/library/alloc/src/boxed.rs:2454:9
[INFO] [stdout]   46:     0x63a09a6e5b2b - std::sys::pal::unix::thread::Thread::new::thread_start::h6cd80a1b4be5158d
[INFO] [stdout]                                at /rustc/df4ca44d3fbc9301ee17f30f4d474e6ae4b05252/library/std/src/sys/pal/unix/thread.rs:105:17
[INFO] [stdout]   47:     0x7d1e020bfac3 - <unknown>
[INFO] [stdout]   48:     0x7d1e02150a04 - clone
[INFO] [stdout]   49:                0x0 - <unknown>
[INFO] [stdout] 
[INFO] [stdout] 
[INFO] [stdout] failures:
[INFO] [stdout]     storage::tests::test_get_or_create_file
[INFO] [stdout]     storage::tests::test_get_or_create_file_exists
[INFO] [stdout] 
[INFO] [stdout] test result: FAILED. 22 passed; 2 failed; 0 ignored; 0 measured; 0 filtered out; finished in 0.06s
[INFO] [stdout] 
[INFO] running `Command { std: "docker" "inspect" "7b011cfadae1c50246ceadf28b3187cc5162cb4d82f9ea84a6bdabb809bd6d05", kill_on_drop: false }`
[INFO] running `Command { std: "docker" "rm" "-f" "7b011cfadae1c50246ceadf28b3187cc5162cb4d82f9ea84a6bdabb809bd6d05", kill_on_drop: false }`
[INFO] [stdout] 7b011cfadae1c50246ceadf28b3187cc5162cb4d82f9ea84a6bdabb809bd6d05
