[INFO] cloning repository https://github.com/CramBL/quick-file-transfer
[INFO] running `Command { std: "git" "-c" "credential.helper=" "-c" "credential.helper=/workspace/cargo-home/bin/git-credential-null" "clone" "--bare" "https://github.com/CramBL/quick-file-transfer" "/workspace/cache/git-repos/https%3A%2F%2Fgithub.com%2FCramBL%2Fquick-file-transfer", kill_on_drop: false }`
[INFO] [stderr] Cloning into bare repository '/workspace/cache/git-repos/https%3A%2F%2Fgithub.com%2FCramBL%2Fquick-file-transfer'...
[INFO] running `Command { std: "git" "rev-parse" "HEAD", kill_on_drop: false }`
[INFO] [stdout] b76cc767067f82334eda536eb58c299ef5d1fbbd
[INFO] testing CramBL/quick-file-transfer/b76cc767067f82334eda536eb58c299ef5d1fbbd against nightly-2024-10-28 for randomize-layout
[INFO] running `Command { std: "git" "clone" "/workspace/cache/git-repos/https%3A%2F%2Fgithub.com%2FCramBL%2Fquick-file-transfer" "/workspace/builds/worker-5-tc1/source", kill_on_drop: false }`
[INFO] [stderr] Cloning into '/workspace/builds/worker-5-tc1/source'...
[INFO] [stderr] done.
[INFO] validating manifest of git repo https://github.com/CramBL/quick-file-transfer on toolchain nightly-2024-10-28
[INFO] running `Command { std: CARGO_HOME="/workspace/cargo-home" RUSTUP_HOME="/workspace/rustup-home" "/workspace/cargo-home/bin/cargo" "+nightly-2024-10-28" "metadata" "--manifest-path" "Cargo.toml" "--no-deps", kill_on_drop: false }`
[INFO] removed /workspace/builds/worker-5-tc1/source/.cargo/config.toml
[INFO] started tweaking git repo https://github.com/CramBL/quick-file-transfer
[INFO] finished tweaking git repo https://github.com/CramBL/quick-file-transfer
[INFO] tweaked toml for git repo https://github.com/CramBL/quick-file-transfer written to /workspace/builds/worker-5-tc1/source/Cargo.toml
[INFO] crate git repo https://github.com/CramBL/quick-file-transfer already has a lockfile, it will not be regenerated
[INFO] running `Command { std: CARGO_HOME="/workspace/cargo-home" RUSTUP_HOME="/workspace/rustup-home" "/workspace/cargo-home/bin/cargo" "+nightly-2024-10-28" "fetch" "--manifest-path" "Cargo.toml", kill_on_drop: false }`
[INFO] [stderr]     Updating crates.io index
[INFO] [stderr]  Downloading crates ...
[INFO] [stderr]   Downloaded stderrlog v0.6.0
[INFO] [stderr]   Downloaded ssh-cipher v0.2.0
[INFO] [stderr]   Downloaded testresult v0.4.0
[INFO] [stderr]   Downloaded ssh-encoding v0.2.0
[INFO] [stderr]   Downloaded if-addrs v0.10.2
[INFO] [stderr]   Downloaded colorchoice v1.0.1
[INFO] [stderr]   Downloaded is_terminal_polyfill v1.70.0
[INFO] [stderr]   Downloaded assert_fs v1.1.1
[INFO] [stderr]   Downloaded globset v0.4.14
[INFO] [stderr]   Downloaded anstyle-parse v0.2.4
[INFO] [stderr]   Downloaded assert_cmd v2.0.14
[INFO] [stderr]   Downloaded ignore v0.4.22
[INFO] [stderr]   Downloaded fancy-regex v0.13.0
[INFO] [stderr]   Downloaded comfy-table v7.1.1
[INFO] [stderr]   Downloaded pretty_assertions v1.4.0
[INFO] [stderr]   Downloaded ssh-key v0.6.6
[INFO] [stderr]   Downloaded clap_builder v4.5.9
[INFO] [stderr]   Downloaded mdns-sd v0.11.1
[INFO] [stderr]   Downloaded aes v0.8.4
[INFO] [stderr]   Downloaded clap_lex v0.7.1
[INFO] [stderr]   Downloaded clap v4.5.9
[INFO] [stderr]   Downloaded lz4_flex v0.11.3
[INFO] [stderr]   Downloaded globwalk v0.9.1
[INFO] [stderr]   Downloaded bzip2 v0.4.4
[INFO] [stderr]   Downloaded clap_derive v4.5.8
[INFO] [stderr]   Downloaded anstyle-query v1.1.0
[INFO] [stderr]   Downloaded anstyle-wincon v3.0.3
[INFO] [stderr]   Downloaded anstream v0.6.14
[INFO] [stderr]   Downloaded clap_complete v4.5.8
[INFO] [stderr]   Downloaded ssh-rs v0.5.0
[INFO] [stderr]   Downloaded anstyle v1.0.7
[INFO] [stderr]   Downloaded predicates v3.1.0
[INFO] [stderr]   Downloaded p521 v0.13.3
[INFO] running `Command { std: "docker" "create" "-v" "/var/lib/crater-agent-workspace/builds/worker-5-tc1/target:/opt/rustwide/target:rw,Z" "-v" "/var/lib/crater-agent-workspace/builds/worker-5-tc1/source:/opt/rustwide/workdir:ro,Z" "-v" "/var/lib/crater-agent-workspace/cargo-home:/opt/rustwide/cargo-home:ro,Z" "-v" "/var/lib/crater-agent-workspace/rustup-home:/opt/rustwide/rustup-home:ro,Z" "-e" "SOURCE_DIR=/opt/rustwide/workdir" "-e" "CARGO_TARGET_DIR=/opt/rustwide/target" "-e" "CARGO_HOME=/opt/rustwide/cargo-home" "-e" "RUSTUP_HOME=/opt/rustwide/rustup-home" "-w" "/opt/rustwide/workdir" "-m" "1610612736" "--user" "0:0" "--network" "none" "ghcr.io/rust-lang/crates-build-env/linux@sha256:4a844ea9eb2546a2d2c7022eacef16ef2e8229c7fbb2c7d4d55a9ceca922f72d" "/opt/rustwide/cargo-home/bin/cargo" "+nightly-2024-10-28" "metadata" "--no-deps" "--format-version=1", kill_on_drop: false }`
[INFO] [stdout] 652fa293ff3a5a8f3645faedf62fad417e0fc16b937154d80cbd90b522bf89d0
[INFO] running `Command { std: "docker" "start" "-a" "652fa293ff3a5a8f3645faedf62fad417e0fc16b937154d80cbd90b522bf89d0", kill_on_drop: false }`
[INFO] running `Command { std: "docker" "inspect" "652fa293ff3a5a8f3645faedf62fad417e0fc16b937154d80cbd90b522bf89d0", kill_on_drop: false }`
[INFO] running `Command { std: "docker" "rm" "-f" "652fa293ff3a5a8f3645faedf62fad417e0fc16b937154d80cbd90b522bf89d0", kill_on_drop: false }`
[INFO] [stdout] 652fa293ff3a5a8f3645faedf62fad417e0fc16b937154d80cbd90b522bf89d0
[INFO] running `Command { std: "docker" "create" "-v" "/var/lib/crater-agent-workspace/builds/worker-5-tc1/target:/opt/rustwide/target:rw,Z" "-v" "/var/lib/crater-agent-workspace/builds/worker-5-tc1/source:/opt/rustwide/workdir:ro,Z" "-v" "/var/lib/crater-agent-workspace/cargo-home:/opt/rustwide/cargo-home:ro,Z" "-v" "/var/lib/crater-agent-workspace/rustup-home:/opt/rustwide/rustup-home:ro,Z" "-e" "SOURCE_DIR=/opt/rustwide/workdir" "-e" "CARGO_TARGET_DIR=/opt/rustwide/target" "-e" "CARGO_INCREMENTAL=0" "-e" "RUST_BACKTRACE=full" "-e" "RUSTFLAGS=--cap-lints=forbid" "-e" "RUSTDOCFLAGS=--cap-lints=forbid" "-e" "CARGO_HOME=/opt/rustwide/cargo-home" "-e" "RUSTUP_HOME=/opt/rustwide/rustup-home" "-w" "/opt/rustwide/workdir" "-m" "1610612736" "--user" "0:0" "--network" "none" "ghcr.io/rust-lang/crates-build-env/linux@sha256:4a844ea9eb2546a2d2c7022eacef16ef2e8229c7fbb2c7d4d55a9ceca922f72d" "/opt/rustwide/cargo-home/bin/cargo" "+nightly-2024-10-28" "build" "--frozen" "--message-format=json", kill_on_drop: false }`
[INFO] [stdout] 8c4f8d8bfdb89bc9dd28ec4c034f3c7e761db403b3ce50a1f7327f0e8ebf1d82
[INFO] running `Command { std: "docker" "start" "-a" "8c4f8d8bfdb89bc9dd28ec4c034f3c7e761db403b3ce50a1f7327f0e8ebf1d82", kill_on_drop: false }`
[INFO] [stderr]    Compiling libc v0.2.155
[INFO] [stderr]    Compiling autocfg v1.3.0
[INFO] [stderr]    Compiling proc-macro2 v1.0.86
[INFO] [stderr]    Compiling typenum v1.17.0
[INFO] [stderr]    Compiling version_check v0.9.4
[INFO] [stderr]    Compiling const-oid v0.9.6
[INFO] [stderr]    Compiling cc v1.1.5
[INFO] [stderr]    Compiling libm v0.2.8
[INFO] [stderr]    Compiling base64ct v1.6.0
[INFO] [stderr]    Compiling cpufeatures v0.2.12
[INFO] [stderr]    Compiling semver v1.0.23
[INFO] [stderr]    Compiling smallvec v1.13.2
[INFO] [stderr]    Compiling zeroize v1.8.1
[INFO] [stderr]    Compiling pkg-config v0.3.30
[INFO] [stderr]    Compiling crossbeam-utils v0.8.20
[INFO] [stderr]    Compiling ppv-lite86 v0.2.17
[INFO] [stderr]    Compiling log v0.4.22
[INFO] [stderr]    Compiling rustversion v1.0.17
[INFO] [stderr]    Compiling heck v0.5.0
[INFO] [stderr]    Compiling parking_lot_core v0.9.10
[INFO] [stderr]    Compiling subtle v2.6.1
[INFO] [stderr]    Compiling lock_api v0.4.12
[INFO] [stderr]    Compiling num-traits v0.2.19
[INFO] [stderr]    Compiling pem-rfc7468 v0.7.0
[INFO] [stderr]    Compiling generic-array v0.14.7
[INFO] [stderr]    Compiling num-bigint-dig v0.8.4
[INFO] [stderr]    Compiling utf8parse v0.2.2
[INFO] [stderr]    Compiling rustc_version v0.4.0
[INFO] [stderr]    Compiling der v0.7.9
[INFO] [stderr]    Compiling anstyle-parse v0.2.4
[INFO] [stderr]    Compiling tracing-core v0.1.32
[INFO] [stderr]    Compiling anstyle-query v1.1.0
[INFO] [stderr]    Compiling anstyle v1.0.7
[INFO] [stderr]    Compiling rayon-core v1.12.1
[INFO] [stderr]    Compiling quote v1.0.36
[INFO] [stderr]    Compiling is_terminal_polyfill v1.70.0
[INFO] [stderr]    Compiling colorchoice v1.0.1
[INFO] [stderr]    Compiling spin v0.9.8
[INFO] [stderr]    Compiling byteorder v1.5.0
[INFO] [stderr]    Compiling curve25519-dalek v4.1.3
[INFO] [stderr]    Compiling crossbeam-epoch v0.9.18
[INFO] [stderr]    Compiling anstream v0.6.14
[INFO] [stderr]    Compiling lazy_static v1.5.0
[INFO] [stderr]    Compiling polling v2.8.0
[INFO] [stderr]    Compiling serde v1.0.204
[INFO] [stderr]    Compiling syn v2.0.71
[INFO] [stderr]    Compiling getrandom v0.2.15
[INFO] [stderr]    Compiling crossbeam-deque v0.8.5
[INFO] [stderr]    Compiling adler v1.0.2
[INFO] [stderr]    Compiling base16ct v0.2.0
[INFO] [stderr]    Compiling strsim v0.11.1
[INFO] [stderr]    Compiling clap_lex v0.7.1
[INFO] [stderr]    Compiling rand_core v0.6.4
[INFO] [stderr]    Compiling unicode-width v0.1.13
[INFO] [stderr]    Compiling portable-atomic v1.6.0
[INFO] [stderr]    Compiling thiserror v1.0.62
[INFO] [stderr]    Compiling parking_lot v0.12.3
[INFO] [stderr]    Compiling rand_chacha v0.3.1
[INFO] [stderr]    Compiling clap_builder v4.5.9
[INFO] [stderr]    Compiling miniz_oxide v0.7.4
[INFO] [stderr]    Compiling thread_local v1.1.8
[INFO] [stderr]    Compiling crc32fast v1.4.2
[INFO] [stderr]    Compiling overload v0.1.1
[INFO] [stderr]    Compiling rand v0.8.5
[INFO] [stderr]    Compiling either v1.13.0
[INFO] [stderr]    Compiling untrusted v0.9.0
[INFO] [stderr]    Compiling ssh-rs v0.5.0
[INFO] [stderr]    Compiling anyhow v1.0.86
[INFO] [stderr]    Compiling futures-core v0.3.30
[INFO] [stderr]    Compiling bitflags v2.6.0
[INFO] [stderr]    Compiling static_assertions v1.1.0
[INFO] [stderr]    Compiling ring v0.17.8
[INFO] [stderr]    Compiling spki v0.7.3
[INFO] [stderr]    Compiling bzip2-sys v0.1.11+1.0.8
[INFO] [stderr]    Compiling lzma-sys v0.1.20
[INFO] [stderr]    Compiling num-integer v0.1.46
[INFO] [stderr]    Compiling futures-sink v0.3.30
[INFO] [stderr]    Compiling crypto-common v0.1.6
[INFO] [stderr]    Compiling block-buffer v0.10.4
[INFO] [stderr]    Compiling inout v0.1.3
[INFO] [stderr]    Compiling pkcs8 v0.10.2
[INFO] [stderr]    Compiling sec1 v0.7.3
[INFO] [stderr]    Compiling iana-time-zone v0.1.60
[INFO] [stderr]    Compiling cipher v0.4.4
[INFO] [stderr]    Compiling digest v0.10.7
[INFO] [stderr]    Compiling pin-project-lite v0.2.14
[INFO] [stderr]    Compiling heck v0.4.1
[INFO] [stderr]    Compiling flume v0.11.0
[INFO] [stderr]    Compiling num-iter v0.1.45
[INFO] [stderr]    Compiling sha2 v0.10.8
[INFO] [stderr]    Compiling signature v2.2.0
[INFO] [stderr]    Compiling pkcs1 v0.7.5
[INFO] [stderr]    Compiling num-bigint v0.4.6
[INFO] [stderr]    Compiling aes v0.8.4
[INFO] [stderr]    Compiling ctr v0.9.2
[INFO] [stderr]    Compiling chrono v0.4.38
[INFO] [stderr]    Compiling flate2 v1.0.30
[INFO] [stderr]    Compiling ed25519 v2.2.3
[INFO] [stderr]    Compiling crossterm v0.27.0
[INFO] [stderr]    Compiling twox-hash v1.6.3
[INFO] [stderr]    Compiling ssh-encoding v0.2.0
[INFO] [stderr]    Compiling rayon v1.10.0
[INFO] [stderr]    Compiling ssh-cipher v0.2.0
[INFO] [stderr]    Compiling nu-ansi-term v0.46.0
[INFO] [stderr]    Compiling console v0.15.8
[INFO] [stderr]    Compiling is-terminal v0.4.12
[INFO] [stderr]    Compiling if-addrs v0.10.2
[INFO] [stderr]    Compiling socket2 v0.5.7
[INFO] [stderr]    Compiling sharded-slab v0.1.7
[INFO] [stderr]    Compiling tracing-log v0.2.0
[INFO] [stderr]    Compiling strum v0.26.3
[INFO] [stderr]    Compiling termcolor v1.1.3
[INFO] [stderr]    Compiling strum v0.25.0
[INFO] [stderr]    Compiling number_prefix v0.4.0
[INFO] [stderr]    Compiling lz4_flex v0.11.3
[INFO] [stderr]    Compiling mdns-sd v0.11.1
[INFO] [stderr]    Compiling xz2 v0.1.7
[INFO] [stderr]    Compiling rsa v0.9.6
[INFO] [stderr]    Compiling bzip2 v0.4.4
[INFO] [stderr]    Compiling stderrlog v0.6.0
[INFO] [stderr]    Compiling memmap2 v0.9.4
[INFO] [stderr]    Compiling tracing-subscriber v0.3.18
[INFO] [stderr]    Compiling indicatif v0.17.8
[INFO] [stderr]    Compiling curve25519-dalek-derive v0.1.1
[INFO] [stderr]    Compiling thiserror-impl v1.0.62
[INFO] [stderr]    Compiling serde_derive v1.0.204
[INFO] [stderr]    Compiling clap_derive v4.5.8
[INFO] [stderr]    Compiling tracing-attributes v0.1.27
[INFO] [stderr]    Compiling strum_macros v0.25.3
[INFO] [stderr]    Compiling strum_macros v0.26.4
[INFO] [stderr]    Compiling tracing v0.1.40
[INFO] [stderr]    Compiling ed25519-dalek v2.1.1
[INFO] [stderr]    Compiling comfy-table v7.1.1
[INFO] [stderr]    Compiling ssh-key v0.6.6
[INFO] [stderr]    Compiling clap v4.5.9
[INFO] [stderr]    Compiling clap_complete v4.5.8
[INFO] [stderr]    Compiling bincode v1.3.3
[INFO] [stderr]    Compiling quick-file-transfer v0.10.2 (/opt/rustwide/workdir)
[INFO] [stderr]     Finished `dev` profile [unoptimized + debuginfo] target(s) in 16.85s
[INFO] running `Command { std: "docker" "inspect" "8c4f8d8bfdb89bc9dd28ec4c034f3c7e761db403b3ce50a1f7327f0e8ebf1d82", kill_on_drop: false }`
[INFO] running `Command { std: "docker" "rm" "-f" "8c4f8d8bfdb89bc9dd28ec4c034f3c7e761db403b3ce50a1f7327f0e8ebf1d82", kill_on_drop: false }`
[INFO] [stdout] 8c4f8d8bfdb89bc9dd28ec4c034f3c7e761db403b3ce50a1f7327f0e8ebf1d82
[INFO] running `Command { std: "docker" "create" "-v" "/var/lib/crater-agent-workspace/builds/worker-5-tc1/target:/opt/rustwide/target:rw,Z" "-v" "/var/lib/crater-agent-workspace/builds/worker-5-tc1/source:/opt/rustwide/workdir:ro,Z" "-v" "/var/lib/crater-agent-workspace/cargo-home:/opt/rustwide/cargo-home:ro,Z" "-v" "/var/lib/crater-agent-workspace/rustup-home:/opt/rustwide/rustup-home:ro,Z" "-e" "SOURCE_DIR=/opt/rustwide/workdir" "-e" "CARGO_TARGET_DIR=/opt/rustwide/target" "-e" "CARGO_INCREMENTAL=0" "-e" "RUST_BACKTRACE=full" "-e" "RUSTFLAGS=--cap-lints=forbid" "-e" "RUSTDOCFLAGS=--cap-lints=forbid" "-e" "CARGO_HOME=/opt/rustwide/cargo-home" "-e" "RUSTUP_HOME=/opt/rustwide/rustup-home" "-w" "/opt/rustwide/workdir" "-m" "1610612736" "--user" "0:0" "--network" "none" "ghcr.io/rust-lang/crates-build-env/linux@sha256:4a844ea9eb2546a2d2c7022eacef16ef2e8229c7fbb2c7d4d55a9ceca922f72d" "/opt/rustwide/cargo-home/bin/cargo" "+nightly-2024-10-28" "test" "--frozen" "--no-run" "--message-format=json", kill_on_drop: false }`
[INFO] [stdout] cb399a21780fe3f3f5293e8d1151958b6cb52a9f1f0fb14456de8d9c3186b587
[INFO] running `Command { std: "docker" "start" "-a" "cb399a21780fe3f3f5293e8d1151958b6cb52a9f1f0fb14456de8d9c3186b587", kill_on_drop: false }`
[INFO] [stderr]    Compiling memchr v2.7.4
[INFO] [stderr]    Compiling regex-syntax v0.8.4
[INFO] [stderr]    Compiling bitflags v2.6.0
[INFO] [stderr]    Compiling rustix v0.38.34
[INFO] [stderr]    Compiling predicates-core v1.0.6
[INFO] [stderr]    Compiling doc-comment v0.3.3
[INFO] [stderr]    Compiling walkdir v2.5.0
[INFO] [stderr]    Compiling float-cmp v0.9.0
[INFO] [stderr]    Compiling normalize-line-endings v0.3.0
[INFO] [stderr]    Compiling difflib v0.4.0
[INFO] [stderr]    Compiling linux-raw-sys v0.4.14
[INFO] [stderr]    Compiling termtree v0.4.1
[INFO] [stderr]    Compiling assert_cmd v2.0.14
[INFO] [stderr]    Compiling fastrand v2.1.0
[INFO] [stderr]    Compiling wait-timeout v0.2.0
[INFO] [stderr]    Compiling bit-set v0.5.3
[INFO] [stderr]    Compiling yansi v0.5.1
[INFO] [stderr]    Compiling predicates-tree v1.0.9
[INFO] [stderr]    Compiling diff v0.1.13
[INFO] [stderr]    Compiling crossterm v0.27.0
[INFO] [stderr]    Compiling temp-dir v0.1.13
[INFO] [stderr]    Compiling testresult v0.4.0
[INFO] [stderr]    Compiling pretty_assertions v1.4.0
[INFO] [stderr]    Compiling comfy-table v7.1.1
[INFO] [stderr]    Compiling aho-corasick v1.1.3
[INFO] [stderr]    Compiling quick-file-transfer v0.10.2 (/opt/rustwide/workdir)
[INFO] [stderr]    Compiling regex-automata v0.4.7
[INFO] [stderr]    Compiling tempfile v3.10.1
[INFO] [stderr]    Compiling bstr v1.9.1
[INFO] [stderr]    Compiling regex v1.10.5
[INFO] [stderr]    Compiling fancy-regex v0.13.0
[INFO] [stderr]    Compiling predicates v3.1.0
[INFO] [stderr]    Compiling globset v0.4.14
[INFO] [stderr]    Compiling ignore v0.4.22
[INFO] [stderr]    Compiling globwalk v0.9.1
[INFO] [stderr]    Compiling assert_fs v1.1.1
[INFO] [stdout] warning: unexpected `cfg` condition name: `linux`
[INFO] [stdout]   --> tests/native_tests/test_qft_transfer.rs:32:13
[INFO] [stdout]    |
[INFO] [stdout] 32 |     if cfg!(linux) {
[INFO] [stdout]    |             ^^^^^ help: found config with similar value: `target_os = "linux"`
[INFO] [stdout]    |
[INFO] [stdout]    = help: expected names are: `clippy`, `debug_assertions`, `doc`, `docsrs`, `doctest`, `feature`, `fmt_debug`, `miri`, `overflow_checks`, `panic`, `proc_macro`, `relocation_model`, `rustfmt`, `sanitize`, `sanitizer_cfi_generalize_pointers`, `sanitizer_cfi_normalize_integers`, `target_abi`, `target_arch`, `target_endian`, `target_env`, `target_family`, `target_feature`, `target_has_atomic`, `target_has_atomic_equal_alignment`, `target_has_atomic_load_store`, `target_os`, `target_pointer_width`, `target_thread_local`, `target_vendor`, `test`, `ub_checks`, `unix`, and `windows`
[INFO] [stdout]    = help: consider using a Cargo feature instead
[INFO] [stdout]    = help: or consider adding in `Cargo.toml` the `check-cfg` lint config for the lint:
[INFO] [stdout]             [lints.rust]
[INFO] [stdout]             unexpected_cfgs = { level = "warn", check-cfg = ['cfg(linux)'] }
[INFO] [stdout]    = help: or consider adding `println!("cargo::rustc-check-cfg=cfg(linux)");` to the top of the `build.rs`
[INFO] [stdout]    = note: see <https://doc.rust-lang.org/nightly/rustc/check-cfg/cargo-specifics.html> for more information about checking conditional configuration
[INFO] [stdout]    = note: `#[warn(unexpected_cfgs)]` on by default
[INFO] [stdout] 
[INFO] [stdout] 
[INFO] [stdout] warning: unexpected `cfg` condition name: `linux`
[INFO] [stdout]   --> tests/native_tests/test_qft_transfer.rs:74:13
[INFO] [stdout]    |
[INFO] [stdout] 74 |     if cfg!(linux) {
[INFO] [stdout]    |             ^^^^^ help: found config with similar value: `target_os = "linux"`
[INFO] [stdout]    |
[INFO] [stdout]    = help: consider using a Cargo feature instead
[INFO] [stdout]    = help: or consider adding in `Cargo.toml` the `check-cfg` lint config for the lint:
[INFO] [stdout]             [lints.rust]
[INFO] [stdout]             unexpected_cfgs = { level = "warn", check-cfg = ['cfg(linux)'] }
[INFO] [stdout]    = help: or consider adding `println!("cargo::rustc-check-cfg=cfg(linux)");` to the top of the `build.rs`
[INFO] [stdout]    = note: see <https://doc.rust-lang.org/nightly/rustc/check-cfg/cargo-specifics.html> for more information about checking conditional configuration
[INFO] [stdout] 
[INFO] [stdout] 
[INFO] [stdout] warning: unexpected `cfg` condition name: `linux`
[INFO] [stdout]    --> tests/native_tests/test_qft_transfer.rs:117:13
[INFO] [stdout]     |
[INFO] [stdout] 117 |     if cfg!(linux) {
[INFO] [stdout]     |             ^^^^^ help: found config with similar value: `target_os = "linux"`
[INFO] [stdout]     |
[INFO] [stdout]     = help: consider using a Cargo feature instead
[INFO] [stdout]     = help: or consider adding in `Cargo.toml` the `check-cfg` lint config for the lint:
[INFO] [stdout]              [lints.rust]
[INFO] [stdout]              unexpected_cfgs = { level = "warn", check-cfg = ['cfg(linux)'] }
[INFO] [stdout]     = help: or consider adding `println!("cargo::rustc-check-cfg=cfg(linux)");` to the top of the `build.rs`
[INFO] [stdout]     = note: see <https://doc.rust-lang.org/nightly/rustc/check-cfg/cargo-specifics.html> for more information about checking conditional configuration
[INFO] [stdout] 
[INFO] [stdout] 
[INFO] [stdout] warning: unexpected `cfg` condition name: `linux`
[INFO] [stdout]    --> tests/native_tests/test_qft_transfer.rs:161:13
[INFO] [stdout]     |
[INFO] [stdout] 161 |     if cfg!(linux) {
[INFO] [stdout]     |             ^^^^^ help: found config with similar value: `target_os = "linux"`
[INFO] [stdout]     |
[INFO] [stdout]     = help: consider using a Cargo feature instead
[INFO] [stdout]     = help: or consider adding in `Cargo.toml` the `check-cfg` lint config for the lint:
[INFO] [stdout]              [lints.rust]
[INFO] [stdout]              unexpected_cfgs = { level = "warn", check-cfg = ['cfg(linux)'] }
[INFO] [stdout]     = help: or consider adding `println!("cargo::rustc-check-cfg=cfg(linux)");` to the top of the `build.rs`
[INFO] [stdout]     = note: see <https://doc.rust-lang.org/nightly/rustc/check-cfg/cargo-specifics.html> for more information about checking conditional configuration
[INFO] [stdout] 
[INFO] [stdout] 
[INFO] [stdout] warning: unexpected `cfg` condition name: `linux`
[INFO] [stdout]    --> tests/native_tests/test_qft_transfer.rs:224:13
[INFO] [stdout]     |
[INFO] [stdout] 224 |     if cfg!(linux) {
[INFO] [stdout]     |             ^^^^^ help: found config with similar value: `target_os = "linux"`
[INFO] [stdout]     |
[INFO] [stdout]     = help: consider using a Cargo feature instead
[INFO] [stdout]     = help: or consider adding in `Cargo.toml` the `check-cfg` lint config for the lint:
[INFO] [stdout]              [lints.rust]
[INFO] [stdout]              unexpected_cfgs = { level = "warn", check-cfg = ['cfg(linux)'] }
[INFO] [stdout]     = help: or consider adding `println!("cargo::rustc-check-cfg=cfg(linux)");` to the top of the `build.rs`
[INFO] [stdout]     = note: see <https://doc.rust-lang.org/nightly/rustc/check-cfg/cargo-specifics.html> for more information about checking conditional configuration
[INFO] [stdout] 
[INFO] [stdout] 
[INFO] [stdout] warning: unexpected `cfg` condition name: `linux`
[INFO] [stdout]    --> tests/native_tests/test_qft_transfer.rs:286:13
[INFO] [stdout]     |
[INFO] [stdout] 286 |     if cfg!(linux) {
[INFO] [stdout]     |             ^^^^^ help: found config with similar value: `target_os = "linux"`
[INFO] [stdout]     |
[INFO] [stdout]     = help: consider using a Cargo feature instead
[INFO] [stdout]     = help: or consider adding in `Cargo.toml` the `check-cfg` lint config for the lint:
[INFO] [stdout]              [lints.rust]
[INFO] [stdout]              unexpected_cfgs = { level = "warn", check-cfg = ['cfg(linux)'] }
[INFO] [stdout]     = help: or consider adding `println!("cargo::rustc-check-cfg=cfg(linux)");` to the top of the `build.rs`
[INFO] [stdout]     = note: see <https://doc.rust-lang.org/nightly/rustc/check-cfg/cargo-specifics.html> for more information about checking conditional configuration
[INFO] [stdout] 
[INFO] [stdout] 
[INFO] [stdout] warning: unexpected `cfg` condition name: `linux`
[INFO] [stdout]    --> tests/native_tests/test_qft_transfer.rs:348:13
[INFO] [stdout]     |
[INFO] [stdout] 348 |     if cfg!(linux) {
[INFO] [stdout]     |             ^^^^^ help: found config with similar value: `target_os = "linux"`
[INFO] [stdout]     |
[INFO] [stdout]     = help: consider using a Cargo feature instead
[INFO] [stdout]     = help: or consider adding in `Cargo.toml` the `check-cfg` lint config for the lint:
[INFO] [stdout]              [lints.rust]
[INFO] [stdout]              unexpected_cfgs = { level = "warn", check-cfg = ['cfg(linux)'] }
[INFO] [stdout]     = help: or consider adding `println!("cargo::rustc-check-cfg=cfg(linux)");` to the top of the `build.rs`
[INFO] [stdout]     = note: see <https://doc.rust-lang.org/nightly/rustc/check-cfg/cargo-specifics.html> for more information about checking conditional configuration
[INFO] [stdout] 
[INFO] [stdout] 
[INFO] [stdout] warning: unexpected `cfg` condition name: `linux`
[INFO] [stdout]    --> tests/native_tests/test_qft_transfer.rs:410:13
[INFO] [stdout]     |
[INFO] [stdout] 410 |     if cfg!(linux) {
[INFO] [stdout]     |             ^^^^^ help: found config with similar value: `target_os = "linux"`
[INFO] [stdout]     |
[INFO] [stdout]     = help: consider using a Cargo feature instead
[INFO] [stdout]     = help: or consider adding in `Cargo.toml` the `check-cfg` lint config for the lint:
[INFO] [stdout]              [lints.rust]
[INFO] [stdout]              unexpected_cfgs = { level = "warn", check-cfg = ['cfg(linux)'] }
[INFO] [stdout]     = help: or consider adding `println!("cargo::rustc-check-cfg=cfg(linux)");` to the top of the `build.rs`
[INFO] [stdout]     = note: see <https://doc.rust-lang.org/nightly/rustc/check-cfg/cargo-specifics.html> for more information about checking conditional configuration
[INFO] [stdout] 
[INFO] [stdout] 
[INFO] [stdout] warning: unexpected `cfg` condition name: `linux`
[INFO] [stdout]    --> tests/native_tests/test_qft_transfer.rs:464:13
[INFO] [stdout]     |
[INFO] [stdout] 464 |     if cfg!(linux) {
[INFO] [stdout]     |             ^^^^^ help: found config with similar value: `target_os = "linux"`
[INFO] [stdout]     |
[INFO] [stdout]     = help: consider using a Cargo feature instead
[INFO] [stdout]     = help: or consider adding in `Cargo.toml` the `check-cfg` lint config for the lint:
[INFO] [stdout]              [lints.rust]
[INFO] [stdout]              unexpected_cfgs = { level = "warn", check-cfg = ['cfg(linux)'] }
[INFO] [stdout]     = help: or consider adding `println!("cargo::rustc-check-cfg=cfg(linux)");` to the top of the `build.rs`
[INFO] [stdout]     = note: see <https://doc.rust-lang.org/nightly/rustc/check-cfg/cargo-specifics.html> for more information about checking conditional configuration
[INFO] [stdout] 
[INFO] [stdout] 
[INFO] [stdout] warning: unexpected `cfg` condition name: `linux`
[INFO] [stdout]    --> tests/native_tests/test_qft_transfer.rs:521:13
[INFO] [stdout]     |
[INFO] [stdout] 521 |     if cfg!(linux) {
[INFO] [stdout]     |             ^^^^^ help: found config with similar value: `target_os = "linux"`
[INFO] [stdout]     |
[INFO] [stdout]     = help: consider using a Cargo feature instead
[INFO] [stdout]     = help: or consider adding in `Cargo.toml` the `check-cfg` lint config for the lint:
[INFO] [stdout]              [lints.rust]
[INFO] [stdout]              unexpected_cfgs = { level = "warn", check-cfg = ['cfg(linux)'] }
[INFO] [stdout]     = help: or consider adding `println!("cargo::rustc-check-cfg=cfg(linux)");` to the top of the `build.rs`
[INFO] [stdout]     = note: see <https://doc.rust-lang.org/nightly/rustc/check-cfg/cargo-specifics.html> for more information about checking conditional configuration
[INFO] [stdout] 
[INFO] [stdout] 
[INFO] [stdout] warning: unexpected `cfg` condition name: `linux`
[INFO] [stdout]    --> tests/native_tests/test_qft_transfer.rs:579:13
[INFO] [stdout]     |
[INFO] [stdout] 579 |     if cfg!(linux) {
[INFO] [stdout]     |             ^^^^^ help: found config with similar value: `target_os = "linux"`
[INFO] [stdout]     |
[INFO] [stdout]     = help: consider using a Cargo feature instead
[INFO] [stdout]     = help: or consider adding in `Cargo.toml` the `check-cfg` lint config for the lint:
[INFO] [stdout]              [lints.rust]
[INFO] [stdout]              unexpected_cfgs = { level = "warn", check-cfg = ['cfg(linux)'] }
[INFO] [stdout]     = help: or consider adding `println!("cargo::rustc-check-cfg=cfg(linux)");` to the top of the `build.rs`
[INFO] [stdout]     = note: see <https://doc.rust-lang.org/nightly/rustc/check-cfg/cargo-specifics.html> for more information about checking conditional configuration
[INFO] [stdout] 
[INFO] [stdout] 
[INFO] [stdout] warning: unexpected `cfg` condition name: `linux`
[INFO] [stdout]    --> tests/native_tests/test_qft_transfer.rs:647:13
[INFO] [stdout]     |
[INFO] [stdout] 647 |     if cfg!(linux) {
[INFO] [stdout]     |             ^^^^^ help: found config with similar value: `target_os = "linux"`
[INFO] [stdout]     |
[INFO] [stdout]     = help: consider using a Cargo feature instead
[INFO] [stdout]     = help: or consider adding in `Cargo.toml` the `check-cfg` lint config for the lint:
[INFO] [stdout]              [lints.rust]
[INFO] [stdout]              unexpected_cfgs = { level = "warn", check-cfg = ['cfg(linux)'] }
[INFO] [stdout]     = help: or consider adding `println!("cargo::rustc-check-cfg=cfg(linux)");` to the top of the `build.rs`
[INFO] [stdout]     = note: see <https://doc.rust-lang.org/nightly/rustc/check-cfg/cargo-specifics.html> for more information about checking conditional configuration
[INFO] [stdout] 
[INFO] [stdout] 
[INFO] [stdout] warning: unexpected `cfg` condition name: `linux`
[INFO] [stdout]    --> tests/native_tests/test_qft_transfer.rs:737:13
[INFO] [stdout]     |
[INFO] [stdout] 737 |     if cfg!(linux) {
[INFO] [stdout]     |             ^^^^^ help: found config with similar value: `target_os = "linux"`
[INFO] [stdout]     |
[INFO] [stdout]     = help: consider using a Cargo feature instead
[INFO] [stdout]     = help: or consider adding in `Cargo.toml` the `check-cfg` lint config for the lint:
[INFO] [stdout]              [lints.rust]
[INFO] [stdout]              unexpected_cfgs = { level = "warn", check-cfg = ['cfg(linux)'] }
[INFO] [stdout]     = help: or consider adding `println!("cargo::rustc-check-cfg=cfg(linux)");` to the top of the `build.rs`
[INFO] [stdout]     = note: see <https://doc.rust-lang.org/nightly/rustc/check-cfg/cargo-specifics.html> for more information about checking conditional configuration
[INFO] [stdout] 
[INFO] [stdout] 
[INFO] [stderr]     Finished `test` profile [unoptimized + debuginfo] target(s) in 8.41s
[INFO] running `Command { std: "docker" "inspect" "cb399a21780fe3f3f5293e8d1151958b6cb52a9f1f0fb14456de8d9c3186b587", kill_on_drop: false }`
[INFO] running `Command { std: "docker" "rm" "-f" "cb399a21780fe3f3f5293e8d1151958b6cb52a9f1f0fb14456de8d9c3186b587", kill_on_drop: false }`
[INFO] [stdout] cb399a21780fe3f3f5293e8d1151958b6cb52a9f1f0fb14456de8d9c3186b587
[INFO] running `Command { std: "docker" "create" "-v" "/var/lib/crater-agent-workspace/builds/worker-5-tc1/target:/opt/rustwide/target:rw,Z" "-v" "/var/lib/crater-agent-workspace/builds/worker-5-tc1/source:/opt/rustwide/workdir:ro,Z" "-v" "/var/lib/crater-agent-workspace/cargo-home:/opt/rustwide/cargo-home:ro,Z" "-v" "/var/lib/crater-agent-workspace/rustup-home:/opt/rustwide/rustup-home:ro,Z" "-e" "SOURCE_DIR=/opt/rustwide/workdir" "-e" "CARGO_TARGET_DIR=/opt/rustwide/target" "-e" "CARGO_INCREMENTAL=0" "-e" "RUST_BACKTRACE=full" "-e" "RUSTFLAGS=--cap-lints=forbid" "-e" "RUSTDOCFLAGS=--cap-lints=forbid" "-e" "CARGO_HOME=/opt/rustwide/cargo-home" "-e" "RUSTUP_HOME=/opt/rustwide/rustup-home" "-w" "/opt/rustwide/workdir" "-m" "1610612736" "--user" "0:0" "--network" "none" "ghcr.io/rust-lang/crates-build-env/linux@sha256:4a844ea9eb2546a2d2c7022eacef16ef2e8229c7fbb2c7d4d55a9ceca922f72d" "/opt/rustwide/cargo-home/bin/cargo" "+nightly-2024-10-28" "test" "--frozen", kill_on_drop: false }`
[INFO] [stdout] fc86b4cf4d30497a83ee8a76f35f07609c34ef2f135a151dcdfdd76db40aecad
[INFO] running `Command { std: "docker" "start" "-a" "fc86b4cf4d30497a83ee8a76f35f07609c34ef2f135a151dcdfdd76db40aecad", kill_on_drop: false }`
[INFO] [stderr] warning: unexpected `cfg` condition name: `linux`
[INFO] [stderr]   --> tests/native_tests/test_qft_transfer.rs:32:13
[INFO] [stderr]    |
[INFO] [stderr] 32 |     if cfg!(linux) {
[INFO] [stderr]    |             ^^^^^ help: found config with similar value: `target_os = "linux"`
[INFO] [stderr]    |
[INFO] [stderr]    = help: expected names are: `clippy`, `debug_assertions`, `doc`, `docsrs`, `doctest`, `feature`, `fmt_debug`, `miri`, `overflow_checks`, `panic`, `proc_macro`, `relocation_model`, `rustfmt`, `sanitize`, `sanitizer_cfi_generalize_pointers`, `sanitizer_cfi_normalize_integers`, `target_abi`, `target_arch`, `target_endian`, `target_env`, `target_family`, `target_feature`, `target_has_atomic`, `target_has_atomic_equal_alignment`, `target_has_atomic_load_store`, `target_os`, `target_pointer_width`, `target_thread_local`, `target_vendor`, `test`, `ub_checks`, `unix`, and `windows`
[INFO] [stderr]    = help: consider using a Cargo feature instead
[INFO] [stderr]    = help: or consider adding in `Cargo.toml` the `check-cfg` lint config for the lint:
[INFO] [stderr]             [lints.rust]
[INFO] [stderr]             unexpected_cfgs = { level = "warn", check-cfg = ['cfg(linux)'] }
[INFO] [stderr]    = help: or consider adding `println!("cargo::rustc-check-cfg=cfg(linux)");` to the top of the `build.rs`
[INFO] [stderr]    = note: see <https://doc.rust-lang.org/nightly/rustc/check-cfg/cargo-specifics.html> for more information about checking conditional configuration
[INFO] [stderr]    = note: `#[warn(unexpected_cfgs)]` on by default
[INFO] [stderr] 
[INFO] [stderr] warning: unexpected `cfg` condition name: `linux`
[INFO] [stderr]   --> tests/native_tests/test_qft_transfer.rs:74:13
[INFO] [stderr]    |
[INFO] [stderr] 74 |     if cfg!(linux) {
[INFO] [stderr]    |             ^^^^^ help: found config with similar value: `target_os = "linux"`
[INFO] [stderr]    |
[INFO] [stderr]    = help: consider using a Cargo feature instead
[INFO] [stderr]    = help: or consider adding in `Cargo.toml` the `check-cfg` lint config for the lint:
[INFO] [stderr]             [lints.rust]
[INFO] [stderr]             unexpected_cfgs = { level = "warn", check-cfg = ['cfg(linux)'] }
[INFO] [stderr]    = help: or consider adding `println!("cargo::rustc-check-cfg=cfg(linux)");` to the top of the `build.rs`
[INFO] [stderr]    = note: see <https://doc.rust-lang.org/nightly/rustc/check-cfg/cargo-specifics.html> for more information about checking conditional configuration
[INFO] [stderr] 
[INFO] [stderr] warning: unexpected `cfg` condition name: `linux`
[INFO] [stderr]    --> tests/native_tests/test_qft_transfer.rs:117:13
[INFO] [stderr]     |
[INFO] [stderr] 117 |     if cfg!(linux) {
[INFO] [stderr]     |             ^^^^^ help: found config with similar value: `target_os = "linux"`
[INFO] [stderr]     |
[INFO] [stderr]     = help: consider using a Cargo feature instead
[INFO] [stderr]     = help: or consider adding in `Cargo.toml` the `check-cfg` lint config for the lint:
[INFO] [stderr]              [lints.rust]
[INFO] [stderr]              unexpected_cfgs = { level = "warn", check-cfg = ['cfg(linux)'] }
[INFO] [stderr]     = help: or consider adding `println!("cargo::rustc-check-cfg=cfg(linux)");` to the top of the `build.rs`
[INFO] [stderr]     = note: see <https://doc.rust-lang.org/nightly/rustc/check-cfg/cargo-specifics.html> for more information about checking conditional configuration
[INFO] [stderr] 
[INFO] [stderr] warning: unexpected `cfg` condition name: `linux`
[INFO] [stderr]    --> tests/native_tests/test_qft_transfer.rs:161:13
[INFO] [stderr]     |
[INFO] [stderr] 161 |     if cfg!(linux) {
[INFO] [stderr]     |             ^^^^^ help: found config with similar value: `target_os = "linux"`
[INFO] [stderr]     |
[INFO] [stderr]     = help: consider using a Cargo feature instead
[INFO] [stderr]     = help: or consider adding in `Cargo.toml` the `check-cfg` lint config for the lint:
[INFO] [stderr]              [lints.rust]
[INFO] [stderr]              unexpected_cfgs = { level = "warn", check-cfg = ['cfg(linux)'] }
[INFO] [stderr]     = help: or consider adding `println!("cargo::rustc-check-cfg=cfg(linux)");` to the top of the `build.rs`
[INFO] [stderr]     = note: see <https://doc.rust-lang.org/nightly/rustc/check-cfg/cargo-specifics.html> for more information about checking conditional configuration
[INFO] [stderr] 
[INFO] [stderr] warning: unexpected `cfg` condition name: `linux`
[INFO] [stderr]    --> tests/native_tests/test_qft_transfer.rs:224:13
[INFO] [stderr]     |
[INFO] [stderr] 224 |     if cfg!(linux) {
[INFO] [stderr]     |             ^^^^^ help: found config with similar value: `target_os = "linux"`
[INFO] [stderr]     |
[INFO] [stderr]     = help: consider using a Cargo feature instead
[INFO] [stderr]     = help: or consider adding in `Cargo.toml` the `check-cfg` lint config for the lint:
[INFO] [stderr]              [lints.rust]
[INFO] [stderr]              unexpected_cfgs = { level = "warn", check-cfg = ['cfg(linux)'] }
[INFO] [stderr]     = help: or consider adding `println!("cargo::rustc-check-cfg=cfg(linux)");` to the top of the `build.rs`
[INFO] [stderr]     = note: see <https://doc.rust-lang.org/nightly/rustc/check-cfg/cargo-specifics.html> for more information about checking conditional configuration
[INFO] [stderr] 
[INFO] [stderr] warning: unexpected `cfg` condition name: `linux`
[INFO] [stderr]    --> tests/native_tests/test_qft_transfer.rs:286:13
[INFO] [stderr]     |
[INFO] [stderr] 286 |     if cfg!(linux) {
[INFO] [stderr]     |             ^^^^^ help: found config with similar value: `target_os = "linux"`
[INFO] [stderr]     |
[INFO] [stderr]     = help: consider using a Cargo feature instead
[INFO] [stderr]     = help: or consider adding in `Cargo.toml` the `check-cfg` lint config for the lint:
[INFO] [stderr]              [lints.rust]
[INFO] [stderr]              unexpected_cfgs = { level = "warn", check-cfg = ['cfg(linux)'] }
[INFO] [stderr]     = help: or consider adding `println!("cargo::rustc-check-cfg=cfg(linux)");` to the top of the `build.rs`
[INFO] [stderr]     = note: see <https://doc.rust-lang.org/nightly/rustc/check-cfg/cargo-specifics.html> for more information about checking conditional configuration
[INFO] [stderr] 
[INFO] [stderr] warning: unexpected `cfg` condition name: `linux`
[INFO] [stderr]    --> tests/native_tests/test_qft_transfer.rs:348:13
[INFO] [stderr]     |
[INFO] [stderr] 348 |     if cfg!(linux) {
[INFO] [stderr]     |             ^^^^^ help: found config with similar value: `target_os = "linux"`
[INFO] [stderr]     |
[INFO] [stderr]     = help: consider using a Cargo feature instead
[INFO] [stderr]     = help: or consider adding in `Cargo.toml` the `check-cfg` lint config for the lint:
[INFO] [stderr]              [lints.rust]
[INFO] [stderr]              unexpected_cfgs = { level = "warn", check-cfg = ['cfg(linux)'] }
[INFO] [stderr]     = help: or consider adding `println!("cargo::rustc-check-cfg=cfg(linux)");` to the top of the `build.rs`
[INFO] [stderr]     = note: see <https://doc.rust-lang.org/nightly/rustc/check-cfg/cargo-specifics.html> for more information about checking conditional configuration
[INFO] [stderr] 
[INFO] [stderr] warning: unexpected `cfg` condition name: `linux`
[INFO] [stderr]    --> tests/native_tests/test_qft_transfer.rs:410:13
[INFO] [stderr]     |
[INFO] [stderr] 410 |     if cfg!(linux) {
[INFO] [stderr]     |             ^^^^^ help: found config with similar value: `target_os = "linux"`
[INFO] [stderr]     |
[INFO] [stderr]     = help: consider using a Cargo feature instead
[INFO] [stderr]     = help: or consider adding in `Cargo.toml` the `check-cfg` lint config for the lint:
[INFO] [stderr]              [lints.rust]
[INFO] [stderr]              unexpected_cfgs = { level = "warn", check-cfg = ['cfg(linux)'] }
[INFO] [stderr]     = help: or consider adding `println!("cargo::rustc-check-cfg=cfg(linux)");` to the top of the `build.rs`
[INFO] [stderr]     = note: see <https://doc.rust-lang.org/nightly/rustc/check-cfg/cargo-specifics.html> for more information about checking conditional configuration
[INFO] [stderr] 
[INFO] [stderr] warning: unexpected `cfg` condition name: `linux`
[INFO] [stderr]    --> tests/native_tests/test_qft_transfer.rs:464:13
[INFO] [stderr]     |
[INFO] [stderr] 464 |     if cfg!(linux) {
[INFO] [stderr]     |             ^^^^^ help: found config with similar value: `target_os = "linux"`
[INFO] [stderr]     |
[INFO] [stderr]     = help: consider using a Cargo feature instead
[INFO] [stderr]     = help: or consider adding in `Cargo.toml` the `check-cfg` lint config for the lint:
[INFO] [stderr]              [lints.rust]
[INFO] [stderr]              unexpected_cfgs = { level = "warn", check-cfg = ['cfg(linux)'] }
[INFO] [stderr]     = help: or consider adding `println!("cargo::rustc-check-cfg=cfg(linux)");` to the top of the `build.rs`
[INFO] [stderr]     = note: see <https://doc.rust-lang.org/nightly/rustc/check-cfg/cargo-specifics.html> for more information about checking conditional configuration
[INFO] [stderr] 
[INFO] [stderr] warning: unexpected `cfg` condition name: `linux`
[INFO] [stderr]    --> tests/native_tests/test_qft_transfer.rs:521:13
[INFO] [stderr]     |
[INFO] [stderr] 521 |     if cfg!(linux) {
[INFO] [stderr]     |             ^^^^^ help: found config with similar value: `target_os = "linux"`
[INFO] [stderr]     |
[INFO] [stderr]     = help: consider using a Cargo feature instead
[INFO] [stderr]     = help: or consider adding in `Cargo.toml` the `check-cfg` lint config for the lint:
[INFO] [stderr]              [lints.rust]
[INFO] [stderr]              unexpected_cfgs = { level = "warn", check-cfg = ['cfg(linux)'] }
[INFO] [stderr]     = help: or consider adding `println!("cargo::rustc-check-cfg=cfg(linux)");` to the top of the `build.rs`
[INFO] [stderr]     = note: see <https://doc.rust-lang.org/nightly/rustc/check-cfg/cargo-specifics.html> for more information about checking conditional configuration
[INFO] [stderr] 
[INFO] [stderr] warning: unexpected `cfg` condition name: `linux`
[INFO] [stderr]    --> tests/native_tests/test_qft_transfer.rs:579:13
[INFO] [stderr]     |
[INFO] [stderr] 579 |     if cfg!(linux) {
[INFO] [stderr]     |             ^^^^^ help: found config with similar value: `target_os = "linux"`
[INFO] [stderr]     |
[INFO] [stderr]     = help: consider using a Cargo feature instead
[INFO] [stderr]     = help: or consider adding in `Cargo.toml` the `check-cfg` lint config for the lint:
[INFO] [stderr]              [lints.rust]
[INFO] [stderr]              unexpected_cfgs = { level = "warn", check-cfg = ['cfg(linux)'] }
[INFO] [stderr]     = help: or consider adding `println!("cargo::rustc-check-cfg=cfg(linux)");` to the top of the `build.rs`
[INFO] [stderr]     = note: see <https://doc.rust-lang.org/nightly/rustc/check-cfg/cargo-specifics.html> for more information about checking conditional configuration
[INFO] [stderr] 
[INFO] [stderr] warning: unexpected `cfg` condition name: `linux`
[INFO] [stderr]    --> tests/native_tests/test_qft_transfer.rs:647:13
[INFO] [stderr]     |
[INFO] [stderr] 647 |     if cfg!(linux) {
[INFO] [stderr]     |             ^^^^^ help: found config with similar value: `target_os = "linux"`
[INFO] [stderr]     |
[INFO] [stderr]     = help: consider using a Cargo feature instead
[INFO] [stderr]     = help: or consider adding in `Cargo.toml` the `check-cfg` lint config for the lint:
[INFO] [stderr]              [lints.rust]
[INFO] [stderr]              unexpected_cfgs = { level = "warn", check-cfg = ['cfg(linux)'] }
[INFO] [stderr]     = help: or consider adding `println!("cargo::rustc-check-cfg=cfg(linux)");` to the top of the `build.rs`
[INFO] [stderr]     = note: see <https://doc.rust-lang.org/nightly/rustc/check-cfg/cargo-specifics.html> for more information about checking conditional configuration
[INFO] [stderr] 
[INFO] [stderr] warning: unexpected `cfg` condition name: `linux`
[INFO] [stderr]    --> tests/native_tests/test_qft_transfer.rs:737:13
[INFO] [stderr]     |
[INFO] [stderr] 737 |     if cfg!(linux) {
[INFO] [stderr]     |             ^^^^^ help: found config with similar value: `target_os = "linux"`
[INFO] [stderr]     |
[INFO] [stderr]     = help: consider using a Cargo feature instead
[INFO] [stderr]     = help: or consider adding in `Cargo.toml` the `check-cfg` lint config for the lint:
[INFO] [stderr]              [lints.rust]
[INFO] [stderr]              unexpected_cfgs = { level = "warn", check-cfg = ['cfg(linux)'] }
[INFO] [stderr]     = help: or consider adding `println!("cargo::rustc-check-cfg=cfg(linux)");` to the top of the `build.rs`
[INFO] [stderr]     = note: see <https://doc.rust-lang.org/nightly/rustc/check-cfg/cargo-specifics.html> for more information about checking conditional configuration
[INFO] [stderr] 
[INFO] [stderr] warning: `quick-file-transfer` (test "tests") generated 13 warnings
[INFO] [stderr]     Finished `test` profile [unoptimized + debuginfo] target(s) in 0.13s
[INFO] [stderr]      Running unittests src/lib.rs (/opt/rustwide/target/debug/deps/quick_file_transfer-edc0994de078faab)
[INFO] [stdout] 
[INFO] [stdout] running 13 tests
[INFO] [stdout] test config::transfer::command::tests::test_command_serialized_size_constraint ... ok
[INFO] [stdout] test mmap_reader::tests::test_borrow_slice ... ok
[INFO] [stdout] test evaluate_compression::compression_result::tests::tune_color_grade_0_to_100_green_blue_white_yellow_red ... ok
[INFO] [stdout] test server::path::tests::test_is_remote_path_valid_with_non_absolute_path ... ok
[INFO] [stdout] test server::path::tests::test_is_remote_path_valid_with_existing_directory_trailing_slash ... ok
[INFO] [stdout] test server::path::tests::test_is_remote_path_valid_with_existing_directory_but_non_existent_file ... ok
[INFO] [stdout] test server::path::tests::test_is_remote_path_valid_with_existing_directory_valid ... ok
[INFO] [stdout] test server::path::tests::test_resolve_scp_path_with_tilde_unix ... ok
[INFO] [stdout] test mmap_reader::tests::test_borrow_slice_at ... ok
[INFO] [stdout] test server::path::tests::test_is_remote_path_valid_with_existing_file ... ok
[INFO] [stdout] test server::path::tests::test_resolve_scp_path_empty_str ... ok
[INFO] [stdout] test server::path::tests::test_validate_remote_path_with_root_issue37 ... ok
[INFO] [stdout] test server::path::tests::test_is_remote_path_valid_with_unix_home_no_file_extension_valid ... ok
[INFO] [stdout] 
[INFO] [stdout] test result: ok. 13 passed; 0 failed; 0 ignored; 0 measured; 0 filtered out; finished in 0.00s
[INFO] [stdout] 
[INFO] [stderr]      Running unittests src/main.rs (/opt/rustwide/target/debug/deps/qft-aea8df9a3d199e7f)
[INFO] [stdout] 
[INFO] [stdout] running 0 tests
[INFO] [stdout] 
[INFO] [stdout] test result: ok. 0 passed; 0 failed; 0 ignored; 0 measured; 0 filtered out; finished in 0.00s
[INFO] [stdout] 
[INFO] [stderr]      Running tests/tests.rs (/opt/rustwide/target/debug/deps/tests-247afebe90c52365)
[INFO] [stdout] 
[INFO] [stdout] running 26 tests
[INFO] [stdout] test container_tests::test_qft_mdns::test_mdns_discover_service_in_container ... ignored, Needs to be run with container test (just d-test)
[INFO] [stdout] test container_tests::test_qft_ssh::test_ssh_transfer ... ignored, Needs to be run with container test (just d-test)
[INFO] [stdout] test container_tests::test_qft_ssh::test_ssh_transfer_no_tcp_port_specified ... ignored, Needs to be run with container test (just d-test)
[INFO] [stdout] test container_tests::test_qft_ssh::test_ssh_transfer_no_tcp_port_specified_compression_gzip ... ignored, Needs to be run with container test (just d-test)
[INFO] [stdout] test container_tests::test_qft_ssh::test_ssh_transfer_no_tcp_port_specified_multiple_files ... ignored, Needs to be run with container test (just d-test)
[INFO] [stdout] test container_tests::test_qft_transfer::test_file_transfer_no_compression_simple ... ignored, Needs to be run with container test (just d-test)
[INFO] [stdout] test native_tests::test_qft_basics::test_get_version ... ok
[INFO] [stdout] test native_tests::test_qft_basics::test_generate_completions ... ok
[INFO] [stdout] test native_tests::test_qft_evaluate_compression::test_evaluate_compression_omit_compression_levels ... ok
[INFO] [stdout] test native_tests::test_qft_evaluate_compression::test_evaluate_compression_omit_bzip2 ... ok
[INFO] [stdout] test native_tests::test_qft_evaluate_compression::test_evaluate_compression_all ... ok
[INFO] [stdout] test native_tests::test_qft_transfer::test_file_transfer_output_dir_single_file ... ok
[INFO] [stdout] test native_tests::test_qft_transfer::test_file_transfer_output_dir_multiple_files ... ok
[INFO] [stdout] test native_tests::test_qft_transfer::test_file_transfer_no_compression_with_no_prealloc ... ok
[INFO] [stdout] test native_tests::test_qft_transfer::test_file_transfer_gzip_compr_level_1 ... ok
[INFO] [stdout] test native_tests::test_qft_transfer::test_file_transfer_no_compression_simple ... ok
[INFO] [stdout] test native_tests::test_qft_transfer::test_file_transfer_lz4_default_with_no_prealloc ... ok
[INFO] [stdout] test native_tests::test_qft_transfer::test_file_transfer_xz_compr_level_1 ... ok
[INFO] [stdout] test native_tests::test_qft_transfer::test_file_transfer_bzip2_compr_level_1 ... ok
[INFO] [stdout] test native_tests::test_qft_transfer::test_file_transfer_bzip2_default_with_no_prealloc ... ok
[INFO] [stdout] test native_tests::test_qft_transfer::test_file_transfer_gzip_default_with_no_prealloc ... ok
[INFO] [stdout] test native_tests::test_qft_transfer::test_stdout_transfer_no_compression_mmap ... ok
[INFO] [stdout] test native_tests::test_qft_transfer::test_stdin_stdout_transfer_no_compression ... ok
[INFO] [stdout] test native_tests::test_qft_transfer::test_file_transfer_xz_default_with_no_prealloc ... ok
[INFO] [stdout] test native_tests::test_qft_mdns::test_qft_mdns_register_resolve ... FAILED
[INFO] [stdout] test native_tests::test_qft_mdns::test_qft_mdns_register_discover ... FAILED
[INFO] [stdout] 
[INFO] [stdout] failures:
[INFO] [stdout] 
[INFO] [stdout] ---- native_tests::test_qft_mdns::test_qft_mdns_register_resolve stdout ----
[INFO] [stdout] thread 'native_tests::test_qft_mdns::test_qft_mdns_register_resolve' panicked at tests/util/regex_util.rs:48:5:
[INFO] [stdout] assertion failed: `(left == right)`: regex: ERROR - expected match count: 0, got 1
[INFO] [stdout] Failed to match on:
[INFO] [stdout] INFO Resolving address for test_foo
[INFO] [stdout] ERROR Failed resolving test_foo
[INFO] [stdout] 
[INFO] [stdout] 
[INFO] [stdout] [1mDiff[0m [31m< left[0m / [32mright >[0m :
[INFO] [stdout] [31m<[0m[1;48;5;52;31m1[0m
[INFO] [stdout] [32m>[0m[1;48;5;22;32m0[0m
[INFO] [stdout] 
[INFO] [stdout] 
[INFO] [stdout] stack backtrace:
[INFO] [stdout]    0:     0x629a269136fa - std::backtrace_rs::backtrace::libunwind::trace::h207520d6e9873551
[INFO] [stdout]                                at /rustc/df4ca44d3fbc9301ee17f30f4d474e6ae4b05252/library/std/src/../../backtrace/src/backtrace/libunwind.rs:116:5
[INFO] [stdout]    1:     0x629a269136fa - std::backtrace_rs::backtrace::trace_unsynchronized::h2ed7433f370e3eca
[INFO] [stdout]                                at /rustc/df4ca44d3fbc9301ee17f30f4d474e6ae4b05252/library/std/src/../../backtrace/src/backtrace/mod.rs:66:5
[INFO] [stdout]    2:     0x629a269136fa - std::sys::backtrace::_print_fmt::h916fac51166b18d7
[INFO] [stdout]                                at /rustc/df4ca44d3fbc9301ee17f30f4d474e6ae4b05252/library/std/src/sys/backtrace.rs:66:9
[INFO] [stdout]    3:     0x629a269136fa - <std::sys::backtrace::BacktraceLock::print::DisplayBacktrace as core::fmt::Display>::fmt::ha0a4c9b8ce3802e6
[INFO] [stdout]                                at /rustc/df4ca44d3fbc9301ee17f30f4d474e6ae4b05252/library/std/src/sys/backtrace.rs:39:26
[INFO] [stdout]    4:     0x629a2693d5c3 - core::fmt::rt::Argument::fmt::h4cfc8587d52b3eb5
[INFO] [stdout]                                at /rustc/df4ca44d3fbc9301ee17f30f4d474e6ae4b05252/library/core/src/fmt/rt.rs:177:76
[INFO] [stdout]    5:     0x629a2693d5c3 - core::fmt::write::h522cc39e5b36ae9f
[INFO] [stdout]                                at /rustc/df4ca44d3fbc9301ee17f30f4d474e6ae4b05252/library/core/src/fmt/mod.rs:1190:21
[INFO] [stdout]    6:     0x629a2690f973 - std::io::Write::write_fmt::h7d3c26752da97734
[INFO] [stdout]                                at /rustc/df4ca44d3fbc9301ee17f30f4d474e6ae4b05252/library/std/src/io/mod.rs:1839:15
[INFO] [stdout]    7:     0x629a26913542 - std::sys::backtrace::BacktraceLock::print::h4b9e00b29e9c0942
[INFO] [stdout]                                at /rustc/df4ca44d3fbc9301ee17f30f4d474e6ae4b05252/library/std/src/sys/backtrace.rs:42:9
[INFO] [stdout]    8:     0x629a26914c0a - std::panicking::default_hook::{{closure}}::hb59b88280d0324d9
[INFO] [stdout]                                at /rustc/df4ca44d3fbc9301ee17f30f4d474e6ae4b05252/library/std/src/panicking.rs:268:22
[INFO] [stdout]    9:     0x629a26914a14 - std::panicking::default_hook::he1dd496665be4a29
[INFO] [stdout]                                at /rustc/df4ca44d3fbc9301ee17f30f4d474e6ae4b05252/library/std/src/panicking.rs:292:9
[INFO] [stdout]   10:     0x629a2653a3e9 - <alloc::boxed::Box<F,A> as core::ops::function::Fn<Args>>::call::h4ff71de18744e1dc
[INFO] [stdout]                                at /rustc/df4ca44d3fbc9301ee17f30f4d474e6ae4b05252/library/alloc/src/boxed.rs:2468:9
[INFO] [stdout]   11:     0x629a2653a3e9 - test::test_main::{{closure}}::hcf7c055ce117aa81
[INFO] [stdout]                                at /rustc/df4ca44d3fbc9301ee17f30f4d474e6ae4b05252/library/test/src/lib.rs:133:21
[INFO] [stdout]   12:     0x629a26915308 - <alloc::boxed::Box<F,A> as core::ops::function::Fn<Args>>::call::h1d66c6bbd60c9692
[INFO] [stdout]                                at /rustc/df4ca44d3fbc9301ee17f30f4d474e6ae4b05252/library/alloc/src/boxed.rs:2468:9
[INFO] [stdout]   13:     0x629a26915308 - std::panicking::rust_panic_with_hook::h2ff17fe8f26dfcf8
[INFO] [stdout]                                at /rustc/df4ca44d3fbc9301ee17f30f4d474e6ae4b05252/library/std/src/panicking.rs:809:13
[INFO] [stdout]   14:     0x629a269150ca - std::panicking::begin_panic_handler::{{closure}}::h4fad77951c07e101
[INFO] [stdout]                                at /rustc/df4ca44d3fbc9301ee17f30f4d474e6ae4b05252/library/std/src/panicking.rs:674:13
[INFO] [stdout]   15:     0x629a26913bd9 - std::sys::backtrace::__rust_end_short_backtrace::hb1a25b3da5d0ea08
[INFO] [stdout]                                at /rustc/df4ca44d3fbc9301ee17f30f4d474e6ae4b05252/library/std/src/sys/backtrace.rs:170:18
[INFO] [stdout]   16:     0x629a26914d5c - rust_begin_unwind
[INFO] [stdout]                                at /rustc/df4ca44d3fbc9301ee17f30f4d474e6ae4b05252/library/std/src/panicking.rs:665:5
[INFO] [stdout]   17:     0x629a2693bbd0 - core::panicking::panic_fmt::ha9db07b529f9b256
[INFO] [stdout]                                at /rustc/df4ca44d3fbc9301ee17f30f4d474e6ae4b05252/library/core/src/panicking.rs:75:14
[INFO] [stdout]   18:     0x629a2648d0aa - tests::util::regex_util::match_count::h271353de2b7c7d02
[INFO] [stdout]                                at /opt/rustwide/workdir/tests/util/regex_util.rs:48:5
[INFO] [stdout]   19:     0x629a2648d7aa - tests::util::regex_util::assert_no_errors_or_warn::h8de2b6df13498398
[INFO] [stdout]                                at /opt/rustwide/workdir/tests/util/regex_util.rs:94:5
[INFO] [stdout]   20:     0x629a264b5fe4 - tests::native_tests::test_qft_mdns::test_qft_mdns_register_resolve::h82f517d1d97de46b
[INFO] [stdout]                                at /opt/rustwide/workdir/tests/native_tests/test_qft_mdns.rs:50:5
[INFO] [stdout]   21:     0x629a264b5607 - tests::native_tests::test_qft_mdns::test_qft_mdns_register_resolve::{{closure}}::h0226dcff903a4eeb
[INFO] [stdout]                                at /opt/rustwide/workdir/tests/native_tests/test_qft_mdns.rs:6:40
[INFO] [stdout]   22:     0x629a264b0176 - core::ops::function::FnOnce::call_once::heb47cd0d4f1a7535
[INFO] [stdout]                                at /rustc/df4ca44d3fbc9301ee17f30f4d474e6ae4b05252/library/core/src/ops/function.rs:250:5
[INFO] [stdout]   23:     0x629a2653ecbb - core::ops::function::FnOnce::call_once::h22c3ba5715e93f05
[INFO] [stdout]                                at /rustc/df4ca44d3fbc9301ee17f30f4d474e6ae4b05252/library/core/src/ops/function.rs:250:5
[INFO] [stdout]   24:     0x629a2653ecbb - test::__rust_begin_short_backtrace::h8e82d8113d0da17f
[INFO] [stdout]                                at /rustc/df4ca44d3fbc9301ee17f30f4d474e6ae4b05252/library/test/src/lib.rs:621:18
[INFO] [stdout]   25:     0x629a2653e637 - test::run_test_in_process::{{closure}}::h33235f4f20b7b7c7
[INFO] [stdout]                                at /rustc/df4ca44d3fbc9301ee17f30f4d474e6ae4b05252/library/test/src/lib.rs:644:60
[INFO] [stdout]   26:     0x629a2653e637 - <core::panic::unwind_safe::AssertUnwindSafe<F> as core::ops::function::FnOnce<()>>::call_once::hb5043206310c586f
[INFO] [stdout]                                at /rustc/df4ca44d3fbc9301ee17f30f4d474e6ae4b05252/library/core/src/panic/unwind_safe.rs:272:9
[INFO] [stdout]   27:     0x629a2653e637 - std::panicking::try::do_call::h9ad4731a60ab23e2
[INFO] [stdout]                                at /rustc/df4ca44d3fbc9301ee17f30f4d474e6ae4b05252/library/std/src/panicking.rs:557:40
[INFO] [stdout]   28:     0x629a2653e637 - std::panicking::try::h3824d23db772a716
[INFO] [stdout]                                at /rustc/df4ca44d3fbc9301ee17f30f4d474e6ae4b05252/library/std/src/panicking.rs:520:19
[INFO] [stdout]   29:     0x629a2653e637 - std::panic::catch_unwind::h5afd514605fde46b
[INFO] [stdout]                                at /rustc/df4ca44d3fbc9301ee17f30f4d474e6ae4b05252/library/std/src/panic.rs:358:14
[INFO] [stdout]   30:     0x629a2653e637 - test::run_test_in_process::h0d5cbfa7067d1720
[INFO] [stdout]                                at /rustc/df4ca44d3fbc9301ee17f30f4d474e6ae4b05252/library/test/src/lib.rs:644:27
[INFO] [stdout]   31:     0x629a2653e637 - test::run_test::{{closure}}::h708eb8872708115d
[INFO] [stdout]                                at /rustc/df4ca44d3fbc9301ee17f30f4d474e6ae4b05252/library/test/src/lib.rs:565:43
[INFO] [stdout]   32:     0x629a26501d54 - test::run_test::{{closure}}::h392c51cee94713ab
[INFO] [stdout]                                at /rustc/df4ca44d3fbc9301ee17f30f4d474e6ae4b05252/library/test/src/lib.rs:595:41
[INFO] [stdout]   33:     0x629a26501d54 - std::sys::backtrace::__rust_begin_short_backtrace::h2f40290710935a8b
[INFO] [stdout]                                at /rustc/df4ca44d3fbc9301ee17f30f4d474e6ae4b05252/library/std/src/sys/backtrace.rs:154:18
[INFO] [stdout]   34:     0x629a265054fe - std::thread::Builder::spawn_unchecked_::{{closure}}::{{closure}}::h3fd968d89053a903
[INFO] [stdout]                                at /rustc/df4ca44d3fbc9301ee17f30f4d474e6ae4b05252/library/std/src/thread/mod.rs:541:17
[INFO] [stdout]   35:     0x629a265054fe - <core::panic::unwind_safe::AssertUnwindSafe<F> as core::ops::function::FnOnce<()>>::call_once::h743f637ba4229880
[INFO] [stdout]                                at /rustc/df4ca44d3fbc9301ee17f30f4d474e6ae4b05252/library/core/src/panic/unwind_safe.rs:272:9
[INFO] [stdout]   36:     0x629a265054fe - std::panicking::try::do_call::h07440897322525a6
[INFO] [stdout]                                at /rustc/df4ca44d3fbc9301ee17f30f4d474e6ae4b05252/library/std/src/panicking.rs:557:40
[INFO] [stdout]   37:     0x629a265054fe - std::panicking::try::he5a2e00188156637
[INFO] [stdout]                                at /rustc/df4ca44d3fbc9301ee17f30f4d474e6ae4b05252/library/std/src/panicking.rs:520:19
[INFO] [stdout]   38:     0x629a265054fe - std::panic::catch_unwind::hbaf3cae49b3c6433
[INFO] [stdout]                                at /rustc/df4ca44d3fbc9301ee17f30f4d474e6ae4b05252/library/std/src/panic.rs:358:14
[INFO] [stdout]   39:     0x629a265054fe - std::thread::Builder::spawn_unchecked_::{{closure}}::h8e141ea224820bce
[INFO] [stdout]                                at /rustc/df4ca44d3fbc9301ee17f30f4d474e6ae4b05252/library/std/src/thread/mod.rs:540:30
[INFO] [stdout]   40:     0x629a265054fe - core::ops::function::FnOnce::call_once{{vtable.shim}}::h90d312fedd7b8ea8
[INFO] [stdout]                                at /rustc/df4ca44d3fbc9301ee17f30f4d474e6ae4b05252/library/core/src/ops/function.rs:250:5
[INFO] [stdout]   41:     0x629a2691aa1b - <alloc::boxed::Box<F,A> as core::ops::function::FnOnce<Args>>::call_once::h69aa08ddb6adb8b6
[INFO] [stdout]                                at /rustc/df4ca44d3fbc9301ee17f30f4d474e6ae4b05252/library/alloc/src/boxed.rs:2454:9
[INFO] [stdout]   42:     0x629a2691aa1b - <alloc::boxed::Box<F,A> as core::ops::function::FnOnce<Args>>::call_once::h5aa36efdb79c806f
[INFO] [stdout]                                at /rustc/df4ca44d3fbc9301ee17f30f4d474e6ae4b05252/library/alloc/src/boxed.rs:2454:9
[INFO] [stdout]   43:     0x629a2691aa1b - std::sys::pal::unix::thread::Thread::new::thread_start::h6cd80a1b4be5158d
[INFO] [stdout]                                at /rustc/df4ca44d3fbc9301ee17f30f4d474e6ae4b05252/library/std/src/sys/pal/unix/thread.rs:105:17
[INFO] [stdout]   44:     0x75d22aea7ac3 - <unknown>
[INFO] [stdout]   45:     0x75d22af38a04 - clone
[INFO] [stdout]   46:                0x0 - <unknown>
[INFO] [stdout] 
[INFO] [stdout] ---- native_tests::test_qft_mdns::test_qft_mdns_register_discover stdout ----
[INFO] [stdout] 
[INFO] [stdout] INFO Browsing for _test_label._tcp.local.
[INFO] [stdout] INFO Discovered 0 services!
[INFO] [stdout] 
[INFO] [stdout] thread 'native_tests::test_qft_mdns::test_qft_mdns_register_discover' panicked at tests/native_tests/test_qft_mdns.rs:117:5:
[INFO] [stdout] Expected stdout to contains test_foo_alt. Stdout: 
[INFO] [stdout] stack backtrace:
[INFO] [stdout]    0:     0x629a269136fa - std::backtrace_rs::backtrace::libunwind::trace::h207520d6e9873551
[INFO] [stdout]                                at /rustc/df4ca44d3fbc9301ee17f30f4d474e6ae4b05252/library/std/src/../../backtrace/src/backtrace/libunwind.rs:116:5
[INFO] [stdout]    1:     0x629a269136fa - std::backtrace_rs::backtrace::trace_unsynchronized::h2ed7433f370e3eca
[INFO] [stdout]                                at /rustc/df4ca44d3fbc9301ee17f30f4d474e6ae4b05252/library/std/src/../../backtrace/src/backtrace/mod.rs:66:5
[INFO] [stdout]    2:     0x629a269136fa - std::sys::backtrace::_print_fmt::h916fac51166b18d7
[INFO] [stdout]                                at /rustc/df4ca44d3fbc9301ee17f30f4d474e6ae4b05252/library/std/src/sys/backtrace.rs:66:9
[INFO] [stdout]    3:     0x629a269136fa - <std::sys::backtrace::BacktraceLock::print::DisplayBacktrace as core::fmt::Display>::fmt::ha0a4c9b8ce3802e6
[INFO] [stdout]                                at /rustc/df4ca44d3fbc9301ee17f30f4d474e6ae4b05252/library/std/src/sys/backtrace.rs:39:26
[INFO] [stdout]    4:     0x629a2693d5c3 - core::fmt::rt::Argument::fmt::h4cfc8587d52b3eb5
[INFO] [stdout]                                at /rustc/df4ca44d3fbc9301ee17f30f4d474e6ae4b05252/library/core/src/fmt/rt.rs:177:76
[INFO] [stdout]    5:     0x629a2693d5c3 - core::fmt::write::h522cc39e5b36ae9f
[INFO] [stdout]                                at /rustc/df4ca44d3fbc9301ee17f30f4d474e6ae4b05252/library/core/src/fmt/mod.rs:1190:21
[INFO] [stdout]    6:     0x629a2690f973 - std::io::Write::write_fmt::h7d3c26752da97734
[INFO] [stdout]                                at /rustc/df4ca44d3fbc9301ee17f30f4d474e6ae4b05252/library/std/src/io/mod.rs:1839:15
[INFO] [stdout]    7:     0x629a26913542 - std::sys::backtrace::BacktraceLock::print::h4b9e00b29e9c0942
[INFO] [stdout]                                at /rustc/df4ca44d3fbc9301ee17f30f4d474e6ae4b05252/library/std/src/sys/backtrace.rs:42:9
[INFO] [stdout]    8:     0x629a26914c0a - std::panicking::default_hook::{{closure}}::hb59b88280d0324d9
[INFO] [stdout]                                at /rustc/df4ca44d3fbc9301ee17f30f4d474e6ae4b05252/library/std/src/panicking.rs:268:22
[INFO] [stdout]    9:     0x629a26914a14 - std::panicking::default_hook::he1dd496665be4a29
[INFO] [stdout]                                at /rustc/df4ca44d3fbc9301ee17f30f4d474e6ae4b05252/library/std/src/panicking.rs:292:9
[INFO] [stdout]   10:     0x629a2653a3e9 - <alloc::boxed::Box<F,A> as core::ops::function::Fn<Args>>::call::h4ff71de18744e1dc
[INFO] [stdout]                                at /rustc/df4ca44d3fbc9301ee17f30f4d474e6ae4b05252/library/alloc/src/boxed.rs:2468:9
[INFO] [stdout]   11:     0x629a2653a3e9 - test::test_main::{{closure}}::hcf7c055ce117aa81
[INFO] [stdout]                                at /rustc/df4ca44d3fbc9301ee17f30f4d474e6ae4b05252/library/test/src/lib.rs:133:21
[INFO] [stdout]   12:     0x629a26915308 - <alloc::boxed::Box<F,A> as core::ops::function::Fn<Args>>::call::h1d66c6bbd60c9692
[INFO] [stdout]                                at /rustc/df4ca44d3fbc9301ee17f30f4d474e6ae4b05252/library/alloc/src/boxed.rs:2468:9
[INFO] [stdout]   13:     0x629a26915308 - std::panicking::rust_panic_with_hook::h2ff17fe8f26dfcf8
[INFO] [stdout]                                at /rustc/df4ca44d3fbc9301ee17f30f4d474e6ae4b05252/library/std/src/panicking.rs:809:13
[INFO] [stdout]   14:     0x629a269150ca - std::panicking::begin_panic_handler::{{closure}}::h4fad77951c07e101
[INFO] [stdout]                                at /rustc/df4ca44d3fbc9301ee17f30f4d474e6ae4b05252/library/std/src/panicking.rs:674:13
[INFO] [stdout]   15:     0x629a26913bd9 - std::sys::backtrace::__rust_end_short_backtrace::hb1a25b3da5d0ea08
[INFO] [stdout]                                at /rustc/df4ca44d3fbc9301ee17f30f4d474e6ae4b05252/library/std/src/sys/backtrace.rs:170:18
[INFO] [stdout]   16:     0x629a26914d5c - rust_begin_unwind
[INFO] [stdout]                                at /rustc/df4ca44d3fbc9301ee17f30f4d474e6ae4b05252/library/std/src/panicking.rs:665:5
[INFO] [stdout]   17:     0x629a2693bbd0 - core::panicking::panic_fmt::ha9db07b529f9b256
[INFO] [stdout]                                at /rustc/df4ca44d3fbc9301ee17f30f4d474e6ae4b05252/library/core/src/panicking.rs:75:14
[INFO] [stdout]   18:     0x629a264b7287 - tests::native_tests::test_qft_mdns::test_qft_mdns_register_discover::h6383d712c10d0cf7
[INFO] [stdout]                                at /opt/rustwide/workdir/tests/native_tests/test_qft_mdns.rs:117:5
[INFO] [stdout]   19:     0x629a264b6417 - tests::native_tests::test_qft_mdns::test_qft_mdns_register_discover::{{closure}}::h44bd6e9eb8a9cfbe
[INFO] [stdout]                                at /opt/rustwide/workdir/tests/native_tests/test_qft_mdns.rs:60:41
[INFO] [stdout]   20:     0x629a264af936 - core::ops::function::FnOnce::call_once::h06c5e0e6065e8014
[INFO] [stdout]                                at /rustc/df4ca44d3fbc9301ee17f30f4d474e6ae4b05252/library/core/src/ops/function.rs:250:5
[INFO] [stdout]   21:     0x629a2653ecbb - core::ops::function::FnOnce::call_once::h22c3ba5715e93f05
[INFO] [stdout]                                at /rustc/df4ca44d3fbc9301ee17f30f4d474e6ae4b05252/library/core/src/ops/function.rs:250:5
[INFO] [stdout]   22:     0x629a2653ecbb - test::__rust_begin_short_backtrace::h8e82d8113d0da17f
[INFO] [stdout]                                at /rustc/df4ca44d3fbc9301ee17f30f4d474e6ae4b05252/library/test/src/lib.rs:621:18
[INFO] [stdout]   23:     0x629a2653e637 - test::run_test_in_process::{{closure}}::h33235f4f20b7b7c7
[INFO] [stdout]                                at /rustc/df4ca44d3fbc9301ee17f30f4d474e6ae4b05252/library/test/src/lib.rs:644:60
[INFO] [stdout]   24:     0x629a2653e637 - <core::panic::unwind_safe::AssertUnwindSafe<F> as core::ops::function::FnOnce<()>>::call_once::hb5043206310c586f
[INFO] [stdout]                                at /rustc/df4ca44d3fbc9301ee17f30f4d474e6ae4b05252/library/core/src/panic/unwind_safe.rs:272:9
[INFO] [stdout]   25:     0x629a2653e637 - std::panicking::try::do_call::h9ad4731a60ab23e2
[INFO] [stdout]                                at /rustc/df4ca44d3fbc9301ee17f30f4d474e6ae4b05252/library/std/src/panicking.rs:557:40
[INFO] [stdout]   26:     0x629a2653e637 - std::panicking::try::h3824d23db772a716
[INFO] [stdout]                                at /rustc/df4ca44d3fbc9301ee17f30f4d474e6ae4b05252/library/std/src/panicking.rs:520:19
[INFO] [stdout]   27:     0x629a2653e637 - std::panic::catch_unwind::h5afd514605fde46b
[INFO] [stdout]                                at /rustc/df4ca44d3fbc9301ee17f30f4d474e6ae4b05252/library/std/src/panic.rs:358:14
[INFO] [stdout]   28:     0x629a2653e637 - test::run_test_in_process::h0d5cbfa7067d1720
[INFO] [stdout]                                at /rustc/df4ca44d3fbc9301ee17f30f4d474e6ae4b05252/library/test/src/lib.rs:644:27
[INFO] [stdout]   29:     0x629a2653e637 - test::run_test::{{closure}}::h708eb8872708115d
[INFO] [stdout]                                at /rustc/df4ca44d3fbc9301ee17f30f4d474e6ae4b05252/library/test/src/lib.rs:565:43
[INFO] [stdout]   30:     0x629a26501d54 - test::run_test::{{closure}}::h392c51cee94713ab
[INFO] [stdout]                                at /rustc/df4ca44d3fbc9301ee17f30f4d474e6ae4b05252/library/test/src/lib.rs:595:41
[INFO] [stdout]   31:     0x629a26501d54 - std::sys::backtrace::__rust_begin_short_backtrace::h2f40290710935a8b
[INFO] [stdout]                                at /rustc/df4ca44d3fbc9301ee17f30f4d474e6ae4b05252/library/std/src/sys/backtrace.rs:154:18
[INFO] [stdout]   32:     0x629a265054fe - std::thread::Builder::spawn_unchecked_::{{closure}}::{{closure}}::h3fd968d89053a903
[INFO] [stdout]                                at /rustc/df4ca44d3fbc9301ee17f30f4d474e6ae4b05252/library/std/src/thread/mod.rs:541:17
[INFO] [stdout]   33:     0x629a265054fe - <core::panic::unwind_safe::AssertUnwindSafe<F> as core::ops::function::FnOnce<()>>::call_once::h743f637ba4229880
[INFO] [stdout]                                at /rustc/df4ca44d3fbc9301ee17f30f4d474e6ae4b05252/library/core/src/panic/unwind_safe.rs:272:9
[INFO] [stdout]   34:     0x629a265054fe - std::panicking::try::do_call::h07440897322525a6
[INFO] [stdout]                                at /rustc/df4ca44d3fbc9301ee17f30f4d474e6ae4b05252/library/std/src/panicking.rs:557:40
[INFO] [stdout]   35:     0x629a265054fe - std::panicking::try::he5a2e00188156637
[INFO] [stdout]                                at /rustc/df4ca44d3fbc9301ee17f30f4d474e6ae4b05252/library/std/src/panicking.rs:520:19
[INFO] [stdout]   36:     0x629a265054fe - std::panic::catch_unwind::hbaf3cae49b3c6433
[INFO] [stdout]                                at /rustc/df4ca44d3fbc9301ee17f30f4d474e6ae4b05252/library/std/src/panic.rs:358:14
[INFO] [stdout]   37:     0x629a265054fe - std::thread::Builder::spawn_unchecked_::{{closure}}::h8e141ea224820bce
[INFO] [stdout]                                at /rustc/df4ca44d3fbc9301ee17f30f4d474e6ae4b05252/library/std/src/thread/mod.rs:540:30
[INFO] [stdout]   38:     0x629a265054fe - core::ops::function::FnOnce::call_once{{vtable.shim}}::h90d312fedd7b8ea8
[INFO] [stdout]                                at /rustc/df4ca44d3fbc9301ee17f30f4d474e6ae4b05252/library/core/src/ops/function.rs:250:5
[INFO] [stdout]   39:     0x629a2691aa1b - <alloc::boxed::Box<F,A> as core::ops::function::FnOnce<Args>>::call_once::h69aa08ddb6adb8b6
[INFO] [stdout]                                at /rustc/df4ca44d3fbc9301ee17f30f4d474e6ae4b05252/library/alloc/src/boxed.rs:2454:9
[INFO] [stdout]   40:     0x629a2691aa1b - <alloc::boxed::Box<F,A> as core::ops::function::FnOnce<Args>>::call_once::h5aa36efdb79c806f
[INFO] [stdout]                                at /rustc/df4ca44d3fbc9301ee17f30f4d474e6ae4b05252/library/alloc/src/boxed.rs:2454:9
[INFO] [stdout]   41:     0x629a2691aa1b - std::sys::pal::unix::thread::Thread::new::thread_start::h6cd80a1b4be5158d
[INFO] [stdout]                                at /rustc/df4ca44d3fbc9301ee17f30f4d474e6ae4b05252/library/std/src/sys/pal/unix/thread.rs:105:17
[INFO] [stdout]   42:     0x75d22aea7ac3 - <unknown>
[INFO] [stdout]   43:     0x75d22af38a04 - clone
[INFO] [stdout]   44:                0x0 - <unknown>
[INFO] [stdout] 
[INFO] [stdout] 
[INFO] [stdout] failures:
[INFO] [stdout]     native_tests::test_qft_mdns::test_qft_mdns_register_discover
[INFO] [stdout]     native_tests::test_qft_mdns::test_qft_mdns_register_resolve
[INFO] [stdout] 
[INFO] [stdout] test result: FAILED. 18 passed; 2 failed; 6 ignored; 0 measured; 0 filtered out; finished in 0.64s
[INFO] [stdout] 
[INFO] [stderr] error: test failed, to rerun pass `--test tests`
[INFO] running `Command { std: "docker" "inspect" "fc86b4cf4d30497a83ee8a76f35f07609c34ef2f135a151dcdfdd76db40aecad", kill_on_drop: false }`
[INFO] running `Command { std: "docker" "rm" "-f" "fc86b4cf4d30497a83ee8a76f35f07609c34ef2f135a151dcdfdd76db40aecad", kill_on_drop: false }`
[INFO] [stdout] fc86b4cf4d30497a83ee8a76f35f07609c34ef2f135a151dcdfdd76db40aecad
