[INFO] cloning repository https://github.com/Colerar/qywx-dumper
[INFO] running `Command { std: "git" "-c" "credential.helper=" "-c" "credential.helper=/workspace/cargo-home/bin/git-credential-null" "clone" "--bare" "https://github.com/Colerar/qywx-dumper" "/workspace/cache/git-repos/https%3A%2F%2Fgithub.com%2FColerar%2Fqywx-dumper", kill_on_drop: false }`
[INFO] [stderr] Cloning into bare repository '/workspace/cache/git-repos/https%3A%2F%2Fgithub.com%2FColerar%2Fqywx-dumper'...
[INFO] running `Command { std: "git" "rev-parse" "HEAD", kill_on_drop: false }`
[INFO] [stdout] 23044f9c618f6d84f8efe92d19c5d9a0820126b9
[INFO] testing Colerar/qywx-dumper/23044f9c618f6d84f8efe92d19c5d9a0820126b9 against nightly-2024-10-28 for randomize-layout
[INFO] running `Command { std: "git" "clone" "/workspace/cache/git-repos/https%3A%2F%2Fgithub.com%2FColerar%2Fqywx-dumper" "/workspace/builds/worker-3-tc1/source", kill_on_drop: false }`
[INFO] [stderr] Cloning into '/workspace/builds/worker-3-tc1/source'...
[INFO] [stderr] done.
[INFO] validating manifest of git repo https://github.com/Colerar/qywx-dumper on toolchain nightly-2024-10-28
[INFO] running `Command { std: CARGO_HOME="/workspace/cargo-home" RUSTUP_HOME="/workspace/rustup-home" "/workspace/cargo-home/bin/cargo" "+nightly-2024-10-28" "metadata" "--manifest-path" "Cargo.toml" "--no-deps", kill_on_drop: false }`
[INFO] started tweaking git repo https://github.com/Colerar/qywx-dumper
[INFO] finished tweaking git repo https://github.com/Colerar/qywx-dumper
[INFO] tweaked toml for git repo https://github.com/Colerar/qywx-dumper written to /workspace/builds/worker-3-tc1/source/Cargo.toml
[INFO] crate git repo https://github.com/Colerar/qywx-dumper already has a lockfile, it will not be regenerated
[INFO] running `Command { std: CARGO_HOME="/workspace/cargo-home" RUSTUP_HOME="/workspace/rustup-home" "/workspace/cargo-home/bin/cargo" "+nightly-2024-10-28" "fetch" "--manifest-path" "Cargo.toml", kill_on_drop: false }`
[INFO] [stderr]     Updating crates.io index
[INFO] [stderr]  Downloading crates ...
[INFO] [stderr]   Downloaded alloc-stdlib v0.2.1
[INFO] [stderr]   Downloaded serde_json v1.0.85
[INFO] [stderr]   Downloaded once_cell v1.14.0
[INFO] [stderr]   Downloaded async-compression v0.3.14
[INFO] [stderr]   Downloaded tokio-socks v0.5.1
[INFO] [stderr]   Downloaded anyhow v1.0.63
[INFO] [stderr]   Downloaded thiserror v1.0.33
[INFO] [stderr]   Downloaded clap_derive v4.0.18
[INFO] [stderr]   Downloaded clap_lex v0.3.0
[INFO] [stderr]   Downloaded clap-verbosity-flag v2.0.0
[INFO] [stderr]   Downloaded reqwest v0.11.11
[INFO] [stderr]   Downloaded clap v4.0.18
[INFO] [stderr]   Downloaded alloc-no-stdlib v2.0.3
[INFO] [stderr]   Downloaded thiserror-impl v1.0.33
[INFO] [stderr]   Downloaded brotli-decompressor v2.3.2
[INFO] [stderr]   Downloaded serde v1.0.144
[INFO] [stderr]   Downloaded socket2 v0.4.7
[INFO] [stderr]   Downloaded serde_derive v1.0.144
[INFO] [stderr]   Downloaded tokio v1.21.0
[INFO] running `Command { std: "docker" "create" "-v" "/var/lib/crater-agent-workspace/builds/worker-3-tc1/target:/opt/rustwide/target:rw,Z" "-v" "/var/lib/crater-agent-workspace/builds/worker-3-tc1/source:/opt/rustwide/workdir:ro,Z" "-v" "/var/lib/crater-agent-workspace/cargo-home:/opt/rustwide/cargo-home:ro,Z" "-v" "/var/lib/crater-agent-workspace/rustup-home:/opt/rustwide/rustup-home:ro,Z" "-e" "SOURCE_DIR=/opt/rustwide/workdir" "-e" "CARGO_TARGET_DIR=/opt/rustwide/target" "-e" "CARGO_HOME=/opt/rustwide/cargo-home" "-e" "RUSTUP_HOME=/opt/rustwide/rustup-home" "-w" "/opt/rustwide/workdir" "-m" "1610612736" "--user" "0:0" "--network" "none" "ghcr.io/rust-lang/crates-build-env/linux@sha256:4a844ea9eb2546a2d2c7022eacef16ef2e8229c7fbb2c7d4d55a9ceca922f72d" "/opt/rustwide/cargo-home/bin/cargo" "+nightly-2024-10-28" "metadata" "--no-deps" "--format-version=1", kill_on_drop: false }`
[INFO] [stdout] fd0e6f242bbac8cc0496e7b212e0771371cfae6964b28109c201727ff693372d
[INFO] running `Command { std: "docker" "start" "-a" "fd0e6f242bbac8cc0496e7b212e0771371cfae6964b28109c201727ff693372d", kill_on_drop: false }`
[INFO] running `Command { std: "docker" "inspect" "fd0e6f242bbac8cc0496e7b212e0771371cfae6964b28109c201727ff693372d", kill_on_drop: false }`
[INFO] running `Command { std: "docker" "rm" "-f" "fd0e6f242bbac8cc0496e7b212e0771371cfae6964b28109c201727ff693372d", kill_on_drop: false }`
[INFO] [stdout] fd0e6f242bbac8cc0496e7b212e0771371cfae6964b28109c201727ff693372d
[INFO] running `Command { std: "docker" "create" "-v" "/var/lib/crater-agent-workspace/builds/worker-3-tc1/target:/opt/rustwide/target:rw,Z" "-v" "/var/lib/crater-agent-workspace/builds/worker-3-tc1/source:/opt/rustwide/workdir:ro,Z" "-v" "/var/lib/crater-agent-workspace/cargo-home:/opt/rustwide/cargo-home:ro,Z" "-v" "/var/lib/crater-agent-workspace/rustup-home:/opt/rustwide/rustup-home:ro,Z" "-e" "SOURCE_DIR=/opt/rustwide/workdir" "-e" "CARGO_TARGET_DIR=/opt/rustwide/target" "-e" "CARGO_INCREMENTAL=0" "-e" "RUST_BACKTRACE=full" "-e" "RUSTFLAGS=--cap-lints=forbid" "-e" "RUSTDOCFLAGS=--cap-lints=forbid" "-e" "CARGO_HOME=/opt/rustwide/cargo-home" "-e" "RUSTUP_HOME=/opt/rustwide/rustup-home" "-w" "/opt/rustwide/workdir" "-m" "1610612736" "--user" "0:0" "--network" "none" "ghcr.io/rust-lang/crates-build-env/linux@sha256:4a844ea9eb2546a2d2c7022eacef16ef2e8229c7fbb2c7d4d55a9ceca922f72d" "/opt/rustwide/cargo-home/bin/cargo" "+nightly-2024-10-28" "build" "--frozen" "--message-format=json", kill_on_drop: false }`
[INFO] [stdout] acb48a6d481dc7e1882bfdd770ae562147be6c01035352b0c43e40f9a6aa13af
[INFO] running `Command { std: "docker" "start" "-a" "acb48a6d481dc7e1882bfdd770ae562147be6c01035352b0c43e40f9a6aa13af", kill_on_drop: false }`
[INFO] [stderr]    Compiling proc-macro2 v1.0.43
[INFO] [stderr]    Compiling quote v1.0.21
[INFO] [stderr]    Compiling unicode-ident v1.0.3
[INFO] [stderr]    Compiling syn v1.0.99
[INFO] [stderr]    Compiling libc v0.2.132
[INFO] [stderr]    Compiling log v0.4.17
[INFO] [stderr]    Compiling memchr v2.5.0
[INFO] [stderr]    Compiling once_cell v1.14.0
[INFO] [stderr]    Compiling pin-project-lite v0.2.9
[INFO] [stderr]    Compiling futures-core v0.3.24
[INFO] [stderr]    Compiling bytes v1.2.1
[INFO] [stderr]    Compiling cc v1.0.73
[INFO] [stderr]    Compiling pkg-config v0.3.25
[INFO] [stderr]    Compiling tokio v1.21.0
[INFO] [stderr]    Compiling futures-task v0.3.24
[INFO] [stderr]    Compiling itoa v1.0.3
[INFO] [stderr]    Compiling futures-util v0.3.24
[INFO] [stderr]    Compiling slab v0.4.7
[INFO] [stderr]    Compiling indexmap v1.9.1
[INFO] [stderr]    Compiling tracing-core v0.1.29
[INFO] [stderr]    Compiling openssl v0.10.41
[INFO] [stderr]    Compiling serde_derive v1.0.144
[INFO] [stderr]    Compiling serde v1.0.144
[INFO] [stderr]    Compiling futures-sink v0.3.24
[INFO] [stderr]    Compiling crc32fast v1.3.2
[INFO] [stderr]    Compiling futures-channel v0.3.24
[INFO] [stderr]    Compiling hashbrown v0.12.3
[INFO] [stderr]    Compiling alloc-no-stdlib v2.0.3
[INFO] [stderr]    Compiling native-tls v0.2.10
[INFO] [stderr]    Compiling tinyvec v1.6.0
[INFO] [stderr]    Compiling http v0.2.8
[INFO] [stderr]    Compiling alloc-stdlib v0.2.1
[INFO] [stderr]    Compiling termcolor v1.1.3
[INFO] [stderr]    Compiling miniz_oxide v0.5.3
[INFO] [stderr]    Compiling want v0.3.0
[INFO] [stderr]    Compiling brotli-decompressor v2.3.2
[INFO] [stderr]    Compiling tracing v0.1.36
[INFO] [stderr]    Compiling aho-corasick v0.7.18
[INFO] [stderr]    Compiling os_str_bytes v6.3.0
[INFO] [stderr]    Compiling mio v0.8.4
[INFO] [stderr]    Compiling socket2 v0.4.7
[INFO] [stderr]    Compiling num_cpus v1.13.1
[INFO] [stderr]    Compiling atty v0.2.14
[INFO] [stderr]    Compiling either v1.8.0
[INFO] [stderr]    Compiling ryu v1.0.11
[INFO] [stderr]    Compiling unicode-bidi v0.3.8
[INFO] [stderr]    Compiling proc-macro-error-attr v1.0.4
[INFO] [stderr]    Compiling openssl-sys v0.9.75
[INFO] [stderr]    Compiling unicode-normalization v0.1.21
[INFO] [stderr]    Compiling encoding_rs v0.8.31
[INFO] [stderr]    Compiling heck v0.4.0
[INFO] [stderr]    Compiling http-body v0.4.5
[INFO] [stderr]    Compiling regex-syntax v0.6.27
[INFO] [stderr]    Compiling quick-error v1.2.3
[INFO] [stderr]    Compiling serde_json v1.0.85
[INFO] [stderr]    Compiling humantime v1.3.0
[INFO] [stderr]    Compiling flate2 v1.0.24
[INFO] [stderr]    Compiling clap_lex v0.3.0
[INFO] [stderr]    Compiling anyhow v1.0.63
[INFO] [stderr]    Compiling strsim v0.10.0
[INFO] [stderr]    Compiling brotli v3.3.4
[INFO] [stderr]    Compiling ipnet v2.5.0
[INFO] [stderr]    Compiling itertools v0.10.3
[INFO] [stderr]    Compiling idna v0.2.3
[INFO] [stderr]    Compiling url v2.2.2
[INFO] [stderr]    Compiling regex v1.6.0
[INFO] [stderr]    Compiling proc-macro-error v1.0.4
[INFO] [stderr]    Compiling tokio-macros v1.8.0
[INFO] [stderr]    Compiling openssl-macros v0.1.0
[INFO] [stderr]    Compiling thiserror-impl v1.0.33
[INFO] [stderr]    Compiling clap_derive v4.0.18
[INFO] [stderr]    Compiling env_logger v0.7.1
[INFO] [stderr]    Compiling pretty_env_logger v0.4.0
[INFO] [stderr]    Compiling thiserror v1.0.33
[INFO] [stderr]    Compiling clap v4.0.18
[INFO] [stderr]    Compiling clap-verbosity-flag v2.0.0
[INFO] [stderr]    Compiling tokio-util v0.7.3
[INFO] [stderr]    Compiling tokio-native-tls v0.3.0
[INFO] [stderr]    Compiling async-compression v0.3.14
[INFO] [stderr]    Compiling tokio-socks v0.5.1
[INFO] [stderr]    Compiling tokio-stream v0.1.9
[INFO] [stderr]    Compiling h2 v0.3.14
[INFO] [stderr]    Compiling serde_urlencoded v0.7.1
[INFO] [stderr]    Compiling hyper v0.14.20
[INFO] [stderr]    Compiling hyper-tls v0.5.0
[INFO] [stderr]    Compiling reqwest v0.11.11
[INFO] [stderr]    Compiling qywx-dumper v0.1.2 (/opt/rustwide/workdir)
[INFO] [stderr]     Finished `dev` profile [unoptimized + debuginfo] target(s) in 15.80s
[INFO] running `Command { std: "docker" "inspect" "acb48a6d481dc7e1882bfdd770ae562147be6c01035352b0c43e40f9a6aa13af", kill_on_drop: false }`
[INFO] running `Command { std: "docker" "rm" "-f" "acb48a6d481dc7e1882bfdd770ae562147be6c01035352b0c43e40f9a6aa13af", kill_on_drop: false }`
[INFO] [stdout] acb48a6d481dc7e1882bfdd770ae562147be6c01035352b0c43e40f9a6aa13af
[INFO] running `Command { std: "docker" "create" "-v" "/var/lib/crater-agent-workspace/builds/worker-3-tc1/target:/opt/rustwide/target:rw,Z" "-v" "/var/lib/crater-agent-workspace/builds/worker-3-tc1/source:/opt/rustwide/workdir:ro,Z" "-v" "/var/lib/crater-agent-workspace/cargo-home:/opt/rustwide/cargo-home:ro,Z" "-v" "/var/lib/crater-agent-workspace/rustup-home:/opt/rustwide/rustup-home:ro,Z" "-e" "SOURCE_DIR=/opt/rustwide/workdir" "-e" "CARGO_TARGET_DIR=/opt/rustwide/target" "-e" "CARGO_INCREMENTAL=0" "-e" "RUST_BACKTRACE=full" "-e" "RUSTFLAGS=--cap-lints=forbid" "-e" "RUSTDOCFLAGS=--cap-lints=forbid" "-e" "CARGO_HOME=/opt/rustwide/cargo-home" "-e" "RUSTUP_HOME=/opt/rustwide/rustup-home" "-w" "/opt/rustwide/workdir" "-m" "1610612736" "--user" "0:0" "--network" "none" "ghcr.io/rust-lang/crates-build-env/linux@sha256:4a844ea9eb2546a2d2c7022eacef16ef2e8229c7fbb2c7d4d55a9ceca922f72d" "/opt/rustwide/cargo-home/bin/cargo" "+nightly-2024-10-28" "test" "--frozen" "--no-run" "--message-format=json", kill_on_drop: false }`
[INFO] [stdout] 24bce39253e07a443caf84db530a7f4a123ad11de26436297c8e3532c3a5d415
[INFO] running `Command { std: "docker" "start" "-a" "24bce39253e07a443caf84db530a7f4a123ad11de26436297c8e3532c3a5d415", kill_on_drop: false }`
[INFO] [stderr]    Compiling qywx-dumper v0.1.2 (/opt/rustwide/workdir)
[INFO] [stderr]     Finished `test` profile [unoptimized + debuginfo] target(s) in 1.59s
[INFO] running `Command { std: "docker" "inspect" "24bce39253e07a443caf84db530a7f4a123ad11de26436297c8e3532c3a5d415", kill_on_drop: false }`
[INFO] running `Command { std: "docker" "rm" "-f" "24bce39253e07a443caf84db530a7f4a123ad11de26436297c8e3532c3a5d415", kill_on_drop: false }`
[INFO] [stdout] 24bce39253e07a443caf84db530a7f4a123ad11de26436297c8e3532c3a5d415
[INFO] running `Command { std: "docker" "create" "-v" "/var/lib/crater-agent-workspace/builds/worker-3-tc1/target:/opt/rustwide/target:rw,Z" "-v" "/var/lib/crater-agent-workspace/builds/worker-3-tc1/source:/opt/rustwide/workdir:ro,Z" "-v" "/var/lib/crater-agent-workspace/cargo-home:/opt/rustwide/cargo-home:ro,Z" "-v" "/var/lib/crater-agent-workspace/rustup-home:/opt/rustwide/rustup-home:ro,Z" "-e" "SOURCE_DIR=/opt/rustwide/workdir" "-e" "CARGO_TARGET_DIR=/opt/rustwide/target" "-e" "CARGO_INCREMENTAL=0" "-e" "RUST_BACKTRACE=full" "-e" "RUSTFLAGS=--cap-lints=forbid" "-e" "RUSTDOCFLAGS=--cap-lints=forbid" "-e" "CARGO_HOME=/opt/rustwide/cargo-home" "-e" "RUSTUP_HOME=/opt/rustwide/rustup-home" "-w" "/opt/rustwide/workdir" "-m" "1610612736" "--user" "0:0" "--network" "none" "ghcr.io/rust-lang/crates-build-env/linux@sha256:4a844ea9eb2546a2d2c7022eacef16ef2e8229c7fbb2c7d4d55a9ceca922f72d" "/opt/rustwide/cargo-home/bin/cargo" "+nightly-2024-10-28" "test" "--frozen", kill_on_drop: false }`
[INFO] [stdout] b0fcd3fb8d84ec31c3e9fe1431fffd5fccfab6a2d6a86507a3090fb01c071d9f
[INFO] running `Command { std: "docker" "start" "-a" "b0fcd3fb8d84ec31c3e9fe1431fffd5fccfab6a2d6a86507a3090fb01c071d9f", kill_on_drop: false }`
[INFO] [stderr]     Finished `test` profile [unoptimized + debuginfo] target(s) in 0.08s
[INFO] [stderr]      Running unittests src/main.rs (/opt/rustwide/target/debug/deps/qywx_dumper-bca7d05ada8edbf2)
[INFO] [stdout] 
[INFO] [stdout] running 6 tests
[INFO] [stdout] test api::tests::get_agent_list ... FAILED
[INFO] [stdout] test api::tests::get_agent_list_test ... FAILED
[INFO] [stdout] test api::tests::get_department_members_test ... FAILED
[INFO] [stdout] test api::tests::get_departments_test ... FAILED
[INFO] [stdout] test api::tests::get_tags_test ... FAILED
[INFO] [stdout] test api::tests::get_tag_members_test ... FAILED
[INFO] [stdout] 
[INFO] [stdout] failures:
[INFO] [stdout] 
[INFO] [stdout] ---- api::tests::get_agent_list stdout ----
[INFO] [stdout] Error: No env WX_CORP_ID
[INFO] [stdout] 
[INFO] [stdout] Caused by:
[INFO] [stdout]     environment variable not found
[INFO] [stdout] 
[INFO] [stdout] ---- api::tests::get_agent_list_test stdout ----
[INFO] [stdout] thread 'api::tests::get_agent_list_test' panicked at /opt/rustwide/cargo-home/registry/src/index.crates.io-6f17d22bba15001f/pretty_env_logger-0.4.0/src/lib.rs:61:16:
[INFO] [stdout] called `Result::unwrap()` on an `Err` value: SetLoggerError(())
[INFO] [stdout] stack backtrace:
[INFO] [stdout]    0:     0x63cdc36a015a - std::backtrace_rs::backtrace::libunwind::trace::h207520d6e9873551
[INFO] [stdout]                                at /rustc/df4ca44d3fbc9301ee17f30f4d474e6ae4b05252/library/std/src/../../backtrace/src/backtrace/libunwind.rs:116:5
[INFO] [stdout]    1:     0x63cdc36a015a - std::backtrace_rs::backtrace::trace_unsynchronized::h2ed7433f370e3eca
[INFO] [stdout]                                at /rustc/df4ca44d3fbc9301ee17f30f4d474e6ae4b05252/library/std/src/../../backtrace/src/backtrace/mod.rs:66:5
[INFO] [stdout]    2:     0x63cdc36a015a - std::sys::backtrace::_print_fmt::h916fac51166b18d7
[INFO] [stdout]                                at /rustc/df4ca44d3fbc9301ee17f30f4d474e6ae4b05252/library/std/src/sys/backtrace.rs:66:9
[INFO] [stdout]    3:     0x63cdc36a015a - <std::sys::backtrace::BacktraceLock::print::DisplayBacktrace as core::fmt::Display>::fmt::ha0a4c9b8ce3802e6
[INFO] [stdout]                                at /rustc/df4ca44d3fbc9301ee17f30f4d474e6ae4b05252/library/std/src/sys/backtrace.rs:39:26
[INFO] [stdout]    4:     0x63cdc36c9f13 - core::fmt::rt::Argument::fmt::h4cfc8587d52b3eb5
[INFO] [stdout]                                at /rustc/df4ca44d3fbc9301ee17f30f4d474e6ae4b05252/library/core/src/fmt/rt.rs:177:76
[INFO] [stdout]    5:     0x63cdc36c9f13 - core::fmt::write::h522cc39e5b36ae9f
[INFO] [stdout]                                at /rustc/df4ca44d3fbc9301ee17f30f4d474e6ae4b05252/library/core/src/fmt/mod.rs:1190:21
[INFO] [stdout]    6:     0x63cdc369c193 - std::io::Write::write_fmt::h7d3c26752da97734
[INFO] [stdout]                                at /rustc/df4ca44d3fbc9301ee17f30f4d474e6ae4b05252/library/std/src/io/mod.rs:1839:15
[INFO] [stdout]    7:     0x63cdc369ffa2 - std::sys::backtrace::BacktraceLock::print::h4b9e00b29e9c0942
[INFO] [stdout]                                at /rustc/df4ca44d3fbc9301ee17f30f4d474e6ae4b05252/library/std/src/sys/backtrace.rs:42:9
[INFO] [stdout]    8:     0x63cdc36a15ea - std::panicking::default_hook::{{closure}}::hb59b88280d0324d9
[INFO] [stdout]                                at /rustc/df4ca44d3fbc9301ee17f30f4d474e6ae4b05252/library/std/src/panicking.rs:268:22
[INFO] [stdout]    9:     0x63cdc36a13f4 - std::panicking::default_hook::he1dd496665be4a29
[INFO] [stdout]                                at /rustc/df4ca44d3fbc9301ee17f30f4d474e6ae4b05252/library/std/src/panicking.rs:292:9
[INFO] [stdout]   10:     0x63cdc3230959 - <alloc::boxed::Box<F,A> as core::ops::function::Fn<Args>>::call::h4ff71de18744e1dc
[INFO] [stdout]                                at /rustc/df4ca44d3fbc9301ee17f30f4d474e6ae4b05252/library/alloc/src/boxed.rs:2468:9
[INFO] [stdout]   11:     0x63cdc3230959 - test::test_main::{{closure}}::hcf7c055ce117aa81
[INFO] [stdout]                                at /rustc/df4ca44d3fbc9301ee17f30f4d474e6ae4b05252/library/test/src/lib.rs:133:21
[INFO] [stdout]   12:     0x63cdc36a1ce8 - <alloc::boxed::Box<F,A> as core::ops::function::Fn<Args>>::call::h1d66c6bbd60c9692
[INFO] [stdout]                                at /rustc/df4ca44d3fbc9301ee17f30f4d474e6ae4b05252/library/alloc/src/boxed.rs:2468:9
[INFO] [stdout]   13:     0x63cdc36a1ce8 - std::panicking::rust_panic_with_hook::h2ff17fe8f26dfcf8
[INFO] [stdout]                                at /rustc/df4ca44d3fbc9301ee17f30f4d474e6ae4b05252/library/std/src/panicking.rs:809:13
[INFO] [stdout]   14:     0x63cdc36a1aaa - std::panicking::begin_panic_handler::{{closure}}::h4fad77951c07e101
[INFO] [stdout]                                at /rustc/df4ca44d3fbc9301ee17f30f4d474e6ae4b05252/library/std/src/panicking.rs:674:13
[INFO] [stdout]   15:     0x63cdc36a0639 - std::sys::backtrace::__rust_end_short_backtrace::hb1a25b3da5d0ea08
[INFO] [stdout]                                at /rustc/df4ca44d3fbc9301ee17f30f4d474e6ae4b05252/library/std/src/sys/backtrace.rs:170:18
[INFO] [stdout]   16:     0x63cdc36a173c - rust_begin_unwind
[INFO] [stdout]                                at /rustc/df4ca44d3fbc9301ee17f30f4d474e6ae4b05252/library/std/src/panicking.rs:665:5
[INFO] [stdout]   17:     0x63cdc36c8120 - core::panicking::panic_fmt::ha9db07b529f9b256
[INFO] [stdout]                                at /rustc/df4ca44d3fbc9301ee17f30f4d474e6ae4b05252/library/core/src/panicking.rs:75:14
[INFO] [stdout]   18:     0x63cdc36c85a6 - core::result::unwrap_failed::h5e8218e4d4338b8a
[INFO] [stdout]                                at /rustc/df4ca44d3fbc9301ee17f30f4d474e6ae4b05252/library/core/src/result.rs:1698:5
[INFO] [stdout]   19:     0x63cdc30be587 - core::result::Result<T,E>::unwrap::h809796ff2086af8e
[INFO] [stdout]                                at /rustc/df4ca44d3fbc9301ee17f30f4d474e6ae4b05252/library/core/src/result.rs:1103:23
[INFO] [stdout]   20:     0x63cdc30be587 - pretty_env_logger::init::h2793c57d19850cdf
[INFO] [stdout]                                at /opt/rustwide/cargo-home/registry/src/index.crates.io-6f17d22bba15001f/pretty_env_logger-0.4.0/src/lib.rs:61:5
[INFO] [stdout]   21:     0x63cdc30a371a - qywx_dumper::init_logger::h0f1034ddda4592a8
[INFO] [stdout]                                at /opt/rustwide/workdir/src/main.rs:399:3
[INFO] [stdout]   22:     0x63cdc30a230e - qywx_dumper::api::tests::client::{{closure}}::h17622a2fad69e081
[INFO] [stdout]                                at /opt/rustwide/workdir/src/api/mod.rs:213:5
[INFO] [stdout]   23:     0x63cdc30a3b46 - qywx_dumper::api::tests::get_agent_list_test::{{closure}}::h7ed8250b238e63b5
[INFO] [stdout]                                at /opt/rustwide/workdir/src/api/mod.rs:240:26
[INFO] [stdout]   24:     0x63cdc308e1dd - <core::pin::Pin<P> as core::future::future::Future>::poll::hac6245cc9c516461
[INFO] [stdout]                                at /rustc/df4ca44d3fbc9301ee17f30f4d474e6ae4b05252/library/core/src/future/future.rs:123:9
[INFO] [stdout]   25:     0x63cdc30b25cf - tokio::runtime::scheduler::current_thread::CoreGuard::block_on::{{closure}}::{{closure}}::{{closure}}::h58069b809568cf17
[INFO] [stdout]                                at /opt/rustwide/cargo-home/registry/src/index.crates.io-6f17d22bba15001f/tokio-1.21.0/src/runtime/scheduler/current_thread.rs:525:48
[INFO] [stdout]   26:     0x63cdc30996fc - tokio::coop::with_budget::{{closure}}::h01c4a1d4155be8ec
[INFO] [stdout]                                at /opt/rustwide/cargo-home/registry/src/index.crates.io-6f17d22bba15001f/tokio-1.21.0/src/coop.rs:102:9
[INFO] [stdout]   27:     0x63cdc30bb444 - std::thread::local::LocalKey<T>::try_with::h23ade96b3614f653
[INFO] [stdout]                                at /rustc/df4ca44d3fbc9301ee17f30f4d474e6ae4b05252/library/std/src/thread/local.rs:283:12
[INFO] [stdout]   28:     0x63cdc30bac5a - std::thread::local::LocalKey<T>::with::h32ee91109ec23d65
[INFO] [stdout]                                at /rustc/df4ca44d3fbc9301ee17f30f4d474e6ae4b05252/library/std/src/thread/local.rs:260:9
[INFO] [stdout]   29:     0x63cdc30b1e82 - tokio::coop::with_budget::ha92238e5e0239c97
[INFO] [stdout]                                at /opt/rustwide/cargo-home/registry/src/index.crates.io-6f17d22bba15001f/tokio-1.21.0/src/coop.rs:95:5
[INFO] [stdout]   30:     0x63cdc30b1e82 - tokio::coop::budget::hf180ba35b5d6c3b8
[INFO] [stdout]                                at /opt/rustwide/cargo-home/registry/src/index.crates.io-6f17d22bba15001f/tokio-1.21.0/src/coop.rs:72:5
[INFO] [stdout]   31:     0x63cdc30b1e82 - tokio::runtime::scheduler::current_thread::CoreGuard::block_on::{{closure}}::{{closure}}::h149833d3c70d304f
[INFO] [stdout]                                at /opt/rustwide/cargo-home/registry/src/index.crates.io-6f17d22bba15001f/tokio-1.21.0/src/runtime/scheduler/current_thread.rs:525:25
[INFO] [stdout]   32:     0x63cdc30aacaa - tokio::runtime::scheduler::current_thread::Context::enter::h1ce28d79973fb325
[INFO] [stdout]                                at /opt/rustwide/cargo-home/registry/src/index.crates.io-6f17d22bba15001f/tokio-1.21.0/src/runtime/scheduler/current_thread.rs:349:19
[INFO] [stdout]   33:     0x63cdc30af4b7 - tokio::runtime::scheduler::current_thread::CoreGuard::block_on::{{closure}}::h37d13e656c10c9c5
[INFO] [stdout]                                at /opt/rustwide/cargo-home/registry/src/index.crates.io-6f17d22bba15001f/tokio-1.21.0/src/runtime/scheduler/current_thread.rs:524:36
[INFO] [stdout]   34:     0x63cdc30ae6fb - tokio::runtime::scheduler::current_thread::CoreGuard::enter::{{closure}}::h2d3cb18d3d45311f
[INFO] [stdout]                                at /opt/rustwide/cargo-home/registry/src/index.crates.io-6f17d22bba15001f/tokio-1.21.0/src/runtime/scheduler/current_thread.rs:595:57
[INFO] [stdout]   35:     0x63cdc308c6fa - tokio::macros::scoped_tls::ScopedKey<T>::set::h7ada9cf9904867e4
[INFO] [stdout]                                at /opt/rustwide/cargo-home/registry/src/index.crates.io-6f17d22bba15001f/tokio-1.21.0/src/macros/scoped_tls.rs:61:9
[INFO] [stdout]   36:     0x63cdc30adc34 - tokio::runtime::scheduler::current_thread::CoreGuard::enter::hb71dbd9154470b94
[INFO] [stdout]                                at /opt/rustwide/cargo-home/registry/src/index.crates.io-6f17d22bba15001f/tokio-1.21.0/src/runtime/scheduler/current_thread.rs:595:27
[INFO] [stdout]   37:     0x63cdc30ae952 - tokio::runtime::scheduler::current_thread::CoreGuard::block_on::hd47ff8134397e069
[INFO] [stdout]                                at /opt/rustwide/cargo-home/registry/src/index.crates.io-6f17d22bba15001f/tokio-1.21.0/src/runtime/scheduler/current_thread.rs:515:19
[INFO] [stdout]   38:     0x63cdc30a8ab4 - tokio::runtime::scheduler::current_thread::CurrentThread::block_on::hae96c96975983822
[INFO] [stdout]                                at /opt/rustwide/cargo-home/registry/src/index.crates.io-6f17d22bba15001f/tokio-1.21.0/src/runtime/scheduler/current_thread.rs:161:24
[INFO] [stdout]   39:     0x63cdc30938eb - tokio::runtime::Runtime::block_on::h1b7c53dc51d02d93
[INFO] [stdout]                                at /opt/rustwide/cargo-home/registry/src/index.crates.io-6f17d22bba15001f/tokio-1.21.0/src/runtime/mod.rs:490:46
[INFO] [stdout]   40:     0x63cdc30a3928 - qywx_dumper::api::tests::get_agent_list_test::heb760c05ceb5607a
[INFO] [stdout]                                at /opt/rustwide/workdir/src/api/mod.rs:242:5
[INFO] [stdout]   41:     0x63cdc30a37d7 - qywx_dumper::api::tests::get_agent_list_test::{{closure}}::h818cc009d3a7825e
[INFO] [stdout]                                at /opt/rustwide/workdir/src/api/mod.rs:239:37
[INFO] [stdout]   42:     0x63cdc30b2a26 - core::ops::function::FnOnce::call_once::h5d5b58af616f6fdf
[INFO] [stdout]                                at /rustc/df4ca44d3fbc9301ee17f30f4d474e6ae4b05252/library/core/src/ops/function.rs:250:5
[INFO] [stdout]   43:     0x63cdc323522b - core::ops::function::FnOnce::call_once::h22c3ba5715e93f05
[INFO] [stdout]                                at /rustc/df4ca44d3fbc9301ee17f30f4d474e6ae4b05252/library/core/src/ops/function.rs:250:5
[INFO] [stdout]   44:     0x63cdc323522b - test::__rust_begin_short_backtrace::h8e82d8113d0da17f
[INFO] [stdout]                                at /rustc/df4ca44d3fbc9301ee17f30f4d474e6ae4b05252/library/test/src/lib.rs:621:18
[INFO] [stdout]   45:     0x63cdc3234ba7 - test::run_test_in_process::{{closure}}::h33235f4f20b7b7c7
[INFO] [stdout]                                at /rustc/df4ca44d3fbc9301ee17f30f4d474e6ae4b05252/library/test/src/lib.rs:644:60
[INFO] [stdout]   46:     0x63cdc3234ba7 - <core::panic::unwind_safe::AssertUnwindSafe<F> as core::ops::function::FnOnce<()>>::call_once::hb5043206310c586f
[INFO] [stdout]                                at /rustc/df4ca44d3fbc9301ee17f30f4d474e6ae4b05252/library/core/src/panic/unwind_safe.rs:272:9
[INFO] [stdout]   47:     0x63cdc3234ba7 - std::panicking::try::do_call::h9ad4731a60ab23e2
[INFO] [stdout]                                at /rustc/df4ca44d3fbc9301ee17f30f4d474e6ae4b05252/library/std/src/panicking.rs:557:40
[INFO] [stdout]   48:     0x63cdc3234ba7 - std::panicking::try::h3824d23db772a716
[INFO] [stdout]                                at /rustc/df4ca44d3fbc9301ee17f30f4d474e6ae4b05252/library/std/src/panicking.rs:520:19
[INFO] [stdout]   49:     0x63cdc3234ba7 - std::panic::catch_unwind::h5afd514605fde46b
[INFO] [stdout]                                at /rustc/df4ca44d3fbc9301ee17f30f4d474e6ae4b05252/library/std/src/panic.rs:358:14
[INFO] [stdout]   50:     0x63cdc3234ba7 - test::run_test_in_process::h0d5cbfa7067d1720
[INFO] [stdout]                                at /rustc/df4ca44d3fbc9301ee17f30f4d474e6ae4b05252/library/test/src/lib.rs:644:27
[INFO] [stdout]   51:     0x63cdc3234ba7 - test::run_test::{{closure}}::h708eb8872708115d
[INFO] [stdout]                                at /rustc/df4ca44d3fbc9301ee17f30f4d474e6ae4b05252/library/test/src/lib.rs:565:43
[INFO] [stdout]   52:     0x63cdc31f82c4 - test::run_test::{{closure}}::h392c51cee94713ab
[INFO] [stdout]                                at /rustc/df4ca44d3fbc9301ee17f30f4d474e6ae4b05252/library/test/src/lib.rs:595:41
[INFO] [stdout]   53:     0x63cdc31f82c4 - std::sys::backtrace::__rust_begin_short_backtrace::h2f40290710935a8b
[INFO] [stdout]                                at /rustc/df4ca44d3fbc9301ee17f30f4d474e6ae4b05252/library/std/src/sys/backtrace.rs:154:18
[INFO] [stdout]   54:     0x63cdc31fba6e - std::thread::Builder::spawn_unchecked_::{{closure}}::{{closure}}::h3fd968d89053a903
[INFO] [stdout]                                at /rustc/df4ca44d3fbc9301ee17f30f4d474e6ae4b05252/library/std/src/thread/mod.rs:541:17
[INFO] [stdout]   55:     0x63cdc31fba6e - <core::panic::unwind_safe::AssertUnwindSafe<F> as core::ops::function::FnOnce<()>>::call_once::h743f637ba4229880
[INFO] [stdout]                                at /rustc/df4ca44d3fbc9301ee17f30f4d474e6ae4b05252/library/core/src/panic/unwind_safe.rs:272:9
[INFO] [stdout]   56:     0x63cdc31fba6e - std::panicking::try::do_call::h07440897322525a6
[INFO] [stdout]                                at /rustc/df4ca44d3fbc9301ee17f30f4d474e6ae4b05252/library/std/src/panicking.rs:557:40
[INFO] [stdout]   57:     0x63cdc31fba6e - std::panicking::try::he5a2e00188156637
[INFO] [stdout]                                at /rustc/df4ca44d3fbc9301ee17f30f4d474e6ae4b05252/library/std/src/panicking.rs:520:19
[INFO] [stdout]   58:     0x63cdc31fba6e - std::panic::catch_unwind::hbaf3cae49b3c6433
[INFO] [stdout]                                at /rustc/df4ca44d3fbc9301ee17f30f4d474e6ae4b05252/library/std/src/panic.rs:358:14
[INFO] [stdout]   59:     0x63cdc31fba6e - std::thread::Builder::spawn_unchecked_::{{closure}}::h8e141ea224820bce
[INFO] [stdout]                                at /rustc/df4ca44d3fbc9301ee17f30f4d474e6ae4b05252/library/std/src/thread/mod.rs:540:30
[INFO] [stdout]   60:     0x63cdc31fba6e - core::ops::function::FnOnce::call_once{{vtable.shim}}::h90d312fedd7b8ea8
[INFO] [stdout]                                at /rustc/df4ca44d3fbc9301ee17f30f4d474e6ae4b05252/library/core/src/ops/function.rs:250:5
[INFO] [stdout]   61:     0x63cdc36a5f1b - <alloc::boxed::Box<F,A> as core::ops::function::FnOnce<Args>>::call_once::h69aa08ddb6adb8b6
[INFO] [stdout]                                at /rustc/df4ca44d3fbc9301ee17f30f4d474e6ae4b05252/library/alloc/src/boxed.rs:2454:9
[INFO] [stdout]   62:     0x63cdc36a5f1b - <alloc::boxed::Box<F,A> as core::ops::function::FnOnce<Args>>::call_once::h5aa36efdb79c806f
[INFO] [stdout]                                at /rustc/df4ca44d3fbc9301ee17f30f4d474e6ae4b05252/library/alloc/src/boxed.rs:2454:9
[INFO] [stdout]   63:     0x63cdc36a5f1b - std::sys::pal::unix::thread::Thread::new::thread_start::h6cd80a1b4be5158d
[INFO] [stdout]                                at /rustc/df4ca44d3fbc9301ee17f30f4d474e6ae4b05252/library/std/src/sys/pal/unix/thread.rs:105:17
[INFO] [stdout]   64:     0x7eaf21f58ac3 - <unknown>
[INFO] [stdout]   65:     0x7eaf21fe9a04 - clone
[INFO] [stdout]   66:                0x0 - <unknown>
[INFO] [stdout] 
[INFO] [stdout] ---- api::tests::get_department_members_test stdout ----
[INFO] [stdout] thread 'api::tests::get_department_members_test' panicked at /opt/rustwide/cargo-home/registry/src/index.crates.io-6f17d22bba15001f/pretty_env_logger-0.4.0/src/lib.rs:61:16:
[INFO] [stdout] called `Result::unwrap()` on an `Err` value: SetLoggerError(())
[INFO] [stdout] stack backtrace:
[INFO] [stdout]    0:     0x63cdc36a015a - std::backtrace_rs::backtrace::libunwind::trace::h207520d6e9873551
[INFO] [stdout]                                at /rustc/df4ca44d3fbc9301ee17f30f4d474e6ae4b05252/library/std/src/../../backtrace/src/backtrace/libunwind.rs:116:5
[INFO] [stdout]    1:     0x63cdc36a015a - std::backtrace_rs::backtrace::trace_unsynchronized::h2ed7433f370e3eca
[INFO] [stdout]                                at /rustc/df4ca44d3fbc9301ee17f30f4d474e6ae4b05252/library/std/src/../../backtrace/src/backtrace/mod.rs:66:5
[INFO] [stdout]    2:     0x63cdc36a015a - std::sys::backtrace::_print_fmt::h916fac51166b18d7
[INFO] [stdout]                                at /rustc/df4ca44d3fbc9301ee17f30f4d474e6ae4b05252/library/std/src/sys/backtrace.rs:66:9
[INFO] [stdout]    3:     0x63cdc36a015a - <std::sys::backtrace::BacktraceLock::print::DisplayBacktrace as core::fmt::Display>::fmt::ha0a4c9b8ce3802e6
[INFO] [stdout]                                at /rustc/df4ca44d3fbc9301ee17f30f4d474e6ae4b05252/library/std/src/sys/backtrace.rs:39:26
[INFO] [stdout]    4:     0x63cdc36c9f13 - core::fmt::rt::Argument::fmt::h4cfc8587d52b3eb5
[INFO] [stdout]                                at /rustc/df4ca44d3fbc9301ee17f30f4d474e6ae4b05252/library/core/src/fmt/rt.rs:177:76
[INFO] [stdout]    5:     0x63cdc36c9f13 - core::fmt::write::h522cc39e5b36ae9f
[INFO] [stdout]                                at /rustc/df4ca44d3fbc9301ee17f30f4d474e6ae4b05252/library/core/src/fmt/mod.rs:1190:21
[INFO] [stdout]    6:     0x63cdc369c193 - std::io::Write::write_fmt::h7d3c26752da97734
[INFO] [stdout]                                at /rustc/df4ca44d3fbc9301ee17f30f4d474e6ae4b05252/library/std/src/io/mod.rs:1839:15
[INFO] [stdout]    7:     0x63cdc369ffa2 - std::sys::backtrace::BacktraceLock::print::h4b9e00b29e9c0942
[INFO] [stdout]                                at /rustc/df4ca44d3fbc9301ee17f30f4d474e6ae4b05252/library/std/src/sys/backtrace.rs:42:9
[INFO] [stdout]    8:     0x63cdc36a15ea - std::panicking::default_hook::{{closure}}::hb59b88280d0324d9
[INFO] [stdout]                                at /rustc/df4ca44d3fbc9301ee17f30f4d474e6ae4b05252/library/std/src/panicking.rs:268:22
[INFO] [stdout]    9:     0x63cdc36a13f4 - std::panicking::default_hook::he1dd496665be4a29
[INFO] [stdout]                                at /rustc/df4ca44d3fbc9301ee17f30f4d474e6ae4b05252/library/std/src/panicking.rs:292:9
[INFO] [stdout]   10:     0x63cdc3230959 - <alloc::boxed::Box<F,A> as core::ops::function::Fn<Args>>::call::h4ff71de18744e1dc
[INFO] [stdout]                                at /rustc/df4ca44d3fbc9301ee17f30f4d474e6ae4b05252/library/alloc/src/boxed.rs:2468:9
[INFO] [stdout]   11:     0x63cdc3230959 - test::test_main::{{closure}}::hcf7c055ce117aa81
[INFO] [stdout]                                at /rustc/df4ca44d3fbc9301ee17f30f4d474e6ae4b05252/library/test/src/lib.rs:133:21
[INFO] [stdout]   12:     0x63cdc36a1ce8 - <alloc::boxed::Box<F,A> as core::ops::function::Fn<Args>>::call::h1d66c6bbd60c9692
[INFO] [stdout]                                at /rustc/df4ca44d3fbc9301ee17f30f4d474e6ae4b05252/library/alloc/src/boxed.rs:2468:9
[INFO] [stdout]   13:     0x63cdc36a1ce8 - std::panicking::rust_panic_with_hook::h2ff17fe8f26dfcf8
[INFO] [stdout]                                at /rustc/df4ca44d3fbc9301ee17f30f4d474e6ae4b05252/library/std/src/panicking.rs:809:13
[INFO] [stdout]   14:     0x63cdc36a1aaa - std::panicking::begin_panic_handler::{{closure}}::h4fad77951c07e101
[INFO] [stdout]                                at /rustc/df4ca44d3fbc9301ee17f30f4d474e6ae4b05252/library/std/src/panicking.rs:674:13
[INFO] [stdout]   15:     0x63cdc36a0639 - std::sys::backtrace::__rust_end_short_backtrace::hb1a25b3da5d0ea08
[INFO] [stdout]                                at /rustc/df4ca44d3fbc9301ee17f30f4d474e6ae4b05252/library/std/src/sys/backtrace.rs:170:18
[INFO] [stdout]   16:     0x63cdc36a173c - rust_begin_unwind
[INFO] [stdout]                                at /rustc/df4ca44d3fbc9301ee17f30f4d474e6ae4b05252/library/std/src/panicking.rs:665:5
[INFO] [stdout]   17:     0x63cdc36c8120 - core::panicking::panic_fmt::ha9db07b529f9b256
[INFO] [stdout]                                at /rustc/df4ca44d3fbc9301ee17f30f4d474e6ae4b05252/library/core/src/panicking.rs:75:14
[INFO] [stdout]   18:     0x63cdc36c85a6 - core::result::unwrap_failed::h5e8218e4d4338b8a
[INFO] [stdout]                                at /rustc/df4ca44d3fbc9301ee17f30f4d474e6ae4b05252/library/core/src/result.rs:1698:5
[INFO] [stdout]   19:     0x63cdc30be587 - core::result::Result<T,E>::unwrap::h809796ff2086af8e
[INFO] [stdout]                                at /rustc/df4ca44d3fbc9301ee17f30f4d474e6ae4b05252/library/core/src/result.rs:1103:23
[INFO] [stdout]   20:     0x63cdc30be587 - pretty_env_logger::init::h2793c57d19850cdf
[INFO] [stdout]                                at /opt/rustwide/cargo-home/registry/src/index.crates.io-6f17d22bba15001f/pretty_env_logger-0.4.0/src/lib.rs:61:5
[INFO] [stdout]   21:     0x63cdc30a371a - qywx_dumper::init_logger::h0f1034ddda4592a8
[INFO] [stdout]                                at /opt/rustwide/workdir/src/main.rs:399:3
[INFO] [stdout]   22:     0x63cdc30a230e - qywx_dumper::api::tests::client::{{closure}}::h17622a2fad69e081
[INFO] [stdout]                                at /opt/rustwide/workdir/src/api/mod.rs:213:5
[INFO] [stdout]   23:     0x63cdc30a4d0c - qywx_dumper::api::tests::get_department_members_test::{{closure}}::h9ae44802fb99f6d1
[INFO] [stdout]                                at /opt/rustwide/workdir/src/api/mod.rs:254:24
[INFO] [stdout]   24:     0x63cdc308e15d - <core::pin::Pin<P> as core::future::future::Future>::poll::h2f52fb0308a2aa88
[INFO] [stdout]                                at /rustc/df4ca44d3fbc9301ee17f30f4d474e6ae4b05252/library/core/src/future/future.rs:123:9
[INFO] [stdout]   25:     0x63cdc30b258f - tokio::runtime::scheduler::current_thread::CoreGuard::block_on::{{closure}}::{{closure}}::{{closure}}::h0f0746b1d23999f4
[INFO] [stdout]                                at /opt/rustwide/cargo-home/registry/src/index.crates.io-6f17d22bba15001f/tokio-1.21.0/src/runtime/scheduler/current_thread.rs:525:48
[INFO] [stdout]   26:     0x63cdc309a6ec - tokio::coop::with_budget::{{closure}}::haccde44c7e5aaeb9
[INFO] [stdout]                                at /opt/rustwide/cargo-home/registry/src/index.crates.io-6f17d22bba15001f/tokio-1.21.0/src/coop.rs:102:9
[INFO] [stdout]   27:     0x63cdc30bb574 - std::thread::local::LocalKey<T>::try_with::h281b09aab508686a
[INFO] [stdout]                                at /rustc/df4ca44d3fbc9301ee17f30f4d474e6ae4b05252/library/std/src/thread/local.rs:283:12
[INFO] [stdout]   28:     0x63cdc30bacba - std::thread::local::LocalKey<T>::with::h42d70682aa4ab667
[INFO] [stdout]                                at /rustc/df4ca44d3fbc9301ee17f30f4d474e6ae4b05252/library/std/src/thread/local.rs:260:9
[INFO] [stdout]   29:     0x63cdc30b23a2 - tokio::coop::with_budget::hd16a6845438e9cfc
[INFO] [stdout]                                at /opt/rustwide/cargo-home/registry/src/index.crates.io-6f17d22bba15001f/tokio-1.21.0/src/coop.rs:95:5
[INFO] [stdout]   30:     0x63cdc30b23a2 - tokio::coop::budget::h901fc1b76bb66af5
[INFO] [stdout]                                at /opt/rustwide/cargo-home/registry/src/index.crates.io-6f17d22bba15001f/tokio-1.21.0/src/coop.rs:72:5
[INFO] [stdout]   31:     0x63cdc30b23a2 - tokio::runtime::scheduler::current_thread::CoreGuard::block_on::{{closure}}::{{closure}}::he42041ab135bc89a
[INFO] [stdout]                                at /opt/rustwide/cargo-home/registry/src/index.crates.io-6f17d22bba15001f/tokio-1.21.0/src/runtime/scheduler/current_thread.rs:525:25
[INFO] [stdout]   32:     0x63cdc30ac34a - tokio::runtime::scheduler::current_thread::Context::enter::hfd276668c0ca65e4
[INFO] [stdout]                                at /opt/rustwide/cargo-home/registry/src/index.crates.io-6f17d22bba15001f/tokio-1.21.0/src/runtime/scheduler/current_thread.rs:349:19
[INFO] [stdout]   33:     0x63cdc30afd57 - tokio::runtime::scheduler::current_thread::CoreGuard::block_on::{{closure}}::h4e2b4d0b16648927
[INFO] [stdout]                                at /opt/rustwide/cargo-home/registry/src/index.crates.io-6f17d22bba15001f/tokio-1.21.0/src/runtime/scheduler/current_thread.rs:524:36
[INFO] [stdout]   34:     0x63cdc30ae7bb - tokio::runtime::scheduler::current_thread::CoreGuard::enter::{{closure}}::hc450ebe7ba4fef1a
[INFO] [stdout]                                at /opt/rustwide/cargo-home/registry/src/index.crates.io-6f17d22bba15001f/tokio-1.21.0/src/runtime/scheduler/current_thread.rs:595:57
[INFO] [stdout]   35:     0x63cdc308c5ea - tokio::macros::scoped_tls::ScopedKey<T>::set::h6cb8e2e9d72650ab
[INFO] [stdout]                                at /opt/rustwide/cargo-home/registry/src/index.crates.io-6f17d22bba15001f/tokio-1.21.0/src/macros/scoped_tls.rs:61:9
[INFO] [stdout]   36:     0x63cdc30ad3f4 - tokio::runtime::scheduler::current_thread::CoreGuard::enter::h130cdaa2ae5ba08e
[INFO] [stdout]                                at /opt/rustwide/cargo-home/registry/src/index.crates.io-6f17d22bba15001f/tokio-1.21.0/src/runtime/scheduler/current_thread.rs:595:27
[INFO] [stdout]   37:     0x63cdc30ae9a2 - tokio::runtime::scheduler::current_thread::CoreGuard::block_on::hef94f2f4673c641a
[INFO] [stdout]                                at /opt/rustwide/cargo-home/registry/src/index.crates.io-6f17d22bba15001f/tokio-1.21.0/src/runtime/scheduler/current_thread.rs:515:19
[INFO] [stdout]   38:     0x63cdc30a8f54 - tokio::runtime::scheduler::current_thread::CurrentThread::block_on::hb4176243decd741f
[INFO] [stdout]                                at /opt/rustwide/cargo-home/registry/src/index.crates.io-6f17d22bba15001f/tokio-1.21.0/src/runtime/scheduler/current_thread.rs:161:24
[INFO] [stdout]   39:     0x63cdc3093e8b - tokio::runtime::Runtime::block_on::h6f200cf581d775d2
[INFO] [stdout]                                at /opt/rustwide/cargo-home/registry/src/index.crates.io-6f17d22bba15001f/tokio-1.21.0/src/runtime/mod.rs:490:46
[INFO] [stdout]   40:     0x63cdc30a4ad8 - qywx_dumper::api::tests::get_department_members_test::h2b126c910b6d72f3
[INFO] [stdout]                                at /opt/rustwide/workdir/src/api/mod.rs:259:5
[INFO] [stdout]   41:     0x63cdc30a4987 - qywx_dumper::api::tests::get_department_members_test::{{closure}}::hf44e3b933033ebda
[INFO] [stdout]                                at /opt/rustwide/workdir/src/api/mod.rs:253:45
[INFO] [stdout]   42:     0x63cdc30b2d86 - core::ops::function::FnOnce::call_once::hd67534c3f6248f8d
[INFO] [stdout]                                at /rustc/df4ca44d3fbc9301ee17f30f4d474e6ae4b05252/library/core/src/ops/function.rs:250:5
[INFO] [stdout]   43:     0x63cdc323522b - core::ops::function::FnOnce::call_once::h22c3ba5715e93f05
[INFO] [stdout]                                at /rustc/df4ca44d3fbc9301ee17f30f4d474e6ae4b05252/library/core/src/ops/function.rs:250:5
[INFO] [stdout]   44:     0x63cdc323522b - test::__rust_begin_short_backtrace::h8e82d8113d0da17f
[INFO] [stdout]                                at /rustc/df4ca44d3fbc9301ee17f30f4d474e6ae4b05252/library/test/src/lib.rs:621:18
[INFO] [stdout]   45:     0x63cdc3234ba7 - test::run_test_in_process::{{closure}}::h33235f4f20b7b7c7
[INFO] [stdout]                                at /rustc/df4ca44d3fbc9301ee17f30f4d474e6ae4b05252/library/test/src/lib.rs:644:60
[INFO] [stdout]   46:     0x63cdc3234ba7 - <core::panic::unwind_safe::AssertUnwindSafe<F> as core::ops::function::FnOnce<()>>::call_once::hb5043206310c586f
[INFO] [stdout]                                at /rustc/df4ca44d3fbc9301ee17f30f4d474e6ae4b05252/library/core/src/panic/unwind_safe.rs:272:9
[INFO] [stdout]   47:     0x63cdc3234ba7 - std::panicking::try::do_call::h9ad4731a60ab23e2
[INFO] [stdout]                                at /rustc/df4ca44d3fbc9301ee17f30f4d474e6ae4b05252/library/std/src/panicking.rs:557:40
[INFO] [stdout]   48:     0x63cdc3234ba7 - std::panicking::try::h3824d23db772a716
[INFO] [stdout]                                at /rustc/df4ca44d3fbc9301ee17f30f4d474e6ae4b05252/library/std/src/panicking.rs:520:19
[INFO] [stdout]   49:     0x63cdc3234ba7 - std::panic::catch_unwind::h5afd514605fde46b
[INFO] [stdout]                                at /rustc/df4ca44d3fbc9301ee17f30f4d474e6ae4b05252/library/std/src/panic.rs:358:14
[INFO] [stdout]   50:     0x63cdc3234ba7 - test::run_test_in_process::h0d5cbfa7067d1720
[INFO] [stdout]                                at /rustc/df4ca44d3fbc9301ee17f30f4d474e6ae4b05252/library/test/src/lib.rs:644:27
[INFO] [stdout]   51:     0x63cdc3234ba7 - test::run_test::{{closure}}::h708eb8872708115d
[INFO] [stdout]                                at /rustc/df4ca44d3fbc9301ee17f30f4d474e6ae4b05252/library/test/src/lib.rs:565:43
[INFO] [stdout]   52:     0x63cdc31f82c4 - test::run_test::{{closure}}::h392c51cee94713ab
[INFO] [stdout]                                at /rustc/df4ca44d3fbc9301ee17f30f4d474e6ae4b05252/library/test/src/lib.rs:595:41
[INFO] [stdout]   53:     0x63cdc31f82c4 - std::sys::backtrace::__rust_begin_short_backtrace::h2f40290710935a8b
[INFO] [stdout]                                at /rustc/df4ca44d3fbc9301ee17f30f4d474e6ae4b05252/library/std/src/sys/backtrace.rs:154:18
[INFO] [stdout]   54:     0x63cdc31fba6e - std::thread::Builder::spawn_unchecked_::{{closure}}::{{closure}}::h3fd968d89053a903
[INFO] [stdout]                                at /rustc/df4ca44d3fbc9301ee17f30f4d474e6ae4b05252/library/std/src/thread/mod.rs:541:17
[INFO] [stdout]   55:     0x63cdc31fba6e - <core::panic::unwind_safe::AssertUnwindSafe<F> as core::ops::function::FnOnce<()>>::call_once::h743f637ba4229880
[INFO] [stdout]                                at /rustc/df4ca44d3fbc9301ee17f30f4d474e6ae4b05252/library/core/src/panic/unwind_safe.rs:272:9
[INFO] [stdout]   56:     0x63cdc31fba6e - std::panicking::try::do_call::h07440897322525a6
[INFO] [stdout]                                at /rustc/df4ca44d3fbc9301ee17f30f4d474e6ae4b05252/library/std/src/panicking.rs:557:40
[INFO] [stdout]   57:     0x63cdc31fba6e - std::panicking::try::he5a2e00188156637
[INFO] [stdout]                                at /rustc/df4ca44d3fbc9301ee17f30f4d474e6ae4b05252/library/std/src/panicking.rs:520:19
[INFO] [stdout]   58:     0x63cdc31fba6e - std::panic::catch_unwind::hbaf3cae49b3c6433
[INFO] [stdout]                                at /rustc/df4ca44d3fbc9301ee17f30f4d474e6ae4b05252/library/std/src/panic.rs:358:14
[INFO] [stdout]   59:     0x63cdc31fba6e - std::thread::Builder::spawn_unchecked_::{{closure}}::h8e141ea224820bce
[INFO] [stdout]                                at /rustc/df4ca44d3fbc9301ee17f30f4d474e6ae4b05252/library/std/src/thread/mod.rs:540:30
[INFO] [stdout]   60:     0x63cdc31fba6e - core::ops::function::FnOnce::call_once{{vtable.shim}}::h90d312fedd7b8ea8
[INFO] [stdout]                                at /rustc/df4ca44d3fbc9301ee17f30f4d474e6ae4b05252/library/core/src/ops/function.rs:250:5
[INFO] [stdout]   61:     0x63cdc36a5f1b - <alloc::boxed::Box<F,A> as core::ops::function::FnOnce<Args>>::call_once::h69aa08ddb6adb8b6
[INFO] [stdout]                                at /rustc/df4ca44d3fbc9301ee17f30f4d474e6ae4b05252/library/alloc/src/boxed.rs:2454:9
[INFO] [stdout]   62:     0x63cdc36a5f1b - <alloc::boxed::Box<F,A> as core::ops::function::FnOnce<Args>>::call_once::h5aa36efdb79c806f
[INFO] [stdout]                                at /rustc/df4ca44d3fbc9301ee17f30f4d474e6ae4b05252/library/alloc/src/boxed.rs:2454:9
[INFO] [stdout]   63:     0x63cdc36a5f1b - std::sys::pal::unix::thread::Thread::new::thread_start::h6cd80a1b4be5158d
[INFO] [stdout]                                at /rustc/df4ca44d3fbc9301ee17f30f4d474e6ae4b05252/library/std/src/sys/pal/unix/thread.rs:105:17
[INFO] [stdout]   64:     0x7eaf21f58ac3 - <unknown>
[INFO] [stdout]   65:     0x7eaf21fe9a04 - clone
[INFO] [stdout]   66:                0x0 - <unknown>
[INFO] [stdout] 
[INFO] [stdout] ---- api::tests::get_departments_test stdout ----
[INFO] [stdout] thread 'api::tests::get_departments_test' panicked at /opt/rustwide/cargo-home/registry/src/index.crates.io-6f17d22bba15001f/pretty_env_logger-0.4.0/src/lib.rs:61:16:
[INFO] [stdout] called `Result::unwrap()` on an `Err` value: SetLoggerError(())
[INFO] [stdout] stack backtrace:
[INFO] [stdout]    0:     0x63cdc36a015a - std::backtrace_rs::backtrace::libunwind::trace::h207520d6e9873551
[INFO] [stdout]                                at /rustc/df4ca44d3fbc9301ee17f30f4d474e6ae4b05252/library/std/src/../../backtrace/src/backtrace/libunwind.rs:116:5
[INFO] [stdout]    1:     0x63cdc36a015a - std::backtrace_rs::backtrace::trace_unsynchronized::h2ed7433f370e3eca
[INFO] [stdout]                                at /rustc/df4ca44d3fbc9301ee17f30f4d474e6ae4b05252/library/std/src/../../backtrace/src/backtrace/mod.rs:66:5
[INFO] [stdout]    2:     0x63cdc36a015a - std::sys::backtrace::_print_fmt::h916fac51166b18d7
[INFO] [stdout]                                at /rustc/df4ca44d3fbc9301ee17f30f4d474e6ae4b05252/library/std/src/sys/backtrace.rs:66:9
[INFO] [stdout]    3:     0x63cdc36a015a - <std::sys::backtrace::BacktraceLock::print::DisplayBacktrace as core::fmt::Display>::fmt::ha0a4c9b8ce3802e6
[INFO] [stdout]                                at /rustc/df4ca44d3fbc9301ee17f30f4d474e6ae4b05252/library/std/src/sys/backtrace.rs:39:26
[INFO] [stdout]    4:     0x63cdc36c9f13 - core::fmt::rt::Argument::fmt::h4cfc8587d52b3eb5
[INFO] [stdout]                                at /rustc/df4ca44d3fbc9301ee17f30f4d474e6ae4b05252/library/core/src/fmt/rt.rs:177:76
[INFO] [stdout]    5:     0x63cdc36c9f13 - core::fmt::write::h522cc39e5b36ae9f
[INFO] [stdout]                                at /rustc/df4ca44d3fbc9301ee17f30f4d474e6ae4b05252/library/core/src/fmt/mod.rs:1190:21
[INFO] [stdout]    6:     0x63cdc369c193 - std::io::Write::write_fmt::h7d3c26752da97734
[INFO] [stdout]                                at /rustc/df4ca44d3fbc9301ee17f30f4d474e6ae4b05252/library/std/src/io/mod.rs:1839:15
[INFO] [stdout]    7:     0x63cdc369ffa2 - std::sys::backtrace::BacktraceLock::print::h4b9e00b29e9c0942
[INFO] [stdout]                                at /rustc/df4ca44d3fbc9301ee17f30f4d474e6ae4b05252/library/std/src/sys/backtrace.rs:42:9
[INFO] [stdout]    8:     0x63cdc36a15ea - std::panicking::default_hook::{{closure}}::hb59b88280d0324d9
[INFO] [stdout]                                at /rustc/df4ca44d3fbc9301ee17f30f4d474e6ae4b05252/library/std/src/panicking.rs:268:22
[INFO] [stdout]    9:     0x63cdc36a13f4 - std::panicking::default_hook::he1dd496665be4a29
[INFO] [stdout]                                at /rustc/df4ca44d3fbc9301ee17f30f4d474e6ae4b05252/library/std/src/panicking.rs:292:9
[INFO] [stdout]   10:     0x63cdc3230959 - <alloc::boxed::Box<F,A> as core::ops::function::Fn<Args>>::call::h4ff71de18744e1dc
[INFO] [stdout]                                at /rustc/df4ca44d3fbc9301ee17f30f4d474e6ae4b05252/library/alloc/src/boxed.rs:2468:9
[INFO] [stdout]   11:     0x63cdc3230959 - test::test_main::{{closure}}::hcf7c055ce117aa81
[INFO] [stdout]                                at /rustc/df4ca44d3fbc9301ee17f30f4d474e6ae4b05252/library/test/src/lib.rs:133:21
[INFO] [stdout]   12:     0x63cdc36a1ce8 - <alloc::boxed::Box<F,A> as core::ops::function::Fn<Args>>::call::h1d66c6bbd60c9692
[INFO] [stdout]                                at /rustc/df4ca44d3fbc9301ee17f30f4d474e6ae4b05252/library/alloc/src/boxed.rs:2468:9
[INFO] [stdout]   13:     0x63cdc36a1ce8 - std::panicking::rust_panic_with_hook::h2ff17fe8f26dfcf8
[INFO] [stdout]                                at /rustc/df4ca44d3fbc9301ee17f30f4d474e6ae4b05252/library/std/src/panicking.rs:809:13
[INFO] [stdout]   14:     0x63cdc36a1aaa - std::panicking::begin_panic_handler::{{closure}}::h4fad77951c07e101
[INFO] [stdout]                                at /rustc/df4ca44d3fbc9301ee17f30f4d474e6ae4b05252/library/std/src/panicking.rs:674:13
[INFO] [stdout]   15:     0x63cdc36a0639 - std::sys::backtrace::__rust_end_short_backtrace::hb1a25b3da5d0ea08
[INFO] [stdout]                                at /rustc/df4ca44d3fbc9301ee17f30f4d474e6ae4b05252/library/std/src/sys/backtrace.rs:170:18
[INFO] [stdout]   16:     0x63cdc36a173c - rust_begin_unwind
[INFO] [stdout]                                at /rustc/df4ca44d3fbc9301ee17f30f4d474e6ae4b05252/library/std/src/panicking.rs:665:5
[INFO] [stdout]   17:     0x63cdc36c8120 - core::panicking::panic_fmt::ha9db07b529f9b256
[INFO] [stdout]                                at /rustc/df4ca44d3fbc9301ee17f30f4d474e6ae4b05252/library/core/src/panicking.rs:75:14
[INFO] [stdout]   18:     0x63cdc36c85a6 - core::result::unwrap_failed::h5e8218e4d4338b8a
[INFO] [stdout]                                at /rustc/df4ca44d3fbc9301ee17f30f4d474e6ae4b05252/library/core/src/result.rs:1698:5
[INFO] [stdout]   19:     0x63cdc30be587 - core::result::Result<T,E>::unwrap::h809796ff2086af8e
[INFO] [stdout]                                at /rustc/df4ca44d3fbc9301ee17f30f4d474e6ae4b05252/library/core/src/result.rs:1103:23
[INFO] [stdout]   20:     0x63cdc30be587 - pretty_env_logger::init::h2793c57d19850cdf
[INFO] [stdout]                                at /opt/rustwide/cargo-home/registry/src/index.crates.io-6f17d22bba15001f/pretty_env_logger-0.4.0/src/lib.rs:61:5
[INFO] [stdout]   21:     0x63cdc30a371a - qywx_dumper::init_logger::h0f1034ddda4592a8
[INFO] [stdout]                                at /opt/rustwide/workdir/src/main.rs:399:3
[INFO] [stdout]   22:     0x63cdc30a230e - qywx_dumper::api::tests::client::{{closure}}::h17622a2fad69e081
[INFO] [stdout]                                at /opt/rustwide/workdir/src/api/mod.rs:213:5
[INFO] [stdout]   23:     0x63cdc30a4426 - qywx_dumper::api::tests::get_departments_test::{{closure}}::hf12c94dc0e82a872
[INFO] [stdout]                                at /opt/rustwide/workdir/src/api/mod.rs:247:25
[INFO] [stdout]   24:     0x63cdc308e11d - <core::pin::Pin<P> as core::future::future::Future>::poll::h2a408c26b7298b3a
[INFO] [stdout]                                at /rustc/df4ca44d3fbc9301ee17f30f4d474e6ae4b05252/library/core/src/future/future.rs:123:9
[INFO] [stdout]   25:     0x63cdc30b268f - tokio::runtime::scheduler::current_thread::CoreGuard::block_on::{{closure}}::{{closure}}::{{closure}}::hec5464f0ab6061b7
[INFO] [stdout]                                at /opt/rustwide/cargo-home/registry/src/index.crates.io-6f17d22bba15001f/tokio-1.21.0/src/runtime/scheduler/current_thread.rs:525:48
[INFO] [stdout]   26:     0x63cdc3099d4c - tokio::coop::with_budget::{{closure}}::h51e3d8ca16dbe8b2
[INFO] [stdout]                                at /opt/rustwide/cargo-home/registry/src/index.crates.io-6f17d22bba15001f/tokio-1.21.0/src/coop.rs:102:9
[INFO] [stdout]   27:     0x63cdc30bc764 - std::thread::local::LocalKey<T>::try_with::h8462ad6dfd770551
[INFO] [stdout]                                at /rustc/df4ca44d3fbc9301ee17f30f4d474e6ae4b05252/library/std/src/thread/local.rs:283:12
[INFO] [stdout]   28:     0x63cdc30bb06a - std::thread::local::LocalKey<T>::with::hcf09e51030f3a043
[INFO] [stdout]                                at /rustc/df4ca44d3fbc9301ee17f30f4d474e6ae4b05252/library/std/src/thread/local.rs:260:9
[INFO] [stdout]   29:     0x63cdc30b24d2 - tokio::coop::with_budget::hc488b0d052aa3ed2
[INFO] [stdout]                                at /opt/rustwide/cargo-home/registry/src/index.crates.io-6f17d22bba15001f/tokio-1.21.0/src/coop.rs:95:5
[INFO] [stdout]   30:     0x63cdc30b24d2 - tokio::coop::budget::h543c3d0afbf170b8
[INFO] [stdout]                                at /opt/rustwide/cargo-home/registry/src/index.crates.io-6f17d22bba15001f/tokio-1.21.0/src/coop.rs:72:5
[INFO] [stdout]   31:     0x63cdc30b24d2 - tokio::runtime::scheduler::current_thread::CoreGuard::block_on::{{closure}}::{{closure}}::heaa80fec2f02671e
[INFO] [stdout]                                at /opt/rustwide/cargo-home/registry/src/index.crates.io-6f17d22bba15001f/tokio-1.21.0/src/runtime/scheduler/current_thread.rs:525:25
[INFO] [stdout]   32:     0x63cdc30ab04a - tokio::runtime::scheduler::current_thread::Context::enter::h5e1ce6cdd6dc9d9d
[INFO] [stdout]                                at /opt/rustwide/cargo-home/registry/src/index.crates.io-6f17d22bba15001f/tokio-1.21.0/src/runtime/scheduler/current_thread.rs:349:19
[INFO] [stdout]   33:     0x63cdc30b05f7 - tokio::runtime::scheduler::current_thread::CoreGuard::block_on::{{closure}}::h8864456f300bc384
[INFO] [stdout]                                at /opt/rustwide/cargo-home/registry/src/index.crates.io-6f17d22bba15001f/tokio-1.21.0/src/runtime/scheduler/current_thread.rs:524:36
[INFO] [stdout]   34:     0x63cdc30ae78b - tokio::runtime::scheduler::current_thread::CoreGuard::enter::{{closure}}::h9f2879d6e68cdc11
[INFO] [stdout]                                at /opt/rustwide/cargo-home/registry/src/index.crates.io-6f17d22bba15001f/tokio-1.21.0/src/runtime/scheduler/current_thread.rs:595:57
[INFO] [stdout]   35:     0x63cdc308cb3a - tokio::macros::scoped_tls::ScopedKey<T>::set::hfbd153ba96b3517d
[INFO] [stdout]                                at /opt/rustwide/cargo-home/registry/src/index.crates.io-6f17d22bba15001f/tokio-1.21.0/src/macros/scoped_tls.rs:61:9
[INFO] [stdout]   36:     0x63cdc30ad814 - tokio::runtime::scheduler::current_thread::CoreGuard::enter::h617a0a0a73032f7d
[INFO] [stdout]                                at /opt/rustwide/cargo-home/registry/src/index.crates.io-6f17d22bba15001f/tokio-1.21.0/src/runtime/scheduler/current_thread.rs:595:27
[INFO] [stdout]   37:     0x63cdc30ae862 - tokio::runtime::scheduler::current_thread::CoreGuard::block_on::h655eae8000e7775d
[INFO] [stdout]                                at /opt/rustwide/cargo-home/registry/src/index.crates.io-6f17d22bba15001f/tokio-1.21.0/src/runtime/scheduler/current_thread.rs:515:19
[INFO] [stdout]   38:     0x63cdc30a8174 - tokio::runtime::scheduler::current_thread::CurrentThread::block_on::h410cb3190217d797
[INFO] [stdout]                                at /opt/rustwide/cargo-home/registry/src/index.crates.io-6f17d22bba15001f/tokio-1.21.0/src/runtime/scheduler/current_thread.rs:161:24
[INFO] [stdout]   39:     0x63cdc309406b - tokio::runtime::Runtime::block_on::he1a993e0ca0c8629
[INFO] [stdout]                                at /opt/rustwide/cargo-home/registry/src/index.crates.io-6f17d22bba15001f/tokio-1.21.0/src/runtime/mod.rs:490:46
[INFO] [stdout]   40:     0x63cdc30a4208 - qywx_dumper::api::tests::get_departments_test::h7344c207d98faa52
[INFO] [stdout]                                at /opt/rustwide/workdir/src/api/mod.rs:249:5
[INFO] [stdout]   41:     0x63cdc30a40b7 - qywx_dumper::api::tests::get_departments_test::{{closure}}::ha328e476f65c0ac1
[INFO] [stdout]                                at /opt/rustwide/workdir/src/api/mod.rs:246:38
[INFO] [stdout]   42:     0x63cdc30b2c16 - core::ops::function::FnOnce::call_once::hac2e750160ea9904
[INFO] [stdout]                                at /rustc/df4ca44d3fbc9301ee17f30f4d474e6ae4b05252/library/core/src/ops/function.rs:250:5
[INFO] [stdout]   43:     0x63cdc323522b - core::ops::function::FnOnce::call_once::h22c3ba5715e93f05
[INFO] [stdout]                                at /rustc/df4ca44d3fbc9301ee17f30f4d474e6ae4b05252/library/core/src/ops/function.rs:250:5
[INFO] [stdout]   44:     0x63cdc323522b - test::__rust_begin_short_backtrace::h8e82d8113d0da17f
[INFO] [stdout]                                at /rustc/df4ca44d3fbc9301ee17f30f4d474e6ae4b05252/library/test/src/lib.rs:621:18
[INFO] [stdout]   45:     0x63cdc3234ba7 - test::run_test_in_process::{{closure}}::h33235f4f20b7b7c7
[INFO] [stdout]                                at /rustc/df4ca44d3fbc9301ee17f30f4d474e6ae4b05252/library/test/src/lib.rs:644:60
[INFO] [stdout]   46:     0x63cdc3234ba7 - <core::panic::unwind_safe::AssertUnwindSafe<F> as core::ops::function::FnOnce<()>>::call_once::hb5043206310c586f
[INFO] [stdout]                                at /rustc/df4ca44d3fbc9301ee17f30f4d474e6ae4b05252/library/core/src/panic/unwind_safe.rs:272:9
[INFO] [stdout]   47:     0x63cdc3234ba7 - std::panicking::try::do_call::h9ad4731a60ab23e2
[INFO] [stdout]                                at /rustc/df4ca44d3fbc9301ee17f30f4d474e6ae4b05252/library/std/src/panicking.rs:557:40
[INFO] [stdout]   48:     0x63cdc3234ba7 - std::panicking::try::h3824d23db772a716
[INFO] [stdout]                                at /rustc/df4ca44d3fbc9301ee17f30f4d474e6ae4b05252/library/std/src/panicking.rs:520:19
[INFO] [stdout]   49:     0x63cdc3234ba7 - std::panic::catch_unwind::h5afd514605fde46b
[INFO] [stdout]                                at /rustc/df4ca44d3fbc9301ee17f30f4d474e6ae4b05252/library/std/src/panic.rs:358:14
[INFO] [stdout]   50:     0x63cdc3234ba7 - test::run_test_in_process::h0d5cbfa7067d1720
[INFO] [stdout]                                at /rustc/df4ca44d3fbc9301ee17f30f4d474e6ae4b05252/library/test/src/lib.rs:644:27
[INFO] [stdout]   51:     0x63cdc3234ba7 - test::run_test::{{closure}}::h708eb8872708115d
[INFO] [stdout]                                at /rustc/df4ca44d3fbc9301ee17f30f4d474e6ae4b05252/library/test/src/lib.rs:565:43
[INFO] [stdout]   52:     0x63cdc31f82c4 - test::run_test::{{closure}}::h392c51cee94713ab
[INFO] [stdout]                                at /rustc/df4ca44d3fbc9301ee17f30f4d474e6ae4b05252/library/test/src/lib.rs:595:41
[INFO] [stdout]   53:     0x63cdc31f82c4 - std::sys::backtrace::__rust_begin_short_backtrace::h2f40290710935a8b
[INFO] [stdout]                                at /rustc/df4ca44d3fbc9301ee17f30f4d474e6ae4b05252/library/std/src/sys/backtrace.rs:154:18
[INFO] [stdout]   54:     0x63cdc31fba6e - std::thread::Builder::spawn_unchecked_::{{closure}}::{{closure}}::h3fd968d89053a903
[INFO] [stdout]                                at /rustc/df4ca44d3fbc9301ee17f30f4d474e6ae4b05252/library/std/src/thread/mod.rs:541:17
[INFO] [stdout]   55:     0x63cdc31fba6e - <core::panic::unwind_safe::AssertUnwindSafe<F> as core::ops::function::FnOnce<()>>::call_once::h743f637ba4229880
[INFO] [stdout]                                at /rustc/df4ca44d3fbc9301ee17f30f4d474e6ae4b05252/library/core/src/panic/unwind_safe.rs:272:9
[INFO] [stdout]   56:     0x63cdc31fba6e - std::panicking::try::do_call::h07440897322525a6
[INFO] [stdout]                                at /rustc/df4ca44d3fbc9301ee17f30f4d474e6ae4b05252/library/std/src/panicking.rs:557:40
[INFO] [stdout]   57:     0x63cdc31fba6e - std::panicking::try::he5a2e00188156637
[INFO] [stdout]                                at /rustc/df4ca44d3fbc9301ee17f30f4d474e6ae4b05252/library/std/src/panicking.rs:520:19
[INFO] [stdout]   58:     0x63cdc31fba6e - std::panic::catch_unwind::hbaf3cae49b3c6433
[INFO] [stdout]                                at /rustc/df4ca44d3fbc9301ee17f30f4d474e6ae4b05252/library/std/src/panic.rs:358:14
[INFO] [stdout]   59:     0x63cdc31fba6e - std::thread::Builder::spawn_unchecked_::{{closure}}::h8e141ea224820bce
[INFO] [stdout]                                at /rustc/df4ca44d3fbc9301ee17f30f4d474e6ae4b05252/library/std/src/thread/mod.rs:540:30
[INFO] [stdout]   60:     0x63cdc31fba6e - core::ops::function::FnOnce::call_once{{vtable.shim}}::h90d312fedd7b8ea8
[INFO] [stdout]                                at /rustc/df4ca44d3fbc9301ee17f30f4d474e6ae4b05252/library/core/src/ops/function.rs:250:5
[INFO] [stdout]   61:     0x63cdc36a5f1b - <alloc::boxed::Box<F,A> as core::ops::function::FnOnce<Args>>::call_once::h69aa08ddb6adb8b6
[INFO] [stdout]                                at /rustc/df4ca44d3fbc9301ee17f30f4d474e6ae4b05252/library/alloc/src/boxed.rs:2454:9
[INFO] [stdout]   62:     0x63cdc36a5f1b - <alloc::boxed::Box<F,A> as core::ops::function::FnOnce<Args>>::call_once::h5aa36efdb79c806f
[INFO] [stdout]                                at /rustc/df4ca44d3fbc9301ee17f30f4d474e6ae4b05252/library/alloc/src/boxed.rs:2454:9
[INFO] [stdout]   63:     0x63cdc36a5f1b - std::sys::pal::unix::thread::Thread::new::thread_start::h6cd80a1b4be5158d
[INFO] [stdout]                                at /rustc/df4ca44d3fbc9301ee17f30f4d474e6ae4b05252/library/std/src/sys/pal/unix/thread.rs:105:17
[INFO] [stdout]   64:     0x7eaf21f58ac3 - <unknown>
[INFO] [stdout]   65:     0x7eaf21fe9a04 - clone
[INFO] [stdout]   66:                0x0 - <unknown>
[INFO] [stdout] 
[INFO] [stdout] ---- api::tests::get_tags_test stdout ----
[INFO] [stdout] thread 'api::tests::get_tags_test' panicked at /opt/rustwide/cargo-home/registry/src/index.crates.io-6f17d22bba15001f/pretty_env_logger-0.4.0/src/lib.rs:61:16:
[INFO] [stdout] called `Result::unwrap()` on an `Err` value: SetLoggerError(())
[INFO] [stdout] stack backtrace:
[INFO] [stdout]    0:     0x63cdc36a015a - std::backtrace_rs::backtrace::libunwind::trace::h207520d6e9873551
[INFO] [stdout]                                at /rustc/df4ca44d3fbc9301ee17f30f4d474e6ae4b05252/library/std/src/../../backtrace/src/backtrace/libunwind.rs:116:5
[INFO] [stdout]    1:     0x63cdc36a015a - std::backtrace_rs::backtrace::trace_unsynchronized::h2ed7433f370e3eca
[INFO] [stdout]                                at /rustc/df4ca44d3fbc9301ee17f30f4d474e6ae4b05252/library/std/src/../../backtrace/src/backtrace/mod.rs:66:5
[INFO] [stdout]    2:     0x63cdc36a015a - std::sys::backtrace::_print_fmt::h916fac51166b18d7
[INFO] [stdout]                                at /rustc/df4ca44d3fbc9301ee17f30f4d474e6ae4b05252/library/std/src/sys/backtrace.rs:66:9
[INFO] [stdout]    3:     0x63cdc36a015a - <std::sys::backtrace::BacktraceLock::print::DisplayBacktrace as core::fmt::Display>::fmt::ha0a4c9b8ce3802e6
[INFO] [stdout]                                at /rustc/df4ca44d3fbc9301ee17f30f4d474e6ae4b05252/library/std/src/sys/backtrace.rs:39:26
[INFO] [stdout]    4:     0x63cdc36c9f13 - core::fmt::rt::Argument::fmt::h4cfc8587d52b3eb5
[INFO] [stdout]                                at /rustc/df4ca44d3fbc9301ee17f30f4d474e6ae4b05252/library/core/src/fmt/rt.rs:177:76
[INFO] [stdout]    5:     0x63cdc36c9f13 - core::fmt::write::h522cc39e5b36ae9f
[INFO] [stdout]                                at /rustc/df4ca44d3fbc9301ee17f30f4d474e6ae4b05252/library/core/src/fmt/mod.rs:1190:21
[INFO] [stdout]    6:     0x63cdc369c193 - std::io::Write::write_fmt::h7d3c26752da97734
[INFO] [stdout]                                at /rustc/df4ca44d3fbc9301ee17f30f4d474e6ae4b05252/library/std/src/io/mod.rs:1839:15
[INFO] [stdout]    7:     0x63cdc369ffa2 - std::sys::backtrace::BacktraceLock::print::h4b9e00b29e9c0942
[INFO] [stdout]                                at /rustc/df4ca44d3fbc9301ee17f30f4d474e6ae4b05252/library/std/src/sys/backtrace.rs:42:9
[INFO] [stdout]    8:     0x63cdc36a15ea - std::panicking::default_hook::{{closure}}::hb59b88280d0324d9
[INFO] [stdout]                                at /rustc/df4ca44d3fbc9301ee17f30f4d474e6ae4b05252/library/std/src/panicking.rs:268:22
[INFO] [stdout]    9:     0x63cdc36a13f4 - std::panicking::default_hook::he1dd496665be4a29
[INFO] [stdout]                                at /rustc/df4ca44d3fbc9301ee17f30f4d474e6ae4b05252/library/std/src/panicking.rs:292:9
[INFO] [stdout]   10:     0x63cdc3230959 - <alloc::boxed::Box<F,A> as core::ops::function::Fn<Args>>::call::h4ff71de18744e1dc
[INFO] [stdout]                                at /rustc/df4ca44d3fbc9301ee17f30f4d474e6ae4b05252/library/alloc/src/boxed.rs:2468:9
[INFO] [stdout]   11:     0x63cdc3230959 - test::test_main::{{closure}}::hcf7c055ce117aa81
[INFO] [stdout]                                at /rustc/df4ca44d3fbc9301ee17f30f4d474e6ae4b05252/library/test/src/lib.rs:133:21
[INFO] [stdout]   12:     0x63cdc36a1ce8 - <alloc::boxed::Box<F,A> as core::ops::function::Fn<Args>>::call::h1d66c6bbd60c9692
[INFO] [stdout]                                at /rustc/df4ca44d3fbc9301ee17f30f4d474e6ae4b05252/library/alloc/src/boxed.rs:2468:9
[INFO] [stdout]   13:     0x63cdc36a1ce8 - std::panicking::rust_panic_with_hook::h2ff17fe8f26dfcf8
[INFO] [stdout]                                at /rustc/df4ca44d3fbc9301ee17f30f4d474e6ae4b05252/library/std/src/panicking.rs:809:13
[INFO] [stdout]   14:     0x63cdc36a1aaa - std::panicking::begin_panic_handler::{{closure}}::h4fad77951c07e101
[INFO] [stdout]                                at /rustc/df4ca44d3fbc9301ee17f30f4d474e6ae4b05252/library/std/src/panicking.rs:674:13
[INFO] [stdout]   15:     0x63cdc36a0639 - std::sys::backtrace::__rust_end_short_backtrace::hb1a25b3da5d0ea08
[INFO] [stdout]                                at /rustc/df4ca44d3fbc9301ee17f30f4d474e6ae4b05252/library/std/src/sys/backtrace.rs:170:18
[INFO] [stdout]   16:     0x63cdc36a173c - rust_begin_unwind
[INFO] [stdout]                                at /rustc/df4ca44d3fbc9301ee17f30f4d474e6ae4b05252/library/std/src/panicking.rs:665:5
[INFO] [stdout]   17:     0x63cdc36c8120 - core::panicking::panic_fmt::ha9db07b529f9b256
[INFO] [stdout]                                at /rustc/df4ca44d3fbc9301ee17f30f4d474e6ae4b05252/library/core/src/panicking.rs:75:14
[INFO] [stdout]   18:     0x63cdc36c85a6 - core::result::unwrap_failed::h5e8218e4d4338b8a
[INFO] [stdout]                                at /rustc/df4ca44d3fbc9301ee17f30f4d474e6ae4b05252/library/core/src/result.rs:1698:5
[INFO] [stdout]   19:     0x63cdc30be587 - core::result::Result<T,E>::unwrap::h809796ff2086af8e
[INFO] [stdout]                                at /rustc/df4ca44d3fbc9301ee17f30f4d474e6ae4b05252/library/core/src/result.rs:1103:23
[INFO] [stdout]   20:     0x63cdc30be587 - pretty_env_logger::init::h2793c57d19850cdf
[INFO] [stdout]                                at /opt/rustwide/cargo-home/registry/src/index.crates.io-6f17d22bba15001f/pretty_env_logger-0.4.0/src/lib.rs:61:5
[INFO] [stdout]   21:     0x63cdc30a371a - qywx_dumper::init_logger::h0f1034ddda4592a8
[INFO] [stdout]                                at /opt/rustwide/workdir/src/main.rs:399:3
[INFO] [stdout]   22:     0x63cdc30a230e - qywx_dumper::api::tests::client::{{closure}}::h17622a2fad69e081
[INFO] [stdout]                                at /opt/rustwide/workdir/src/api/mod.rs:213:5
[INFO] [stdout]   23:     0x63cdc30a5976 - qywx_dumper::api::tests::get_tags_test::{{closure}}::h252a514ae5702b63
[INFO] [stdout]                                at /opt/rustwide/workdir/src/api/mod.rs:264:25
[INFO] [stdout]   24:     0x63cdc308e0dd - <core::pin::Pin<P> as core::future::future::Future>::poll::h269059f785725a1e
[INFO] [stdout]                                at /rustc/df4ca44d3fbc9301ee17f30f4d474e6ae4b05252/library/core/src/future/future.rs:123:9
[INFO] [stdout]   25:     0x63cdc30b260f - tokio::runtime::scheduler::current_thread::CoreGuard::block_on::{{closure}}::{{closure}}::{{closure}}::h5d9bb1ae6f547c01
[INFO] [stdout]                                at /opt/rustwide/cargo-home/registry/src/index.crates.io-6f17d22bba15001f/tokio-1.21.0/src/runtime/scheduler/current_thread.rs:525:48
[INFO] [stdout]   26:     0x63cdc309a16c - tokio::coop::with_budget::{{closure}}::h72412f637bfe2c9a
[INFO] [stdout]                                at /opt/rustwide/cargo-home/registry/src/index.crates.io-6f17d22bba15001f/tokio-1.21.0/src/coop.rs:102:9
[INFO] [stdout]   27:     0x63cdc30bcf44 - std::thread::local::LocalKey<T>::try_with::hd8eb66a123089c6d
[INFO] [stdout]                                at /rustc/df4ca44d3fbc9301ee17f30f4d474e6ae4b05252/library/std/src/thread/local.rs:283:12
[INFO] [stdout]   28:     0x63cdc30bb0da - std::thread::local::LocalKey<T>::with::hf7ce23d9c3eeeb8d
[INFO] [stdout]                                at /rustc/df4ca44d3fbc9301ee17f30f4d474e6ae4b05252/library/std/src/thread/local.rs:260:9
[INFO] [stdout]   29:     0x63cdc30b2142 - tokio::coop::with_budget::h01c4e7e2c54337c8
[INFO] [stdout]                                at /opt/rustwide/cargo-home/registry/src/index.crates.io-6f17d22bba15001f/tokio-1.21.0/src/coop.rs:95:5
[INFO] [stdout]   30:     0x63cdc30b2142 - tokio::coop::budget::h4cd42bd31c1b4d04
[INFO] [stdout]                                at /opt/rustwide/cargo-home/registry/src/index.crates.io-6f17d22bba15001f/tokio-1.21.0/src/coop.rs:72:5
[INFO] [stdout]   31:     0x63cdc30b2142 - tokio::runtime::scheduler::current_thread::CoreGuard::block_on::{{closure}}::{{closure}}::hb0954c3d716c3753
[INFO] [stdout]                                at /opt/rustwide/cargo-home/registry/src/index.crates.io-6f17d22bba15001f/tokio-1.21.0/src/runtime/scheduler/current_thread.rs:525:25
[INFO] [stdout]   32:     0x63cdc30aa27a - tokio::runtime::scheduler::current_thread::Context::enter::h0ec6341976691fe0
[INFO] [stdout]                                at /opt/rustwide/cargo-home/registry/src/index.crates.io-6f17d22bba15001f/tokio-1.21.0/src/runtime/scheduler/current_thread.rs:349:19
[INFO] [stdout]   33:     0x63cdc30aec17 - tokio::runtime::scheduler::current_thread::CoreGuard::block_on::{{closure}}::h12b3c5029a91dc4b
[INFO] [stdout]                                at /opt/rustwide/cargo-home/registry/src/index.crates.io-6f17d22bba15001f/tokio-1.21.0/src/runtime/scheduler/current_thread.rs:524:36
[INFO] [stdout]   34:     0x63cdc30ae7eb - tokio::runtime::scheduler::current_thread::CoreGuard::enter::{{closure}}::hcfb21efaa7566700
[INFO] [stdout]                                at /opt/rustwide/cargo-home/registry/src/index.crates.io-6f17d22bba15001f/tokio-1.21.0/src/runtime/scheduler/current_thread.rs:595:57
[INFO] [stdout]   35:     0x63cdc308c91a - tokio::macros::scoped_tls::ScopedKey<T>::set::h8eb02934f0773b33
[INFO] [stdout]                                at /opt/rustwide/cargo-home/registry/src/index.crates.io-6f17d22bba15001f/tokio-1.21.0/src/macros/scoped_tls.rs:61:9
[INFO] [stdout]   36:     0x63cdc30ae054 - tokio::runtime::scheduler::current_thread::CoreGuard::enter::hca2b03d121c1fde6
[INFO] [stdout]                                at /opt/rustwide/cargo-home/registry/src/index.crates.io-6f17d22bba15001f/tokio-1.21.0/src/runtime/scheduler/current_thread.rs:595:27
[INFO] [stdout]   37:     0x63cdc30ae812 - tokio::runtime::scheduler::current_thread::CoreGuard::block_on::h642499c8f86fc713
[INFO] [stdout]                                at /opt/rustwide/cargo-home/registry/src/index.crates.io-6f17d22bba15001f/tokio-1.21.0/src/runtime/scheduler/current_thread.rs:515:19
[INFO] [stdout]   38:     0x63cdc30a8614 - tokio::runtime::scheduler::current_thread::CurrentThread::block_on::h75faad186f8f230a
[INFO] [stdout]                                at /opt/rustwide/cargo-home/registry/src/index.crates.io-6f17d22bba15001f/tokio-1.21.0/src/runtime/scheduler/current_thread.rs:161:24
[INFO] [stdout]   39:     0x63cdc309370b - tokio::runtime::Runtime::block_on::h17c34d205f39f1eb
[INFO] [stdout]                                at /opt/rustwide/cargo-home/registry/src/index.crates.io-6f17d22bba15001f/tokio-1.21.0/src/runtime/mod.rs:490:46
[INFO] [stdout]   40:     0x63cdc30a5758 - qywx_dumper::api::tests::get_tags_test::hb97534e4b6237e19
[INFO] [stdout]                                at /opt/rustwide/workdir/src/api/mod.rs:266:5
[INFO] [stdout]   41:     0x63cdc30a5607 - qywx_dumper::api::tests::get_tags_test::{{closure}}::hbbcc8010846e81c7
[INFO] [stdout]                                at /opt/rustwide/workdir/src/api/mod.rs:263:31
[INFO] [stdout]   42:     0x63cdc30b2756 - core::ops::function::FnOnce::call_once::h01d2870cd5f97e77
[INFO] [stdout]                                at /rustc/df4ca44d3fbc9301ee17f30f4d474e6ae4b05252/library/core/src/ops/function.rs:250:5
[INFO] [stdout]   43:     0x63cdc323522b - core::ops::function::FnOnce::call_once::h22c3ba5715e93f05
[INFO] [stdout]                                at /rustc/df4ca44d3fbc9301ee17f30f4d474e6ae4b05252/library/core/src/ops/function.rs:250:5
[INFO] [stdout]   44:     0x63cdc323522b - test::__rust_begin_short_backtrace::h8e82d8113d0da17f
[INFO] [stdout]                                at /rustc/df4ca44d3fbc9301ee17f30f4d474e6ae4b05252/library/test/src/lib.rs:621:18
[INFO] [stdout]   45:     0x63cdc3234ba7 - test::run_test_in_process::{{closure}}::h33235f4f20b7b7c7
[INFO] [stdout]                                at /rustc/df4ca44d3fbc9301ee17f30f4d474e6ae4b05252/library/test/src/lib.rs:644:60
[INFO] [stdout]   46:     0x63cdc3234ba7 - <core::panic::unwind_safe::AssertUnwindSafe<F> as core::ops::function::FnOnce<()>>::call_once::hb5043206310c586f
[INFO] [stdout]                                at /rustc/df4ca44d3fbc9301ee17f30f4d474e6ae4b05252/library/core/src/panic/unwind_safe.rs:272:9
[INFO] [stdout]   47:     0x63cdc3234ba7 - std::panicking::try::do_call::h9ad4731a60ab23e2
[INFO] [stdout]                                at /rustc/df4ca44d3fbc9301ee17f30f4d474e6ae4b05252/library/std/src/panicking.rs:557:40
[INFO] [stdout]   48:     0x63cdc3234ba7 - std::panicking::try::h3824d23db772a716
[INFO] [stdout]                                at /rustc/df4ca44d3fbc9301ee17f30f4d474e6ae4b05252/library/std/src/panicking.rs:520:19
[INFO] [stdout]   49:     0x63cdc3234ba7 - std::panic::catch_unwind::h5afd514605fde46b
[INFO] [stdout]                                at /rustc/df4ca44d3fbc9301ee17f30f4d474e6ae4b05252/library/std/src/panic.rs:358:14
[INFO] [stdout]   50:     0x63cdc3234ba7 - test::run_test_in_process::h0d5cbfa7067d1720
[INFO] [stdout]                                at /rustc/df4ca44d3fbc9301ee17f30f4d474e6ae4b05252/library/test/src/lib.rs:644:27
[INFO] [stdout]   51:     0x63cdc3234ba7 - test::run_test::{{closure}}::h708eb8872708115d
[INFO] [stdout]                                at /rustc/df4ca44d3fbc9301ee17f30f4d474e6ae4b05252/library/test/src/lib.rs:565:43
[INFO] [stdout]   52:     0x63cdc31f82c4 - test::run_test::{{closure}}::h392c51cee94713ab
[INFO] [stdout]                                at /rustc/df4ca44d3fbc9301ee17f30f4d474e6ae4b05252/library/test/src/lib.rs:595:41
[INFO] [stdout]   53:     0x63cdc31f82c4 - std::sys::backtrace::__rust_begin_short_backtrace::h2f40290710935a8b
[INFO] [stdout]                                at /rustc/df4ca44d3fbc9301ee17f30f4d474e6ae4b05252/library/std/src/sys/backtrace.rs:154:18
[INFO] [stdout]   54:     0x63cdc31fba6e - std::thread::Builder::spawn_unchecked_::{{closure}}::{{closure}}::h3fd968d89053a903
[INFO] [stdout]                                at /rustc/df4ca44d3fbc9301ee17f30f4d474e6ae4b05252/library/std/src/thread/mod.rs:541:17
[INFO] [stdout]   55:     0x63cdc31fba6e - <core::panic::unwind_safe::AssertUnwindSafe<F> as core::ops::function::FnOnce<()>>::call_once::h743f637ba4229880
[INFO] [stdout]                                at /rustc/df4ca44d3fbc9301ee17f30f4d474e6ae4b05252/library/core/src/panic/unwind_safe.rs:272:9
[INFO] [stdout]   56:     0x63cdc31fba6e - std::panicking::try::do_call::h07440897322525a6
[INFO] [stdout]                                at /rustc/df4ca44d3fbc9301ee17f30f4d474e6ae4b05252/library/std/src/panicking.rs:557:40
[INFO] [stdout]   57:     0x63cdc31fba6e - std::panicking::try::he5a2e00188156637
[INFO] [stdout]                                at /rustc/df4ca44d3fbc9301ee17f30f4d474e6ae4b05252/library/std/src/panicking.rs:520:19
[INFO] [stdout]   58:     0x63cdc31fba6e - std::panic::catch_unwind::hbaf3cae49b3c6433
[INFO] [stdout]                                at /rustc/df4ca44d3fbc9301ee17f30f4d474e6ae4b05252/library/std/src/panic.rs:358:14
[INFO] [stdout]   59:     0x63cdc31fba6e - std::thread::Builder::spawn_unchecked_::{{closure}}::h8e141ea224820bce
[INFO] [stdout]                                at /rustc/df4ca44d3fbc9301ee17f30f4d474e6ae4b05252/library/std/src/thread/mod.rs:540:30
[INFO] [stdout]   60:     0x63cdc31fba6e - core::ops::function::FnOnce::call_once{{vtable.shim}}::h90d312fedd7b8ea8
[INFO] [stdout]                                at /rustc/df4ca44d3fbc9301ee17f30f4d474e6ae4b05252/library/core/src/ops/function.rs:250:5
[INFO] [stdout]   61:     0x63cdc36a5f1b - <alloc::boxed::Box<F,A> as core::ops::function::FnOnce<Args>>::call_once::h69aa08ddb6adb8b6
[INFO] [stdout]                                at /rustc/df4ca44d3fbc9301ee17f30f4d474e6ae4b05252/library/alloc/src/boxed.rs:2454:9
[INFO] [stdout]   62:     0x63cdc36a5f1b - <alloc::boxed::Box<F,A> as core::ops::function::FnOnce<Args>>::call_once::h5aa36efdb79c806f
[INFO] [stdout]                                at /rustc/df4ca44d3fbc9301ee17f30f4d474e6ae4b05252/library/alloc/src/boxed.rs:2454:9
[INFO] [stdout]   63:     0x63cdc36a5f1b - std::sys::pal::unix::thread::Thread::new::thread_start::h6cd80a1b4be5158d
[INFO] [stdout]                                at /rustc/df4ca44d3fbc9301ee17f30f4d474e6ae4b05252/library/std/src/sys/pal/unix/thread.rs:105:17
[INFO] [stdout]   64:     0x7eaf21f58ac3 - <unknown>
[INFO] [stdout]   65:     0x7eaf21fe9a04 - clone
[INFO] [stdout]   66:                0x0 - <unknown>
[INFO] [stdout] 
[INFO] [stdout] ---- api::tests::get_tag_members_test stdout ----
[INFO] [stdout] thread 'api::tests::get_tag_members_test' panicked at /opt/rustwide/cargo-home/registry/src/index.crates.io-6f17d22bba15001f/pretty_env_logger-0.4.0/src/lib.rs:61:16:
[INFO] [stdout] called `Result::unwrap()` on an `Err` value: SetLoggerError(())
[INFO] [stdout] stack backtrace:
[INFO] [stdout]    0:     0x63cdc36a015a - std::backtrace_rs::backtrace::libunwind::trace::h207520d6e9873551
[INFO] [stdout]                                at /rustc/df4ca44d3fbc9301ee17f30f4d474e6ae4b05252/library/std/src/../../backtrace/src/backtrace/libunwind.rs:116:5
[INFO] [stdout]    1:     0x63cdc36a015a - std::backtrace_rs::backtrace::trace_unsynchronized::h2ed7433f370e3eca
[INFO] [stdout]                                at /rustc/df4ca44d3fbc9301ee17f30f4d474e6ae4b05252/library/std/src/../../backtrace/src/backtrace/mod.rs:66:5
[INFO] [stdout]    2:     0x63cdc36a015a - std::sys::backtrace::_print_fmt::h916fac51166b18d7
[INFO] [stdout]                                at /rustc/df4ca44d3fbc9301ee17f30f4d474e6ae4b05252/library/std/src/sys/backtrace.rs:66:9
[INFO] [stdout]    3:     0x63cdc36a015a - <std::sys::backtrace::BacktraceLock::print::DisplayBacktrace as core::fmt::Display>::fmt::ha0a4c9b8ce3802e6
[INFO] [stdout]                                at /rustc/df4ca44d3fbc9301ee17f30f4d474e6ae4b05252/library/std/src/sys/backtrace.rs:39:26
[INFO] [stdout]    4:     0x63cdc36c9f13 - core::fmt::rt::Argument::fmt::h4cfc8587d52b3eb5
[INFO] [stdout]                                at /rustc/df4ca44d3fbc9301ee17f30f4d474e6ae4b05252/library/core/src/fmt/rt.rs:177:76
[INFO] [stdout]    5:     0x63cdc36c9f13 - core::fmt::write::h522cc39e5b36ae9f
[INFO] [stdout]                                at /rustc/df4ca44d3fbc9301ee17f30f4d474e6ae4b05252/library/core/src/fmt/mod.rs:1190:21
[INFO] [stdout]    6:     0x63cdc369c193 - std::io::Write::write_fmt::h7d3c26752da97734
[INFO] [stdout]                                at /rustc/df4ca44d3fbc9301ee17f30f4d474e6ae4b05252/library/std/src/io/mod.rs:1839:15
[INFO] [stdout]    7:     0x63cdc369ffa2 - std::sys::backtrace::BacktraceLock::print::h4b9e00b29e9c0942
[INFO] [stdout]                                at /rustc/df4ca44d3fbc9301ee17f30f4d474e6ae4b05252/library/std/src/sys/backtrace.rs:42:9
[INFO] [stdout]    8:     0x63cdc36a15ea - std::panicking::default_hook::{{closure}}::hb59b88280d0324d9
[INFO] [stdout]                                at /rustc/df4ca44d3fbc9301ee17f30f4d474e6ae4b05252/library/std/src/panicking.rs:268:22
[INFO] [stdout]    9:     0x63cdc36a13f4 - std::panicking::default_hook::he1dd496665be4a29
[INFO] [stdout]                                at /rustc/df4ca44d3fbc9301ee17f30f4d474e6ae4b05252/library/std/src/panicking.rs:292:9
[INFO] [stdout]   10:     0x63cdc3230959 - <alloc::boxed::Box<F,A> as core::ops::function::Fn<Args>>::call::h4ff71de18744e1dc
[INFO] [stdout]                                at /rustc/df4ca44d3fbc9301ee17f30f4d474e6ae4b05252/library/alloc/src/boxed.rs:2468:9
[INFO] [stdout]   11:     0x63cdc3230959 - test::test_main::{{closure}}::hcf7c055ce117aa81
[INFO] [stdout]                                at /rustc/df4ca44d3fbc9301ee17f30f4d474e6ae4b05252/library/test/src/lib.rs:133:21
[INFO] [stdout]   12:     0x63cdc36a1ce8 - <alloc::boxed::Box<F,A> as core::ops::function::Fn<Args>>::call::h1d66c6bbd60c9692
[INFO] [stdout]                                at /rustc/df4ca44d3fbc9301ee17f30f4d474e6ae4b05252/library/alloc/src/boxed.rs:2468:9
[INFO] [stdout]   13:     0x63cdc36a1ce8 - std::panicking::rust_panic_with_hook::h2ff17fe8f26dfcf8
[INFO] [stdout]                                at /rustc/df4ca44d3fbc9301ee17f30f4d474e6ae4b05252/library/std/src/panicking.rs:809:13
[INFO] [stdout]   14:     0x63cdc36a1aaa - std::panicking::begin_panic_handler::{{closure}}::h4fad77951c07e101
[INFO] [stdout]                                at /rustc/df4ca44d3fbc9301ee17f30f4d474e6ae4b05252/library/std/src/panicking.rs:674:13
[INFO] [stdout]   15:     0x63cdc36a0639 - std::sys::backtrace::__rust_end_short_backtrace::hb1a25b3da5d0ea08
[INFO] [stdout]                                at /rustc/df4ca44d3fbc9301ee17f30f4d474e6ae4b05252/library/std/src/sys/backtrace.rs:170:18
[INFO] [stdout]   16:     0x63cdc36a173c - rust_begin_unwind
[INFO] [stdout]                                at /rustc/df4ca44d3fbc9301ee17f30f4d474e6ae4b05252/library/std/src/panicking.rs:665:5
[INFO] [stdout]   17:     0x63cdc36c8120 - core::panicking::panic_fmt::ha9db07b529f9b256
[INFO] [stdout]                                at /rustc/df4ca44d3fbc9301ee17f30f4d474e6ae4b05252/library/core/src/panicking.rs:75:14
[INFO] [stdout]   18:     0x63cdc36c85a6 - core::result::unwrap_failed::h5e8218e4d4338b8a
[INFO] [stdout]                                at /rustc/df4ca44d3fbc9301ee17f30f4d474e6ae4b05252/library/core/src/result.rs:1698:5
[INFO] [stdout]   19:     0x63cdc30be587 - core::result::Result<T,E>::unwrap::h809796ff2086af8e
[INFO] [stdout]                                at /rustc/df4ca44d3fbc9301ee17f30f4d474e6ae4b05252/library/core/src/result.rs:1103:23
[INFO] [stdout]   20:     0x63cdc30be587 - pretty_env_logger::init::h2793c57d19850cdf
[INFO] [stdout]                                at /opt/rustwide/cargo-home/registry/src/index.crates.io-6f17d22bba15001f/pretty_env_logger-0.4.0/src/lib.rs:61:5
[INFO] [stdout]   21:     0x63cdc30a371a - qywx_dumper::init_logger::h0f1034ddda4592a8
[INFO] [stdout]                                at /opt/rustwide/workdir/src/main.rs:399:3
[INFO] [stdout]   22:     0x63cdc30a230e - qywx_dumper::api::tests::client::{{closure}}::h17622a2fad69e081
[INFO] [stdout]                                at /opt/rustwide/workdir/src/api/mod.rs:213:5
[INFO] [stdout]   23:     0x63cdc30a6276 - qywx_dumper::api::tests::get_tag_members_test::{{closure}}::he1708dac89613ad6
[INFO] [stdout]                                at /opt/rustwide/workdir/src/api/mod.rs:271:24
[INFO] [stdout]   24:     0x63cdc308e19d - <core::pin::Pin<P> as core::future::future::Future>::poll::h689d0a1a7f003533
[INFO] [stdout]                                at /rustc/df4ca44d3fbc9301ee17f30f4d474e6ae4b05252/library/core/src/future/future.rs:123:9
[INFO] [stdout]   25:     0x63cdc30b264f - tokio::runtime::scheduler::current_thread::CoreGuard::block_on::{{closure}}::{{closure}}::{{closure}}::haf0db95d46eb9ff0
[INFO] [stdout]                                at /opt/rustwide/cargo-home/registry/src/index.crates.io-6f17d22bba15001f/tokio-1.21.0/src/runtime/scheduler/current_thread.rs:525:48
[INFO] [stdout]   26:     0x63cdc309ac0c - tokio::coop::with_budget::{{closure}}::hc69c44b4657a2757
[INFO] [stdout]                                at /opt/rustwide/cargo-home/registry/src/index.crates.io-6f17d22bba15001f/tokio-1.21.0/src/coop.rs:102:9
[INFO] [stdout]   27:     0x63cdc30bc894 - std::thread::local::LocalKey<T>::try_with::h9e6927d547f447cf
[INFO] [stdout]                                at /rustc/df4ca44d3fbc9301ee17f30f4d474e6ae4b05252/library/std/src/thread/local.rs:283:12
[INFO] [stdout]   28:     0x63cdc30bad1a - std::thread::local::LocalKey<T>::with::h5a0b9fdf6df68c4e
[INFO] [stdout]                                at /rustc/df4ca44d3fbc9301ee17f30f4d474e6ae4b05252/library/std/src/thread/local.rs:260:9
[INFO] [stdout]   29:     0x63cdc30b2232 - tokio::coop::with_budget::hdeaf914b2f89c003
[INFO] [stdout]                                at /opt/rustwide/cargo-home/registry/src/index.crates.io-6f17d22bba15001f/tokio-1.21.0/src/coop.rs:95:5
[INFO] [stdout]   30:     0x63cdc30b2232 - tokio::coop::budget::h90919b2897604537
[INFO] [stdout]                                at /opt/rustwide/cargo-home/registry/src/index.crates.io-6f17d22bba15001f/tokio-1.21.0/src/coop.rs:72:5
[INFO] [stdout]   31:     0x63cdc30b2232 - tokio::runtime::scheduler::current_thread::CoreGuard::block_on::{{closure}}::{{closure}}::hbbd80e34c15bc54e
[INFO] [stdout]                                at /opt/rustwide/cargo-home/registry/src/index.crates.io-6f17d22bba15001f/tokio-1.21.0/src/runtime/scheduler/current_thread.rs:525:25
[INFO] [stdout]   32:     0x63cdc30aa61a - tokio::runtime::scheduler::current_thread::Context::enter::h150178fb67b5db0b
[INFO] [stdout]                                at /opt/rustwide/cargo-home/registry/src/index.crates.io-6f17d22bba15001f/tokio-1.21.0/src/runtime/scheduler/current_thread.rs:349:19
[INFO] [stdout]   33:     0x63cdc30b1737 - tokio::runtime::scheduler::current_thread::CoreGuard::block_on::{{closure}}::hf9bd87efc1b75d5c
[INFO] [stdout]                                at /opt/rustwide/cargo-home/registry/src/index.crates.io-6f17d22bba15001f/tokio-1.21.0/src/runtime/scheduler/current_thread.rs:524:36
[INFO] [stdout]   34:     0x63cdc30ae75b - tokio::runtime::scheduler::current_thread::CoreGuard::enter::{{closure}}::h9ce5c2deabf894ad
[INFO] [stdout]                                at /opt/rustwide/cargo-home/registry/src/index.crates.io-6f17d22bba15001f/tokio-1.21.0/src/runtime/scheduler/current_thread.rs:595:57
[INFO] [stdout]   35:     0x63cdc308ca2a - tokio::macros::scoped_tls::ScopedKey<T>::set::hf0ddf3e278d42a32
[INFO] [stdout]                                at /opt/rustwide/cargo-home/registry/src/index.crates.io-6f17d22bba15001f/tokio-1.21.0/src/macros/scoped_tls.rs:61:9
[INFO] [stdout]   36:     0x63cdc30acfd4 - tokio::runtime::scheduler::current_thread::CoreGuard::enter::h072dee8fbed5c52b
[INFO] [stdout]                                at /opt/rustwide/cargo-home/registry/src/index.crates.io-6f17d22bba15001f/tokio-1.21.0/src/runtime/scheduler/current_thread.rs:595:27
[INFO] [stdout]   37:     0x63cdc30ae902 - tokio::runtime::scheduler::current_thread::CoreGuard::block_on::hc47b7dc9bb012587
[INFO] [stdout]                                at /opt/rustwide/cargo-home/registry/src/index.crates.io-6f17d22bba15001f/tokio-1.21.0/src/runtime/scheduler/current_thread.rs:515:19
[INFO] [stdout]   38:     0x63cdc30a93f4 - tokio::runtime::scheduler::current_thread::CurrentThread::block_on::hd112a4b2a9259e71
[INFO] [stdout]                                at /opt/rustwide/cargo-home/registry/src/index.crates.io-6f17d22bba15001f/tokio-1.21.0/src/runtime/scheduler/current_thread.rs:161:24
[INFO] [stdout]   39:     0x63cdc3093cab - tokio::runtime::Runtime::block_on::h5d374feda8993381
[INFO] [stdout]                                at /opt/rustwide/cargo-home/registry/src/index.crates.io-6f17d22bba15001f/tokio-1.21.0/src/runtime/mod.rs:490:46
[INFO] [stdout]   40:     0x63cdc30a6038 - qywx_dumper::api::tests::get_tag_members_test::hd72116ffb1292fce
[INFO] [stdout]                                at /opt/rustwide/workdir/src/api/mod.rs:278:5
[INFO] [stdout]   41:     0x63cdc30a5ee7 - qywx_dumper::api::tests::get_tag_members_test::{{closure}}::h7f61c4137047f1f3
[INFO] [stdout]                                at /opt/rustwide/workdir/src/api/mod.rs:270:38
[INFO] [stdout]   42:     0x63cdc30b2866 - core::ops::function::FnOnce::call_once::h2b069214dda1f33c
[INFO] [stdout]                                at /rustc/df4ca44d3fbc9301ee17f30f4d474e6ae4b05252/library/core/src/ops/function.rs:250:5
[INFO] [stdout]   43:     0x63cdc323522b - core::ops::function::FnOnce::call_once::h22c3ba5715e93f05
[INFO] [stdout]                                at /rustc/df4ca44d3fbc9301ee17f30f4d474e6ae4b05252/library/core/src/ops/function.rs:250:5
[INFO] [stdout]   44:     0x63cdc323522b - test::__rust_begin_short_backtrace::h8e82d8113d0da17f
[INFO] [stdout]                                at /rustc/df4ca44d3fbc9301ee17f30f4d474e6ae4b05252/library/test/src/lib.rs:621:18
[INFO] [stdout]   45:     0x63cdc3234ba7 - test::run_test_in_process::{{closure}}::h33235f4f20b7b7c7
[INFO] [stdout]                                at /rustc/df4ca44d3fbc9301ee17f30f4d474e6ae4b05252/library/test/src/lib.rs:644:60
[INFO] [stdout]   46:     0x63cdc3234ba7 - <core::panic::unwind_safe::AssertUnwindSafe<F> as core::ops::function::FnOnce<()>>::call_once::hb5043206310c586f
[INFO] [stdout]                                at /rustc/df4ca44d3fbc9301ee17f30f4d474e6ae4b05252/library/core/src/panic/unwind_safe.rs:272:9
[INFO] [stdout]   47:     0x63cdc3234ba7 - std::panicking::try::do_call::h9ad4731a60ab23e2
[INFO] [stdout]                                at /rustc/df4ca44d3fbc9301ee17f30f4d474e6ae4b05252/library/std/src/panicking.rs:557:40
[INFO] [stdout]   48:     0x63cdc3234ba7 - std::panicking::try::h3824d23db772a716
[INFO] [stdout]                                at /rustc/df4ca44d3fbc9301ee17f30f4d474e6ae4b05252/library/std/src/panicking.rs:520:19
[INFO] [stdout]   49:     0x63cdc3234ba7 - std::panic::catch_unwind::h5afd514605fde46b
[INFO] [stdout]                                at /rustc/df4ca44d3fbc9301ee17f30f4d474e6ae4b05252/library/std/src/panic.rs:358:14
[INFO] [stdout]   50:     0x63cdc3234ba7 - test::run_test_in_process::h0d5cbfa7067d1720
[INFO] [stdout]                                at /rustc/df4ca44d3fbc9301ee17f30f4d474e6ae4b05252/library/test/src/lib.rs:644:27
[INFO] [stdout]   51:     0x63cdc3234ba7 - test::run_test::{{closure}}::h708eb8872708115d
[INFO] [stdout]                                at /rustc/df4ca44d3fbc9301ee17f30f4d474e6ae4b05252/library/test/src/lib.rs:565:43
[INFO] [stdout]   52:     0x63cdc31f82c4 - test::run_test::{{closure}}::h392c51cee94713ab
[INFO] [stdout]                                at /rustc/df4ca44d3fbc9301ee17f30f4d474e6ae4b05252/library/test/src/lib.rs:595:41
[INFO] [stdout]   53:     0x63cdc31f82c4 - std::sys::backtrace::__rust_begin_short_backtrace::h2f40290710935a8b
[INFO] [stdout]                                at /rustc/df4ca44d3fbc9301ee17f30f4d474e6ae4b05252/library/std/src/sys/backtrace.rs:154:18
[INFO] [stdout]   54:     0x63cdc31fba6e - std::thread::Builder::spawn_unchecked_::{{closure}}::{{closure}}::h3fd968d89053a903
[INFO] [stdout]                                at /rustc/df4ca44d3fbc9301ee17f30f4d474e6ae4b05252/library/std/src/thread/mod.rs:541:17
[INFO] [stdout]   55:     0x63cdc31fba6e - <core::panic::unwind_safe::AssertUnwindSafe<F> as core::ops::function::FnOnce<()>>::call_once::h743f637ba4229880
[INFO] [stdout]                                at /rustc/df4ca44d3fbc9301ee17f30f4d474e6ae4b05252/library/core/src/panic/unwind_safe.rs:272:9
[INFO] [stdout]   56:     0x63cdc31fba6e - std::panicking::try::do_call::h07440897322525a6
[INFO] [stdout]                                at /rustc/df4ca44d3fbc9301ee17f30f4d474e6ae4b05252/library/std/src/panicking.rs:557:40
[INFO] [stdout]   57:     0x63cdc31fba6e - std::panicking::try::he5a2e00188156637
[INFO] [stdout]                                at /rustc/df4ca44d3fbc9301ee17f30f4d474e6ae4b05252/library/std/src/panicking.rs:520:19
[INFO] [stdout]   58:     0x63cdc31fba6e - std::panic::catch_unwind::hbaf3cae49b3c6433
[INFO] [stdout]                                at /rustc/df4ca44d3fbc9301ee17f30f4d474e6ae4b05252/library/std/src/panic.rs:358:14
[INFO] [stdout]   59:     0x63cdc31fba6e - std::thread::Builder::spawn_unchecked_::{{closure}}::h8e141ea224820bce
[INFO] [stdout]                                at /rustc/df4ca44d3fbc9301ee17f30f4d474e6ae4b05252/library/std/src/thread/mod.rs:540:30
[INFO] [stdout]   60:     0x63cdc31fba6e - core::ops::function::FnOnce::call_once{{vtable.shim}}::h90d312fedd7b8ea8
[INFO] [stdout]                                at /rustc/df4ca44d3fbc9301ee17f30f4d474e6ae4b05252/library/core/src/ops/function.rs:250:5
[INFO] [stdout]   61:     0x63cdc36a5f1b - <alloc::boxed::Box<F,A> as core::ops::function::FnOnce<Args>>::call_once::h69aa08ddb6adb8b6
[INFO] [stdout]                                at /rustc/df4ca44d3fbc9301ee17f30f4d474e6ae4b05252/library/alloc/src/boxed.rs:2454:9
[INFO] [stdout]   62:     0x63cdc36a5f1b - <alloc::boxed::Box<F,A> as core::ops::function::FnOnce<Args>>::call_once::h5aa36efdb79c806f
[INFO] [stdout]                                at /rustc/df4ca44d3fbc9301ee17f30f4d474e6ae4b05252/library/alloc/src/boxed.rs:2454:9
[INFO] [stdout]   63:     0x63cdc36a5f1b - std::sys::pal::unix::thread::Thread::new::thread_start::h6cd80a1b4be5158d
[INFO] [stdout]                                at /rustc/df4ca44d3fbc9301ee17f30f4d474e6ae4b05252/library/std/src/sys/pal/unix/thread.rs:105:17
[INFO] [stdout]   64:     0x7eaf21f58ac3 - <unknown>
[INFO] [stdout]   65:     0x7eaf21fe9a04 - clone
[INFO] [stdout]   66:                0x0 - <unknown>
[INFO] [stdout] 
[INFO] [stdout] 
[INFO] [stdout] failures:
[INFO] [stdout]     api::tests::get_agent_list
[INFO] [stdout]     api::tests::get_agent_list_test
[INFO] [stdout]     api::tests::get_department_members_test
[INFO] [stdout]     api::tests::get_departments_test
[INFO] [stdout]     api::tests::get_tag_members_test
[INFO] [stdout]     api::tests::get_tags_test
[INFO] [stdout] 
[INFO] [stdout] test result: FAILED. 0 passed; 6 failed; 0 ignored; 0 measured; 0 filtered out; finished in 0.04s
[INFO] [stdout] 
[INFO] [stderr] error: test failed, to rerun pass `--bin qywx-dumper`
[INFO] running `Command { std: "docker" "inspect" "b0fcd3fb8d84ec31c3e9fe1431fffd5fccfab6a2d6a86507a3090fb01c071d9f", kill_on_drop: false }`
[INFO] running `Command { std: "docker" "rm" "-f" "b0fcd3fb8d84ec31c3e9fe1431fffd5fccfab6a2d6a86507a3090fb01c071d9f", kill_on_drop: false }`
[INFO] [stdout] b0fcd3fb8d84ec31c3e9fe1431fffd5fccfab6a2d6a86507a3090fb01c071d9f
