[INFO] cloning repository https://github.com/Codpoe/thrift_parser
[INFO] running `Command { std: "git" "-c" "credential.helper=" "-c" "credential.helper=/workspace/cargo-home/bin/git-credential-null" "clone" "--bare" "https://github.com/Codpoe/thrift_parser" "/workspace/cache/git-repos/https%3A%2F%2Fgithub.com%2FCodpoe%2Fthrift_parser", kill_on_drop: false }`
[INFO] [stderr] Cloning into bare repository '/workspace/cache/git-repos/https%3A%2F%2Fgithub.com%2FCodpoe%2Fthrift_parser'...
[INFO] running `Command { std: "git" "rev-parse" "HEAD", kill_on_drop: false }`
[INFO] [stdout] 0dd237faa8970e20031706f8adaf442b52895ea9
[INFO] testing Codpoe/thrift_parser/0dd237faa8970e20031706f8adaf442b52895ea9 against nightly-2024-10-28+rustflags=-Zrandomize-layout for randomize-layout
[INFO] running `Command { std: "git" "clone" "/workspace/cache/git-repos/https%3A%2F%2Fgithub.com%2FCodpoe%2Fthrift_parser" "/workspace/builds/worker-5-tc2/source", kill_on_drop: false }`
[INFO] [stderr] Cloning into '/workspace/builds/worker-5-tc2/source'...
[INFO] [stderr] done.
[INFO] validating manifest of git repo https://github.com/Codpoe/thrift_parser on toolchain nightly-2024-10-28
[INFO] running `Command { std: CARGO_HOME="/workspace/cargo-home" RUSTUP_HOME="/workspace/rustup-home" "/workspace/cargo-home/bin/cargo" "+nightly-2024-10-28" "metadata" "--manifest-path" "Cargo.toml" "--no-deps", kill_on_drop: false }`
[INFO] removed /workspace/builds/worker-5-tc2/source/rust-toolchain.toml
[INFO] started tweaking git repo https://github.com/Codpoe/thrift_parser
[INFO] finished tweaking git repo https://github.com/Codpoe/thrift_parser
[INFO] tweaked toml for git repo https://github.com/Codpoe/thrift_parser written to /workspace/builds/worker-5-tc2/source/Cargo.toml
[INFO] crate git repo https://github.com/Codpoe/thrift_parser already has a lockfile, it will not be regenerated
[INFO] running `Command { std: CARGO_HOME="/workspace/cargo-home" RUSTUP_HOME="/workspace/rustup-home" "/workspace/cargo-home/bin/cargo" "+nightly-2024-10-28" "fetch" "--manifest-path" "Cargo.toml", kill_on_drop: false }`
[INFO] running `Command { std: "docker" "create" "-v" "/var/lib/crater-agent-workspace/builds/worker-5-tc2/target:/opt/rustwide/target:rw,Z" "-v" "/var/lib/crater-agent-workspace/builds/worker-5-tc2/source:/opt/rustwide/workdir:ro,Z" "-v" "/var/lib/crater-agent-workspace/cargo-home:/opt/rustwide/cargo-home:ro,Z" "-v" "/var/lib/crater-agent-workspace/rustup-home:/opt/rustwide/rustup-home:ro,Z" "-e" "SOURCE_DIR=/opt/rustwide/workdir" "-e" "CARGO_TARGET_DIR=/opt/rustwide/target" "-e" "CARGO_HOME=/opt/rustwide/cargo-home" "-e" "RUSTUP_HOME=/opt/rustwide/rustup-home" "-w" "/opt/rustwide/workdir" "-m" "1610612736" "--user" "0:0" "--network" "none" "ghcr.io/rust-lang/crates-build-env/linux@sha256:4a844ea9eb2546a2d2c7022eacef16ef2e8229c7fbb2c7d4d55a9ceca922f72d" "/opt/rustwide/cargo-home/bin/cargo" "+nightly-2024-10-28" "metadata" "--no-deps" "--format-version=1", kill_on_drop: false }`
[INFO] [stdout] 960cdf58b5b94c6b0762b5b43c05417cbc7930d650d2415c8c0932aeb0b95830
[INFO] running `Command { std: "docker" "start" "-a" "960cdf58b5b94c6b0762b5b43c05417cbc7930d650d2415c8c0932aeb0b95830", kill_on_drop: false }`
[INFO] running `Command { std: "docker" "inspect" "960cdf58b5b94c6b0762b5b43c05417cbc7930d650d2415c8c0932aeb0b95830", kill_on_drop: false }`
[INFO] running `Command { std: "docker" "rm" "-f" "960cdf58b5b94c6b0762b5b43c05417cbc7930d650d2415c8c0932aeb0b95830", kill_on_drop: false }`
[INFO] [stdout] 960cdf58b5b94c6b0762b5b43c05417cbc7930d650d2415c8c0932aeb0b95830
[INFO] running `Command { std: "docker" "create" "-v" "/var/lib/crater-agent-workspace/builds/worker-5-tc2/target:/opt/rustwide/target:rw,Z" "-v" "/var/lib/crater-agent-workspace/builds/worker-5-tc2/source:/opt/rustwide/workdir:ro,Z" "-v" "/var/lib/crater-agent-workspace/cargo-home:/opt/rustwide/cargo-home:ro,Z" "-v" "/var/lib/crater-agent-workspace/rustup-home:/opt/rustwide/rustup-home:ro,Z" "-e" "SOURCE_DIR=/opt/rustwide/workdir" "-e" "CARGO_TARGET_DIR=/opt/rustwide/target" "-e" "CARGO_INCREMENTAL=0" "-e" "RUST_BACKTRACE=full" "-e" "RUSTFLAGS=--cap-lints=forbid -Zrandomize-layout" "-e" "RUSTDOCFLAGS=--cap-lints=forbid" "-e" "CARGO_HOME=/opt/rustwide/cargo-home" "-e" "RUSTUP_HOME=/opt/rustwide/rustup-home" "-w" "/opt/rustwide/workdir" "-m" "1610612736" "--user" "0:0" "--network" "none" "ghcr.io/rust-lang/crates-build-env/linux@sha256:4a844ea9eb2546a2d2c7022eacef16ef2e8229c7fbb2c7d4d55a9ceca922f72d" "/opt/rustwide/cargo-home/bin/cargo" "+nightly-2024-10-28" "build" "--frozen" "--message-format=json", kill_on_drop: false }`
[INFO] [stdout] 8c5c2910313675068817d401289b168a3db1905271f06630fbdce1815168f426
[INFO] running `Command { std: "docker" "start" "-a" "8c5c2910313675068817d401289b168a3db1905271f06630fbdce1815168f426", kill_on_drop: false }`
[INFO] [stderr]    Compiling crossbeam-utils v0.8.19
[INFO] [stderr]    Compiling rayon-core v1.12.1
[INFO] [stderr]    Compiling memchr v2.7.1
[INFO] [stderr]    Compiling either v1.10.0
[INFO] [stderr]    Compiling minimal-lexical v0.2.1
[INFO] [stderr]    Compiling crossbeam-epoch v0.9.18
[INFO] [stderr]    Compiling nom v7.1.3
[INFO] [stderr]    Compiling crossbeam-deque v0.8.5
[INFO] [stderr]    Compiling rayon v1.8.1
[INFO] [stderr]    Compiling thrift_parser v0.1.0 (/opt/rustwide/workdir)
[INFO] [stdout] warning: unused variable: `namespace_definition`
[INFO] [stdout]   --> src/visit.rs:25:44
[INFO] [stdout]    |
[INFO] [stdout] 25 |   fn visit_namespace_definition(&mut self, namespace_definition: &mut NamespaceDefinition) {}
[INFO] [stdout]    |                                            ^^^^^^^^^^^^^^^^^^^^ help: if this is intentional, prefix it with an underscore: `_namespace_definition`
[INFO] [stdout]    |
[INFO] [stdout]    = note: `#[warn(unused_variables)]` on by default
[INFO] [stdout] 
[INFO] [stdout] 
[INFO] [stdout] warning: unused variable: `include_definition`
[INFO] [stdout]   --> src/visit.rs:27:42
[INFO] [stdout]    |
[INFO] [stdout] 27 |   fn visit_include_definition(&mut self, include_definition: &mut IncludeDefinition) {}
[INFO] [stdout]    |                                          ^^^^^^^^^^^^^^^^^^ help: if this is intentional, prefix it with an underscore: `_include_definition`
[INFO] [stdout] 
[INFO] [stdout] 
[INFO] [stdout] warning: unused variable: `function_definition`
[INFO] [stdout]   --> src/visit.rs:47:43
[INFO] [stdout]    |
[INFO] [stdout] 47 |   fn visit_function_definition(&mut self, function_definition: &mut FunctionDefinition) {}
[INFO] [stdout]    |                                           ^^^^^^^^^^^^^^^^^^^ help: if this is intentional, prefix it with an underscore: `_function_definition`
[INFO] [stdout] 
[INFO] [stdout] 
[INFO] [stdout] warning: unused variable: `field_definition`
[INFO] [stdout]   --> src/visit.rs:49:47
[INFO] [stdout]    |
[INFO] [stdout] 49 |   fn visit_struct_field_definition(&mut self, field_definition: &mut FieldDefinition) {}
[INFO] [stdout]    |                                               ^^^^^^^^^^^^^^^^ help: if this is intentional, prefix it with an underscore: `_field_definition`
[INFO] [stdout] 
[INFO] [stdout] 
[INFO] [stdout] warning: unused variable: `enum_member`
[INFO] [stdout]   --> src/visit.rs:51:35
[INFO] [stdout]    |
[INFO] [stdout] 51 |   fn visit_enum_member(&mut self, enum_member: &mut EnumMember) {}
[INFO] [stdout]    |                                   ^^^^^^^^^^^ help: if this is intentional, prefix it with an underscore: `_enum_member`
[INFO] [stdout] 
[INFO] [stdout] 
[INFO] [stderr]     Finished `dev` profile [unoptimized + debuginfo] target(s) in 2.66s
[INFO] running `Command { std: "docker" "inspect" "8c5c2910313675068817d401289b168a3db1905271f06630fbdce1815168f426", kill_on_drop: false }`
[INFO] running `Command { std: "docker" "rm" "-f" "8c5c2910313675068817d401289b168a3db1905271f06630fbdce1815168f426", kill_on_drop: false }`
[INFO] [stdout] 8c5c2910313675068817d401289b168a3db1905271f06630fbdce1815168f426
[INFO] running `Command { std: "docker" "create" "-v" "/var/lib/crater-agent-workspace/builds/worker-5-tc2/target:/opt/rustwide/target:rw,Z" "-v" "/var/lib/crater-agent-workspace/builds/worker-5-tc2/source:/opt/rustwide/workdir:ro,Z" "-v" "/var/lib/crater-agent-workspace/cargo-home:/opt/rustwide/cargo-home:ro,Z" "-v" "/var/lib/crater-agent-workspace/rustup-home:/opt/rustwide/rustup-home:ro,Z" "-e" "SOURCE_DIR=/opt/rustwide/workdir" "-e" "CARGO_TARGET_DIR=/opt/rustwide/target" "-e" "CARGO_INCREMENTAL=0" "-e" "RUST_BACKTRACE=full" "-e" "RUSTFLAGS=--cap-lints=forbid -Zrandomize-layout" "-e" "RUSTDOCFLAGS=--cap-lints=forbid" "-e" "CARGO_HOME=/opt/rustwide/cargo-home" "-e" "RUSTUP_HOME=/opt/rustwide/rustup-home" "-w" "/opt/rustwide/workdir" "-m" "1610612736" "--user" "0:0" "--network" "none" "ghcr.io/rust-lang/crates-build-env/linux@sha256:4a844ea9eb2546a2d2c7022eacef16ef2e8229c7fbb2c7d4d55a9ceca922f72d" "/opt/rustwide/cargo-home/bin/cargo" "+nightly-2024-10-28" "test" "--frozen" "--no-run" "--message-format=json", kill_on_drop: false }`
[INFO] [stdout] 3cd8161cf1d7b7130e1bbd7ece7742d2bb1756feff8f82867252229212bb14f7
[INFO] running `Command { std: "docker" "start" "-a" "3cd8161cf1d7b7130e1bbd7ece7742d2bb1756feff8f82867252229212bb14f7", kill_on_drop: false }`
[INFO] [stdout] warning: unused variable: `namespace_definition`
[INFO] [stdout]   --> src/visit.rs:25:44
[INFO] [stdout]    |
[INFO] [stdout] 25 |   fn visit_namespace_definition(&mut self, namespace_definition: &mut NamespaceDefinition) {}
[INFO] [stdout]    |                                            ^^^^^^^^^^^^^^^^^^^^ help: if this is intentional, prefix it with an underscore: `_namespace_definition`
[INFO] [stdout]    |
[INFO] [stdout]    = note: `#[warn(unused_variables)]` on by default
[INFO] [stdout] 
[INFO] [stdout] 
[INFO] [stdout] warning: unused variable: `include_definition`
[INFO] [stdout]   --> src/visit.rs:27:42
[INFO] [stdout]    |
[INFO] [stdout] 27 |   fn visit_include_definition(&mut self, include_definition: &mut IncludeDefinition) {}
[INFO] [stdout]    |                                          ^^^^^^^^^^^^^^^^^^ help: if this is intentional, prefix it with an underscore: `_include_definition`
[INFO] [stdout] 
[INFO] [stdout] 
[INFO] [stderr]    Compiling thrift_parser v0.1.0 (/opt/rustwide/workdir)
[INFO] [stdout] warning: unused variable: `function_definition`
[INFO] [stdout]   --> src/visit.rs:47:43
[INFO] [stdout]    |
[INFO] [stdout] 47 |   fn visit_function_definition(&mut self, function_definition: &mut FunctionDefinition) {}
[INFO] [stdout]    |                                           ^^^^^^^^^^^^^^^^^^^ help: if this is intentional, prefix it with an underscore: `_function_definition`
[INFO] [stdout] 
[INFO] [stdout] 
[INFO] [stdout] warning: unused variable: `field_definition`
[INFO] [stdout]   --> src/visit.rs:49:47
[INFO] [stdout]    |
[INFO] [stdout] 49 |   fn visit_struct_field_definition(&mut self, field_definition: &mut FieldDefinition) {}
[INFO] [stdout]    |                                               ^^^^^^^^^^^^^^^^ help: if this is intentional, prefix it with an underscore: `_field_definition`
[INFO] [stdout] 
[INFO] [stdout] 
[INFO] [stdout] warning: unused variable: `enum_member`
[INFO] [stdout]   --> src/visit.rs:51:35
[INFO] [stdout]    |
[INFO] [stdout] 51 |   fn visit_enum_member(&mut self, enum_member: &mut EnumMember) {}
[INFO] [stdout]    |                                   ^^^^^^^^^^^ help: if this is intentional, prefix it with an underscore: `_enum_member`
[INFO] [stdout] 
[INFO] [stdout] 
[INFO] [stdout] warning: unused variable: `namespace_definition`
[INFO] [stdout]   --> src/visit.rs:25:44
[INFO] [stdout]    |
[INFO] [stdout] 25 |   fn visit_namespace_definition(&mut self, namespace_definition: &mut NamespaceDefinition) {}
[INFO] [stdout]    |                                            ^^^^^^^^^^^^^^^^^^^^ help: if this is intentional, prefix it with an underscore: `_namespace_definition`
[INFO] [stdout]    |
[INFO] [stdout]    = note: `#[warn(unused_variables)]` on by default
[INFO] [stdout] 
[INFO] [stdout] 
[INFO] [stdout] warning: unused variable: `include_definition`
[INFO] [stdout]   --> src/visit.rs:27:42
[INFO] [stdout]    |
[INFO] [stdout] 27 |   fn visit_include_definition(&mut self, include_definition: &mut IncludeDefinition) {}
[INFO] [stdout]    |                                          ^^^^^^^^^^^^^^^^^^ help: if this is intentional, prefix it with an underscore: `_include_definition`
[INFO] [stdout] 
[INFO] [stdout] 
[INFO] [stdout] warning: unused variable: `function_definition`
[INFO] [stdout]   --> src/visit.rs:47:43
[INFO] [stdout]    |
[INFO] [stdout] 47 |   fn visit_function_definition(&mut self, function_definition: &mut FunctionDefinition) {}
[INFO] [stdout]    |                                           ^^^^^^^^^^^^^^^^^^^ help: if this is intentional, prefix it with an underscore: `_function_definition`
[INFO] [stdout] 
[INFO] [stdout] 
[INFO] [stdout] warning: unused variable: `field_definition`
[INFO] [stdout]   --> src/visit.rs:49:47
[INFO] [stdout]    |
[INFO] [stdout] 49 |   fn visit_struct_field_definition(&mut self, field_definition: &mut FieldDefinition) {}
[INFO] [stdout]    |                                               ^^^^^^^^^^^^^^^^ help: if this is intentional, prefix it with an underscore: `_field_definition`
[INFO] [stdout] 
[INFO] [stdout] 
[INFO] [stdout] warning: unused variable: `enum_member`
[INFO] [stdout]   --> src/visit.rs:51:35
[INFO] [stdout]    |
[INFO] [stdout] 51 |   fn visit_enum_member(&mut self, enum_member: &mut EnumMember) {}
[INFO] [stdout]    |                                   ^^^^^^^^^^^ help: if this is intentional, prefix it with an underscore: `_enum_member`
[INFO] [stdout] 
[INFO] [stdout] 
[INFO] [stderr]     Finished `test` profile [unoptimized + debuginfo] target(s) in 0.96s
[INFO] running `Command { std: "docker" "inspect" "3cd8161cf1d7b7130e1bbd7ece7742d2bb1756feff8f82867252229212bb14f7", kill_on_drop: false }`
[INFO] running `Command { std: "docker" "rm" "-f" "3cd8161cf1d7b7130e1bbd7ece7742d2bb1756feff8f82867252229212bb14f7", kill_on_drop: false }`
[INFO] [stdout] 3cd8161cf1d7b7130e1bbd7ece7742d2bb1756feff8f82867252229212bb14f7
[INFO] running `Command { std: "docker" "create" "-v" "/var/lib/crater-agent-workspace/builds/worker-5-tc2/target:/opt/rustwide/target:rw,Z" "-v" "/var/lib/crater-agent-workspace/builds/worker-5-tc2/source:/opt/rustwide/workdir:ro,Z" "-v" "/var/lib/crater-agent-workspace/cargo-home:/opt/rustwide/cargo-home:ro,Z" "-v" "/var/lib/crater-agent-workspace/rustup-home:/opt/rustwide/rustup-home:ro,Z" "-e" "SOURCE_DIR=/opt/rustwide/workdir" "-e" "CARGO_TARGET_DIR=/opt/rustwide/target" "-e" "CARGO_INCREMENTAL=0" "-e" "RUST_BACKTRACE=full" "-e" "RUSTFLAGS=--cap-lints=forbid -Zrandomize-layout" "-e" "RUSTDOCFLAGS=--cap-lints=forbid" "-e" "CARGO_HOME=/opt/rustwide/cargo-home" "-e" "RUSTUP_HOME=/opt/rustwide/rustup-home" "-w" "/opt/rustwide/workdir" "-m" "1610612736" "--user" "0:0" "--network" "none" "ghcr.io/rust-lang/crates-build-env/linux@sha256:4a844ea9eb2546a2d2c7022eacef16ef2e8229c7fbb2c7d4d55a9ceca922f72d" "/opt/rustwide/cargo-home/bin/cargo" "+nightly-2024-10-28" "test" "--frozen", kill_on_drop: false }`
[INFO] [stdout] 373773000c02d3be8c5bcd2901e94860aef6cc0511df3af89a451f24b1ababc1
[INFO] running `Command { std: "docker" "start" "-a" "373773000c02d3be8c5bcd2901e94860aef6cc0511df3af89a451f24b1ababc1", kill_on_drop: false }`
[INFO] [stderr] warning: unused variable: `namespace_definition`
[INFO] [stderr]   --> src/visit.rs:25:44
[INFO] [stderr]    |
[INFO] [stderr] 25 |   fn visit_namespace_definition(&mut self, namespace_definition: &mut NamespaceDefinition) {}
[INFO] [stderr]    |                                            ^^^^^^^^^^^^^^^^^^^^ help: if this is intentional, prefix it with an underscore: `_namespace_definition`
[INFO] [stderr]    |
[INFO] [stderr]    = note: `#[warn(unused_variables)]` on by default
[INFO] [stderr] 
[INFO] [stderr] warning: unused variable: `include_definition`
[INFO] [stderr]   --> src/visit.rs:27:42
[INFO] [stderr]    |
[INFO] [stderr] 27 |   fn visit_include_definition(&mut self, include_definition: &mut IncludeDefinition) {}
[INFO] [stderr]    |                                          ^^^^^^^^^^^^^^^^^^ help: if this is intentional, prefix it with an underscore: `_include_definition`
[INFO] [stderr] 
[INFO] [stderr] warning: unused variable: `function_definition`
[INFO] [stderr]   --> src/visit.rs:47:43
[INFO] [stderr]    |
[INFO] [stderr] 47 |   fn visit_function_definition(&mut self, function_definition: &mut FunctionDefinition) {}
[INFO] [stderr]    |                                           ^^^^^^^^^^^^^^^^^^^ help: if this is intentional, prefix it with an underscore: `_function_definition`
[INFO] [stderr] 
[INFO] [stderr] warning: unused variable: `field_definition`
[INFO] [stderr]   --> src/visit.rs:49:47
[INFO] [stderr]    |
[INFO] [stderr] 49 |   fn visit_struct_field_definition(&mut self, field_definition: &mut FieldDefinition) {}
[INFO] [stderr]    |                                               ^^^^^^^^^^^^^^^^ help: if this is intentional, prefix it with an underscore: `_field_definition`
[INFO] [stderr] 
[INFO] [stderr] warning: unused variable: `enum_member`
[INFO] [stderr]   --> src/visit.rs:51:35
[INFO] [stderr]    |
[INFO] [stderr] 51 |   fn visit_enum_member(&mut self, enum_member: &mut EnumMember) {}
[INFO] [stderr]    |                                   ^^^^^^^^^^^ help: if this is intentional, prefix it with an underscore: `_enum_member`
[INFO] [stderr] 
[INFO] [stderr] warning: `thrift_parser` (lib) generated 5 warnings
[INFO] [stderr] warning: `thrift_parser` (lib test) generated 5 warnings (5 duplicates)
[INFO] [stderr]     Finished `test` profile [unoptimized + debuginfo] target(s) in 0.01s
[INFO] [stderr]      Running unittests src/lib.rs (/opt/rustwide/target/debug/deps/thrift_parser-a0fd2b16251912e8)
[INFO] [stdout] 
[INFO] [stdout] running 18 tests
[INFO] [stdout] test parse::tests::test_annotations ... ok
[INFO] [stdout] test parse::tests::test_enum_definition ... ok
[INFO] [stdout] test parse::tests::test_comment ... ok
[INFO] [stdout] test parse::tests::test_enum_member ... ok
[INFO] [stdout] test parse::tests::test_field_definition ... ok
[INFO] [stdout] test parse::tests::test_field_id ... ok
[INFO] [stdout] test parse::tests::test_identifier ... ok
[INFO] [stdout] test parse::tests::test_function_definition ... ok
[INFO] [stdout] test parse::tests::test_include_definition ... ok
[INFO] [stdout] test parse::tests::test_namespace_definition ... ok
[INFO] [stdout] test parse::tests::test_string_literal ... ok
[INFO] [stdout] test parse::tests::test_requiredness ... ok
[INFO] [stdout] test parse::tests::test_struct_definition ... ok
[INFO] [stdout] test parse::tests::test_thrift_type ... ok
[INFO] [stdout] test parse::tests::test_thrift_document ... ok
[INFO] [stdout] test parse::tests::test_service_definition ... ok
[INFO] [stdout] test tests::it_works ... FAILED
[INFO] [stdout] test tests::test_compiler ... FAILED
[INFO] [stdout] 
[INFO] [stdout] failures:
[INFO] [stdout] 
[INFO] [stdout] ---- tests::it_works stdout ----
[INFO] [stdout] thread 'tests::it_works' panicked at src/lib.rs:55:79:
[INFO] [stdout] called `Result::unwrap()` on an `Err` value: Os { code: 30, kind: ReadOnlyFilesystem, message: "Read-only file system" }
[INFO] [stdout] stack backtrace:
[INFO] [stdout]    0:     0x608ede36eeba - std::backtrace_rs::backtrace::libunwind::trace::h207520d6e9873551
[INFO] [stdout]                                at /rustc/df4ca44d3fbc9301ee17f30f4d474e6ae4b05252/library/std/src/../../backtrace/src/backtrace/libunwind.rs:116:5
[INFO] [stdout]    1:     0x608ede36eeba - std::backtrace_rs::backtrace::trace_unsynchronized::h2ed7433f370e3eca
[INFO] [stdout]                                at /rustc/df4ca44d3fbc9301ee17f30f4d474e6ae4b05252/library/std/src/../../backtrace/src/backtrace/mod.rs:66:5
[INFO] [stdout]    2:     0x608ede36eeba - std::sys::backtrace::_print_fmt::h916fac51166b18d7
[INFO] [stdout]                                at /rustc/df4ca44d3fbc9301ee17f30f4d474e6ae4b05252/library/std/src/sys/backtrace.rs:66:9
[INFO] [stdout]    3:     0x608ede36eeba - <std::sys::backtrace::BacktraceLock::print::DisplayBacktrace as core::fmt::Display>::fmt::ha0a4c9b8ce3802e6
[INFO] [stdout]                                at /rustc/df4ca44d3fbc9301ee17f30f4d474e6ae4b05252/library/std/src/sys/backtrace.rs:39:26
[INFO] [stdout]    4:     0x608ede396143 - core::fmt::rt::Argument::fmt::h4cfc8587d52b3eb5
[INFO] [stdout]                                at /rustc/df4ca44d3fbc9301ee17f30f4d474e6ae4b05252/library/core/src/fmt/rt.rs:177:76
[INFO] [stdout]    5:     0x608ede396143 - core::fmt::write::h522cc39e5b36ae9f
[INFO] [stdout]                                at /rustc/df4ca44d3fbc9301ee17f30f4d474e6ae4b05252/library/core/src/fmt/mod.rs:1190:21
[INFO] [stdout]    6:     0x608ede36b703 - std::io::Write::write_fmt::h7d3c26752da97734
[INFO] [stdout]                                at /rustc/df4ca44d3fbc9301ee17f30f4d474e6ae4b05252/library/std/src/io/mod.rs:1839:15
[INFO] [stdout]    7:     0x608ede36ed02 - std::sys::backtrace::BacktraceLock::print::h4b9e00b29e9c0942
[INFO] [stdout]                                at /rustc/df4ca44d3fbc9301ee17f30f4d474e6ae4b05252/library/std/src/sys/backtrace.rs:42:9
[INFO] [stdout]    8:     0x608ede37034a - std::panicking::default_hook::{{closure}}::hb59b88280d0324d9
[INFO] [stdout]                                at /rustc/df4ca44d3fbc9301ee17f30f4d474e6ae4b05252/library/std/src/panicking.rs:268:22
[INFO] [stdout]    9:     0x608ede370154 - std::panicking::default_hook::he1dd496665be4a29
[INFO] [stdout]                                at /rustc/df4ca44d3fbc9301ee17f30f4d474e6ae4b05252/library/std/src/panicking.rs:292:9
[INFO] [stdout]   10:     0x608ede30c7f9 - <alloc::boxed::Box<F,A> as core::ops::function::Fn<Args>>::call::h4ff71de18744e1dc
[INFO] [stdout]                                at /rustc/df4ca44d3fbc9301ee17f30f4d474e6ae4b05252/library/alloc/src/boxed.rs:2468:9
[INFO] [stdout]   11:     0x608ede30c7f9 - test::test_main::{{closure}}::hcf7c055ce117aa81
[INFO] [stdout]                                at /rustc/df4ca44d3fbc9301ee17f30f4d474e6ae4b05252/library/test/src/lib.rs:133:21
[INFO] [stdout]   12:     0x608ede370a48 - <alloc::boxed::Box<F,A> as core::ops::function::Fn<Args>>::call::h1d66c6bbd60c9692
[INFO] [stdout]                                at /rustc/df4ca44d3fbc9301ee17f30f4d474e6ae4b05252/library/alloc/src/boxed.rs:2468:9
[INFO] [stdout]   13:     0x608ede370a48 - std::panicking::rust_panic_with_hook::h2ff17fe8f26dfcf8
[INFO] [stdout]                                at /rustc/df4ca44d3fbc9301ee17f30f4d474e6ae4b05252/library/std/src/panicking.rs:809:13
[INFO] [stdout]   14:     0x608ede37080a - std::panicking::begin_panic_handler::{{closure}}::h4fad77951c07e101
[INFO] [stdout]                                at /rustc/df4ca44d3fbc9301ee17f30f4d474e6ae4b05252/library/std/src/panicking.rs:674:13
[INFO] [stdout]   15:     0x608ede36f399 - std::sys::backtrace::__rust_end_short_backtrace::hb1a25b3da5d0ea08
[INFO] [stdout]                                at /rustc/df4ca44d3fbc9301ee17f30f4d474e6ae4b05252/library/std/src/sys/backtrace.rs:170:18
[INFO] [stdout]   16:     0x608ede37049c - rust_begin_unwind
[INFO] [stdout]                                at /rustc/df4ca44d3fbc9301ee17f30f4d474e6ae4b05252/library/std/src/panicking.rs:665:5
[INFO] [stdout]   17:     0x608ede394aa0 - core::panicking::panic_fmt::ha9db07b529f9b256
[INFO] [stdout]                                at /rustc/df4ca44d3fbc9301ee17f30f4d474e6ae4b05252/library/core/src/panicking.rs:75:14
[INFO] [stdout]   18:     0x608ede394f86 - core::result::unwrap_failed::h5e8218e4d4338b8a
[INFO] [stdout]                                at /rustc/df4ca44d3fbc9301ee17f30f4d474e6ae4b05252/library/core/src/result.rs:1698:5
[INFO] [stdout]   19:     0x608ede2b7653 - core::result::Result<T,E>::unwrap::h4406de7bcacc2ab3
[INFO] [stdout]                                at /rustc/df4ca44d3fbc9301ee17f30f4d474e6ae4b05252/library/core/src/result.rs:1103:23
[INFO] [stdout]   20:     0x608ede2b7653 - thrift_parser::tests::it_works::hffc927ebf3455619
[INFO] [stdout]                                at /opt/rustwide/workdir/src/lib.rs:55:5
[INFO] [stdout]   21:     0x608ede2b7267 - thrift_parser::tests::it_works::{{closure}}::ha83a9349d21733bf
[INFO] [stdout]                                at /opt/rustwide/workdir/src/lib.rs:15:16
[INFO] [stdout]   22:     0x608ede288a56 - core::ops::function::FnOnce::call_once::hd9df3a160828f381
[INFO] [stdout]                                at /rustc/df4ca44d3fbc9301ee17f30f4d474e6ae4b05252/library/core/src/ops/function.rs:250:5
[INFO] [stdout]   23:     0x608ede3110cb - core::ops::function::FnOnce::call_once::h22c3ba5715e93f05
[INFO] [stdout]                                at /rustc/df4ca44d3fbc9301ee17f30f4d474e6ae4b05252/library/core/src/ops/function.rs:250:5
[INFO] [stdout]   24:     0x608ede3110cb - test::__rust_begin_short_backtrace::h8e82d8113d0da17f
[INFO] [stdout]                                at /rustc/df4ca44d3fbc9301ee17f30f4d474e6ae4b05252/library/test/src/lib.rs:621:18
[INFO] [stdout]   25:     0x608ede310a47 - test::run_test_in_process::{{closure}}::h33235f4f20b7b7c7
[INFO] [stdout]                                at /rustc/df4ca44d3fbc9301ee17f30f4d474e6ae4b05252/library/test/src/lib.rs:644:60
[INFO] [stdout]   26:     0x608ede310a47 - <core::panic::unwind_safe::AssertUnwindSafe<F> as core::ops::function::FnOnce<()>>::call_once::hb5043206310c586f
[INFO] [stdout]                                at /rustc/df4ca44d3fbc9301ee17f30f4d474e6ae4b05252/library/core/src/panic/unwind_safe.rs:272:9
[INFO] [stdout]   27:     0x608ede310a47 - std::panicking::try::do_call::h9ad4731a60ab23e2
[INFO] [stdout]                                at /rustc/df4ca44d3fbc9301ee17f30f4d474e6ae4b05252/library/std/src/panicking.rs:557:40
[INFO] [stdout]   28:     0x608ede310a47 - std::panicking::try::h3824d23db772a716
[INFO] [stdout]                                at /rustc/df4ca44d3fbc9301ee17f30f4d474e6ae4b05252/library/std/src/panicking.rs:520:19
[INFO] [stdout]   29:     0x608ede310a47 - std::panic::catch_unwind::h5afd514605fde46b
[INFO] [stdout]                                at /rustc/df4ca44d3fbc9301ee17f30f4d474e6ae4b05252/library/std/src/panic.rs:358:14
[INFO] [stdout]   30:     0x608ede310a47 - test::run_test_in_process::h0d5cbfa7067d1720
[INFO] [stdout]                                at /rustc/df4ca44d3fbc9301ee17f30f4d474e6ae4b05252/library/test/src/lib.rs:644:27
[INFO] [stdout]   31:     0x608ede310a47 - test::run_test::{{closure}}::h708eb8872708115d
[INFO] [stdout]                                at /rustc/df4ca44d3fbc9301ee17f30f4d474e6ae4b05252/library/test/src/lib.rs:565:43
[INFO] [stdout]   32:     0x608ede2d4164 - test::run_test::{{closure}}::h392c51cee94713ab
[INFO] [stdout]                                at /rustc/df4ca44d3fbc9301ee17f30f4d474e6ae4b05252/library/test/src/lib.rs:595:41
[INFO] [stdout]   33:     0x608ede2d4164 - std::sys::backtrace::__rust_begin_short_backtrace::h2f40290710935a8b
[INFO] [stdout]                                at /rustc/df4ca44d3fbc9301ee17f30f4d474e6ae4b05252/library/std/src/sys/backtrace.rs:154:18
[INFO] [stdout]   34:     0x608ede2d790e - std::thread::Builder::spawn_unchecked_::{{closure}}::{{closure}}::h3fd968d89053a903
[INFO] [stdout]                                at /rustc/df4ca44d3fbc9301ee17f30f4d474e6ae4b05252/library/std/src/thread/mod.rs:541:17
[INFO] [stdout]   35:     0x608ede2d790e - <core::panic::unwind_safe::AssertUnwindSafe<F> as core::ops::function::FnOnce<()>>::call_once::h743f637ba4229880
[INFO] [stdout]                                at /rustc/df4ca44d3fbc9301ee17f30f4d474e6ae4b05252/library/core/src/panic/unwind_safe.rs:272:9
[INFO] [stdout]   36:     0x608ede2d790e - std::panicking::try::do_call::h07440897322525a6
[INFO] [stdout]                                at /rustc/df4ca44d3fbc9301ee17f30f4d474e6ae4b05252/library/std/src/panicking.rs:557:40
[INFO] [stdout]   37:     0x608ede2d790e - std::panicking::try::he5a2e00188156637
[INFO] [stdout]                                at /rustc/df4ca44d3fbc9301ee17f30f4d474e6ae4b05252/library/std/src/panicking.rs:520:19
[INFO] [stdout]   38:     0x608ede2d790e - std::panic::catch_unwind::hbaf3cae49b3c6433
[INFO] [stdout]                                at /rustc/df4ca44d3fbc9301ee17f30f4d474e6ae4b05252/library/std/src/panic.rs:358:14
[INFO] [stdout]   39:     0x608ede2d790e - std::thread::Builder::spawn_unchecked_::{{closure}}::h8e141ea224820bce
[INFO] [stdout]                                at /rustc/df4ca44d3fbc9301ee17f30f4d474e6ae4b05252/library/std/src/thread/mod.rs:540:30
[INFO] [stdout]   40:     0x608ede2d790e - core::ops::function::FnOnce::call_once{{vtable.shim}}::h90d312fedd7b8ea8
[INFO] [stdout]                                at /rustc/df4ca44d3fbc9301ee17f30f4d474e6ae4b05252/library/core/src/ops/function.rs:250:5
[INFO] [stdout]   41:     0x608ede37523b - <alloc::boxed::Box<F,A> as core::ops::function::FnOnce<Args>>::call_once::h69aa08ddb6adb8b6
[INFO] [stdout]                                at /rustc/df4ca44d3fbc9301ee17f30f4d474e6ae4b05252/library/alloc/src/boxed.rs:2454:9
[INFO] [stdout]   42:     0x608ede37523b - <alloc::boxed::Box<F,A> as core::ops::function::FnOnce<Args>>::call_once::h5aa36efdb79c806f
[INFO] [stdout]                                at /rustc/df4ca44d3fbc9301ee17f30f4d474e6ae4b05252/library/alloc/src/boxed.rs:2454:9
[INFO] [stdout]   43:     0x608ede37523b - std::sys::pal::unix::thread::Thread::new::thread_start::h6cd80a1b4be5158d
[INFO] [stdout]                                at /rustc/df4ca44d3fbc9301ee17f30f4d474e6ae4b05252/library/std/src/sys/pal/unix/thread.rs:105:17
[INFO] [stdout]   44:     0x768eb354fac3 - <unknown>
[INFO] [stdout]   45:     0x768eb35e0a04 - clone
[INFO] [stdout]   46:                0x0 - <unknown>
[INFO] [stdout] 
[INFO] [stdout] ---- tests::test_compiler stdout ----
[INFO] [stdout] thread 'tests::test_compiler' panicked at src/compile.rs:52:40:
[INFO] [stdout] called `Result::unwrap()` on an `Err` value: Os { code: 30, kind: ReadOnlyFilesystem, message: "Read-only file system" }
[INFO] [stdout] stack backtrace:
[INFO] [stdout]    0:     0x608ede36eeba - std::backtrace_rs::backtrace::libunwind::trace::h207520d6e9873551
[INFO] [stdout]                                at /rustc/df4ca44d3fbc9301ee17f30f4d474e6ae4b05252/library/std/src/../../backtrace/src/backtrace/libunwind.rs:116:5
[INFO] [stdout]    1:     0x608ede36eeba - std::backtrace_rs::backtrace::trace_unsynchronized::h2ed7433f370e3eca
[INFO] [stdout]                                at /rustc/df4ca44d3fbc9301ee17f30f4d474e6ae4b05252/library/std/src/../../backtrace/src/backtrace/mod.rs:66:5
[INFO] [stdout]    2:     0x608ede36eeba - std::sys::backtrace::_print_fmt::h916fac51166b18d7
[INFO] [stdout]                                at /rustc/df4ca44d3fbc9301ee17f30f4d474e6ae4b05252/library/std/src/sys/backtrace.rs:66:9
[INFO] [stdout]    3:     0x608ede36eeba - <std::sys::backtrace::BacktraceLock::print::DisplayBacktrace as core::fmt::Display>::fmt::ha0a4c9b8ce3802e6
[INFO] [stdout]                                at /rustc/df4ca44d3fbc9301ee17f30f4d474e6ae4b05252/library/std/src/sys/backtrace.rs:39:26
[INFO] [stdout]    4:     0x608ede396143 - core::fmt::rt::Argument::fmt::h4cfc8587d52b3eb5
[INFO] [stdout]                                at /rustc/df4ca44d3fbc9301ee17f30f4d474e6ae4b05252/library/core/src/fmt/rt.rs:177:76
[INFO] [stdout]    5:     0x608ede396143 - core::fmt::write::h522cc39e5b36ae9f
[INFO] [stdout]                                at /rustc/df4ca44d3fbc9301ee17f30f4d474e6ae4b05252/library/core/src/fmt/mod.rs:1190:21
[INFO] [stdout]    6:     0x608ede36b703 - std::io::Write::write_fmt::h7d3c26752da97734
[INFO] [stdout]                                at /rustc/df4ca44d3fbc9301ee17f30f4d474e6ae4b05252/library/std/src/io/mod.rs:1839:15
[INFO] [stdout]    7:     0x608ede36ed02 - std::sys::backtrace::BacktraceLock::print::h4b9e00b29e9c0942
[INFO] [stdout]                                at /rustc/df4ca44d3fbc9301ee17f30f4d474e6ae4b05252/library/std/src/sys/backtrace.rs:42:9
[INFO] [stdout]    8:     0x608ede37034a - std::panicking::default_hook::{{closure}}::hb59b88280d0324d9
[INFO] [stdout]                                at /rustc/df4ca44d3fbc9301ee17f30f4d474e6ae4b05252/library/std/src/panicking.rs:268:22
[INFO] [stdout]    9:     0x608ede370154 - std::panicking::default_hook::he1dd496665be4a29
[INFO] [stdout]                                at /rustc/df4ca44d3fbc9301ee17f30f4d474e6ae4b05252/library/std/src/panicking.rs:292:9
[INFO] [stdout]   10:     0x608ede30c7f9 - <alloc::boxed::Box<F,A> as core::ops::function::Fn<Args>>::call::h4ff71de18744e1dc
[INFO] [stdout]                                at /rustc/df4ca44d3fbc9301ee17f30f4d474e6ae4b05252/library/alloc/src/boxed.rs:2468:9
[INFO] [stdout]   11:     0x608ede30c7f9 - test::test_main::{{closure}}::hcf7c055ce117aa81
[INFO] [stdout]                                at /rustc/df4ca44d3fbc9301ee17f30f4d474e6ae4b05252/library/test/src/lib.rs:133:21
[INFO] [stdout]   12:     0x608ede370a48 - <alloc::boxed::Box<F,A> as core::ops::function::Fn<Args>>::call::h1d66c6bbd60c9692
[INFO] [stdout]                                at /rustc/df4ca44d3fbc9301ee17f30f4d474e6ae4b05252/library/alloc/src/boxed.rs:2468:9
[INFO] [stdout]   13:     0x608ede370a48 - std::panicking::rust_panic_with_hook::h2ff17fe8f26dfcf8
[INFO] [stdout]                                at /rustc/df4ca44d3fbc9301ee17f30f4d474e6ae4b05252/library/std/src/panicking.rs:809:13
[INFO] [stdout]   14:     0x608ede37080a - std::panicking::begin_panic_handler::{{closure}}::h4fad77951c07e101
[INFO] [stdout]                                at /rustc/df4ca44d3fbc9301ee17f30f4d474e6ae4b05252/library/std/src/panicking.rs:674:13
[INFO] [stdout]   15:     0x608ede36f399 - std::sys::backtrace::__rust_end_short_backtrace::hb1a25b3da5d0ea08
[INFO] [stdout]                                at /rustc/df4ca44d3fbc9301ee17f30f4d474e6ae4b05252/library/std/src/sys/backtrace.rs:170:18
[INFO] [stdout]   16:     0x608ede37049c - rust_begin_unwind
[INFO] [stdout]                                at /rustc/df4ca44d3fbc9301ee17f30f4d474e6ae4b05252/library/std/src/panicking.rs:665:5
[INFO] [stdout]   17:     0x608ede394aa0 - core::panicking::panic_fmt::ha9db07b529f9b256
[INFO] [stdout]                                at /rustc/df4ca44d3fbc9301ee17f30f4d474e6ae4b05252/library/core/src/panicking.rs:75:14
[INFO] [stdout]   18:     0x608ede394f86 - core::result::unwrap_failed::h5e8218e4d4338b8a
[INFO] [stdout]                                at /rustc/df4ca44d3fbc9301ee17f30f4d474e6ae4b05252/library/core/src/result.rs:1698:5
[INFO] [stdout]   19:     0x608ede2ac128 - core::result::Result<T,E>::unwrap::h4406de7bcacc2ab3
[INFO] [stdout]                                at /rustc/df4ca44d3fbc9301ee17f30f4d474e6ae4b05252/library/core/src/result.rs:1103:23
[INFO] [stdout]   20:     0x608ede2ac128 - thrift_parser::compile::Compiler::compile::h3969cbd9590c59f5
[INFO] [stdout]                                at /opt/rustwide/workdir/src/compile.rs:52:7
[INFO] [stdout]   21:     0x608ede2b7a4d - thrift_parser::tests::test_compiler::h3856fca3a36e1f67
[INFO] [stdout]                                at /opt/rustwide/workdir/src/lib.rs:64:5
[INFO] [stdout]   22:     0x608ede2b7817 - thrift_parser::tests::test_compiler::{{closure}}::h23ebc842ad9ee385
[INFO] [stdout]                                at /opt/rustwide/workdir/src/lib.rs:63:21
[INFO] [stdout]   23:     0x608ede288826 - core::ops::function::FnOnce::call_once::h9fb135d7709c0076
[INFO] [stdout]                                at /rustc/df4ca44d3fbc9301ee17f30f4d474e6ae4b05252/library/core/src/ops/function.rs:250:5
[INFO] [stdout]   24:     0x608ede3110cb - core::ops::function::FnOnce::call_once::h22c3ba5715e93f05
[INFO] [stdout]                                at /rustc/df4ca44d3fbc9301ee17f30f4d474e6ae4b05252/library/core/src/ops/function.rs:250:5
[INFO] [stdout]   25:     0x608ede3110cb - test::__rust_begin_short_backtrace::h8e82d8113d0da17f
[INFO] [stdout]                                at /rustc/df4ca44d3fbc9301ee17f30f4d474e6ae4b05252/library/test/src/lib.rs:621:18
[INFO] [stdout]   26:     0x608ede310a47 - test::run_test_in_process::{{closure}}::h33235f4f20b7b7c7
[INFO] [stdout]                                at /rustc/df4ca44d3fbc9301ee17f30f4d474e6ae4b05252/library/test/src/lib.rs:644:60
[INFO] [stdout]   27:     0x608ede310a47 - <core::panic::unwind_safe::AssertUnwindSafe<F> as core::ops::function::FnOnce<()>>::call_once::hb5043206310c586f
[INFO] [stdout]                                at /rustc/df4ca44d3fbc9301ee17f30f4d474e6ae4b05252/library/core/src/panic/unwind_safe.rs:272:9
[INFO] [stderr] error: test failed, to rerun pass `--lib`
[INFO] [stdout]   28:     0x608ede310a47 - std::panicking::try::do_call::h9ad4731a60ab23e2
[INFO] [stdout]                                at /rustc/df4ca44d3fbc9301ee17f30f4d474e6ae4b05252/library/std/src/panicking.rs:557:40
[INFO] [stdout]   29:     0x608ede310a47 - std::panicking::try::h3824d23db772a716
[INFO] [stdout]                                at /rustc/df4ca44d3fbc9301ee17f30f4d474e6ae4b05252/library/std/src/panicking.rs:520:19
[INFO] [stdout]   30:     0x608ede310a47 - std::panic::catch_unwind::h5afd514605fde46b
[INFO] [stdout]                                at /rustc/df4ca44d3fbc9301ee17f30f4d474e6ae4b05252/library/std/src/panic.rs:358:14
[INFO] [stdout]   31:     0x608ede310a47 - test::run_test_in_process::h0d5cbfa7067d1720
[INFO] [stdout]                                at /rustc/df4ca44d3fbc9301ee17f30f4d474e6ae4b05252/library/test/src/lib.rs:644:27
[INFO] [stdout]   32:     0x608ede310a47 - test::run_test::{{closure}}::h708eb8872708115d
[INFO] [stdout]                                at /rustc/df4ca44d3fbc9301ee17f30f4d474e6ae4b05252/library/test/src/lib.rs:565:43
[INFO] [stdout]   33:     0x608ede2d4164 - test::run_test::{{closure}}::h392c51cee94713ab
[INFO] [stdout]                                at /rustc/df4ca44d3fbc9301ee17f30f4d474e6ae4b05252/library/test/src/lib.rs:595:41
[INFO] [stdout]   34:     0x608ede2d4164 - std::sys::backtrace::__rust_begin_short_backtrace::h2f40290710935a8b
[INFO] [stdout]                                at /rustc/df4ca44d3fbc9301ee17f30f4d474e6ae4b05252/library/std/src/sys/backtrace.rs:154:18
[INFO] [stdout]   35:     0x608ede2d790e - std::thread::Builder::spawn_unchecked_::{{closure}}::{{closure}}::h3fd968d89053a903
[INFO] [stdout]                                at /rustc/df4ca44d3fbc9301ee17f30f4d474e6ae4b05252/library/std/src/thread/mod.rs:541:17
[INFO] [stdout]   36:     0x608ede2d790e - <core::panic::unwind_safe::AssertUnwindSafe<F> as core::ops::function::FnOnce<()>>::call_once::h743f637ba4229880
[INFO] [stdout]                                at /rustc/df4ca44d3fbc9301ee17f30f4d474e6ae4b05252/library/core/src/panic/unwind_safe.rs:272:9
[INFO] [stdout]   37:     0x608ede2d790e - std::panicking::try::do_call::h07440897322525a6
[INFO] [stdout]                                at /rustc/df4ca44d3fbc9301ee17f30f4d474e6ae4b05252/library/std/src/panicking.rs:557:40
[INFO] [stdout]   38:     0x608ede2d790e - std::panicking::try::he5a2e00188156637
[INFO] [stdout]                                at /rustc/df4ca44d3fbc9301ee17f30f4d474e6ae4b05252/library/std/src/panicking.rs:520:19
[INFO] [stdout]   39:     0x608ede2d790e - std::panic::catch_unwind::hbaf3cae49b3c6433
[INFO] [stdout]                                at /rustc/df4ca44d3fbc9301ee17f30f4d474e6ae4b05252/library/std/src/panic.rs:358:14
[INFO] [stdout]   40:     0x608ede2d790e - std::thread::Builder::spawn_unchecked_::{{closure}}::h8e141ea224820bce
[INFO] [stdout]                                at /rustc/df4ca44d3fbc9301ee17f30f4d474e6ae4b05252/library/std/src/thread/mod.rs:540:30
[INFO] [stdout]   41:     0x608ede2d790e - core::ops::function::FnOnce::call_once{{vtable.shim}}::h90d312fedd7b8ea8
[INFO] [stdout]                                at /rustc/df4ca44d3fbc9301ee17f30f4d474e6ae4b05252/library/core/src/ops/function.rs:250:5
[INFO] [stdout]   42:     0x608ede37523b - <alloc::boxed::Box<F,A> as core::ops::function::FnOnce<Args>>::call_once::h69aa08ddb6adb8b6
[INFO] [stdout]                                at /rustc/df4ca44d3fbc9301ee17f30f4d474e6ae4b05252/library/alloc/src/boxed.rs:2454:9
[INFO] [stdout]   43:     0x608ede37523b - <alloc::boxed::Box<F,A> as core::ops::function::FnOnce<Args>>::call_once::h5aa36efdb79c806f
[INFO] [stdout]                                at /rustc/df4ca44d3fbc9301ee17f30f4d474e6ae4b05252/library/alloc/src/boxed.rs:2454:9
[INFO] [stdout]   44:     0x608ede37523b - std::sys::pal::unix::thread::Thread::new::thread_start::h6cd80a1b4be5158d
[INFO] [stdout]                                at /rustc/df4ca44d3fbc9301ee17f30f4d474e6ae4b05252/library/std/src/sys/pal/unix/thread.rs:105:17
[INFO] [stdout]   45:     0x768eb354fac3 - <unknown>
[INFO] [stdout]   46:     0x768eb35e0a04 - clone
[INFO] [stdout]   47:                0x0 - <unknown>
[INFO] [stdout] 
[INFO] [stdout] 
[INFO] [stdout] failures:
[INFO] [stdout]     tests::it_works
[INFO] [stdout]     tests::test_compiler
[INFO] [stdout] 
[INFO] [stdout] test result: FAILED. 16 passed; 2 failed; 0 ignored; 0 measured; 0 filtered out; finished in 0.01s
[INFO] [stdout] 
[INFO] running `Command { std: "docker" "inspect" "373773000c02d3be8c5bcd2901e94860aef6cc0511df3af89a451f24b1ababc1", kill_on_drop: false }`
[INFO] running `Command { std: "docker" "rm" "-f" "373773000c02d3be8c5bcd2901e94860aef6cc0511df3af89a451f24b1ababc1", kill_on_drop: false }`
[INFO] [stdout] 373773000c02d3be8c5bcd2901e94860aef6cc0511df3af89a451f24b1ababc1
