[INFO] cloning repository https://github.com/ChristianVisintin/TermSCP
[INFO] running `Command { std: "git" "-c" "credential.helper=" "-c" "credential.helper=/workspace/cargo-home/bin/git-credential-null" "clone" "--bare" "https://github.com/ChristianVisintin/TermSCP" "/workspace/cache/git-repos/https%3A%2F%2Fgithub.com%2FChristianVisintin%2FTermSCP", kill_on_drop: false }`
[INFO] [stderr] Cloning into bare repository '/workspace/cache/git-repos/https%3A%2F%2Fgithub.com%2FChristianVisintin%2FTermSCP'...
[INFO] running `Command { std: "git" "rev-parse" "HEAD", kill_on_drop: false }`
[INFO] [stdout] e45c3d5b4ef64653e5b6cc4f3703e3b67514306d
[INFO] testing ChristianVisintin/TermSCP/e45c3d5b4ef64653e5b6cc4f3703e3b67514306d against nightly-2024-10-28+rustflags=-Zrandomize-layout for randomize-layout
[INFO] running `Command { std: "git" "clone" "/workspace/cache/git-repos/https%3A%2F%2Fgithub.com%2FChristianVisintin%2FTermSCP" "/workspace/builds/worker-0-tc2/source", kill_on_drop: false }`
[INFO] [stderr] Cloning into '/workspace/builds/worker-0-tc2/source'...
[INFO] [stderr] done.
[INFO] validating manifest of git repo https://github.com/ChristianVisintin/TermSCP on toolchain nightly-2024-10-28
[INFO] running `Command { std: CARGO_HOME="/workspace/cargo-home" RUSTUP_HOME="/workspace/rustup-home" "/workspace/cargo-home/bin/cargo" "+nightly-2024-10-28" "metadata" "--manifest-path" "Cargo.toml" "--no-deps", kill_on_drop: false }`
[INFO] started tweaking git repo https://github.com/ChristianVisintin/TermSCP
[INFO] finished tweaking git repo https://github.com/ChristianVisintin/TermSCP
[INFO] tweaked toml for git repo https://github.com/ChristianVisintin/TermSCP written to /workspace/builds/worker-0-tc2/source/Cargo.toml
[INFO] crate git repo https://github.com/ChristianVisintin/TermSCP already has a lockfile, it will not be regenerated
[INFO] running `Command { std: CARGO_HOME="/workspace/cargo-home" RUSTUP_HOME="/workspace/rustup-home" "/workspace/cargo-home/bin/cargo" "+nightly-2024-10-28" "fetch" "--manifest-path" "Cargo.toml", kill_on_drop: false }`
[INFO] running `Command { std: "docker" "create" "-v" "/var/lib/crater-agent-workspace/builds/worker-0-tc2/target:/opt/rustwide/target:rw,Z" "-v" "/var/lib/crater-agent-workspace/builds/worker-0-tc2/source:/opt/rustwide/workdir:ro,Z" "-v" "/var/lib/crater-agent-workspace/cargo-home:/opt/rustwide/cargo-home:ro,Z" "-v" "/var/lib/crater-agent-workspace/rustup-home:/opt/rustwide/rustup-home:ro,Z" "-e" "SOURCE_DIR=/opt/rustwide/workdir" "-e" "CARGO_TARGET_DIR=/opt/rustwide/target" "-e" "CARGO_HOME=/opt/rustwide/cargo-home" "-e" "RUSTUP_HOME=/opt/rustwide/rustup-home" "-w" "/opt/rustwide/workdir" "-m" "1610612736" "--user" "0:0" "--network" "none" "ghcr.io/rust-lang/crates-build-env/linux@sha256:4a844ea9eb2546a2d2c7022eacef16ef2e8229c7fbb2c7d4d55a9ceca922f72d" "/opt/rustwide/cargo-home/bin/cargo" "+nightly-2024-10-28" "metadata" "--no-deps" "--format-version=1", kill_on_drop: false }`
[INFO] [stdout] c3edd98b8c41c8a354d604583ac8b94f62d48842edf63029b070043dbc0abbc4
[INFO] running `Command { std: "docker" "start" "-a" "c3edd98b8c41c8a354d604583ac8b94f62d48842edf63029b070043dbc0abbc4", kill_on_drop: false }`
[INFO] running `Command { std: "docker" "inspect" "c3edd98b8c41c8a354d604583ac8b94f62d48842edf63029b070043dbc0abbc4", kill_on_drop: false }`
[INFO] running `Command { std: "docker" "rm" "-f" "c3edd98b8c41c8a354d604583ac8b94f62d48842edf63029b070043dbc0abbc4", kill_on_drop: false }`
[INFO] [stdout] c3edd98b8c41c8a354d604583ac8b94f62d48842edf63029b070043dbc0abbc4
[INFO] running `Command { std: "docker" "create" "-v" "/var/lib/crater-agent-workspace/builds/worker-0-tc2/target:/opt/rustwide/target:rw,Z" "-v" "/var/lib/crater-agent-workspace/builds/worker-0-tc2/source:/opt/rustwide/workdir:ro,Z" "-v" "/var/lib/crater-agent-workspace/cargo-home:/opt/rustwide/cargo-home:ro,Z" "-v" "/var/lib/crater-agent-workspace/rustup-home:/opt/rustwide/rustup-home:ro,Z" "-e" "SOURCE_DIR=/opt/rustwide/workdir" "-e" "CARGO_TARGET_DIR=/opt/rustwide/target" "-e" "CARGO_INCREMENTAL=0" "-e" "RUST_BACKTRACE=full" "-e" "RUSTFLAGS=--cap-lints=forbid -Zrandomize-layout" "-e" "RUSTDOCFLAGS=--cap-lints=forbid" "-e" "CARGO_HOME=/opt/rustwide/cargo-home" "-e" "RUSTUP_HOME=/opt/rustwide/rustup-home" "-w" "/opt/rustwide/workdir" "-m" "1610612736" "--user" "0:0" "--network" "none" "ghcr.io/rust-lang/crates-build-env/linux@sha256:4a844ea9eb2546a2d2c7022eacef16ef2e8229c7fbb2c7d4d55a9ceca922f72d" "/opt/rustwide/cargo-home/bin/cargo" "+nightly-2024-10-28" "build" "--frozen" "--message-format=json", kill_on_drop: false }`
[INFO] [stdout] 0df129af4626c4a9778ff5d46ea95b194ca2b56e611b8efc35d34b0e1da4112c
[INFO] running `Command { std: "docker" "start" "-a" "0df129af4626c4a9778ff5d46ea95b194ca2b56e611b8efc35d34b0e1da4112c", kill_on_drop: false }`
[INFO] [stderr]    Compiling proc-macro2 v1.0.87
[INFO] [stderr]    Compiling libc v0.2.159
[INFO] [stderr]    Compiling unicode-ident v1.0.13
[INFO] [stderr]    Compiling memchr v2.7.4
[INFO] [stderr]    Compiling autocfg v1.4.0
[INFO] [stderr]    Compiling shlex v1.3.0
[INFO] [stderr]    Compiling once_cell v1.20.2
[INFO] [stderr]    Compiling log v0.4.22
[INFO] [stderr]    Compiling itoa v1.0.11
[INFO] [stderr]    Compiling pkg-config v0.3.31
[INFO] [stderr]    Compiling serde v1.0.210
[INFO] [stderr]    Compiling thiserror v1.0.64
[INFO] [stderr]    Compiling bytes v1.7.2
[INFO] [stderr]    Compiling pin-project-lite v0.2.14
[INFO] [stderr]    Compiling futures-core v0.3.31
[INFO] [stderr]    Compiling ryu v1.0.18
[INFO] [stderr]    Compiling vcpkg v0.2.15
[INFO] [stderr]    Compiling bitflags v2.6.0
[INFO] [stderr]    Compiling version_check v0.9.5
[INFO] [stderr]    Compiling futures-io v0.3.31
[INFO] [stderr]    Compiling quote v1.0.37
[INFO] [stderr]    Compiling typenum v1.17.0
[INFO] [stderr]    Compiling slab v0.4.9
[INFO] [stderr]    Compiling syn v2.0.79
[INFO] [stderr]    Compiling jobserver v0.1.32
[INFO] [stderr]    Compiling signal-hook-registry v1.4.2
[INFO] [stderr]    Compiling generic-array v0.14.7
[INFO] [stderr]    Compiling futures-sink v0.3.31
[INFO] [stderr]    Compiling getrandom v0.2.15
[INFO] [stderr]    Compiling futures-channel v0.3.31
[INFO] [stderr]    Compiling cc v1.1.30
[INFO] [stderr]    Compiling futures-task v0.3.31
[INFO] [stderr]    Compiling mio v0.8.11
[INFO] [stderr]    Compiling num-traits v0.2.19
[INFO] [stderr]    Compiling socket2 v0.5.7
[INFO] [stderr]    Compiling rustversion v1.0.17
[INFO] [stderr]    Compiling foldhash v0.1.3
[INFO] [stderr]    Compiling allocator-api2 v0.2.18
[INFO] [stderr]    Compiling smallvec v1.13.2
[INFO] [stderr]    Compiling percent-encoding v2.3.1
[INFO] [stderr]    Compiling form_urlencoded v1.2.1
[INFO] [stderr]    Compiling hashbrown v0.15.0
[INFO] [stderr]    Compiling aho-corasick v1.1.3
[INFO] [stderr]    Compiling openssl-src v300.3.2+3.3.2
[INFO] [stderr]    Compiling regex-syntax v0.8.5
[INFO] [stderr]    Compiling httparse v1.9.5
[INFO] [stderr]    Compiling tracing-core v0.1.32
[INFO] [stderr]    Compiling untrusted v0.9.0
[INFO] [stderr]    Compiling tinyvec_macros v0.1.1
[INFO] [stderr]    Compiling spin v0.9.8
[INFO] [stderr]    Compiling tinyvec v1.8.0
[INFO] [stderr]    Compiling http v1.1.0
[INFO] [stderr]    Compiling ring v0.17.8
[INFO] [stderr]    Compiling openssl-sys v0.9.103
[INFO] [stderr]    Compiling subtle v2.6.1
[INFO] [stderr]    Compiling openssl-probe v0.1.5
[INFO] [stderr]    Compiling tower-service v0.3.3
[INFO] [stderr]    Compiling unicode-normalization v0.1.24
[INFO] [stderr]    Compiling powerfmt v0.2.0
[INFO] [stderr]    Compiling crossbeam-utils v0.8.20
[INFO] [stderr]    Compiling try-lock v0.2.5
[INFO] [stderr]    Compiling unicode-bidi v0.3.17
[INFO] [stderr]    Compiling want v0.3.1
[INFO] [stderr]    Compiling indexmap v2.6.0
[INFO] [stderr]    Compiling rustix v0.38.37
[INFO] [stderr]    Compiling regex-automata v0.4.8
[INFO] [stderr]    Compiling idna v0.5.0
[INFO] [stderr]    Compiling serde_json v1.0.128
[INFO] [stderr]    Compiling byteorder v1.5.0
[INFO] [stderr]    Compiling time-core v0.1.2
[INFO] [stderr]    Compiling num-conv v0.1.0
[INFO] [stderr]    Compiling linux-raw-sys v0.4.14
[INFO] [stderr]    Compiling url v2.5.2
[INFO] [stderr]    Compiling num_threads v0.1.7
[INFO] [stderr]    Compiling either v1.13.0
[INFO] [stderr]    Compiling libz-sys v1.1.20
[INFO] [stderr]    Compiling rustls-pki-types v1.9.0
[INFO] [stderr]    Compiling cpufeatures v0.2.14
[INFO] [stderr]    Compiling http-body v1.0.1
[INFO] [stderr]    Compiling block-buffer v0.10.4
[INFO] [stderr]    Compiling crypto-common v0.1.6
[INFO] [stderr]    Compiling http v0.2.12
[INFO] [stderr]    Compiling lock_api v0.4.12
[INFO] [stderr]    Compiling serde_derive v1.0.210
[INFO] [stderr]    Compiling thiserror-impl v1.0.64
[INFO] [stderr]    Compiling futures-macro v0.3.31
[INFO] [stderr]    Compiling futures-util v0.3.31
[INFO] [stderr]    Compiling tokio-macros v2.3.0
[INFO] [stderr]    Compiling tracing-attributes v0.1.27
[INFO] [stderr]    Compiling tokio v1.38.1
[INFO] [stderr]    Compiling regex v1.11.0
[INFO] [stderr]    Compiling zerocopy-derive v0.7.35
[INFO] [stderr]    Compiling tracing v0.1.40
[INFO] [stderr]    Compiling crunchy v0.2.2
[INFO] [stderr]    Compiling ident_case v1.0.1
[INFO] [stderr]    Compiling strsim v0.11.1
[INFO] [stderr]    Compiling base64 v0.21.7
[INFO] [stderr]    Compiling darling_core v0.20.10
[INFO] [stderr]    Compiling zerocopy v0.7.35
[INFO] [stderr]    Compiling digest v0.10.7
[INFO] [stderr]    Compiling crossbeam-epoch v0.9.18
[INFO] [stderr]    Compiling tiny-keccak v2.0.2
[INFO] [stderr]    Compiling rayon-core v1.12.1
[INFO] [stderr]    Compiling iana-time-zone v0.1.61
[INFO] [stderr]    Compiling openssl v0.10.66
[INFO] [stderr]    Compiling foreign-types-shared v0.1.1
[INFO] [stderr]    Compiling foreign-types v0.3.2
[INFO] [stderr]    Compiling ppv-lite86 v0.2.20
[INFO] [stderr]    Compiling crossbeam-deque v0.8.5
[INFO] [stderr]    Compiling openssl-macros v0.1.1
[INFO] [stderr]    Compiling rand_core v0.6.4
[INFO] [stderr]    Compiling mime v0.3.17
[INFO] [stderr]    Compiling rustls v0.23.14
[INFO] [stderr]    Compiling native-tls v0.2.12
[INFO] [stderr]    Compiling lazy_static v1.5.0
[INFO] [stderr]    Compiling zeroize v1.8.1
[INFO] [stderr]    Compiling rand_chacha v0.3.1
[INFO] [stderr]    Compiling rustls-webpki v0.102.8
[INFO] [stderr]    Compiling time-macros v0.2.18
[INFO] [stderr]    Compiling tokio-util v0.7.12
[INFO] [stderr]    Compiling darling_macro v0.20.10
[INFO] [stderr]    Compiling hyper v1.4.1
[INFO] [stderr]    Compiling darling v0.20.10
[INFO] [stderr]    Compiling parking_lot_core v0.9.10
[INFO] [stderr]    Compiling semver v1.0.23
[INFO] [stderr]    Compiling home v0.5.9
[INFO] [stderr]    Compiling chrono v0.4.38
[INFO] [stderr]    Compiling deranged v0.3.11
[INFO] [stderr]    Compiling ucd-trie v0.1.7
[INFO] [stderr]    Compiling base64 v0.22.1
[INFO] [stderr]    Compiling unicode-width v0.1.14
[INFO] [stderr]    Compiling wildmatch v2.4.0
[INFO] [stderr]    Compiling fastrand v2.1.1
[INFO] [stderr]    Compiling time v0.3.36
[INFO] [stderr]    Compiling hyper-util v0.1.9
[INFO] [stderr]    Compiling pest v2.7.13
[INFO] [stderr]    Compiling const-random-macro v0.1.16
[INFO] [stderr]    Compiling derive_builder_core v0.20.2
[INFO] [stderr]    Compiling rand v0.8.5
[INFO] [stderr]    Compiling lazy-regex-proc_macros v3.3.0
[INFO] [stderr]    Compiling rustls-pemfile v2.2.0
[INFO] [stderr]    Compiling anyhow v1.0.89
[INFO] [stderr]    Compiling camino v1.1.9
[INFO] [stderr]    Compiling signal-hook v0.3.17
[INFO] [stderr]    Compiling lazy-regex v3.3.0
[INFO] [stderr]    Compiling rustls-native-certs v0.8.0
[INFO] [stderr]    Compiling derive_builder_macro v0.20.2
[INFO] [stderr]    Compiling pest_meta v2.7.13
[INFO] [stderr]    Compiling const-random v0.1.18
[INFO] [stderr]    Compiling remotefs v0.3.0
[INFO] [stderr]    Compiling http-body-util v0.1.2
[INFO] [stderr]    Compiling webpki-roots v0.26.6
[INFO] [stderr]    Compiling libgit2-sys v0.17.0+1.8.1
[INFO] [stderr]    Compiling vergen-lib v0.1.4
[INFO] [stderr]    Compiling num-integer v0.1.46
[INFO] [stderr]    Compiling ordered-float v2.10.1
[INFO] [stderr]    Compiling libdbus-sys v0.2.5
[INFO] [stderr]    Compiling cfg_aliases v0.2.1
[INFO] [stderr]    Compiling rustls v0.21.12
[INFO] [stderr]    Compiling unicode-segmentation v1.12.0
[INFO] [stderr]    Compiling block-padding v0.2.1
[INFO] [stderr]    Compiling k8s-openapi v0.22.0
[INFO] [stderr]    Compiling rayon v1.10.0
[INFO] [stderr]    Compiling serde-value v0.7.0
[INFO] [stderr]    Compiling pest_generator v2.7.13
[INFO] [stderr]    Compiling derive_builder v0.20.2
[INFO] [stderr]    Compiling parking_lot v0.12.3
[INFO] [stderr]    Compiling dlv-list v0.5.2
[INFO] [stderr]    Compiling cargo-platform v0.1.8
[INFO] [stderr]    Compiling tokio-rustls v0.26.0
[INFO] [stderr]    Compiling hyper-rustls v0.27.3
[INFO] [stderr]    Compiling serde_urlencoded v0.7.1
[INFO] [stderr]    Compiling h2 v0.3.26
[INFO] [stderr]    Compiling sha1 v0.10.6
[INFO] [stderr]    Compiling sct v0.7.1
[INFO] [stderr]    Compiling rustls-webpki v0.101.7
[INFO] [stderr]    Compiling http-body v0.4.6
[INFO] [stderr]    Compiling pin-project-internal v1.1.6
[INFO] [stderr]    Compiling vergen v9.0.1
[INFO] [stderr]    Compiling mio v1.0.2
[INFO] [stderr]    Compiling parking_lot_core v0.8.6
[INFO] [stderr]    Compiling data-encoding v2.6.0
[INFO] [stderr]    Compiling ipnet v2.10.1
[INFO] [stderr]    Compiling httpdate v1.0.3
[INFO] [stderr]    Compiling tower-layer v0.3.3
[INFO] [stderr]    Compiling paste v1.0.15
[INFO] [stderr]    Compiling opaque-debug v0.3.1
[INFO] [stderr]    Compiling utf-8 v0.7.6
[INFO] [stderr]    Compiling hashbrown v0.13.2
[INFO] [stderr]    Compiling heck v0.5.0
[INFO] [stderr]    Compiling tungstenite v0.23.0
[INFO] [stderr]    Compiling strum_macros v0.26.4
[INFO] [stderr]    Compiling ordered-multimap v0.6.0
[INFO] [stderr]    Compiling pin-project v1.1.6
[INFO] [stderr]    Compiling signal-hook-mio v0.2.4
[INFO] [stderr]    Compiling sysinfo v0.31.4
[INFO] [stderr]    Compiling hyper v0.14.30
[INFO] [stderr]    Compiling cargo_metadata v0.18.1
[INFO] [stderr]    Compiling pest_derive v2.7.13
[INFO] [stderr]    Compiling block-buffer v0.9.0
[INFO] [stderr]    Compiling num-bigint v0.4.6
[INFO] [stderr]    Compiling rustc_version v0.4.1
[INFO] [stderr]    Compiling tempfile v3.13.0
[INFO] [stderr]    Compiling itertools v0.13.0
[INFO] [stderr]    Compiling libssh2-sys v0.3.0
[INFO] [stderr]    Compiling digest v0.9.0
[INFO] [stderr]    Compiling cipher v0.3.0
[INFO] [stderr]    Compiling vergen-git2 v1.0.1
[INFO] [stderr]    Compiling castaway v0.2.3
[INFO] [stderr]    Compiling filetime v0.2.25
[INFO] [stderr]    Compiling instant v0.1.13
[INFO] [stderr]    Compiling crc32fast v1.4.2
[INFO] [stderr]    Compiling option-ext v0.2.0
[INFO] [stderr]    Compiling webpki-roots v0.25.4
[INFO] [stderr]    Compiling adler2 v2.0.0
[INFO] [stderr]    Compiling portable-atomic v1.9.0
[INFO] [stderr]    Compiling static_assertions v1.1.0
[INFO] [stderr]    Compiling unsafe-libyaml v0.2.11
[INFO] [stderr]    Compiling unicode-truncate v1.1.0
[INFO] [stderr]    Compiling compact_str v0.8.0
[INFO] [stderr]    Compiling miniz_oxide v0.8.0
[INFO] [stderr]    Compiling attohttpc v0.26.1
[INFO] [stderr]    Compiling serde_yaml v0.9.34+deprecated
[INFO] [stderr]    Compiling dirs-sys v0.4.1
[INFO] [stderr]    Compiling num-rational v0.4.2
[INFO] [stderr]    Compiling dbus v0.9.7
[INFO] [stderr]    Compiling jsonpath-rust v0.5.1
[INFO] [stderr]    Compiling strum v0.26.3
[INFO] [stderr]    Compiling crossterm v0.28.1
[INFO] [stderr]    Compiling tower v0.4.13
[INFO] [stderr]    Compiling tokio-tungstenite v0.23.1
[INFO] [stderr]    Compiling rust-ini v0.19.0
[INFO] [stderr]    Compiling tower-http v0.5.2
[INFO] [stderr]    Compiling pavao v0.2.7
[INFO] [stderr]    Compiling num-iter v0.1.45
[INFO] [stderr]    Compiling hyper-timeout v0.5.1
[INFO] [stderr]    Compiling pem v3.0.4
[INFO] [stderr]    Compiling quick-xml v0.30.0
[INFO] [stderr]    Compiling secrecy v0.8.0
[INFO] [stderr]    Compiling futures v0.3.31
[INFO] [stderr]    Compiling rustls-pemfile v1.0.4
[INFO] [stderr]    Compiling xattr v1.3.1
[INFO] [stderr]    Compiling instability v0.3.2
[INFO] [stderr]    Compiling lru v0.12.5
[INFO] [stderr]    Compiling num-complex v0.4.6
[INFO] [stderr]    Compiling encoding_rs v0.8.34
[INFO] [stderr]    Compiling bumpalo v3.16.0
[INFO] [stderr]    Compiling simd-adler32 v0.3.7
[INFO] [stderr]    Compiling lockfree-object-pool v0.1.6
[INFO] [stderr]    Compiling sync_wrapper v0.1.2
[INFO] [stderr]    Compiling cassowary v0.3.0
[INFO] [stderr]    Compiling parking v2.2.1
[INFO] [stderr]    Compiling zip v2.2.0
[INFO] [stderr]    Compiling futures-lite v2.3.0
[INFO] [stderr]    Compiling zopfli v0.8.1
[INFO] [stderr]    Compiling ratatui v0.28.1
[INFO] [stderr]    Compiling num v0.4.3
[INFO] [stderr]    Compiling aws-creds v0.36.0
[INFO] [stderr]    Compiling tar v0.4.42
[INFO] [stderr]    Compiling parking_lot v0.11.2
[INFO] [stderr]    Compiling dirs v5.0.1
[INFO] [stderr]    Compiling flate2 v1.0.34
[INFO] [stderr]    Compiling console v0.15.8
[INFO] [stderr]    Compiling argh_shared v0.1.12
[INFO] [stderr]    Compiling toml_datetime v0.6.8
[INFO] [stderr]    Compiling serde_spanned v0.6.8
[INFO] [stderr]    Compiling hmac v0.12.1
[INFO] [stderr]    Compiling sha2 v0.10.8
[INFO] [stderr]    Compiling aws-region v0.25.5
[INFO] [stderr]    Compiling displaydoc v0.2.5
[INFO] [stderr]    Compiling async-trait v0.1.83
[INFO] [stderr]    Compiling tuirealm_derive v2.0.0
[INFO] [stderr]    Compiling maybe-async v0.2.10
[INFO] [stderr]    Compiling inotify-sys v0.1.5
[INFO] [stderr]    Compiling sync_wrapper v1.0.1
[INFO] [stderr]    Compiling is-docker v0.2.0
[INFO] [stderr]    Compiling md5 v0.7.0
[INFO] [stderr]    Compiling smawk v0.3.2
[INFO] [stderr]    Compiling unicode-linebreak v0.1.5
[INFO] [stderr]    Compiling self_update v0.41.0
[INFO] [stderr]    Compiling kube-core v0.92.1
[INFO] [stderr]    Compiling winnow v0.6.20
[INFO] [stderr]    Compiling debug-helper v0.3.13
[INFO] [stderr]    Compiling same-file v1.0.6
[INFO] [stderr]    Compiling number_prefix v0.4.0
[INFO] [stderr]    Compiling walkdir v2.5.0
[INFO] [stderr]    Compiling indicatif v0.17.8
[INFO] [stderr]    Compiling crc-any v2.5.0
[INFO] [stderr]    Compiling rust-s3 v0.34.0
[INFO] [stderr]    Compiling textwrap v0.16.1
[INFO] [stderr]    Compiling kube-client v0.92.1
[INFO] [stderr]    Compiling is-wsl v0.4.0
[INFO] [stderr]    Compiling reqwest v0.12.8
[INFO] [stderr]    Compiling toml_edit v0.22.22
[INFO] [stderr]    Compiling inotify v0.9.6
[INFO] [stderr]    Compiling tuirealm v2.0.3
[INFO] [stderr]    Compiling argh_derive v0.1.12
[INFO] [stderr]    Compiling kube v0.92.1
[INFO] [stderr]    Compiling ssh2-config v0.2.3
[INFO] [stderr]    Compiling dbus-secret-service v4.0.3
[INFO] [stderr]    Compiling block-modes v0.8.1
[INFO] [stderr]    Compiling aes v0.7.5
[INFO] [stderr]    Compiling des v0.7.0
[INFO] [stderr]    Compiling tiger v0.1.0
[INFO] [stderr]    Compiling md-5 v0.9.1
[INFO] [stderr]    Compiling sha2 v0.9.9
[INFO] [stderr]    Compiling self-replace v1.5.0
[INFO] [stderr]    Compiling nucleo-matcher v0.3.1
[INFO] [stderr]    Compiling which v4.4.2
[INFO] [stderr]    Compiling crossbeam-channel v0.5.13
[INFO] [stderr]    Compiling rtoolbox v0.0.2
[INFO] [stderr]    Compiling bytestring v1.3.1
[INFO] [stderr]    Compiling quick-xml v0.23.1
[INFO] [stderr]    Compiling quick-xml v0.31.0
[INFO] [stderr]    Compiling unicode-width v0.2.0
[INFO] [stderr]    Compiling urlencoding v2.1.3
[INFO] [stderr]    Compiling termcolor v1.4.1
[INFO] [stderr]    Compiling pathdiff v0.2.2
[INFO] [stderr]    Compiling nonempty v0.9.0
[INFO] [stderr]    Compiling open v5.3.0
[INFO] [stderr]    Compiling simplelog v0.12.2
[INFO] [stderr]    Compiling tui-realm-stdlib v2.0.1
[INFO] [stderr]    Compiling notify v6.1.1
[INFO] [stderr]    Compiling rpassword v7.3.1
[INFO] [stderr]    Compiling argh v0.1.12
[INFO] [stderr]    Compiling edit v0.1.5
[INFO] [stderr]    Compiling nucleo v0.5.0
[INFO] [stderr]    Compiling magic-crypt v3.1.13
[INFO] [stderr]    Compiling keyring v3.4.0
[INFO] [stderr]    Compiling remotefs-smb v0.3.0
[INFO] [stderr]    Compiling remotefs-kube v0.4.0
[INFO] [stderr]    Compiling toml v0.8.19
[INFO] [stderr]    Compiling remotefs-aws-s3 v0.3.1
[INFO] [stderr]    Compiling notify-rust v4.11.3
[INFO] [stderr]    Compiling uzers v0.12.1
[INFO] [stderr]    Compiling hostname v0.4.0
[INFO] [stderr]    Compiling content_inspector v0.2.4
[INFO] [stderr]    Compiling version-compare v0.2.0
[INFO] [stderr]    Compiling whoami v1.5.2
[INFO] [stderr]    Compiling bytesize v1.3.0
[INFO] [stderr]    Compiling git2 v0.19.0
[INFO] [stderr]    Compiling termscp v0.16.0 (/opt/rustwide/workdir)
[INFO] [stderr]    Compiling ssh2 v0.9.4
[INFO] [stderr]    Compiling remotefs-ssh v0.4.1
[INFO] [stderr]    Compiling tokio-native-tls v0.3.1
[INFO] [stderr]    Compiling suppaftp v6.0.1
[INFO] [stderr]    Compiling hyper-tls v0.5.0
[INFO] [stderr]    Compiling reqwest v0.11.27
[INFO] [stderr]    Compiling remotefs-ftp v0.2.1
[INFO] [stderr]    Compiling rustydav v0.1.3
[INFO] [stderr]    Compiling remotefs-webdav v0.2.0
[INFO] [stderr]     Finished `dev` profile [unoptimized + debuginfo] target(s) in 1m 34s
[INFO] running `Command { std: "docker" "inspect" "0df129af4626c4a9778ff5d46ea95b194ca2b56e611b8efc35d34b0e1da4112c", kill_on_drop: false }`
[INFO] running `Command { std: "docker" "rm" "-f" "0df129af4626c4a9778ff5d46ea95b194ca2b56e611b8efc35d34b0e1da4112c", kill_on_drop: false }`
[INFO] [stdout] 0df129af4626c4a9778ff5d46ea95b194ca2b56e611b8efc35d34b0e1da4112c
[INFO] running `Command { std: "docker" "create" "-v" "/var/lib/crater-agent-workspace/builds/worker-0-tc2/target:/opt/rustwide/target:rw,Z" "-v" "/var/lib/crater-agent-workspace/builds/worker-0-tc2/source:/opt/rustwide/workdir:ro,Z" "-v" "/var/lib/crater-agent-workspace/cargo-home:/opt/rustwide/cargo-home:ro,Z" "-v" "/var/lib/crater-agent-workspace/rustup-home:/opt/rustwide/rustup-home:ro,Z" "-e" "SOURCE_DIR=/opt/rustwide/workdir" "-e" "CARGO_TARGET_DIR=/opt/rustwide/target" "-e" "CARGO_INCREMENTAL=0" "-e" "RUST_BACKTRACE=full" "-e" "RUSTFLAGS=--cap-lints=forbid -Zrandomize-layout" "-e" "RUSTDOCFLAGS=--cap-lints=forbid" "-e" "CARGO_HOME=/opt/rustwide/cargo-home" "-e" "RUSTUP_HOME=/opt/rustwide/rustup-home" "-w" "/opt/rustwide/workdir" "-m" "1610612736" "--user" "0:0" "--network" "none" "ghcr.io/rust-lang/crates-build-env/linux@sha256:4a844ea9eb2546a2d2c7022eacef16ef2e8229c7fbb2c7d4d55a9ceca922f72d" "/opt/rustwide/cargo-home/bin/cargo" "+nightly-2024-10-28" "test" "--frozen" "--no-run" "--message-format=json", kill_on_drop: false }`
[INFO] [stdout] 6793cbb393ccba6ff9ffce506559388f2f7591bbe66fccb55330e1c7c7e64461
[INFO] running `Command { std: "docker" "start" "-a" "6793cbb393ccba6ff9ffce506559388f2f7591bbe66fccb55330e1c7c7e64461", kill_on_drop: false }`
[INFO] [stderr]    Compiling futures-executor v0.3.31
[INFO] [stderr]    Compiling sdd v3.0.4
[INFO] [stderr]    Compiling serial_test_derive v3.1.1
[INFO] [stderr]    Compiling diff v0.1.13
[INFO] [stderr]    Compiling yansi v1.0.1
[INFO] [stderr]    Compiling futures v0.3.31
[INFO] [stderr]    Compiling scc v2.2.1
[INFO] [stderr]    Compiling kube-client v0.92.1
[INFO] [stderr]    Compiling pretty_assertions v1.4.1
[INFO] [stderr]    Compiling serial_test v3.1.1
[INFO] [stderr]    Compiling kube v0.92.1
[INFO] [stderr]    Compiling remotefs-kube v0.4.0
[INFO] [stderr]    Compiling termscp v0.16.0 (/opt/rustwide/workdir)
[INFO] [stderr]     Finished `test` profile [unoptimized + debuginfo] target(s) in 14.59s
[INFO] running `Command { std: "docker" "inspect" "6793cbb393ccba6ff9ffce506559388f2f7591bbe66fccb55330e1c7c7e64461", kill_on_drop: false }`
[INFO] running `Command { std: "docker" "rm" "-f" "6793cbb393ccba6ff9ffce506559388f2f7591bbe66fccb55330e1c7c7e64461", kill_on_drop: false }`
[INFO] [stdout] 6793cbb393ccba6ff9ffce506559388f2f7591bbe66fccb55330e1c7c7e64461
[INFO] running `Command { std: "docker" "create" "-v" "/var/lib/crater-agent-workspace/builds/worker-0-tc2/target:/opt/rustwide/target:rw,Z" "-v" "/var/lib/crater-agent-workspace/builds/worker-0-tc2/source:/opt/rustwide/workdir:ro,Z" "-v" "/var/lib/crater-agent-workspace/cargo-home:/opt/rustwide/cargo-home:ro,Z" "-v" "/var/lib/crater-agent-workspace/rustup-home:/opt/rustwide/rustup-home:ro,Z" "-e" "SOURCE_DIR=/opt/rustwide/workdir" "-e" "CARGO_TARGET_DIR=/opt/rustwide/target" "-e" "CARGO_INCREMENTAL=0" "-e" "RUST_BACKTRACE=full" "-e" "RUSTFLAGS=--cap-lints=forbid -Zrandomize-layout" "-e" "RUSTDOCFLAGS=--cap-lints=forbid" "-e" "CARGO_HOME=/opt/rustwide/cargo-home" "-e" "RUSTUP_HOME=/opt/rustwide/rustup-home" "-w" "/opt/rustwide/workdir" "-m" "1610612736" "--user" "0:0" "--network" "none" "ghcr.io/rust-lang/crates-build-env/linux@sha256:4a844ea9eb2546a2d2c7022eacef16ef2e8229c7fbb2c7d4d55a9ceca922f72d" "/opt/rustwide/cargo-home/bin/cargo" "+nightly-2024-10-28" "test" "--frozen", kill_on_drop: false }`
[INFO] [stdout] f9277af17ef6bbe558ebb47c3abb49a3cb8d67d6ebf4424640215090a3f92f65
[INFO] running `Command { std: "docker" "start" "-a" "f9277af17ef6bbe558ebb47c3abb49a3cb8d67d6ebf4424640215090a3f92f65", kill_on_drop: false }`
[INFO] [stderr]     Finished `test` profile [unoptimized + debuginfo] target(s) in 0.25s
[INFO] [stderr]      Running unittests src/main.rs (/opt/rustwide/target/debug/deps/termscp-5685640c06940e11)
[INFO] [stdout] 
[INFO] [stdout] running 217 tests
[INFO] [stdout] test cli::remote::test::test_should_make_remote_args_from_args_one_bookmarks ... ok
[INFO] [stdout] test cli::remote::test::test_should_make_remote_args_from_args_two_bookmarks ... ok
[INFO] [stdout] test cli::remote::test::test_should_make_remote_args_from_two_bookmarks_and_local_dir ... ok
[INFO] [stdout] test config::bookmarks::tests::bookmark_from_generic_ftparams ... ok
[INFO] [stdout] test config::bookmarks::tests::bookmark_from_kube_ftparams ... ok
[INFO] [stdout] test config::bookmarks::tests::bookmark_from_s3_ftparams ... ok
[INFO] [stdout] test config::bookmarks::tests::ftparams_from_generic_bookmark ... ok
[INFO] [stdout] test config::bookmarks::tests::ftparams_from_kube_bookmark ... ok
[INFO] [stdout] test config::bookmarks::tests::ftparams_from_s3_bookmark ... ok
[INFO] [stdout] test config::bookmarks::tests::ftparams_from_webdav ... ok
[INFO] [stdout] test config::bookmarks::tests::should_get_ftparams_from_smb_bookmark ... ok
[INFO] [stdout] test config::bookmarks::tests::test_bookmarks_default ... ok
[INFO] [stdout] test config::bookmarks::tests::test_bookmarks_bookmark_new ... ok
[INFO] [stdout] test config::params::tests::test_config_mod_new ... ok
[INFO] [stdout] test config::serialization::tests::test_config_serialization_errors ... ok
[INFO] [stdout] test cli::remote::test::test_should_make_remote_args_from_args_one_remote ... ok
[INFO] [stdout] test cli::remote::test::test_should_make_remote_args_from_one_bookmark_and_one_remote ... ok
[INFO] [stdout] test cli::remote::test::test_should_make_remote_args_from_two_remotes_and_local_dir ... ok
[INFO] [stdout] test cli::remote::test::test_should_make_remote_args_from_args_two_remotes ... ok
[INFO] [stdout] test cli::remote::test::test_should_make_remote_args_from_one_bookmark_and_one_remote_with_local_dir ... ok
[INFO] [stdout] test config::serialization::tests::test_config_serialization_params_deserialize_nok ... ok
[INFO] [stdout] test config::serialization::tests::test_config_serialization_params_deserialize_ok_no_opts ... ok
[INFO] [stdout] test config::serialization::tests::test_config_serialization_params_fail_write ... ok
[INFO] [stdout] test config::serialization::tests::test_config_serialization_params_fail_read ... ok
[INFO] [stdout] test config::serialization::tests::test_config_serializer_bookmarks_serializer_serialize ... ok
[INFO] [stdout] test config::serialization::tests::test_config_serialization_params_deserialize_ok ... ok
[INFO] [stdout] test config::themes::test::test_config_themes_default ... ok
[INFO] [stdout] test config::serialization::tests::test_config_serialization_theme_serialize ... ok
[INFO] [stdout] test config::serialization::tests::test_config_serialization_params_serialize ... ok
[INFO] [stdout] test config::serialization::tests::test_config_serializer_bookmarks_serializer_deserialize_nok ... ok
[INFO] [stdout] test config::serialization::tests::test_should_deserialize_v14_pod_bookmark ... ok
[INFO] [stdout] test config::serialization::tests::test_config_serializer_bookmarks_serializer_deserialize_ok ... ok
[INFO] [stdout] test explorer::formatter::tests::should_fmt_short_utf8_name ... ok
[INFO] [stdout] test explorer::formatter::tests::should_fmt_short_ascii_name ... ok
[INFO] [stdout] test explorer::formatter::tests::should_fmt_exceeding_length_ascii_name ... ok
[INFO] [stdout] test explorer::builder::tests::test_fs_explorer_builder_new_all ... ok
[INFO] [stdout] test explorer::formatter::tests::test_fs_explorer_formatter_callchain ... ok
[INFO] [stdout] test explorer::formatter::tests::should_fmt_path ... ok
[INFO] [stdout] test explorer::builder::tests::test_fs_explorer_builder_new_default ... ok
[INFO] [stdout] test explorer::formatter::tests::should_fmt_long_utf8_name ... ok
[INFO] [stdout] test explorer::formatter::tests::should_fmt_utf8_path ... ok
[INFO] [stdout] test explorer::tests::test_fs_explorer_del_entry ... ok
[INFO] [stdout] test explorer::formatter::tests::test_fs_explorer_formatter_all_together_now ... ok
[INFO] [stdout] test explorer::tests::test_fs_explorer_new ... ok
[INFO] [stdout] test explorer::tests::test_fs_explorer_files ... ok
[INFO] [stdout] test explorer::tests::test_fs_explorer_sort_by_name ... ok
[INFO] [stdout] test explorer::tests::test_fs_explorer_fmt ... ok
[INFO] [stdout] test explorer::tests::test_fs_explorer_sort_by_name_and_dirs_first ... ok
[INFO] [stdout] test explorer::formatter::tests::test_fs_explorer_formatter_format_files ... ok
[INFO] [stdout] test explorer::formatter::tests::test_fs_explorer_formatter_format_dirs ... ok
[INFO] [stdout] test explorer::tests::test_fs_explorer_to_string_from_str_traits ... ok
[INFO] [stdout] test filetransfer::params::aws_s3::test::should_init_aws_s3_params ... ok
[INFO] [stdout] test explorer::tests::test_fs_explorer_sort_by_size ... ok
[INFO] [stdout] test explorer::tests::test_fs_explorer_stack ... ok
[INFO] [stdout] test explorer::tests::test_fs_explorer_sort_by_name_and_dirs_last ... ok
[INFO] [stdout] test filetransfer::params::aws_s3::test::should_init_aws_s3_params_with_optionals ... ok
[INFO] [stdout] test filetransfer::params::smb::test::should_init_smb_params ... ok
[INFO] [stdout] test filetransfer::params::smb::test::should_init_smb_params_with_optionals ... ok
[INFO] [stdout] test filetransfer::params::test::params_default ... ok
[INFO] [stdout] test filetransfer::params::test::password_missing ... ok
[INFO] [stdout] test filetransfer::params::test::references ... ok
[INFO] [stdout] test filetransfer::params::test::test_filetransfer_params ... ok
[INFO] [stdout] test filetransfer::params::test::set_default_secret_generic ... ok
[INFO] [stdout] test filetransfer::params::test::set_default_secret_aws_s3 ... ok
[INFO] [stdout] test filetransfer::params::test::set_default_secret_smb ... ok
[INFO] [stdout] test filetransfer::params::test::set_default_secret_webdav ... ok
[INFO] [stdout] test filetransfer::remotefs_builder::test::should_build_aws_s3_fs ... ok
[INFO] [stdout] test filetransfer::remotefs_builder::test::should_build_scp_fs ... ok
[INFO] [stdout] test filetransfer::remotefs_builder::test::should_build_ftp_fs ... ok
[INFO] [stdout] test filetransfer::tests::test_filetransfer_mod_protocol ... ok
[INFO] [stdout] test filetransfer::remotefs_builder::test::should_build_sftp_fs ... ok
[INFO] [stdout] test host::localhost::tests::should_create_symlink ... ok
[INFO] [stdout] test filetransfer::remotefs_builder::test::should_build_smb_fs ... ok
[INFO] [stdout] test filetransfer::remotefs_builder::test::test_should_build_kube_fs ... ok
[INFO] [stdout] test host::localhost::tests::test_host_chmod ... ok
[INFO] [stdout] test host::localhost::tests::should_setstat ... ok
[INFO] [stdout] test host::localhost::tests::test_host_copy_directory_relative ... ok
[INFO] [stdout] test host::localhost::tests::test_host_copy_directory_absolute ... ok
[INFO] [stdout] test host::localhost::tests::test_host_copy_file_absolute ... ok
[INFO] [stdout] test host::localhost::tests::test_host_error_new ... ok
[INFO] [stdout] test host::localhost::tests::test_host_fmt_error ... ok
[INFO] [stdout] test host::localhost::tests::test_host_copy_file_relative ... ok
[INFO] [stdout] test host::localhost::tests::test_host_localhost_change_dir ... ok
[INFO] [stdout] test host::localhost::tests::test_host_localhost_new ... ok
[INFO] [stdout] test host::localhost::tests::test_host_localhost_mkdir ... ok
[INFO] [stdout] test host::localhost::tests::test_host_localhost_open_read ... ok
[INFO] [stdout] test host::localhost::tests::test_host_exec ... ok
[INFO] [stdout] test config::serialization::tests::test_config_serialization_theme_deserialize ... ok
[INFO] [stdout] test host::localhost::tests::test_host_localhost_open_write ... ok
[INFO] [stdout] test filetransfer::remotefs_builder::test::should_not_build_fs - should panic ... ok
[INFO] [stdout] test host::localhost::tests::test_host_localhost_pwd ... ok
[INFO] [stdout] test host::localhost::tests::test_host_localhost_remove ... ok
[INFO] [stdout] test host::localhost::tests::test_host_localhost_change_dir_failed - should panic ... ok
[INFO] [stdout] test host::localhost::tests::test_host_localhost_new_bad - should panic ... ok
[INFO] [stdout] test host::localhost::tests::test_host_localhost_open_read_err_no_such_file - should panic ... ok
[INFO] [stdout] test host::localhost::tests::test_host_localhost_rename ... ok
[INFO] [stdout] test host::localhost::tests::test_host_localhost_symlinks ... ok
[INFO] [stdout] test host::test::test_host_fmt_error ... ok
[INFO] [stdout] test host::localhost::tests::test_host_localhost_open_read_err_not_accessible ... FAILED
[INFO] [stdout] test system::auto_update::test::auto_update_default ... ok
[INFO] [stdout] test host::localhost::tests::test_host_localhost_open_write_err ... FAILED
[INFO] [stdout] test system::auto_update::test::release ... ok
[INFO] [stdout] test system::auto_update::test::should_tell_that_version_is_higher ... ok
[INFO] [stdout] test system::auto_update::test::update_status ... ok
[INFO] [stdout] test host::remote_bridged::temp_mapped_file::test::test_should_write_and_read_file ... ok
[INFO] [stdout] test system::bookmarks_client::tests::should_make_s3_bookmark_without_secrets ... ok
[INFO] [stdout] test system::bookmarks_client::tests::save_bookmark_wno_password ... ok
[INFO] [stdout] test system::bookmarks_client::tests::should_make_s3_bookmark_with_secrets ... ok
[INFO] [stdout] test system::bookmarks_client::tests::should_make_s3_recent ... ok
[INFO] [stdout] test system::bookmarks_client::tests::test_system_bookmarks_decrypt_str ... ok
[INFO] [stdout] test system::bookmarks_client::tests::test_system_bookmarks_add_bookmark_empty - should panic ... ok
[INFO] [stdout] test system::bookmarks_client::tests::test_system_bookmarks_bad_bookmark_name - should panic ... ok
[INFO] [stdout] test system::bookmarks_client::tests::test_system_bookmarks_dup_recent ... ok
[INFO] [stdout] test system::bookmarks_client::tests::test_system_bookmarks_new ... ok
[INFO] [stdout] test system::auto_update::test::auto_update ... FAILED
[INFO] [stdout] test system::auto_update::test::check_for_updates ... FAILED
[INFO] [stdout] test system::bookmarks_client::tests::test_system_bookmarks_manipulate_recents ... ok
[INFO] [stdout] test system::bookmarks_client::tests::test_system_bookmarks_new_from_existing ... ok
[INFO] [stdout] test system::config_client::tests::should_get_and_set_ssh_config_dir ... ok
[INFO] [stdout] test system::bookmarks_client::tests::test_system_bookmarks_manipulate_bookmarks ... ok
[INFO] [stdout] test system::config_client::tests::test_system_config_check_for_updates ... ok
[INFO] [stdout] test system::config_client::tests::test_system_config_degraded ... ok
[INFO] [stdout] test system::config_client::tests::test_system_config_default_protocol ... ok
[INFO] [stdout] test system::config_client::tests::test_system_config_make_key ... ok
[INFO] [stdout] test system::config_client::tests::test_system_config_make_io_err ... ok
[INFO] [stdout] test system::config_client::tests::test_system_config_group_dirs ... ok
[INFO] [stdout] test system::config_client::tests::test_system_config_local_file_fmt ... ok
[INFO] [stdout] test system::config_client::tests::test_system_config_new_err ... ok
[INFO] [stdout] test system::config_client::tests::test_system_config_new ... ok
[INFO] [stdout] test system::config_client::tests::test_system_config_notifications ... ok
[INFO] [stdout] test system::config_client::tests::test_system_config_prompt_on_file_replace ... ok
[INFO] [stdout] test system::config_client::tests::test_system_config_from_existing ... ok
[INFO] [stdout] test system::config_client::tests::test_system_config_remote_file_fmt ... ok
[INFO] [stdout] test system::config_client::tests::test_system_config_remote_notification_threshold ... ok
[INFO] [stdout] test system::config_client::tests::test_system_config_show_hidden_files ... ok
[INFO] [stdout] test system::environment::tests::should_get_cache_dir ... ok
[INFO] [stdout] test system::environment::tests::test_system_environment_get_bookmarks_paths ... ok
[INFO] [stdout] test system::config_client::tests::test_system_config_text_editor ... ok
[INFO] [stdout] test system::environment::tests::test_system_environment_get_config_dir ... ok
[INFO] [stdout] test system::environment::tests::test_system_environment_get_config_dir_err ... ok
[INFO] [stdout] test system::environment::tests::test_system_environment_get_log_paths ... ok
[INFO] [stdout] test system::environment::tests::test_system_environment_get_config_paths ... ok
[INFO] [stdout] test system::environment::tests::test_system_environment_get_theme_path ... ok
[INFO] [stdout] test system::keys::filestorage::tests::test_system_keys_filestorage_make_dir ... ok
[INFO] [stdout] test system::keys::filestorage::tests::test_system_keys_filestorage_err ... ok
[INFO] [stdout] test system::keys::tests::test_system_keys_mod_errors ... ok
[INFO] [stdout] test system::keys::keyringstorage::tests::test_system_keys_keyringstorage ... FAILED
[INFO] [stdout] test system::logging::test::test_system_logging_setup ... ok
[INFO] [stdout] test system::keys::filestorage::tests::test_system_keys_filestorage_ok ... ok
[INFO] [stdout] test system::sshkey_storage::tests::test_system_sshkey_storage_add ... ok
[INFO] [stdout] test system::sshkey_storage::tests::test_system_sshkey_storage_empty ... ok
[INFO] [stdout] test system::theme_provider::test::test_system_theme_provider_degraded ... ok
[INFO] [stdout] test system::theme_provider::test::test_system_theme_provider_err ... ok
[INFO] [stdout] test system::config_client::tests::test_system_config_ssh_keys ... ok
[INFO] [stdout] test system::watcher::change::test::should_get_remote_relative_path_from_subdir ... ok
[INFO] [stdout] test system::watcher::change::test::should_get_remote_relative_path_same_path ... ok
[INFO] [stdout] test system::watcher::change::test::should_make_fs_change_move_from_same_directory ... ok
[INFO] [stdout] test system::sshkey_storage::tests::sould_resolve_key_from_ssh2_config ... ok
[INFO] [stdout] test system::watcher::change::test::should_make_fs_change_move_from_subdirectory ... ok
[INFO] [stdout] test system::watcher::change::test::should_make_fs_change_remove_from_same_directory ... ok
[INFO] [stdout] test system::watcher::change::test::should_make_fs_change_remove_from_subdirectory ... ok
[INFO] [stdout] test system::watcher::change::test::should_make_fs_change_update_from_subdirectory ... ok
[INFO] [stdout] test system::watcher::change::test::should_make_fs_change_update_from_same_directory ... ok
[INFO] [stdout] test system::theme_provider::test::test_system_theme_provider_new ... ok
[INFO] [stdout] test system::watcher::test::should_init_fswatcher ... ok
[INFO] [stdout] test system::sshkey_storage::tests::test_system_sshkey_storage_new ... ok
[INFO] [stdout] test system::watcher::test::should_return_err_when_unwatching_unwatched_path ... ok
[INFO] [stdout] test system::watcher::test::should_not_watch_path_if_subdir_of_watched_path ... ok
[INFO] [stdout] test system::watcher::test::should_tell_whether_path_is_watched ... ok
[INFO] [stdout] test system::watcher::test::should_unwatch_path ... ok
[INFO] [stdout] test system::watcher::test::should_unwatch_path_when_subdir ... ok
[INFO] [stdout] test ui::activities::filetransfer::components::popups::goto::test::test_should_convert_from_and_back_cmd_result ... ok
[INFO] [stdout] test system::watcher::test::should_watch_path ... ok
[INFO] [stdout] test ui::activities::filetransfer::components::popups::goto::test::test_should_suggest_absolute_path ... ok
[INFO] [stdout] test ui::activities::filetransfer::components::popups::goto::test::test_should_suggest_next ... ok
[INFO] [stdout] test ui::activities::filetransfer::lib::transfer::test::test_ui_activities_filetransfer_lib_transfer_progress_states ... ok
[INFO] [stdout] test ui::activities::filetransfer::lib::transfer::test::test_ui_activities_filetransfer_lib_transfer_states ... ok
[INFO] [stdout] test ui::activities::filetransfer::lib::transfer::test::transfer_opts ... ok
[INFO] [stdout] test ui::activities::filetransfer::components::popups::goto::test::test_should_suggest_none ... ok
[INFO] [stdout] test ui::store::tests::test_ui_store ... ok
[INFO] [stdout] test utils::crypto::tests::test_utils_crypto_aes128 ... ok
[INFO] [stdout] test utils::fmt::tests::format_bytes ... ok
[INFO] [stdout] test utils::file::tests::test_utils_file_open ... ok
[INFO] [stdout] test utils::fmt::tests::test_utils_fmt_color ... ok
[INFO] [stdout] test utils::fmt::tests::test_utils_fmt_millis ... ok
[INFO] [stdout] test ui::activities::filetransfer::components::popups::goto::test::test_should_suggest_none_if_dot ... ok
[INFO] [stdout] test utils::fmt::tests::test_utils_fmt_path_elide ... ok
[INFO] [stdout] test utils::fmt::tests::test_utils_fmt_pex ... ok
[INFO] [stdout] test ui::activities::filetransfer::components::popups::goto::test::test_should_suggest_rescan ... ok
[INFO] [stdout] test utils::fmt::tests::test_utils_fmt_time ... ok
[INFO] [stdout] test utils::fmt::tests::test_utils_fmt_shadow_password ... ok
[INFO] [stdout] test utils::parser::tests::parse_byteunit ... ok
[INFO] [stdout] test system::theme_provider::test::test_system_theme_provider_load_and_save ... ok
[INFO] [stdout] test utils::parser::tests::parse_str_as_bytesize ... ok
[INFO] [stdout] test utils::parser::tests::parse_aws_s3_opt ... ok
[INFO] [stdout] test utils::parser::tests::should_parse_kube_address ... ok
[INFO] [stdout] test utils::parser::tests::should_parse_smb_address ... ok
[INFO] [stdout] test utils::parser::tests::should_parse_smb_address_with_opts ... ok
[INFO] [stdout] test utils::parser::tests::test_should_parse_webdav_opt_with_at ... ok
[INFO] [stdout] test utils::parser::tests::test_should_parse_webdav_opt ... ok
[INFO] [stdout] test utils::parser::tests::test_utils_parse_color ... ok
[INFO] [stdout] test utils::path::test::absolutize_path ... ok
[INFO] [stdout] test utils::path::test::should_tell_whether_path_is_child_of ... ok
[INFO] [stdout] test utils::path::test::calc_diff_paths ... ok
[INFO] [stdout] test utils::string::test::should_get_secure_substring ... ok
[INFO] [stdout] test utils::random::tests::test_utils_random_alphanumeric_with_len ... ok
[INFO] [stdout] test utils::test_helpers::test::test_utils_test_helpers_make_fsentry ... ok
[INFO] [stdout] test utils::ssh::test::should_parse_ssh2_config ... ok
[INFO] [stdout] test utils::test_helpers::test::test_utils_test_helpers_create_file_ioers ... ok
[INFO] [stdout] test utils::test_helpers::test::test_utils_test_helpers_sample_file ... ok
[INFO] [stdout] test utils::test_helpers::test::test_utils_test_helpers_make_samples ... ok
[INFO] [stdout] test utils::parser::tests::test_utils_parse_remote_opt ... ok
[INFO] [stdout] test utils::ui::tests::test_utils_ui_draw_area_in ... ok
[INFO] [stdout] test utils::parser::tests::test_utils_parse_semver ... ok
[INFO] [stdout] test explorer::tests::test_fs_explorer_sort_by_creation_time ... ok
[INFO] [stdout] test explorer::tests::test_fs_explorer_sort_by_mtime ... ok
[INFO] [stdout] test system::bookmarks_client::tests::test_system_bookmarks_recents_more_than_limit ... ok
[INFO] [stdout] 
[INFO] [stdout] failures:
[INFO] [stdout] 
[INFO] [stdout] ---- host::localhost::tests::test_host_localhost_open_read_err_not_accessible stdout ----
[INFO] [stdout] thread 'host::localhost::tests::test_host_localhost_open_read_err_not_accessible' panicked at src/host/localhost.rs:675:9:
[INFO] [stdout] assertion failed: host.open_file(file.path()).is_err()
[INFO] [stdout] stack backtrace:
[INFO] [stdout]    0:     0x5c934b53dc6a - std::backtrace_rs::backtrace::libunwind::trace::h207520d6e9873551
[INFO] [stdout]                                at /rustc/df4ca44d3fbc9301ee17f30f4d474e6ae4b05252/library/std/src/../../backtrace/src/backtrace/libunwind.rs:116:5
[INFO] [stdout]    1:     0x5c934b53dc6a - std::backtrace_rs::backtrace::trace_unsynchronized::h2ed7433f370e3eca
[INFO] [stdout]                                at /rustc/df4ca44d3fbc9301ee17f30f4d474e6ae4b05252/library/std/src/../../backtrace/src/backtrace/mod.rs:66:5
[INFO] [stdout]    2:     0x5c934b53dc6a - std::sys::backtrace::_print_fmt::h916fac51166b18d7
[INFO] [stdout]                                at /rustc/df4ca44d3fbc9301ee17f30f4d474e6ae4b05252/library/std/src/sys/backtrace.rs:66:9
[INFO] [stdout]    3:     0x5c934b53dc6a - <std::sys::backtrace::BacktraceLock::print::DisplayBacktrace as core::fmt::Display>::fmt::ha0a4c9b8ce3802e6
[INFO] [stdout]                                at /rustc/df4ca44d3fbc9301ee17f30f4d474e6ae4b05252/library/std/src/sys/backtrace.rs:39:26
[INFO] [stdout]    4:     0x5c934b56f263 - core::fmt::rt::Argument::fmt::h4cfc8587d52b3eb5
[INFO] [stdout]                                at /rustc/df4ca44d3fbc9301ee17f30f4d474e6ae4b05252/library/core/src/fmt/rt.rs:177:76
[INFO] [stdout]    5:     0x5c934b56f263 - core::fmt::write::h522cc39e5b36ae9f
[INFO] [stdout]                                at /rustc/df4ca44d3fbc9301ee17f30f4d474e6ae4b05252/library/core/src/fmt/mod.rs:1190:21
[INFO] [stdout]    6:     0x5c934b538263 - std::io::Write::write_fmt::h7d3c26752da97734
[INFO] [stdout]                                at /rustc/df4ca44d3fbc9301ee17f30f4d474e6ae4b05252/library/std/src/io/mod.rs:1839:15
[INFO] [stdout]    7:     0x5c934b53dab2 - std::sys::backtrace::BacktraceLock::print::h4b9e00b29e9c0942
[INFO] [stdout]                                at /rustc/df4ca44d3fbc9301ee17f30f4d474e6ae4b05252/library/std/src/sys/backtrace.rs:42:9
[INFO] [stdout]    8:     0x5c934b53f77a - std::panicking::default_hook::{{closure}}::hb59b88280d0324d9
[INFO] [stdout]                                at /rustc/df4ca44d3fbc9301ee17f30f4d474e6ae4b05252/library/std/src/panicking.rs:268:22
[INFO] [stdout]    9:     0x5c934b53f584 - std::panicking::default_hook::he1dd496665be4a29
[INFO] [stdout]                                at /rustc/df4ca44d3fbc9301ee17f30f4d474e6ae4b05252/library/std/src/panicking.rs:292:9
[INFO] [stdout]   10:     0x5c9349a67679 - <alloc::boxed::Box<F,A> as core::ops::function::Fn<Args>>::call::h4ff71de18744e1dc
[INFO] [stdout]                                at /rustc/df4ca44d3fbc9301ee17f30f4d474e6ae4b05252/library/alloc/src/boxed.rs:2468:9
[INFO] [stdout]   11:     0x5c9349a67679 - test::test_main::{{closure}}::hcf7c055ce117aa81
[INFO] [stdout]                                at /rustc/df4ca44d3fbc9301ee17f30f4d474e6ae4b05252/library/test/src/lib.rs:133:21
[INFO] [stdout]   12:     0x5c934b53fe78 - <alloc::boxed::Box<F,A> as core::ops::function::Fn<Args>>::call::h1d66c6bbd60c9692
[INFO] [stdout]                                at /rustc/df4ca44d3fbc9301ee17f30f4d474e6ae4b05252/library/alloc/src/boxed.rs:2468:9
[INFO] [stdout]   13:     0x5c934b53fe78 - std::panicking::rust_panic_with_hook::h2ff17fe8f26dfcf8
[INFO] [stdout]                                at /rustc/df4ca44d3fbc9301ee17f30f4d474e6ae4b05252/library/std/src/panicking.rs:809:13
[INFO] [stdout]   14:     0x5c934b53fc06 - std::panicking::begin_panic_handler::{{closure}}::h4fad77951c07e101
[INFO] [stdout]                                at /rustc/df4ca44d3fbc9301ee17f30f4d474e6ae4b05252/library/std/src/panicking.rs:667:13
[INFO] [stdout]   15:     0x5c934b53e149 - std::sys::backtrace::__rust_end_short_backtrace::hb1a25b3da5d0ea08
[INFO] [stdout]                                at /rustc/df4ca44d3fbc9301ee17f30f4d474e6ae4b05252/library/std/src/sys/backtrace.rs:170:18
[INFO] [stdout]   16:     0x5c934b53f8cc - rust_begin_unwind
[INFO] [stdout]                                at /rustc/df4ca44d3fbc9301ee17f30f4d474e6ae4b05252/library/std/src/panicking.rs:665:5
[INFO] [stdout]   17:     0x5c934b56c230 - core::panicking::panic_fmt::ha9db07b529f9b256
[INFO] [stdout]                                at /rustc/df4ca44d3fbc9301ee17f30f4d474e6ae4b05252/library/core/src/panicking.rs:75:14
[INFO] [stdout]   18:     0x5c934b56c2bc - core::panicking::panic::h993086813d94accc
[INFO] [stdout]                                at /rustc/df4ca44d3fbc9301ee17f30f4d474e6ae4b05252/library/core/src/panicking.rs:152:5
[INFO] [stdout]   19:     0x5c9349718d7c - termscp::host::localhost::tests::test_host_localhost_open_read_err_not_accessible::h77c801ac9a66579f
[INFO] [stdout]                                at /opt/rustwide/workdir/src/host/localhost.rs:675:9
[INFO] [stdout]   20:     0x5c9349718a87 - termscp::host::localhost::tests::test_host_localhost_open_read_err_not_accessible::{{closure}}::h047bd67fa8c18bdb
[INFO] [stdout]                                at /opt/rustwide/workdir/src/host/localhost.rs:669:58
[INFO] [stdout]   21:     0x5c9349830416 - core::ops::function::FnOnce::call_once::hcbab2ba7644ee558
[INFO] [stdout]                                at /rustc/df4ca44d3fbc9301ee17f30f4d474e6ae4b05252/library/core/src/ops/function.rs:250:5
[INFO] [stdout]   22:     0x5c9349a6bf4b - core::ops::function::FnOnce::call_once::h22c3ba5715e93f05
[INFO] [stdout]                                at /rustc/df4ca44d3fbc9301ee17f30f4d474e6ae4b05252/library/core/src/ops/function.rs:250:5
[INFO] [stdout]   23:     0x5c9349a6bf4b - test::__rust_begin_short_backtrace::h8e82d8113d0da17f
[INFO] [stdout]                                at /rustc/df4ca44d3fbc9301ee17f30f4d474e6ae4b05252/library/test/src/lib.rs:621:18
[INFO] [stdout]   24:     0x5c9349a6b8c7 - test::run_test_in_process::{{closure}}::h33235f4f20b7b7c7
[INFO] [stdout]                                at /rustc/df4ca44d3fbc9301ee17f30f4d474e6ae4b05252/library/test/src/lib.rs:644:60
[INFO] [stdout]   25:     0x5c9349a6b8c7 - <core::panic::unwind_safe::AssertUnwindSafe<F> as core::ops::function::FnOnce<()>>::call_once::hb5043206310c586f
[INFO] [stdout]                                at /rustc/df4ca44d3fbc9301ee17f30f4d474e6ae4b05252/library/core/src/panic/unwind_safe.rs:272:9
[INFO] [stdout]   26:     0x5c9349a6b8c7 - std::panicking::try::do_call::h9ad4731a60ab23e2
[INFO] [stdout]                                at /rustc/df4ca44d3fbc9301ee17f30f4d474e6ae4b05252/library/std/src/panicking.rs:557:40
[INFO] [stdout]   27:     0x5c9349a6b8c7 - std::panicking::try::h3824d23db772a716
[INFO] [stdout]                                at /rustc/df4ca44d3fbc9301ee17f30f4d474e6ae4b05252/library/std/src/panicking.rs:520:19
[INFO] [stdout]   28:     0x5c9349a6b8c7 - std::panic::catch_unwind::h5afd514605fde46b
[INFO] [stdout]                                at /rustc/df4ca44d3fbc9301ee17f30f4d474e6ae4b05252/library/std/src/panic.rs:358:14
[INFO] [stdout]   29:     0x5c9349a6b8c7 - test::run_test_in_process::h0d5cbfa7067d1720
[INFO] [stdout]                                at /rustc/df4ca44d3fbc9301ee17f30f4d474e6ae4b05252/library/test/src/lib.rs:644:27
[INFO] [stdout]   30:     0x5c9349a6b8c7 - test::run_test::{{closure}}::h708eb8872708115d
[INFO] [stdout]                                at /rustc/df4ca44d3fbc9301ee17f30f4d474e6ae4b05252/library/test/src/lib.rs:565:43
[INFO] [stdout]   31:     0x5c9349a2efe4 - test::run_test::{{closure}}::h392c51cee94713ab
[INFO] [stdout]                                at /rustc/df4ca44d3fbc9301ee17f30f4d474e6ae4b05252/library/test/src/lib.rs:595:41
[INFO] [stdout]   32:     0x5c9349a2efe4 - std::sys::backtrace::__rust_begin_short_backtrace::h2f40290710935a8b
[INFO] [stdout]                                at /rustc/df4ca44d3fbc9301ee17f30f4d474e6ae4b05252/library/std/src/sys/backtrace.rs:154:18
[INFO] [stdout]   33:     0x5c9349a3278e - std::thread::Builder::spawn_unchecked_::{{closure}}::{{closure}}::h3fd968d89053a903
[INFO] [stdout]                                at /rustc/df4ca44d3fbc9301ee17f30f4d474e6ae4b05252/library/std/src/thread/mod.rs:541:17
[INFO] [stdout]   34:     0x5c9349a3278e - <core::panic::unwind_safe::AssertUnwindSafe<F> as core::ops::function::FnOnce<()>>::call_once::h743f637ba4229880
[INFO] [stdout]                                at /rustc/df4ca44d3fbc9301ee17f30f4d474e6ae4b05252/library/core/src/panic/unwind_safe.rs:272:9
[INFO] [stdout]   35:     0x5c9349a3278e - std::panicking::try::do_call::h07440897322525a6
[INFO] [stdout]                                at /rustc/df4ca44d3fbc9301ee17f30f4d474e6ae4b05252/library/std/src/panicking.rs:557:40
[INFO] [stdout]   36:     0x5c9349a3278e - std::panicking::try::he5a2e00188156637
[INFO] [stdout]                                at /rustc/df4ca44d3fbc9301ee17f30f4d474e6ae4b05252/library/std/src/panicking.rs:520:19
[INFO] [stdout]   37:     0x5c9349a3278e - std::panic::catch_unwind::hbaf3cae49b3c6433
[INFO] [stdout]                                at /rustc/df4ca44d3fbc9301ee17f30f4d474e6ae4b05252/library/std/src/panic.rs:358:14
[INFO] [stdout]   38:     0x5c9349a3278e - std::thread::Builder::spawn_unchecked_::{{closure}}::h8e141ea224820bce
[INFO] [stdout]                                at /rustc/df4ca44d3fbc9301ee17f30f4d474e6ae4b05252/library/std/src/thread/mod.rs:540:30
[INFO] [stdout]   39:     0x5c9349a3278e - core::ops::function::FnOnce::call_once{{vtable.shim}}::h90d312fedd7b8ea8
[INFO] [stdout]                                at /rustc/df4ca44d3fbc9301ee17f30f4d474e6ae4b05252/library/core/src/ops/function.rs:250:5
[INFO] [stdout]   40:     0x5c934b546f6b - <alloc::boxed::Box<F,A> as core::ops::function::FnOnce<Args>>::call_once::h69aa08ddb6adb8b6
[INFO] [stdout]                                at /rustc/df4ca44d3fbc9301ee17f30f4d474e6ae4b05252/library/alloc/src/boxed.rs:2454:9
[INFO] [stdout]   41:     0x5c934b546f6b - <alloc::boxed::Box<F,A> as core::ops::function::FnOnce<Args>>::call_once::h5aa36efdb79c806f
[INFO] [stdout]                                at /rustc/df4ca44d3fbc9301ee17f30f4d474e6ae4b05252/library/alloc/src/boxed.rs:2454:9
[INFO] [stdout]   42:     0x5c934b546f6b - std::sys::pal::unix::thread::Thread::new::thread_start::h6cd80a1b4be5158d
[INFO] [stdout]                                at /rustc/df4ca44d3fbc9301ee17f30f4d474e6ae4b05252/library/std/src/sys/pal/unix/thread.rs:105:17
[INFO] [stdout]   43:     0x72f93a786ac3 - <unknown>
[INFO] [stdout]   44:     0x72f93a817a04 - clone
[INFO] [stdout]   45:                0x0 - <unknown>
[INFO] [stdout] 
[INFO] [stdout] ---- host::localhost::tests::test_host_localhost_open_write_err stdout ----
[INFO] [stdout] thread 'host::localhost::tests::test_host_localhost_open_write_err' panicked at src/host/localhost.rs:695:9:
[INFO] [stdout] assertion failed: host.create_file(file.path(), &Metadata::default()).is_err()
[INFO] [stdout] stack backtrace:
[INFO] [stdout]    0:     0x5c934b53dc6a - std::backtrace_rs::backtrace::libunwind::trace::h207520d6e9873551
[INFO] [stdout]                                at /rustc/df4ca44d3fbc9301ee17f30f4d474e6ae4b05252/library/std/src/../../backtrace/src/backtrace/libunwind.rs:116:5
[INFO] [stdout]    1:     0x5c934b53dc6a - std::backtrace_rs::backtrace::trace_unsynchronized::h2ed7433f370e3eca
[INFO] [stdout]                                at /rustc/df4ca44d3fbc9301ee17f30f4d474e6ae4b05252/library/std/src/../../backtrace/src/backtrace/mod.rs:66:5
[INFO] [stdout]    2:     0x5c934b53dc6a - std::sys::backtrace::_print_fmt::h916fac51166b18d7
[INFO] [stdout]                                at /rustc/df4ca44d3fbc9301ee17f30f4d474e6ae4b05252/library/std/src/sys/backtrace.rs:66:9
[INFO] [stdout]    3:     0x5c934b53dc6a - <std::sys::backtrace::BacktraceLock::print::DisplayBacktrace as core::fmt::Display>::fmt::ha0a4c9b8ce3802e6
[INFO] [stdout]                                at /rustc/df4ca44d3fbc9301ee17f30f4d474e6ae4b05252/library/std/src/sys/backtrace.rs:39:26
[INFO] [stdout]    4:     0x5c934b56f263 - core::fmt::rt::Argument::fmt::h4cfc8587d52b3eb5
[INFO] [stdout]                                at /rustc/df4ca44d3fbc9301ee17f30f4d474e6ae4b05252/library/core/src/fmt/rt.rs:177:76
[INFO] [stdout]    5:     0x5c934b56f263 - core::fmt::write::h522cc39e5b36ae9f
[INFO] [stdout]                                at /rustc/df4ca44d3fbc9301ee17f30f4d474e6ae4b05252/library/core/src/fmt/mod.rs:1190:21
[INFO] [stdout]    6:     0x5c934b538263 - std::io::Write::write_fmt::h7d3c26752da97734
[INFO] [stdout]                                at /rustc/df4ca44d3fbc9301ee17f30f4d474e6ae4b05252/library/std/src/io/mod.rs:1839:15
[INFO] [stdout]    7:     0x5c934b53dab2 - std::sys::backtrace::BacktraceLock::print::h4b9e00b29e9c0942
[INFO] [stdout]                                at /rustc/df4ca44d3fbc9301ee17f30f4d474e6ae4b05252/library/std/src/sys/backtrace.rs:42:9
[INFO] [stdout]    8:     0x5c934b53f77a - std::panicking::default_hook::{{closure}}::hb59b88280d0324d9
[INFO] [stdout]                                at /rustc/df4ca44d3fbc9301ee17f30f4d474e6ae4b05252/library/std/src/panicking.rs:268:22
[INFO] [stdout]    9:     0x5c934b53f584 - std::panicking::default_hook::he1dd496665be4a29
[INFO] [stdout]                                at /rustc/df4ca44d3fbc9301ee17f30f4d474e6ae4b05252/library/std/src/panicking.rs:292:9
[INFO] [stdout]   10:     0x5c9349a67679 - <alloc::boxed::Box<F,A> as core::ops::function::Fn<Args>>::call::h4ff71de18744e1dc
[INFO] [stdout]                                at /rustc/df4ca44d3fbc9301ee17f30f4d474e6ae4b05252/library/alloc/src/boxed.rs:2468:9
[INFO] [stdout]   11:     0x5c9349a67679 - test::test_main::{{closure}}::hcf7c055ce117aa81
[INFO] [stdout]                                at /rustc/df4ca44d3fbc9301ee17f30f4d474e6ae4b05252/library/test/src/lib.rs:133:21
[INFO] [stdout]   12:     0x5c934b53fe78 - <alloc::boxed::Box<F,A> as core::ops::function::Fn<Args>>::call::h1d66c6bbd60c9692
[INFO] [stdout]                                at /rustc/df4ca44d3fbc9301ee17f30f4d474e6ae4b05252/library/alloc/src/boxed.rs:2468:9
[INFO] [stdout]   13:     0x5c934b53fe78 - std::panicking::rust_panic_with_hook::h2ff17fe8f26dfcf8
[INFO] [stdout]                                at /rustc/df4ca44d3fbc9301ee17f30f4d474e6ae4b05252/library/std/src/panicking.rs:809:13
[INFO] [stdout]   14:     0x5c934b53fc06 - std::panicking::begin_panic_handler::{{closure}}::h4fad77951c07e101
[INFO] [stdout]                                at /rustc/df4ca44d3fbc9301ee17f30f4d474e6ae4b05252/library/std/src/panicking.rs:667:13
[INFO] [stdout]   15:     0x5c934b53e149 - std::sys::backtrace::__rust_end_short_backtrace::hb1a25b3da5d0ea08
[INFO] [stdout]                                at /rustc/df4ca44d3fbc9301ee17f30f4d474e6ae4b05252/library/std/src/sys/backtrace.rs:170:18
[INFO] [stdout]   16:     0x5c934b53f8cc - rust_begin_unwind
[INFO] [stdout]                                at /rustc/df4ca44d3fbc9301ee17f30f4d474e6ae4b05252/library/std/src/panicking.rs:665:5
[INFO] [stdout]   17:     0x5c934b56c230 - core::panicking::panic_fmt::ha9db07b529f9b256
[INFO] [stdout]                                at /rustc/df4ca44d3fbc9301ee17f30f4d474e6ae4b05252/library/core/src/panicking.rs:75:14
[INFO] [stdout]   18:     0x5c934b56c2bc - core::panicking::panic::h993086813d94accc
[INFO] [stdout]                                at /rustc/df4ca44d3fbc9301ee17f30f4d474e6ae4b05252/library/core/src/panicking.rs:152:5
[INFO] [stdout]   19:     0x5c93497193da - termscp::host::localhost::tests::test_host_localhost_open_write_err::h401964c4ee6f73f3
[INFO] [stdout]                                at /opt/rustwide/workdir/src/host/localhost.rs:695:9
[INFO] [stdout]   20:     0x5c9349719077 - termscp::host::localhost::tests::test_host_localhost_open_write_err::{{closure}}::h4b26c3e0ef0397ee
[INFO] [stdout]                                at /opt/rustwide/workdir/src/host/localhost.rs:689:44
[INFO] [stdout]   21:     0x5c934982e306 - core::ops::function::FnOnce::call_once::h63cf3f6e2e4c303f
[INFO] [stdout]                                at /rustc/df4ca44d3fbc9301ee17f30f4d474e6ae4b05252/library/core/src/ops/function.rs:250:5
[INFO] [stdout]   22:     0x5c9349a6bf4b - core::ops::function::FnOnce::call_once::h22c3ba5715e93f05
[INFO] [stdout]                                at /rustc/df4ca44d3fbc9301ee17f30f4d474e6ae4b05252/library/core/src/ops/function.rs:250:5
[INFO] [stdout]   23:     0x5c9349a6bf4b - test::__rust_begin_short_backtrace::h8e82d8113d0da17f
[INFO] [stdout]                                at /rustc/df4ca44d3fbc9301ee17f30f4d474e6ae4b05252/library/test/src/lib.rs:621:18
[INFO] [stdout]   24:     0x5c9349a6b8c7 - test::run_test_in_process::{{closure}}::h33235f4f20b7b7c7
[INFO] [stdout]                                at /rustc/df4ca44d3fbc9301ee17f30f4d474e6ae4b05252/library/test/src/lib.rs:644:60
[INFO] [stdout]   25:     0x5c9349a6b8c7 - <core::panic::unwind_safe::AssertUnwindSafe<F> as core::ops::function::FnOnce<()>>::call_once::hb5043206310c586f
[INFO] [stdout]                                at /rustc/df4ca44d3fbc9301ee17f30f4d474e6ae4b05252/library/core/src/panic/unwind_safe.rs:272:9
[INFO] [stdout]   26:     0x5c9349a6b8c7 - std::panicking::try::do_call::h9ad4731a60ab23e2
[INFO] [stdout]                                at /rustc/df4ca44d3fbc9301ee17f30f4d474e6ae4b05252/library/std/src/panicking.rs:557:40
[INFO] [stdout]   27:     0x5c9349a6b8c7 - std::panicking::try::h3824d23db772a716
[INFO] [stdout]                                at /rustc/df4ca44d3fbc9301ee17f30f4d474e6ae4b05252/library/std/src/panicking.rs:520:19
[INFO] [stdout]   28:     0x5c9349a6b8c7 - std::panic::catch_unwind::h5afd514605fde46b
[INFO] [stdout]                                at /rustc/df4ca44d3fbc9301ee17f30f4d474e6ae4b05252/library/std/src/panic.rs:358:14
[INFO] [stdout]   29:     0x5c9349a6b8c7 - test::run_test_in_process::h0d5cbfa7067d1720
[INFO] [stdout]                                at /rustc/df4ca44d3fbc9301ee17f30f4d474e6ae4b05252/library/test/src/lib.rs:644:27
[INFO] [stdout]   30:     0x5c9349a6b8c7 - test::run_test::{{closure}}::h708eb8872708115d
[INFO] [stdout]                                at /rustc/df4ca44d3fbc9301ee17f30f4d474e6ae4b05252/library/test/src/lib.rs:565:43
[INFO] [stdout]   31:     0x5c9349a2efe4 - test::run_test::{{closure}}::h392c51cee94713ab
[INFO] [stdout]                                at /rustc/df4ca44d3fbc9301ee17f30f4d474e6ae4b05252/library/test/src/lib.rs:595:41
[INFO] [stdout]   32:     0x5c9349a2efe4 - std::sys::backtrace::__rust_begin_short_backtrace::h2f40290710935a8b
[INFO] [stdout]                                at /rustc/df4ca44d3fbc9301ee17f30f4d474e6ae4b05252/library/std/src/sys/backtrace.rs:154:18
[INFO] [stdout]   33:     0x5c9349a3278e - std::thread::Builder::spawn_unchecked_::{{closure}}::{{closure}}::h3fd968d89053a903
[INFO] [stdout]                                at /rustc/df4ca44d3fbc9301ee17f30f4d474e6ae4b05252/library/std/src/thread/mod.rs:541:17
[INFO] [stdout]   34:     0x5c9349a3278e - <core::panic::unwind_safe::AssertUnwindSafe<F> as core::ops::function::FnOnce<()>>::call_once::h743f637ba4229880
[INFO] [stdout]                                at /rustc/df4ca44d3fbc9301ee17f30f4d474e6ae4b05252/library/core/src/panic/unwind_safe.rs:272:9
[INFO] [stdout]   35:     0x5c9349a3278e - std::panicking::try::do_call::h07440897322525a6
[INFO] [stdout]                                at /rustc/df4ca44d3fbc9301ee17f30f4d474e6ae4b05252/library/std/src/panicking.rs:557:40
[INFO] [stdout]   36:     0x5c9349a3278e - std::panicking::try::he5a2e00188156637
[INFO] [stdout]                                at /rustc/df4ca44d3fbc9301ee17f30f4d474e6ae4b05252/library/std/src/panicking.rs:520:19
[INFO] [stdout]   37:     0x5c9349a3278e - std::panic::catch_unwind::hbaf3cae49b3c6433
[INFO] [stdout]                                at /rustc/df4ca44d3fbc9301ee17f30f4d474e6ae4b05252/library/std/src/panic.rs:358:14
[INFO] [stdout]   38:     0x5c9349a3278e - std::thread::Builder::spawn_unchecked_::{{closure}}::h8e141ea224820bce
[INFO] [stdout]                                at /rustc/df4ca44d3fbc9301ee17f30f4d474e6ae4b05252/library/std/src/thread/mod.rs:540:30
[INFO] [stdout]   39:     0x5c9349a3278e - core::ops::function::FnOnce::call_once{{vtable.shim}}::h90d312fedd7b8ea8
[INFO] [stdout]                                at /rustc/df4ca44d3fbc9301ee17f30f4d474e6ae4b05252/library/core/src/ops/function.rs:250:5
[INFO] [stdout]   40:     0x5c934b546f6b - <alloc::boxed::Box<F,A> as core::ops::function::FnOnce<Args>>::call_once::h69aa08ddb6adb8b6
[INFO] [stdout]                                at /rustc/df4ca44d3fbc9301ee17f30f4d474e6ae4b05252/library/alloc/src/boxed.rs:2454:9
[INFO] [stdout]   41:     0x5c934b546f6b - <alloc::boxed::Box<F,A> as core::ops::function::FnOnce<Args>>::call_once::h5aa36efdb79c806f
[INFO] [stdout]                                at /rustc/df4ca44d3fbc9301ee17f30f4d474e6ae4b05252/library/alloc/src/boxed.rs:2454:9
[INFO] [stdout]   42:     0x5c934b546f6b - std::sys::pal::unix::thread::Thread::new::thread_start::h6cd80a1b4be5158d
[INFO] [stdout]                                at /rustc/df4ca44d3fbc9301ee17f30f4d474e6ae4b05252/library/std/src/sys/pal/unix/thread.rs:105:17
[INFO] [stdout]   43:     0x72f93a786ac3 - <unknown>
[INFO] [stdout]   44:     0x72f93a817a04 - clone
[INFO] [stdout]   45:                0x0 - <unknown>
[INFO] [stdout] 
[INFO] [stdout] ---- system::auto_update::test::auto_update stdout ----
[INFO] [stdout] Checking target-arch... x86_64-unknown-linux-gnu
[INFO] [stdout] Checking current version... v0.16.0
[INFO] [stdout] Checking latest released version... thread 'system::auto_update::test::auto_update' panicked at src/system/auto_update.rs:163:18:
[INFO] [stdout] called `Option::unwrap()` on a `None` value
[INFO] [stdout] stack backtrace:
[INFO] [stdout]    0:     0x5c934b53dc6a - std::backtrace_rs::backtrace::libunwind::trace::h207520d6e9873551
[INFO] [stdout]                                at /rustc/df4ca44d3fbc9301ee17f30f4d474e6ae4b05252/library/std/src/../../backtrace/src/backtrace/libunwind.rs:116:5
[INFO] [stdout]    1:     0x5c934b53dc6a - std::backtrace_rs::backtrace::trace_unsynchronized::h2ed7433f370e3eca
[INFO] [stdout]                                at /rustc/df4ca44d3fbc9301ee17f30f4d474e6ae4b05252/library/std/src/../../backtrace/src/backtrace/mod.rs:66:5
[INFO] [stdout]    2:     0x5c934b53dc6a - std::sys::backtrace::_print_fmt::h916fac51166b18d7
[INFO] [stdout]                                at /rustc/df4ca44d3fbc9301ee17f30f4d474e6ae4b05252/library/std/src/sys/backtrace.rs:66:9
[INFO] [stdout]    3:     0x5c934b53dc6a - <std::sys::backtrace::BacktraceLock::print::DisplayBacktrace as core::fmt::Display>::fmt::ha0a4c9b8ce3802e6
[INFO] [stdout]                                at /rustc/df4ca44d3fbc9301ee17f30f4d474e6ae4b05252/library/std/src/sys/backtrace.rs:39:26
[INFO] [stdout]    4:     0x5c934b56f263 - core::fmt::rt::Argument::fmt::h4cfc8587d52b3eb5
[INFO] [stdout]                                at /rustc/df4ca44d3fbc9301ee17f30f4d474e6ae4b05252/library/core/src/fmt/rt.rs:177:76
[INFO] [stdout]    5:     0x5c934b56f263 - core::fmt::write::h522cc39e5b36ae9f
[INFO] [stdout]                                at /rustc/df4ca44d3fbc9301ee17f30f4d474e6ae4b05252/library/core/src/fmt/mod.rs:1190:21
[INFO] [stdout]    6:     0x5c934b538263 - std::io::Write::write_fmt::h7d3c26752da97734
[INFO] [stdout]                                at /rustc/df4ca44d3fbc9301ee17f30f4d474e6ae4b05252/library/std/src/io/mod.rs:1839:15
[INFO] [stdout]    7:     0x5c934b53dab2 - std::sys::backtrace::BacktraceLock::print::h4b9e00b29e9c0942
[INFO] [stdout]                                at /rustc/df4ca44d3fbc9301ee17f30f4d474e6ae4b05252/library/std/src/sys/backtrace.rs:42:9
[INFO] [stdout]    8:     0x5c934b53f77a - std::panicking::default_hook::{{closure}}::hb59b88280d0324d9
[INFO] [stdout]                                at /rustc/df4ca44d3fbc9301ee17f30f4d474e6ae4b05252/library/std/src/panicking.rs:268:22
[INFO] [stdout]    9:     0x5c934b53f584 - std::panicking::default_hook::he1dd496665be4a29
[INFO] [stdout]                                at /rustc/df4ca44d3fbc9301ee17f30f4d474e6ae4b05252/library/std/src/panicking.rs:292:9
[INFO] [stdout]   10:     0x5c9349a67679 - <alloc::boxed::Box<F,A> as core::ops::function::Fn<Args>>::call::h4ff71de18744e1dc
[INFO] [stdout]                                at /rustc/df4ca44d3fbc9301ee17f30f4d474e6ae4b05252/library/alloc/src/boxed.rs:2468:9
[INFO] [stdout]   11:     0x5c9349a67679 - test::test_main::{{closure}}::hcf7c055ce117aa81
[INFO] [stdout]                                at /rustc/df4ca44d3fbc9301ee17f30f4d474e6ae4b05252/library/test/src/lib.rs:133:21
[INFO] [stdout]   12:     0x5c934b53fe78 - <alloc::boxed::Box<F,A> as core::ops::function::Fn<Args>>::call::h1d66c6bbd60c9692
[INFO] [stdout]                                at /rustc/df4ca44d3fbc9301ee17f30f4d474e6ae4b05252/library/alloc/src/boxed.rs:2468:9
[INFO] [stdout]   13:     0x5c934b53fe78 - std::panicking::rust_panic_with_hook::h2ff17fe8f26dfcf8
[INFO] [stdout]                                at /rustc/df4ca44d3fbc9301ee17f30f4d474e6ae4b05252/library/std/src/panicking.rs:809:13
[INFO] [stdout]   14:     0x5c934b53fc06 - std::panicking::begin_panic_handler::{{closure}}::h4fad77951c07e101
[INFO] [stdout]                                at /rustc/df4ca44d3fbc9301ee17f30f4d474e6ae4b05252/library/std/src/panicking.rs:667:13
[INFO] [stdout]   15:     0x5c934b53e149 - std::sys::backtrace::__rust_end_short_backtrace::hb1a25b3da5d0ea08
[INFO] [stdout]                                at /rustc/df4ca44d3fbc9301ee17f30f4d474e6ae4b05252/library/std/src/sys/backtrace.rs:170:18
[INFO] [stdout]   16:     0x5c934b53f8cc - rust_begin_unwind
[INFO] [stdout]                                at /rustc/df4ca44d3fbc9301ee17f30f4d474e6ae4b05252/library/std/src/panicking.rs:665:5
[INFO] [stdout]   17:     0x5c934b56c230 - core::panicking::panic_fmt::ha9db07b529f9b256
[INFO] [stdout]                                at /rustc/df4ca44d3fbc9301ee17f30f4d474e6ae4b05252/library/core/src/panicking.rs:75:14
[INFO] [stdout]   18:     0x5c934b56c2bc - core::panicking::panic::h993086813d94accc
[INFO] [stdout]                                at /rustc/df4ca44d3fbc9301ee17f30f4d474e6ae4b05252/library/core/src/panicking.rs:152:5
[INFO] [stdout]   19:     0x5c934b56c1a9 - core::option::unwrap_failed::h7d84639b8a1a5da9
[INFO] [stdout]                                at /rustc/df4ca44d3fbc9301ee17f30f4d474e6ae4b05252/library/core/src/option.rs:2008:5
[INFO] [stdout]   20:     0x5c934978d70f - core::option::Option<T>::unwrap::h7003bd899fcc7104
[INFO] [stdout]                                at /rustc/df4ca44d3fbc9301ee17f30f4d474e6ae4b05252/library/core/src/option.rs:971:21
[INFO] [stdout]   21:     0x5c934978d70f - termscp::system::auto_update::test::auto_update::h2794b99060e73879
[INFO] [stdout]                                at /opt/rustwide/workdir/src/system/auto_update.rs:159:13
[INFO] [stdout]   22:     0x5c934978d687 - termscp::system::auto_update::test::auto_update::{{closure}}::h515f39b396aab405
[INFO] [stdout]                                at /opt/rustwide/workdir/src/system/auto_update.rs:156:21
[INFO] [stdout]   23:     0x5c9349830ad6 - core::ops::function::FnOnce::call_once::hdcf6157f98a30ceb
[INFO] [stdout]                                at /rustc/df4ca44d3fbc9301ee17f30f4d474e6ae4b05252/library/core/src/ops/function.rs:250:5
[INFO] [stdout]   24:     0x5c9349a6bf4b - core::ops::function::FnOnce::call_once::h22c3ba5715e93f05
[INFO] [stdout]                                at /rustc/df4ca44d3fbc9301ee17f30f4d474e6ae4b05252/library/core/src/ops/function.rs:250:5
[INFO] [stdout]   25:     0x5c9349a6bf4b - test::__rust_begin_short_backtrace::h8e82d8113d0da17f
[INFO] [stdout]                                at /rustc/df4ca44d3fbc9301ee17f30f4d474e6ae4b05252/library/test/src/lib.rs:621:18
[INFO] [stdout]   26:     0x5c9349a6b8c7 - test::run_test_in_process::{{closure}}::h33235f4f20b7b7c7
[INFO] [stdout]                                at /rustc/df4ca44d3fbc9301ee17f30f4d474e6ae4b05252/library/test/src/lib.rs:644:60
[INFO] [stdout]   27:     0x5c9349a6b8c7 - <core::panic::unwind_safe::AssertUnwindSafe<F> as core::ops::function::FnOnce<()>>::call_once::hb5043206310c586f
[INFO] [stdout]                                at /rustc/df4ca44d3fbc9301ee17f30f4d474e6ae4b05252/library/core/src/panic/unwind_safe.rs:272:9
[INFO] [stdout]   28:     0x5c9349a6b8c7 - std::panicking::try::do_call::h9ad4731a60ab23e2
[INFO] [stdout]                                at /rustc/df4ca44d3fbc9301ee17f30f4d474e6ae4b05252/library/std/src/panicking.rs:557:40
[INFO] [stdout]   29:     0x5c9349a6b8c7 - std::panicking::try::h3824d23db772a716
[INFO] [stdout]                                at /rustc/df4ca44d3fbc9301ee17f30f4d474e6ae4b05252/library/std/src/panicking.rs:520:19
[INFO] [stdout]   30:     0x5c9349a6b8c7 - std::panic::catch_unwind::h5afd514605fde46b
[INFO] [stdout]                                at /rustc/df4ca44d3fbc9301ee17f30f4d474e6ae4b05252/library/std/src/panic.rs:358:14
[INFO] [stdout]   31:     0x5c9349a6b8c7 - test::run_test_in_process::h0d5cbfa7067d1720
[INFO] [stdout]                                at /rustc/df4ca44d3fbc9301ee17f30f4d474e6ae4b05252/library/test/src/lib.rs:644:27
[INFO] [stdout]   32:     0x5c9349a6b8c7 - test::run_test::{{closure}}::h708eb8872708115d
[INFO] [stdout]                                at /rustc/df4ca44d3fbc9301ee17f30f4d474e6ae4b05252/library/test/src/lib.rs:565:43
[INFO] [stdout]   33:     0x5c9349a2efe4 - test::run_test::{{closure}}::h392c51cee94713ab
[INFO] [stdout]                                at /rustc/df4ca44d3fbc9301ee17f30f4d474e6ae4b05252/library/test/src/lib.rs:595:41
[INFO] [stdout]   34:     0x5c9349a2efe4 - std::sys::backtrace::__rust_begin_short_backtrace::h2f40290710935a8b
[INFO] [stdout]                                at /rustc/df4ca44d3fbc9301ee17f30f4d474e6ae4b05252/library/std/src/sys/backtrace.rs:154:18
[INFO] [stdout]   35:     0x5c9349a3278e - std::thread::Builder::spawn_unchecked_::{{closure}}::{{closure}}::h3fd968d89053a903
[INFO] [stdout]                                at /rustc/df4ca44d3fbc9301ee17f30f4d474e6ae4b05252/library/std/src/thread/mod.rs:541:17
[INFO] [stdout]   36:     0x5c9349a3278e - <core::panic::unwind_safe::AssertUnwindSafe<F> as core::ops::function::FnOnce<()>>::call_once::h743f637ba4229880
[INFO] [stdout]                                at /rustc/df4ca44d3fbc9301ee17f30f4d474e6ae4b05252/library/core/src/panic/unwind_safe.rs:272:9
[INFO] [stdout]   37:     0x5c9349a3278e - std::panicking::try::do_call::h07440897322525a6
[INFO] [stdout]                                at /rustc/df4ca44d3fbc9301ee17f30f4d474e6ae4b05252/library/std/src/panicking.rs:557:40
[INFO] [stdout]   38:     0x5c9349a3278e - std::panicking::try::he5a2e00188156637
[INFO] [stdout]                                at /rustc/df4ca44d3fbc9301ee17f30f4d474e6ae4b05252/library/std/src/panicking.rs:520:19
[INFO] [stdout]   39:     0x5c9349a3278e - std::panic::catch_unwind::hbaf3cae49b3c6433
[INFO] [stdout]                                at /rustc/df4ca44d3fbc9301ee17f30f4d474e6ae4b05252/library/std/src/panic.rs:358:14
[INFO] [stdout]   40:     0x5c9349a3278e - std::thread::Builder::spawn_unchecked_::{{closure}}::h8e141ea224820bce
[INFO] [stdout]                                at /rustc/df4ca44d3fbc9301ee17f30f4d474e6ae4b05252/library/std/src/thread/mod.rs:540:30
[INFO] [stdout]   41:     0x5c9349a3278e - core::ops::function::FnOnce::call_once{{vtable.shim}}::h90d312fedd7b8ea8
[INFO] [stdout]                                at /rustc/df4ca44d3fbc9301ee17f30f4d474e6ae4b05252/library/core/src/ops/function.rs:250:5
[INFO] [stdout]   42:     0x5c934b546f6b - <alloc::boxed::Box<F,A> as core::ops::function::FnOnce<Args>>::call_once::h69aa08ddb6adb8b6
[INFO] [stdout]                                at /rustc/df4ca44d3fbc9301ee17f30f4d474e6ae4b05252/library/alloc/src/boxed.rs:2454:9
[INFO] [stdout]   43:     0x5c934b546f6b - <alloc::boxed::Box<F,A> as core::ops::function::FnOnce<Args>>::call_once::h5aa36efdb79c806f
[INFO] [stdout]                                at /rustc/df4ca44d3fbc9301ee17f30f4d474e6ae4b05252/library/alloc/src/boxed.rs:2454:9
[INFO] [stdout]   44:     0x5c934b546f6b - std::sys::pal::unix::thread::Thread::new::thread_start::h6cd80a1b4be5158d
[INFO] [stdout]                                at /rustc/df4ca44d3fbc9301ee17f30f4d474e6ae4b05252/library/std/src/sys/pal/unix/thread.rs:105:17
[INFO] [stdout]   45:     0x72f93a786ac3 - <unknown>
[INFO] [stdout]   46:     0x72f93a817a04 - clone
[INFO] [stdout]   47:                0x0 - <unknown>
[INFO] [stdout] 
[INFO] [stdout] ---- system::auto_update::test::check_for_updates stdout ----
[INFO] [stdout] Err(Reqwest(reqwest::Error { kind: Request, url: "https://api.github.com/repos/veeso/termscp/releases/latest", source: hyper_util::client::legacy::Error(Connect, ConnectError("dns error", Custom { kind: Uncategorized, error: "failed to lookup address information: Temporary failure in name resolution" })) }))
[INFO] [stdout] thread 'system::auto_update::test::check_for_updates' panicked at src/system/auto_update.rs:178:9:
[INFO] [stdout] assertion failed: Update::is_new_version_available().is_ok()
[INFO] [stdout] stack backtrace:
[INFO] [stdout]    0:     0x5c934b53dc6a - std::backtrace_rs::backtrace::libunwind::trace::h207520d6e9873551
[INFO] [stdout]                                at /rustc/df4ca44d3fbc9301ee17f30f4d474e6ae4b05252/library/std/src/../../backtrace/src/backtrace/libunwind.rs:116:5
[INFO] [stdout]    1:     0x5c934b53dc6a - std::backtrace_rs::backtrace::trace_unsynchronized::h2ed7433f370e3eca
[INFO] [stdout]                                at /rustc/df4ca44d3fbc9301ee17f30f4d474e6ae4b05252/library/std/src/../../backtrace/src/backtrace/mod.rs:66:5
[INFO] [stdout]    2:     0x5c934b53dc6a - std::sys::backtrace::_print_fmt::h916fac51166b18d7
[INFO] [stdout]                                at /rustc/df4ca44d3fbc9301ee17f30f4d474e6ae4b05252/library/std/src/sys/backtrace.rs:66:9
[INFO] [stdout]    3:     0x5c934b53dc6a - <std::sys::backtrace::BacktraceLock::print::DisplayBacktrace as core::fmt::Display>::fmt::ha0a4c9b8ce3802e6
[INFO] [stdout]                                at /rustc/df4ca44d3fbc9301ee17f30f4d474e6ae4b05252/library/std/src/sys/backtrace.rs:39:26
[INFO] [stdout]    4:     0x5c934b56f263 - core::fmt::rt::Argument::fmt::h4cfc8587d52b3eb5
[INFO] [stdout]                                at /rustc/df4ca44d3fbc9301ee17f30f4d474e6ae4b05252/library/core/src/fmt/rt.rs:177:76
[INFO] [stdout]    5:     0x5c934b56f263 - core::fmt::write::h522cc39e5b36ae9f
[INFO] [stdout]                                at /rustc/df4ca44d3fbc9301ee17f30f4d474e6ae4b05252/library/core/src/fmt/mod.rs:1190:21
[INFO] [stdout]    6:     0x5c934b538263 - std::io::Write::write_fmt::h7d3c26752da97734
[INFO] [stdout]                                at /rustc/df4ca44d3fbc9301ee17f30f4d474e6ae4b05252/library/std/src/io/mod.rs:1839:15
[INFO] [stdout]    7:     0x5c934b53dab2 - std::sys::backtrace::BacktraceLock::print::h4b9e00b29e9c0942
[INFO] [stdout]                                at /rustc/df4ca44d3fbc9301ee17f30f4d474e6ae4b05252/library/std/src/sys/backtrace.rs:42:9
[INFO] [stdout]    8:     0x5c934b53f77a - std::panicking::default_hook::{{closure}}::hb59b88280d0324d9
[INFO] [stdout]                                at /rustc/df4ca44d3fbc9301ee17f30f4d474e6ae4b05252/library/std/src/panicking.rs:268:22
[INFO] [stdout]    9:     0x5c934b53f584 - std::panicking::default_hook::he1dd496665be4a29
[INFO] [stdout]                                at /rustc/df4ca44d3fbc9301ee17f30f4d474e6ae4b05252/library/std/src/panicking.rs:292:9
[INFO] [stdout]   10:     0x5c9349a67679 - <alloc::boxed::Box<F,A> as core::ops::function::Fn<Args>>::call::h4ff71de18744e1dc
[INFO] [stdout]                                at /rustc/df4ca44d3fbc9301ee17f30f4d474e6ae4b05252/library/alloc/src/boxed.rs:2468:9
[INFO] [stdout]   11:     0x5c9349a67679 - test::test_main::{{closure}}::hcf7c055ce117aa81
[INFO] [stdout]                                at /rustc/df4ca44d3fbc9301ee17f30f4d474e6ae4b05252/library/test/src/lib.rs:133:21
[INFO] [stdout]   12:     0x5c934b53fe78 - <alloc::boxed::Box<F,A> as core::ops::function::Fn<Args>>::call::h1d66c6bbd60c9692
[INFO] [stdout]                                at /rustc/df4ca44d3fbc9301ee17f30f4d474e6ae4b05252/library/alloc/src/boxed.rs:2468:9
[INFO] [stdout]   13:     0x5c934b53fe78 - std::panicking::rust_panic_with_hook::h2ff17fe8f26dfcf8
[INFO] [stdout]                                at /rustc/df4ca44d3fbc9301ee17f30f4d474e6ae4b05252/library/std/src/panicking.rs:809:13
[INFO] [stdout]   14:     0x5c934b53fc06 - std::panicking::begin_panic_handler::{{closure}}::h4fad77951c07e101
[INFO] [stdout]                                at /rustc/df4ca44d3fbc9301ee17f30f4d474e6ae4b05252/library/std/src/panicking.rs:667:13
[INFO] [stdout]   15:     0x5c934b53e149 - std::sys::backtrace::__rust_end_short_backtrace::hb1a25b3da5d0ea08
[INFO] [stdout]                                at /rustc/df4ca44d3fbc9301ee17f30f4d474e6ae4b05252/library/std/src/sys/backtrace.rs:170:18
[INFO] [stdout]   16:     0x5c934b53f8cc - rust_begin_unwind
[INFO] [stdout]                                at /rustc/df4ca44d3fbc9301ee17f30f4d474e6ae4b05252/library/std/src/panicking.rs:665:5
[INFO] [stdout]   17:     0x5c934b56c230 - core::panicking::panic_fmt::ha9db07b529f9b256
[INFO] [stdout]                                at /rustc/df4ca44d3fbc9301ee17f30f4d474e6ae4b05252/library/core/src/panicking.rs:75:14
[INFO] [stdout]   18:     0x5c934b56c2bc - core::panicking::panic::h993086813d94accc
[INFO] [stdout]                                at /rustc/df4ca44d3fbc9301ee17f30f4d474e6ae4b05252/library/core/src/panicking.rs:152:5
[INFO] [stdout]   19:     0x5c934978da2f - termscp::system::auto_update::test::check_for_updates::hf1a09e902b360761
[INFO] [stdout]                                at /opt/rustwide/workdir/src/system/auto_update.rs:178:9
[INFO] [stdout]   20:     0x5c934978d8c7 - termscp::system::auto_update::test::check_for_updates::{{closure}}::hbf18cb80eca4313d
[INFO] [stdout]                                at /opt/rustwide/workdir/src/system/auto_update.rs:176:27
[INFO] [stdout]   21:     0x5c9349830a56 - core::ops::function::FnOnce::call_once::hdb3c29d312ebbbd7
[INFO] [stdout]                                at /rustc/df4ca44d3fbc9301ee17f30f4d474e6ae4b05252/library/core/src/ops/function.rs:250:5
[INFO] [stdout]   22:     0x5c9349a6bf4b - core::ops::function::FnOnce::call_once::h22c3ba5715e93f05
[INFO] [stdout]                                at /rustc/df4ca44d3fbc9301ee17f30f4d474e6ae4b05252/library/core/src/ops/function.rs:250:5
[INFO] [stdout]   23:     0x5c9349a6bf4b - test::__rust_begin_short_backtrace::h8e82d8113d0da17f
[INFO] [stdout]                                at /rustc/df4ca44d3fbc9301ee17f30f4d474e6ae4b05252/library/test/src/lib.rs:621:18
[INFO] [stdout]   24:     0x5c9349a6b8c7 - test::run_test_in_process::{{closure}}::h33235f4f20b7b7c7
[INFO] [stdout]                                at /rustc/df4ca44d3fbc9301ee17f30f4d474e6ae4b05252/library/test/src/lib.rs:644:60
[INFO] [stdout]   25:     0x5c9349a6b8c7 - <core::panic::unwind_safe::AssertUnwindSafe<F> as core::ops::function::FnOnce<()>>::call_once::hb5043206310c586f
[INFO] [stdout]                                at /rustc/df4ca44d3fbc9301ee17f30f4d474e6ae4b05252/library/core/src/panic/unwind_safe.rs:272:9
[INFO] [stdout]   26:     0x5c9349a6b8c7 - std::panicking::try::do_call::h9ad4731a60ab23e2
[INFO] [stdout]                                at /rustc/df4ca44d3fbc9301ee17f30f4d474e6ae4b05252/library/std/src/panicking.rs:557:40
[INFO] [stdout]   27:     0x5c9349a6b8c7 - std::panicking::try::h3824d23db772a716
[INFO] [stdout]                                at /rustc/df4ca44d3fbc9301ee17f30f4d474e6ae4b05252/library/std/src/panicking.rs:520:19
[INFO] [stdout]   28:     0x5c9349a6b8c7 - std::panic::catch_unwind::h5afd514605fde46b
[INFO] [stdout]                                at /rustc/df4ca44d3fbc9301ee17f30f4d474e6ae4b05252/library/std/src/panic.rs:358:14
[INFO] [stdout]   29:     0x5c9349a6b8c7 - test::run_test_in_process::h0d5cbfa7067d1720
[INFO] [stdout]                                at /rustc/df4ca44d3fbc9301ee17f30f4d474e6ae4b05252/library/test/src/lib.rs:644:27
[INFO] [stdout]   30:     0x5c9349a6b8c7 - test::run_test::{{closure}}::h708eb8872708115d
[INFO] [stdout]                                at /rustc/df4ca44d3fbc9301ee17f30f4d474e6ae4b05252/library/test/src/lib.rs:565:43
[INFO] [stdout]   31:     0x5c9349a2efe4 - test::run_test::{{closure}}::h392c51cee94713ab
[INFO] [stdout]                                at /rustc/df4ca44d3fbc9301ee17f30f4d474e6ae4b05252/library/test/src/lib.rs:595:41
[INFO] [stdout]   32:     0x5c9349a2efe4 - std::sys::backtrace::__rust_begin_short_backtrace::h2f40290710935a8b
[INFO] [stdout]                                at /rustc/df4ca44d3fbc9301ee17f30f4d474e6ae4b05252/library/std/src/sys/backtrace.rs:154:18
[INFO] [stdout]   33:     0x5c9349a3278e - std::thread::Builder::spawn_unchecked_::{{closure}}::{{closure}}::h3fd968d89053a903
[INFO] [stdout]                                at /rustc/df4ca44d3fbc9301ee17f30f4d474e6ae4b05252/library/std/src/thread/mod.rs:541:17
[INFO] [stdout]   34:     0x5c9349a3278e - <core::panic::unwind_safe::AssertUnwindSafe<F> as core::ops::function::FnOnce<()>>::call_once::h743f637ba4229880
[INFO] [stdout]                                at /rustc/df4ca44d3fbc9301ee17f30f4d474e6ae4b05252/library/core/src/panic/unwind_safe.rs:272:9
[INFO] [stdout]   35:     0x5c9349a3278e - std::panicking::try::do_call::h07440897322525a6
[INFO] [stdout]                                at /rustc/df4ca44d3fbc9301ee17f30f4d474e6ae4b05252/library/std/src/panicking.rs:557:40
[INFO] [stdout]   36:     0x5c9349a3278e - std::panicking::try::he5a2e00188156637
[INFO] [stdout]                                at /rustc/df4ca44d3fbc9301ee17f30f4d474e6ae4b05252/library/std/src/panicking.rs:520:19
[INFO] [stdout]   37:     0x5c9349a3278e - std::panic::catch_unwind::hbaf3cae49b3c6433
[INFO] [stdout]                                at /rustc/df4ca44d3fbc9301ee17f30f4d474e6ae4b05252/library/std/src/panic.rs:358:14
[INFO] [stdout]   38:     0x5c9349a3278e - std::thread::Builder::spawn_unchecked_::{{closure}}::h8e141ea224820bce
[INFO] [stdout]                                at /rustc/df4ca44d3fbc9301ee17f30f4d474e6ae4b05252/library/std/src/thread/mod.rs:540:30
[INFO] [stdout]   39:     0x5c9349a3278e - core::ops::function::FnOnce::call_once{{vtable.shim}}::h90d312fedd7b8ea8
[INFO] [stdout]                                at /rustc/df4ca44d3fbc9301ee17f30f4d474e6ae4b05252/library/core/src/ops/function.rs:250:5
[INFO] [stdout]   40:     0x5c934b546f6b - <alloc::boxed::Box<F,A> as core::ops::function::FnOnce<Args>>::call_once::h69aa08ddb6adb8b6
[INFO] [stdout]                                at /rustc/df4ca44d3fbc9301ee17f30f4d474e6ae4b05252/library/alloc/src/boxed.rs:2454:9
[INFO] [stdout]   41:     0x5c934b546f6b - <alloc::boxed::Box<F,A> as core::ops::function::FnOnce<Args>>::call_once::h5aa36efdb79c806f
[INFO] [stdout]                                at /rustc/df4ca44d3fbc9301ee17f30f4d474e6ae4b05252/library/alloc/src/boxed.rs:2454:9
[INFO] [stdout]   42:     0x5c934b546f6b - std::sys::pal::unix::thread::Thread::new::thread_start::h6cd80a1b4be5158d
[INFO] [stdout]                                at /rustc/df4ca44d3fbc9301ee17f30f4d474e6ae4b05252/library/std/src/sys/pal/unix/thread.rs:105:17
[INFO] [stdout]   43:     0x72f93a786ac3 - <unknown>
[INFO] [stdout]   44:     0x72f93a817a04 - clone
[INFO] [stdout]   45:                0x0 - <unknown>
[INFO] [stdout] 
[INFO] [stdout] ---- system::keys::keyringstorage::tests::test_system_keys_keyringstorage stdout ----
[INFO] [stdout] thread 'system::keys::keyringstorage::tests::test_system_keys_keyringstorage' panicked at src/system/keys/keyringstorage.rs:89:9:
[INFO] [stdout] assertion failed: storage.is_supported()
[INFO] [stdout] stack backtrace:
[INFO] [stdout]    0:     0x5c934b53dc6a - std::backtrace_rs::backtrace::libunwind::trace::h207520d6e9873551
[INFO] [stdout]                                at /rustc/df4ca44d3fbc9301ee17f30f4d474e6ae4b05252/library/std/src/../../backtrace/src/backtrace/libunwind.rs:116:5
[INFO] [stdout]    1:     0x5c934b53dc6a - std::backtrace_rs::backtrace::trace_unsynchronized::h2ed7433f370e3eca
[INFO] [stdout]                                at /rustc/df4ca44d3fbc9301ee17f30f4d474e6ae4b05252/library/std/src/../../backtrace/src/backtrace/mod.rs:66:5
[INFO] [stdout]    2:     0x5c934b53dc6a - std::sys::backtrace::_print_fmt::h916fac51166b18d7
[INFO] [stdout]                                at /rustc/df4ca44d3fbc9301ee17f30f4d474e6ae4b05252/library/std/src/sys/backtrace.rs:66:9
[INFO] [stdout]    3:     0x5c934b53dc6a - <std::sys::backtrace::BacktraceLock::print::DisplayBacktrace as core::fmt::Display>::fmt::ha0a4c9b8ce3802e6
[INFO] [stdout]                                at /rustc/df4ca44d3fbc9301ee17f30f4d474e6ae4b05252/library/std/src/sys/backtrace.rs:39:26
[INFO] [stdout]    4:     0x5c934b56f263 - core::fmt::rt::Argument::fmt::h4cfc8587d52b3eb5
[INFO] [stdout]                                at /rustc/df4ca44d3fbc9301ee17f30f4d474e6ae4b05252/library/core/src/fmt/rt.rs:177:76
[INFO] [stdout]    5:     0x5c934b56f263 - core::fmt::write::h522cc39e5b36ae9f
[INFO] [stdout]                                at /rustc/df4ca44d3fbc9301ee17f30f4d474e6ae4b05252/library/core/src/fmt/mod.rs:1190:21
[INFO] [stdout]    6:     0x5c934b538263 - std::io::Write::write_fmt::h7d3c26752da97734
[INFO] [stdout]                                at /rustc/df4ca44d3fbc9301ee17f30f4d474e6ae4b05252/library/std/src/io/mod.rs:1839:15
[INFO] [stdout]    7:     0x5c934b53dab2 - std::sys::backtrace::BacktraceLock::print::h4b9e00b29e9c0942
[INFO] [stdout]                                at /rustc/df4ca44d3fbc9301ee17f30f4d474e6ae4b05252/library/std/src/sys/backtrace.rs:42:9
[INFO] [stdout]    8:     0x5c934b53f77a - std::panicking::default_hook::{{closure}}::hb59b88280d0324d9
[INFO] [stdout]                                at /rustc/df4ca44d3fbc9301ee17f30f4d474e6ae4b05252/library/std/src/panicking.rs:268:22
[INFO] [stdout]    9:     0x5c934b53f584 - std::panicking::default_hook::he1dd496665be4a29
[INFO] [stdout]                                at /rustc/df4ca44d3fbc9301ee17f30f4d474e6ae4b05252/library/std/src/panicking.rs:292:9
[INFO] [stdout]   10:     0x5c9349a67679 - <alloc::boxed::Box<F,A> as core::ops::function::Fn<Args>>::call::h4ff71de18744e1dc
[INFO] [stdout]                                at /rustc/df4ca44d3fbc9301ee17f30f4d474e6ae4b05252/library/alloc/src/boxed.rs:2468:9
[INFO] [stdout]   11:     0x5c9349a67679 - test::test_main::{{closure}}::hcf7c055ce117aa81
[INFO] [stdout]                                at /rustc/df4ca44d3fbc9301ee17f30f4d474e6ae4b05252/library/test/src/lib.rs:133:21
[INFO] [stdout]   12:     0x5c934b53fe78 - <alloc::boxed::Box<F,A> as core::ops::function::Fn<Args>>::call::h1d66c6bbd60c9692
[INFO] [stdout]                                at /rustc/df4ca44d3fbc9301ee17f30f4d474e6ae4b05252/library/alloc/src/boxed.rs:2468:9
[INFO] [stdout]   13:     0x5c934b53fe78 - std::panicking::rust_panic_with_hook::h2ff17fe8f26dfcf8
[INFO] [stdout]                                at /rustc/df4ca44d3fbc9301ee17f30f4d474e6ae4b05252/library/std/src/panicking.rs:809:13
[INFO] [stdout]   14:     0x5c934b53fc06 - std::panicking::begin_panic_handler::{{closure}}::h4fad77951c07e101
[INFO] [stdout]                                at /rustc/df4ca44d3fbc9301ee17f30f4d474e6ae4b05252/library/std/src/panicking.rs:667:13
[INFO] [stdout]   15:     0x5c934b53e149 - std::sys::backtrace::__rust_end_short_backtrace::hb1a25b3da5d0ea08
[INFO] [stdout]                                at /rustc/df4ca44d3fbc9301ee17f30f4d474e6ae4b05252/library/std/src/sys/backtrace.rs:170:18
[INFO] [stdout]   16:     0x5c934b53f8cc - rust_begin_unwind
[INFO] [stdout]                                at /rustc/df4ca44d3fbc9301ee17f30f4d474e6ae4b05252/library/std/src/panicking.rs:665:5
[INFO] [stdout]   17:     0x5c934b56c230 - core::panicking::panic_fmt::ha9db07b529f9b256
[INFO] [stdout]                                at /rustc/df4ca44d3fbc9301ee17f30f4d474e6ae4b05252/library/core/src/panicking.rs:75:14
[INFO] [stdout]   18:     0x5c934b56c2bc - core::panicking::panic::h993086813d94accc
[INFO] [stdout]                                at /rustc/df4ca44d3fbc9301ee17f30f4d474e6ae4b05252/library/core/src/panicking.rs:152:5
[INFO] [stdout]   19:     0x5c934978e6f7 - termscp::system::keys::keyringstorage::tests::test_system_keys_keyringstorage::heff8b4036b888b00
[INFO] [stdout]                                at /opt/rustwide/workdir/src/system/keys/keyringstorage.rs:89:9
[INFO] [stdout]   20:     0x5c934978e587 - termscp::system::keys::keyringstorage::tests::test_system_keys_keyringstorage::{{closure}}::he971c8050b2d0627
[INFO] [stdout]                                at /opt/rustwide/workdir/src/system/keys/keyringstorage.rs:86:41
[INFO] [stdout]   21:     0x5c934982ef86 - core::ops::function::FnOnce::call_once::h863a930bd03aa51c
[INFO] [stdout]                                at /rustc/df4ca44d3fbc9301ee17f30f4d474e6ae4b05252/library/core/src/ops/function.rs:250:5
[INFO] [stdout]   22:     0x5c9349a6bf4b - core::ops::function::FnOnce::call_once::h22c3ba5715e93f05
[INFO] [stdout]                                at /rustc/df4ca44d3fbc9301ee17f30f4d474e6ae4b05252/library/core/src/ops/function.rs:250:5
[INFO] [stdout]   23:     0x5c9349a6bf4b - test::__rust_begin_short_backtrace::h8e82d8113d0da17f
[INFO] [stdout]                                at /rustc/df4ca44d3fbc9301ee17f30f4d474e6ae4b05252/library/test/src/lib.rs:621:18
[INFO] [stdout]   24:     0x5c9349a6b8c7 - test::run_test_in_process::{{closure}}::h33235f4f20b7b7c7
[INFO] [stdout]                                at /rustc/df4ca44d3fbc9301ee17f30f4d474e6ae4b05252/library/test/src/lib.rs:644:60
[INFO] [stdout]   25:     0x5c9349a6b8c7 - <core::panic::unwind_safe::AssertUnwindSafe<F> as core::ops::function::FnOnce<()>>::call_once::hb5043206310c586f
[INFO] [stdout]                                at /rustc/df4ca44d3fbc9301ee17f30f4d474e6ae4b05252/library/core/src/panic/unwind_safe.rs:272:9
[INFO] [stdout]   26:     0x5c9349a6b8c7 - std::panicking::try::do_call::h9ad4731a60ab23e2
[INFO] [stdout]                                at /rustc/df4ca44d3fbc9301ee17f30f4d474e6ae4b05252/library/std/src/panicking.rs:557:40
[INFO] [stdout]   27:     0x5c9349a6b8c7 - std::panicking::try::h3824d23db772a716
[INFO] [stdout]                                at /rustc/df4ca44d3fbc9301ee17f30f4d474e6ae4b05252/library/std/src/panicking.rs:520:19
[INFO] [stdout]   28:     0x5c9349a6b8c7 - std::panic::catch_unwind::h5afd514605fde46b
[INFO] [stdout]                                at /rustc/df4ca44d3fbc9301ee17f30f4d474e6ae4b05252/library/std/src/panic.rs:358:14
[INFO] [stdout]   29:     0x5c9349a6b8c7 - test::run_test_in_process::h0d5cbfa7067d1720
[INFO] [stdout]                                at /rustc/df4ca44d3fbc9301ee17f30f4d474e6ae4b05252/library/test/src/lib.rs:644:27
[INFO] [stdout]   30:     0x5c9349a6b8c7 - test::run_test::{{closure}}::h708eb8872708115d
[INFO] [stdout]                                at /rustc/df4ca44d3fbc9301ee17f30f4d474e6ae4b05252/library/test/src/lib.rs:565:43
[INFO] [stdout]   31:     0x5c9349a2efe4 - test::run_test::{{closure}}::h392c51cee94713ab
[INFO] [stdout]                                at /rustc/df4ca44d3fbc9301ee17f30f4d474e6ae4b05252/library/test/src/lib.rs:595:41
[INFO] [stdout]   32:     0x5c9349a2efe4 - std::sys::backtrace::__rust_begin_short_backtrace::h2f40290710935a8b
[INFO] [stdout]                                at /rustc/df4ca44d3fbc9301ee17f30f4d474e6ae4b05252/library/std/src/sys/backtrace.rs:154:18
[INFO] [stdout]   33:     0x5c9349a3278e - std::thread::Builder::spawn_unchecked_::{{closure}}::{{closure}}::h3fd968d89053a903
[INFO] [stdout]                                at /rustc/df4ca44d3fbc9301ee17f30f4d474e6ae4b05252/library/std/src/thread/mod.rs:541:17
[INFO] [stdout]   34:     0x5c9349a3278e - <core::panic::unwind_safe::AssertUnwindSafe<F> as core::ops::function::FnOnce<()>>::call_once::h743f637ba4229880
[INFO] [stdout]                                at /rustc/df4ca44d3fbc9301ee17f30f4d474e6ae4b05252/library/core/src/panic/unwind_safe.rs:272:9
[INFO] [stdout]   35:     0x5c9349a3278e - std::panicking::try::do_call::h07440897322525a6
[INFO] [stdout]                                at /rustc/df4ca44d3fbc9301ee17f30f4d474e6ae4b05252/library/std/src/panicking.rs:557:40
[INFO] [stdout]   36:     0x5c9349a3278e - std::panicking::try::he5a2e00188156637
[INFO] [stdout]                                at /rustc/df4ca44d3fbc9301ee17f30f4d474e6ae4b05252/library/std/src/panicking.rs:520:19
[INFO] [stdout]   37:     0x5c9349a3278e - std::panic::catch_unwind::hbaf3cae49b3c6433
[INFO] [stdout]                                at /rustc/df4ca44d3fbc9301ee17f30f4d474e6ae4b05252/library/std/src/panic.rs:358:14
[INFO] [stdout]   38:     0x5c9349a3278e - std::thread::Builder::spawn_unchecked_::{{closure}}::h8e141ea224820bce
[INFO] [stdout]                                at /rustc/df4ca44d3fbc9301ee17f30f4d474e6ae4b05252/library/std/src/thread/mod.rs:540:30
[INFO] [stdout]   39:     0x5c9349a3278e - core::ops::function::FnOnce::call_once{{vtable.shim}}::h90d312fedd7b8ea8
[INFO] [stdout]                                at /rustc/df4ca44d3fbc9301ee17f30f4d474e6ae4b05252/library/core/src/ops/function.rs:250:5
[INFO] [stdout]   40:     0x5c934b546f6b - <alloc::boxed::Box<F,A> as core::ops::function::FnOnce<Args>>::call_once::h69aa08ddb6adb8b6
[INFO] [stdout]                                at /rustc/df4ca44d3fbc9301ee17f30f4d474e6ae4b05252/library/alloc/src/boxed.rs:2454:9
[INFO] [stdout]   41:     0x5c934b546f6b - <alloc::boxed::Box<F,A> as core::ops::function::FnOnce<Args>>::call_once::h5aa36efdb79c806f
[INFO] [stdout]                                at /rustc/df4ca44d3fbc9301ee17f30f4d474e6ae4b05252/library/alloc/src/boxed.rs:2454:9
[INFO] [stdout]   42:     0x5c934b546f6b - std::sys::pal::unix::thread::Thread::new::thread_start::h6cd80a1b4be5158d
[INFO] [stdout]                                at /rustc/df4ca44d3fbc9301ee17f30f4d474e6ae4b05252/library/std/src/sys/pal/unix/thread.rs:105:17
[INFO] [stdout]   43:     0x72f93a786ac3 - <unknown>
[INFO] [stdout]   44:     0x72f93a817a04 - clone
[INFO] [stdout]   45:                0x0 - <unknown>
[INFO] [stdout] 
[INFO] [stdout] 
[INFO] [stdout] failures:
[INFO] [stdout]     host::localhost::tests::test_host_localhost_open_read_err_not_accessible
[INFO] [stdout]     host::localhost::tests::test_host_localhost_open_write_err
[INFO] [stdout]     system::auto_update::test::auto_update
[INFO] [stdout]     system::auto_update::test::check_for_updates
[INFO] [stdout]     system::keys::keyringstorage::tests::test_system_keys_keyringstorage
[INFO] [stdout] 
[INFO] [stdout] test result: FAILED. 212 passed; 5 failed; 0 ignored; 0 measured; 0 filtered out; finished in 2.11s
[INFO] [stdout] 
[INFO] [stderr] error: test failed, to rerun pass `--bin termscp`
[INFO] running `Command { std: "docker" "inspect" "f9277af17ef6bbe558ebb47c3abb49a3cb8d67d6ebf4424640215090a3f92f65", kill_on_drop: false }`
[INFO] running `Command { std: "docker" "rm" "-f" "f9277af17ef6bbe558ebb47c3abb49a3cb8d67d6ebf4424640215090a3f92f65", kill_on_drop: false }`
[INFO] [stdout] f9277af17ef6bbe558ebb47c3abb49a3cb8d67d6ebf4424640215090a3f92f65
