[INFO] cloning repository https://github.com/CharlyCst/ibc-mock
[INFO] running `Command { std: "git" "-c" "credential.helper=" "-c" "credential.helper=/workspace/cargo-home/bin/git-credential-null" "clone" "--bare" "https://github.com/CharlyCst/ibc-mock" "/workspace/cache/git-repos/https%3A%2F%2Fgithub.com%2FCharlyCst%2Fibc-mock", kill_on_drop: false }`
[INFO] [stderr] Cloning into bare repository '/workspace/cache/git-repos/https%3A%2F%2Fgithub.com%2FCharlyCst%2Fibc-mock'...
[INFO] running `Command { std: "git" "rev-parse" "HEAD", kill_on_drop: false }`
[INFO] [stdout] 0f2efeeb32993552cca9f57165a43320b23d177f
[INFO] testing CharlyCst/ibc-mock/0f2efeeb32993552cca9f57165a43320b23d177f against nightly-2024-10-28 for randomize-layout
[INFO] running `Command { std: "git" "clone" "/workspace/cache/git-repos/https%3A%2F%2Fgithub.com%2FCharlyCst%2Fibc-mock" "/workspace/builds/worker-7-tc1/source", kill_on_drop: false }`
[INFO] [stderr] Cloning into '/workspace/builds/worker-7-tc1/source'...
[INFO] [stderr] done.
[INFO] validating manifest of git repo https://github.com/CharlyCst/ibc-mock on toolchain nightly-2024-10-28
[INFO] running `Command { std: CARGO_HOME="/workspace/cargo-home" RUSTUP_HOME="/workspace/rustup-home" "/workspace/cargo-home/bin/cargo" "+nightly-2024-10-28" "metadata" "--manifest-path" "Cargo.toml" "--no-deps", kill_on_drop: false }`
[INFO] started tweaking git repo https://github.com/CharlyCst/ibc-mock
[INFO] finished tweaking git repo https://github.com/CharlyCst/ibc-mock
[INFO] tweaked toml for git repo https://github.com/CharlyCst/ibc-mock written to /workspace/builds/worker-7-tc1/source/Cargo.toml
[INFO] crate git repo https://github.com/CharlyCst/ibc-mock already has a lockfile, it will not be regenerated
[INFO] running `Command { std: CARGO_HOME="/workspace/cargo-home" RUSTUP_HOME="/workspace/rustup-home" "/workspace/cargo-home/bin/cargo" "+nightly-2024-10-28" "fetch" "--manifest-path" "Cargo.toml", kill_on_drop: false }`
[INFO] [stderr]     Updating git repository `https://github.com/CharlyCst/ibc-rs`
[INFO] [stderr]     Updating crates.io index
[INFO] [stderr]  Downloading crates ...
[INFO] [stderr]   Downloaded headers v0.3.3
[INFO] [stderr]   Downloaded anomaly v0.2.0
[INFO] [stderr]   Downloaded sha-1 v0.9.3
[INFO] [stderr]   Downloaded ics23 v0.6.0
[INFO] [stderr]   Downloaded tower v0.4.4
[INFO] [stderr]   Downloaded bech32 v0.7.2
[INFO] [stderr]   Downloaded async-tungstenite v0.12.0
[INFO] [stderr]   Downloaded warp v0.3.0
[INFO] [stderr]   Downloaded ripemd160 v0.8.0
[INFO] [stderr]   Downloaded contracts v0.4.0
[INFO] [stderr]   Downloaded gumdrop_derive v0.8.0
[INFO] [stderr]   Downloaded gumdrop v0.8.0
[INFO] [stderr]   Downloaded tonic v0.4.0
[INFO] [stderr]   Downloaded sled v0.34.6
[INFO] [stderr]   Downloaded libc v0.2.85
[INFO] [stderr]   Downloaded tokio v1.1.1
[INFO] [stderr]   Downloaded tendermint-testgen v0.18.0
[INFO] [stderr]   Downloaded tendermint-proto v0.18.0
[INFO] [stderr]   Downloaded tendermint v0.18.0
[INFO] [stderr]   Downloaded tendermint-rpc v0.18.0
[INFO] [stderr]   Downloaded tendermint-light-client v0.18.0
[INFO] running `Command { std: "docker" "create" "-v" "/var/lib/crater-agent-workspace/builds/worker-7-tc1/target:/opt/rustwide/target:rw,Z" "-v" "/var/lib/crater-agent-workspace/builds/worker-7-tc1/source:/opt/rustwide/workdir:ro,Z" "-v" "/var/lib/crater-agent-workspace/cargo-home:/opt/rustwide/cargo-home:ro,Z" "-v" "/var/lib/crater-agent-workspace/rustup-home:/opt/rustwide/rustup-home:ro,Z" "-e" "SOURCE_DIR=/opt/rustwide/workdir" "-e" "CARGO_TARGET_DIR=/opt/rustwide/target" "-e" "CARGO_HOME=/opt/rustwide/cargo-home" "-e" "RUSTUP_HOME=/opt/rustwide/rustup-home" "-w" "/opt/rustwide/workdir" "-m" "1610612736" "--user" "0:0" "--network" "none" "ghcr.io/rust-lang/crates-build-env/linux@sha256:4a844ea9eb2546a2d2c7022eacef16ef2e8229c7fbb2c7d4d55a9ceca922f72d" "/opt/rustwide/cargo-home/bin/cargo" "+nightly-2024-10-28" "metadata" "--no-deps" "--format-version=1", kill_on_drop: false }`
[INFO] [stdout] 024c2219895835c2f5c86ef752c0e7e7230c364a9fead10ccb8842eb39319cee
[INFO] running `Command { std: "docker" "start" "-a" "024c2219895835c2f5c86ef752c0e7e7230c364a9fead10ccb8842eb39319cee", kill_on_drop: false }`
[INFO] running `Command { std: "docker" "inspect" "024c2219895835c2f5c86ef752c0e7e7230c364a9fead10ccb8842eb39319cee", kill_on_drop: false }`
[INFO] running `Command { std: "docker" "rm" "-f" "024c2219895835c2f5c86ef752c0e7e7230c364a9fead10ccb8842eb39319cee", kill_on_drop: false }`
[INFO] [stdout] 024c2219895835c2f5c86ef752c0e7e7230c364a9fead10ccb8842eb39319cee
[INFO] running `Command { std: "docker" "create" "-v" "/var/lib/crater-agent-workspace/builds/worker-7-tc1/target:/opt/rustwide/target:rw,Z" "-v" "/var/lib/crater-agent-workspace/builds/worker-7-tc1/source:/opt/rustwide/workdir:ro,Z" "-v" "/var/lib/crater-agent-workspace/cargo-home:/opt/rustwide/cargo-home:ro,Z" "-v" "/var/lib/crater-agent-workspace/rustup-home:/opt/rustwide/rustup-home:ro,Z" "-e" "SOURCE_DIR=/opt/rustwide/workdir" "-e" "CARGO_TARGET_DIR=/opt/rustwide/target" "-e" "CARGO_INCREMENTAL=0" "-e" "RUST_BACKTRACE=full" "-e" "RUSTFLAGS=--cap-lints=forbid" "-e" "RUSTDOCFLAGS=--cap-lints=forbid" "-e" "CARGO_HOME=/opt/rustwide/cargo-home" "-e" "RUSTUP_HOME=/opt/rustwide/rustup-home" "-w" "/opt/rustwide/workdir" "-m" "1610612736" "--user" "0:0" "--network" "none" "ghcr.io/rust-lang/crates-build-env/linux@sha256:4a844ea9eb2546a2d2c7022eacef16ef2e8229c7fbb2c7d4d55a9ceca922f72d" "/opt/rustwide/cargo-home/bin/cargo" "+nightly-2024-10-28" "build" "--frozen" "--message-format=json", kill_on_drop: false }`
[INFO] [stdout] 831da1c92694a7c576b9b6c313d5a020d9b4637d717a8818235e3bc89401c76c
[INFO] running `Command { std: "docker" "start" "-a" "831da1c92694a7c576b9b6c313d5a020d9b4637d717a8818235e3bc89401c76c", kill_on_drop: false }`
[INFO] [stderr]    Compiling proc-macro2 v1.0.24
[INFO] [stderr]    Compiling unicode-xid v0.2.1
[INFO] [stderr]    Compiling syn v1.0.60
[INFO] [stderr]    Compiling libc v0.2.85
[INFO] [stderr]    Compiling autocfg v1.0.1
[INFO] [stderr]    Compiling version_check v0.9.2
[INFO] [stderr]    Compiling typenum v1.12.0
[INFO] [stderr]    Compiling memchr v2.3.4
[INFO] [stderr]    Compiling bytes v1.0.1
[INFO] [stderr]    Compiling log v0.4.14
[INFO] [stderr]    Compiling serde_derive v1.0.123
[INFO] [stderr]    Compiling once_cell v1.5.2
[INFO] [stderr]    Compiling serde v1.0.123
[INFO] [stderr]    Compiling pin-project-lite v0.2.4
[INFO] [stderr]    Compiling futures-core v0.3.12
[INFO] [stderr]    Compiling byteorder v1.4.2
[INFO] [stderr]    Compiling ppv-lite86 v0.2.10
[INFO] [stderr]    Compiling itoa v0.4.7
[INFO] [stderr]    Compiling proc-macro-hack v0.5.19
[INFO] [stderr]    Compiling lazy_static v1.4.0
[INFO] [stderr]    Compiling futures-sink v0.3.12
[INFO] [stderr]    Compiling proc-macro-nested v0.1.7
[INFO] [stderr]    Compiling scopeguard v1.1.0
[INFO] [stderr]    Compiling getrandom v0.2.2
[INFO] [stderr]    Compiling instant v0.1.9
[INFO] [stderr]    Compiling smallvec v1.6.1
[INFO] [stderr]    Compiling futures-channel v0.3.12
[INFO] [stderr]    Compiling generic-array v0.14.4
[INFO] [stderr]    Compiling lock_api v0.4.2
[INFO] [stderr]    Compiling futures-task v0.3.12
[INFO] [stderr]    Compiling futures-io v0.3.12
[INFO] [stderr]    Compiling either v1.6.1
[INFO] [stderr]    Compiling slab v0.4.2
[INFO] [stderr]    Compiling pin-utils v0.1.0
[INFO] [stderr]    Compiling anyhow v1.0.38
[INFO] [stderr]    Compiling tokio v1.1.1
[INFO] [stderr]    Compiling fnv v1.0.7
[INFO] [stderr]    Compiling getrandom v0.1.16
[INFO] [stderr]    Compiling miniz_oxide v0.4.3
[INFO] [stderr]    Compiling http v0.2.3
[INFO] [stderr]    Compiling httparse v1.3.5
[INFO] [stderr]    Compiling indexmap v1.6.1
[INFO] [stderr]    Compiling adler v0.2.3
[INFO] [stderr]    Compiling gimli v0.23.0
[INFO] [stderr]    Compiling cpuid-bool v0.1.2
[INFO] [stderr]    Compiling opaque-debug v0.3.0
[INFO] [stderr]    Compiling pin-project-internal v0.4.27
[INFO] [stderr]    Compiling percent-encoding v2.1.0
[INFO] [stderr]    Compiling matches v0.1.8
[INFO] [stderr]    Compiling itertools v0.9.0
[INFO] [stderr]    Compiling num-traits v0.2.14
[INFO] [stderr]    Compiling tracing-core v0.1.17
[INFO] [stderr]    Compiling quote v1.0.8
[INFO] [stderr]    Compiling parking_lot_core v0.8.2
[INFO] [stderr]    Compiling mio v0.7.7
[INFO] [stderr]    Compiling num_cpus v1.13.0
[INFO] [stderr]    Compiling signal-hook-registry v1.3.0
[INFO] [stderr]    Compiling rand_core v0.6.1
[INFO] [stderr]    Compiling rand_core v0.5.1
[INFO] [stderr]    Compiling rustc-demangle v0.1.18
[INFO] [stderr]    Compiling parking_lot v0.11.1
[INFO] [stderr]    Compiling rand_chacha v0.3.0
[INFO] [stderr]    Compiling tinyvec_macros v0.1.0
[INFO] [stderr]    Compiling hashbrown v0.9.1
[INFO] [stderr]    Compiling object v0.23.0
[INFO] [stderr]    Compiling tinyvec v1.1.1
[INFO] [stderr]    Compiling generic-array v0.12.3
[INFO] [stderr]    Compiling rand v0.8.3
[INFO] [stderr]    Compiling time v0.1.43
[INFO] [stderr]    Compiling digest v0.9.0
[INFO] [stderr]    Compiling block-buffer v0.9.0
[INFO] [stderr]    Compiling num-integer v0.1.44
[INFO] [stderr]    Compiling ryu v1.0.5
[INFO] [stderr]    Compiling base64 v0.13.0
[INFO] [stderr]    Compiling byte-tools v0.3.1
[INFO] [stderr]    Compiling rand_chacha v0.2.2
[INFO] [stderr]    Compiling block-padding v0.1.5
[INFO] [stderr]    Compiling form_urlencoded v1.0.0
[INFO] [stderr]    Compiling unicode-bidi v0.3.4
[INFO] [stderr]    Compiling rand v0.7.3
[INFO] [stderr]    Compiling block-buffer v0.7.3
[INFO] [stderr]    Compiling digest v0.8.1
[INFO] [stderr]    Compiling opaque-debug v0.2.3
[INFO] [stderr]    Compiling try-lock v0.2.3
[INFO] [stderr]    Compiling serde_json v1.0.61
[INFO] [stderr]    Compiling tower-service v0.3.1
[INFO] [stderr]    Compiling want v0.3.0
[INFO] [stderr]    Compiling http-body v0.4.0
[INFO] [stderr]    Compiling sha-1 v0.9.3
[INFO] [stderr]    Compiling socket2 v0.3.19
[INFO] [stderr]    Compiling unicode-normalization v0.1.16
[INFO] [stderr]    Compiling input_buffer v0.4.0
[INFO] [stderr]    Compiling unicase v2.6.0
[INFO] [stderr]    Compiling signature v1.3.0
[INFO] [stderr]    Compiling httpdate v0.3.2
[INFO] [stderr]    Compiling utf-8 v0.7.5
[INFO] [stderr]    Compiling subtle v2.4.0
[INFO] [stderr]    Compiling sha2 v0.9.3
[INFO] [stderr]    Compiling fake-simd v0.1.2
[INFO] [stderr]    Compiling memoffset v0.6.1
[INFO] [stderr]    Compiling crossbeam-utils v0.8.1
[INFO] [stderr]    Compiling proc-macro-error-attr v1.0.4
[INFO] [stderr]    Compiling const_fn v0.4.5
[INFO] [stderr]    Compiling bitflags v1.2.1
[INFO] [stderr]    Compiling failure_derive v0.1.8
[INFO] [stderr]    Compiling itertools v0.8.2
[INFO] [stderr]    Compiling crossbeam-utils v0.7.2
[INFO] [stderr]    Compiling addr2line v0.14.1
[INFO] [stderr]    Compiling mime_guess v2.0.3
[INFO] [stderr]    Compiling proc-macro-error v1.0.4
[INFO] [stderr]    Compiling tower-layer v0.3.1
[INFO] [stderr]    Compiling remove_dir_all v0.5.3
[INFO] [stderr]    Compiling mime v0.3.16
[INFO] [stderr]    Compiling same-file v1.0.6
[INFO] [stderr]    Compiling crc32fast v1.2.1
[INFO] [stderr]    Compiling maybe-uninit v2.0.0
[INFO] [stderr]    Compiling idna v0.2.0
[INFO] [stderr]    Compiling walkdir v2.3.1
[INFO] [stderr]    Compiling tempfile v3.2.0
[INFO] [stderr]    Compiling unicode-segmentation v1.7.1
[INFO] [stderr]    Compiling cfg-if v0.1.10
[INFO] [stderr]    Compiling safemem v0.3.3
[INFO] [stderr]    Compiling uuid v0.8.2
[INFO] [stderr]    Compiling keccak v0.1.0
[INFO] [stderr]    Compiling bytes v0.5.6
[INFO] [stderr]    Compiling crossbeam-epoch v0.9.1
[INFO] [stderr]    Compiling sha3 v0.8.2
[INFO] [stderr]    Compiling buf_redux v0.8.4
[INFO] [stderr]    Compiling url v2.2.0
[INFO] [stderr]    Compiling heck v0.3.2
[INFO] [stderr]    Compiling sha-1 v0.8.2
[INFO] [stderr]    Compiling sha2 v0.8.2
[INFO] [stderr]    Compiling headers-core v0.2.0
[INFO] [stderr]    Compiling ripemd160 v0.8.0
[INFO] [stderr]    Compiling fs2 v0.4.3
[INFO] [stderr]    Compiling aho-corasick v0.7.15
[INFO] [stderr]    Compiling twoway v0.1.8
[INFO] [stderr]    Compiling fxhash v0.2.1
[INFO] [stderr]    Compiling thread_local v1.1.2
[INFO] [stderr]    Compiling dyn-clone v1.0.4
[INFO] [stderr]    Compiling half v1.7.1
[INFO] [stderr]    Compiling quick-error v1.2.3
[INFO] [stderr]    Compiling unicode-width v0.1.8
[INFO] [stderr]    Compiling hex v0.4.2
[INFO] [stderr]    Compiling regex-syntax v0.6.22
[INFO] [stderr]    Compiling sled v0.34.6
[INFO] [stderr]    Compiling headers v0.3.3
[INFO] [stderr]    Compiling multipart v0.17.1
[INFO] [stderr]    Compiling crossbeam-channel v0.4.4
[INFO] [stderr]    Compiling textwrap v0.12.1
[INFO] [stderr]    Compiling atty v0.2.14
[INFO] [stderr]    Compiling bech32 v0.7.2
[INFO] [stderr]    Compiling tungstenite v0.12.0
[INFO] [stderr]    Compiling static_assertions v1.1.0
[INFO] [stderr]    Compiling os_str_bytes v2.4.0
[INFO] [stderr]    Compiling vec_map v0.8.2
[INFO] [stderr]    Compiling simple-error v0.2.3
[INFO] [stderr]    Compiling strsim v0.10.0
[INFO] [stderr]    Compiling scoped-tls v1.0.0
[INFO] [stderr]    Compiling colored v2.0.0
[INFO] [stderr]    Compiling synstructure v0.12.4
[INFO] [stderr]    Compiling regex v1.4.3
[INFO] [stderr]    Compiling futures-macro v0.3.12
[INFO] [stderr]    Compiling tokio-macros v1.0.0
[INFO] [stderr]    Compiling tracing-attributes v0.1.11
[INFO] [stderr]    Compiling zeroize_derive v1.0.1
[INFO] [stderr]    Compiling pin-project-internal v1.0.4
[INFO] [stderr]    Compiling prost-derive v0.7.0
[INFO] [stderr]    Compiling thiserror-impl v1.0.23
[INFO] [stderr]    Compiling num-derive v0.3.3
[INFO] [stderr]    Compiling async-trait v0.1.42
[INFO] [stderr]    Compiling serde_repr v0.1.6
[INFO] [stderr]    Compiling async-stream-impl v0.3.0
[INFO] [stderr]    Compiling zeroize v1.2.0
[INFO] [stderr]    Compiling subtle-encoding v0.5.1
[INFO] [stderr]    Compiling curve25519-dalek v3.0.2
[INFO] [stderr]    Compiling async-stream v0.3.0
[INFO] [stderr]    Compiling prost-derive v0.6.1
[INFO] [stderr]    Compiling gumdrop_derive v0.8.0
[INFO] [stderr]    Compiling dyn-clonable-impl v0.9.0
[INFO] [stderr]    Compiling futures-util v0.3.12
[INFO] [stderr]    Compiling thiserror v1.0.23
[INFO] [stderr]    Compiling tracing v0.1.22
[INFO] [stderr]    Compiling contracts v0.4.0
[INFO] [stderr]    Compiling clap_derive v3.0.0-beta.2
[INFO] [stderr]    Compiling derive_more v0.99.11
[INFO] [stderr]    Compiling dyn-clonable v0.9.0
[INFO] [stderr]    Compiling pin-project v1.0.4
[INFO] [stderr]    Compiling pin-project v0.4.27
[INFO] [stderr]    Compiling tracing-futures v0.2.4
[INFO] [stderr]    Compiling prost v0.7.0
[INFO] [stderr]    Compiling gumdrop v0.8.0
[INFO] [stderr]    Compiling prost-types v0.7.0
[INFO] [stderr]    Compiling clap v3.0.0-beta.2
[INFO] [stderr]    Compiling prost v0.6.1
[INFO] [stderr]    Compiling futures-executor v0.3.12
[INFO] [stderr]    Compiling futures v0.3.12
[INFO] [stderr]    Compiling tokio-util v0.6.3
[INFO] [stderr]    Compiling tokio-stream v0.1.2
[INFO] [stderr]    Compiling async-tungstenite v0.12.0
[INFO] [stderr]    Compiling tokio-tungstenite v0.13.0
[INFO] [stderr]    Compiling tower v0.4.4
[INFO] [stderr]    Compiling h2 v0.3.0
[INFO] [stderr]    Compiling backtrace v0.3.56
[INFO] [stderr]    Compiling serde_bytes v0.11.5
[INFO] [stderr]    Compiling chrono v0.4.19
[INFO] [stderr]    Compiling ed25519 v1.0.3
[INFO] [stderr]    Compiling toml v0.5.8
[INFO] [stderr]    Compiling serde_urlencoded v0.7.0
[INFO] [stderr]    Compiling serde_cbor v0.11.1
[INFO] [stderr]    Compiling ed25519-dalek v1.0.1
[INFO] [stderr]    Compiling anomaly v0.2.0
[INFO] [stderr]    Compiling failure v0.1.8
[INFO] [stderr]    Compiling ics23 v0.6.0
[INFO] [stderr]    Compiling tendermint-proto v0.18.0
[INFO] [stderr]    Compiling hyper v0.14.2
[INFO] [stderr]    Compiling tendermint v0.18.0
[INFO] [stderr]    Compiling tonic v0.4.0
[INFO] [stderr]    Compiling warp v0.3.0
[INFO] [stderr]    Compiling ibc-proto v0.6.0 (https://github.com/CharlyCst/ibc-rs?branch=charly%2Ftonic-server-definitions#c26749d1)
[INFO] [stderr]    Compiling tendermint-rpc v0.18.0
[INFO] [stderr]    Compiling tendermint-testgen v0.18.0
[INFO] [stderr]    Compiling tendermint-light-client v0.18.0
[INFO] [stderr]    Compiling ibc v0.0.6 (https://github.com/CharlyCst/ibc-rs?branch=charly%2Ftonic-server-definitions#c26749d1)
[INFO] [stderr]    Compiling tendermock v0.1.0 (/opt/rustwide/workdir)
[INFO] [stdout] warning: unused import: `proof::get_proof_spec`
[INFO] [stdout]   --> src/avl/mod.rs:26:9
[INFO] [stdout]    |
[INFO] [stdout] 26 | pub use proof::get_proof_spec;
[INFO] [stdout]    |         ^^^^^^^^^^^^^^^^^^^^^
[INFO] [stdout]    |
[INFO] [stdout]    = note: `#[warn(unused_imports)]` on by default
[INFO] [stdout] 
[INFO] [stdout] 
[INFO] [stdout] warning: `#[macro_escape]` only has an effect on `extern crate` and modules
[INFO] [stdout]   --> src/logger.rs:39:1
[INFO] [stdout]    |
[INFO] [stdout] 39 | #[macro_escape]
[INFO] [stdout]    | ^^^^^^^^^^^^^^^
[INFO] [stdout]    |
[INFO] [stdout]    = note: `#[warn(unused_attributes)]` on by default
[INFO] [stdout] 
[INFO] [stdout] 
[INFO] [stdout] warning: variable does not need to be mutable
[INFO] [stdout]   --> src/chain.rs:36:13
[INFO] [stdout]    |
[INFO] [stdout] 36 |         let mut header_ref = pending.header.as_mut().unwrap();
[INFO] [stdout]    |             ----^^^^^^^^^^
[INFO] [stdout]    |             |
[INFO] [stdout]    |             help: remove this `mut`
[INFO] [stdout]    |
[INFO] [stdout]    = note: `#[warn(unused_mut)]` on by default
[INFO] [stdout] 
[INFO] [stdout] 
[INFO] [stdout] warning: variable does not need to be mutable
[INFO] [stdout]   --> src/chain.rs:81:13
[INFO] [stdout]    |
[INFO] [stdout] 81 |         let mut header_ref = next_block.header.as_mut().unwrap();
[INFO] [stdout]    |             ----^^^^^^^^^^
[INFO] [stdout]    |             |
[INFO] [stdout]    |             help: remove this `mut`
[INFO] [stdout] 
[INFO] [stdout] 
[INFO] [stdout] warning: struct `JrpcCtx` is never constructed
[INFO] [stdout]   --> src/jrpc/utils.rs:30:8
[INFO] [stdout]    |
[INFO] [stdout] 30 | struct JrpcCtx {
[INFO] [stdout]    |        ^^^^^^^
[INFO] [stdout]    |
[INFO] [stdout]    = note: `#[warn(dead_code)]` on by default
[INFO] [stdout] 
[INFO] [stdout] 
[INFO] [stderr]     Finished `dev` profile [unoptimized + debuginfo] target(s) in 26.08s
[INFO] [stderr] warning: the following packages contain code that will be rejected by a future version of Rust: buf_redux v0.8.4, multipart v0.17.1, tendermint-light-client v0.18.0
[INFO] [stderr] note: to see what the problems were, use the option `--future-incompat-report`, or run `cargo report future-incompatibilities --id 1`
[INFO] running `Command { std: "docker" "inspect" "831da1c92694a7c576b9b6c313d5a020d9b4637d717a8818235e3bc89401c76c", kill_on_drop: false }`
[INFO] running `Command { std: "docker" "rm" "-f" "831da1c92694a7c576b9b6c313d5a020d9b4637d717a8818235e3bc89401c76c", kill_on_drop: false }`
[INFO] [stdout] 831da1c92694a7c576b9b6c313d5a020d9b4637d717a8818235e3bc89401c76c
[INFO] running `Command { std: "docker" "create" "-v" "/var/lib/crater-agent-workspace/builds/worker-7-tc1/target:/opt/rustwide/target:rw,Z" "-v" "/var/lib/crater-agent-workspace/builds/worker-7-tc1/source:/opt/rustwide/workdir:ro,Z" "-v" "/var/lib/crater-agent-workspace/cargo-home:/opt/rustwide/cargo-home:ro,Z" "-v" "/var/lib/crater-agent-workspace/rustup-home:/opt/rustwide/rustup-home:ro,Z" "-e" "SOURCE_DIR=/opt/rustwide/workdir" "-e" "CARGO_TARGET_DIR=/opt/rustwide/target" "-e" "CARGO_INCREMENTAL=0" "-e" "RUST_BACKTRACE=full" "-e" "RUSTFLAGS=--cap-lints=forbid" "-e" "RUSTDOCFLAGS=--cap-lints=forbid" "-e" "CARGO_HOME=/opt/rustwide/cargo-home" "-e" "RUSTUP_HOME=/opt/rustwide/rustup-home" "-w" "/opt/rustwide/workdir" "-m" "1610612736" "--user" "0:0" "--network" "none" "ghcr.io/rust-lang/crates-build-env/linux@sha256:4a844ea9eb2546a2d2c7022eacef16ef2e8229c7fbb2c7d4d55a9ceca922f72d" "/opt/rustwide/cargo-home/bin/cargo" "+nightly-2024-10-28" "test" "--frozen" "--no-run" "--message-format=json", kill_on_drop: false }`
[INFO] [stdout] 784beb0cb7f59d2deb2cde97df6ae009a74c0f24e87a30e41be4389efbe68e82
[INFO] running `Command { std: "docker" "start" "-a" "784beb0cb7f59d2deb2cde97df6ae009a74c0f24e87a30e41be4389efbe68e82", kill_on_drop: false }`
[INFO] [stdout] warning: unused import: `proof::get_proof_spec`
[INFO] [stdout]   --> src/avl/mod.rs:26:9
[INFO] [stdout]    |
[INFO] [stdout] 26 | pub use proof::get_proof_spec;
[INFO] [stdout]    |         ^^^^^^^^^^^^^^^^^^^^^
[INFO] [stdout]    |
[INFO] [stdout]    = note: `#[warn(unused_imports)]` on by default
[INFO] [stdout] 
[INFO] [stdout] 
[INFO] [stdout] warning: `#[macro_escape]` only has an effect on `extern crate` and modules
[INFO] [stdout]   --> src/logger.rs:39:1
[INFO] [stdout]    |
[INFO] [stdout] 39 | #[macro_escape]
[INFO] [stdout]    | ^^^^^^^^^^^^^^^
[INFO] [stdout]    |
[INFO] [stdout]    = note: `#[warn(unused_attributes)]` on by default
[INFO] [stdout] 
[INFO] [stdout] 
[INFO] [stdout] warning: variable does not need to be mutable
[INFO] [stdout]   --> src/chain.rs:36:13
[INFO] [stdout]    |
[INFO] [stdout] 36 |         let mut header_ref = pending.header.as_mut().unwrap();
[INFO] [stdout]    |             ----^^^^^^^^^^
[INFO] [stdout]    |             |
[INFO] [stdout]    |             help: remove this `mut`
[INFO] [stdout]    |
[INFO] [stdout]    = note: `#[warn(unused_mut)]` on by default
[INFO] [stdout] 
[INFO] [stdout] 
[INFO] [stdout] warning: variable does not need to be mutable
[INFO] [stdout]   --> src/chain.rs:81:13
[INFO] [stdout]    |
[INFO] [stdout] 81 |         let mut header_ref = next_block.header.as_mut().unwrap();
[INFO] [stdout]    |             ----^^^^^^^^^^
[INFO] [stdout]    |             |
[INFO] [stdout]    |             help: remove this `mut`
[INFO] [stdout] 
[INFO] [stdout] 
[INFO] [stdout] warning: struct `JrpcCtx` is never constructed
[INFO] [stdout]   --> src/jrpc/utils.rs:30:8
[INFO] [stdout]    |
[INFO] [stdout] 30 | struct JrpcCtx {
[INFO] [stdout]    |        ^^^^^^^
[INFO] [stdout]    |
[INFO] [stdout]    = note: `#[warn(dead_code)]` on by default
[INFO] [stdout] 
[INFO] [stdout] 
[INFO] [stderr]    Compiling tendermock v0.1.0 (/opt/rustwide/workdir)
[INFO] [stdout] warning: `#[macro_escape]` only has an effect on `extern crate` and modules
[INFO] [stdout]   --> src/logger.rs:39:1
[INFO] [stdout]    |
[INFO] [stdout] 39 | #[macro_escape]
[INFO] [stdout]    | ^^^^^^^^^^^^^^^
[INFO] [stdout]    |
[INFO] [stdout]    = note: `#[warn(unused_attributes)]` on by default
[INFO] [stdout] 
[INFO] [stdout] 
[INFO] [stdout] warning: variable does not need to be mutable
[INFO] [stdout]   --> src/chain.rs:36:13
[INFO] [stdout]    |
[INFO] [stdout] 36 |         let mut header_ref = pending.header.as_mut().unwrap();
[INFO] [stdout]    |             ----^^^^^^^^^^
[INFO] [stdout]    |             |
[INFO] [stdout]    |             help: remove this `mut`
[INFO] [stdout]    |
[INFO] [stdout]    = note: `#[warn(unused_mut)]` on by default
[INFO] [stdout] 
[INFO] [stdout] 
[INFO] [stdout] warning: variable does not need to be mutable
[INFO] [stdout]   --> src/chain.rs:81:13
[INFO] [stdout]    |
[INFO] [stdout] 81 |         let mut header_ref = next_block.header.as_mut().unwrap();
[INFO] [stdout]    |             ----^^^^^^^^^^
[INFO] [stdout]    |             |
[INFO] [stdout]    |             help: remove this `mut`
[INFO] [stdout] 
[INFO] [stdout] 
[INFO] [stdout] warning: struct `JrpcCtx` is never constructed
[INFO] [stdout]   --> src/jrpc/utils.rs:30:8
[INFO] [stdout]    |
[INFO] [stdout] 30 | struct JrpcCtx {
[INFO] [stdout]    |        ^^^^^^^
[INFO] [stdout]    |
[INFO] [stdout]    = note: `#[warn(dead_code)]` on by default
[INFO] [stdout] 
[INFO] [stdout] 
[INFO] [stderr]     Finished `test` profile [unoptimized + debuginfo] target(s) in 1.14s
[INFO] [stderr] warning: the following packages contain code that will be rejected by a future version of Rust: buf_redux v0.8.4, multipart v0.17.1, tendermint-light-client v0.18.0
[INFO] [stderr] note: to see what the problems were, use the option `--future-incompat-report`, or run `cargo report future-incompatibilities --id 1`
[INFO] running `Command { std: "docker" "inspect" "784beb0cb7f59d2deb2cde97df6ae009a74c0f24e87a30e41be4389efbe68e82", kill_on_drop: false }`
[INFO] running `Command { std: "docker" "rm" "-f" "784beb0cb7f59d2deb2cde97df6ae009a74c0f24e87a30e41be4389efbe68e82", kill_on_drop: false }`
[INFO] [stdout] 784beb0cb7f59d2deb2cde97df6ae009a74c0f24e87a30e41be4389efbe68e82
[INFO] running `Command { std: "docker" "create" "-v" "/var/lib/crater-agent-workspace/builds/worker-7-tc1/target:/opt/rustwide/target:rw,Z" "-v" "/var/lib/crater-agent-workspace/builds/worker-7-tc1/source:/opt/rustwide/workdir:ro,Z" "-v" "/var/lib/crater-agent-workspace/cargo-home:/opt/rustwide/cargo-home:ro,Z" "-v" "/var/lib/crater-agent-workspace/rustup-home:/opt/rustwide/rustup-home:ro,Z" "-e" "SOURCE_DIR=/opt/rustwide/workdir" "-e" "CARGO_TARGET_DIR=/opt/rustwide/target" "-e" "CARGO_INCREMENTAL=0" "-e" "RUST_BACKTRACE=full" "-e" "RUSTFLAGS=--cap-lints=forbid" "-e" "RUSTDOCFLAGS=--cap-lints=forbid" "-e" "CARGO_HOME=/opt/rustwide/cargo-home" "-e" "RUSTUP_HOME=/opt/rustwide/rustup-home" "-w" "/opt/rustwide/workdir" "-m" "1610612736" "--user" "0:0" "--network" "none" "ghcr.io/rust-lang/crates-build-env/linux@sha256:4a844ea9eb2546a2d2c7022eacef16ef2e8229c7fbb2c7d4d55a9ceca922f72d" "/opt/rustwide/cargo-home/bin/cargo" "+nightly-2024-10-28" "test" "--frozen", kill_on_drop: false }`
[INFO] [stdout] 609d9aed7d9f347c7e2c49a5c35f422921b0e2e658bf3b1df7b3fc605f7cc969
[INFO] running `Command { std: "docker" "start" "-a" "609d9aed7d9f347c7e2c49a5c35f422921b0e2e658bf3b1df7b3fc605f7cc969", kill_on_drop: false }`
[INFO] [stderr] warning: unused import: `proof::get_proof_spec`
[INFO] [stderr]   --> src/avl/mod.rs:26:9
[INFO] [stderr]    |
[INFO] [stderr] 26 | pub use proof::get_proof_spec;
[INFO] [stderr]    |         ^^^^^^^^^^^^^^^^^^^^^
[INFO] [stderr]    |
[INFO] [stderr]    = note: `#[warn(unused_imports)]` on by default
[INFO] [stderr] 
[INFO] [stderr] warning: `#[macro_escape]` only has an effect on `extern crate` and modules
[INFO] [stderr]   --> src/logger.rs:39:1
[INFO] [stderr]    |
[INFO] [stderr] 39 | #[macro_escape]
[INFO] [stderr]    | ^^^^^^^^^^^^^^^
[INFO] [stderr]    |
[INFO] [stderr]    = note: `#[warn(unused_attributes)]` on by default
[INFO] [stderr] 
[INFO] [stderr] warning: variable does not need to be mutable
[INFO] [stderr]   --> src/chain.rs:36:13
[INFO] [stderr]    |
[INFO] [stderr] 36 |         let mut header_ref = pending.header.as_mut().unwrap();
[INFO] [stderr]    |             ----^^^^^^^^^^
[INFO] [stderr]    |             |
[INFO] [stderr]    |             help: remove this `mut`
[INFO] [stderr]    |
[INFO] [stderr]    = note: `#[warn(unused_mut)]` on by default
[INFO] [stderr] 
[INFO] [stderr] warning: variable does not need to be mutable
[INFO] [stderr]   --> src/chain.rs:81:13
[INFO] [stderr]    |
[INFO] [stderr] 81 |         let mut header_ref = next_block.header.as_mut().unwrap();
[INFO] [stderr]    |             ----^^^^^^^^^^
[INFO] [stderr]    |             |
[INFO] [stderr]    |             help: remove this `mut`
[INFO] [stderr] 
[INFO] [stderr] warning: struct `JrpcCtx` is never constructed
[INFO] [stderr]   --> src/jrpc/utils.rs:30:8
[INFO] [stderr]    |
[INFO] [stderr] 30 | struct JrpcCtx {
[INFO] [stderr]    |        ^^^^^^^
[INFO] [stderr]    |
[INFO] [stderr]    = note: `#[warn(dead_code)]` on by default
[INFO] [stderr] 
[INFO] [stderr] warning: `tendermock` (lib) generated 5 warnings (run `cargo fix --lib -p tendermock` to apply 3 suggestions)
[INFO] [stderr] warning: `tendermock` (lib test) generated 4 warnings (4 duplicates)
[INFO] [stderr]     Finished `test` profile [unoptimized + debuginfo] target(s) in 0.14s
[INFO] [stderr] warning: the following packages contain code that will be rejected by a future version of Rust: buf_redux v0.8.4, multipart v0.17.1, tendermint-light-client v0.18.0
[INFO] [stderr] note: to see what the problems were, use the option `--future-incompat-report`, or run `cargo report future-incompatibilities --id 1`
[INFO] [stderr]      Running unittests src/lib.rs (/opt/rustwide/target/debug/deps/tendermock-3d6aaa95ca164cb5)
[INFO] [stdout] 
[INFO] [stdout] running 11 tests
[INFO] [stdout] test avl::proof::test::proof ... ok
[INFO] [stdout] test avl::tests::tests::get ... ok
[INFO] [stdout] test avl::tests::tests::insert ... ok
[INFO] [stdout] test avl::tests::tests::key_overwrite ... ok
[INFO] [stdout] test avl::tests::tests::proof ... ok
[INFO] [stdout] test store::tests::store ... ok
[INFO] [stdout] test avl::tests::tests::rotate_left ... ok
[INFO] [stdout] test avl::tests::tests::rotate_right ... ok
[INFO] [stdout] test avl::tests::tests::integration ... ok
[INFO] [stdout] test test_node::tests::client ... ok
[INFO] [stdout] test chain::test::chain ... ok
[INFO] [stdout] 
[INFO] [stdout] test result: ok. 11 passed; 0 failed; 0 ignored; 0 measured; 0 filtered out; finished in 0.02s
[INFO] [stdout] 
[INFO] [stderr]      Running unittests src/bin/main.rs (/opt/rustwide/target/debug/deps/tendermock-31210bd6bf23a57a)
[INFO] [stdout] 
[INFO] [stdout] running 0 tests
[INFO] [stdout] 
[INFO] [stdout] test result: ok. 0 passed; 0 failed; 0 ignored; 0 measured; 0 filtered out; finished in 0.00s
[INFO] [stdout] 
[INFO] [stderr]      Running tests/rpc_test.rs (/opt/rustwide/target/debug/deps/rpc_test-a8c7033126a82517)
[INFO] [stdout] 
[INFO] [stdout] running 1 test
[INFO] [stdout] test rpc ... FAILED
[INFO] [stdout] 
[INFO] [stdout] failures:
[INFO] [stdout] 
[INFO] [stdout] ---- rpc stdout ----
[INFO] [stdout] thread 'rpc' panicked at tests/rpc_test.rs:74:10:
[INFO] [stdout] Failed to parse response: Os { code: 2, kind: NotFound, message: "No such file or directory" }
[INFO] [stdout] stack backtrace:
[INFO] [stdout]    0:     0x57582a703b7a - std::backtrace_rs::backtrace::libunwind::trace::h207520d6e9873551
[INFO] [stdout]                                at /rustc/df4ca44d3fbc9301ee17f30f4d474e6ae4b05252/library/std/src/../../backtrace/src/backtrace/libunwind.rs:116:5
[INFO] [stdout]    1:     0x57582a703b7a - std::backtrace_rs::backtrace::trace_unsynchronized::h2ed7433f370e3eca
[INFO] [stdout]                                at /rustc/df4ca44d3fbc9301ee17f30f4d474e6ae4b05252/library/std/src/../../backtrace/src/backtrace/mod.rs:66:5
[INFO] [stdout]    2:     0x57582a703b7a - std::sys::backtrace::_print_fmt::h916fac51166b18d7
[INFO] [stdout]                                at /rustc/df4ca44d3fbc9301ee17f30f4d474e6ae4b05252/library/std/src/sys/backtrace.rs:66:9
[INFO] [stdout]    3:     0x57582a703b7a - <std::sys::backtrace::BacktraceLock::print::DisplayBacktrace as core::fmt::Display>::fmt::ha0a4c9b8ce3802e6
[INFO] [stdout]                                at /rustc/df4ca44d3fbc9301ee17f30f4d474e6ae4b05252/library/std/src/sys/backtrace.rs:39:26
[INFO] [stdout]    4:     0x57582a72ec43 - core::fmt::rt::Argument::fmt::h4cfc8587d52b3eb5
[INFO] [stdout]                                at /rustc/df4ca44d3fbc9301ee17f30f4d474e6ae4b05252/library/core/src/fmt/rt.rs:177:76
[INFO] [stdout]    5:     0x57582a72ec43 - core::fmt::write::h522cc39e5b36ae9f
[INFO] [stdout]                                at /rustc/df4ca44d3fbc9301ee17f30f4d474e6ae4b05252/library/core/src/fmt/mod.rs:1190:21
[INFO] [stdout]    6:     0x57582a6ffb43 - std::io::Write::write_fmt::h7d3c26752da97734
[INFO] [stdout]                                at /rustc/df4ca44d3fbc9301ee17f30f4d474e6ae4b05252/library/std/src/io/mod.rs:1839:15
[INFO] [stdout]    7:     0x57582a7039c2 - std::sys::backtrace::BacktraceLock::print::h4b9e00b29e9c0942
[INFO] [stdout]                                at /rustc/df4ca44d3fbc9301ee17f30f4d474e6ae4b05252/library/std/src/sys/backtrace.rs:42:9
[INFO] [stdout]    8:     0x57582a70500a - std::panicking::default_hook::{{closure}}::hb59b88280d0324d9
[INFO] [stdout]                                at /rustc/df4ca44d3fbc9301ee17f30f4d474e6ae4b05252/library/std/src/panicking.rs:268:22
[INFO] [stdout]    9:     0x57582a704e14 - std::panicking::default_hook::he1dd496665be4a29
[INFO] [stdout]                                at /rustc/df4ca44d3fbc9301ee17f30f4d474e6ae4b05252/library/std/src/panicking.rs:292:9
[INFO] [stdout]   10:     0x575829ccec69 - <alloc::boxed::Box<F,A> as core::ops::function::Fn<Args>>::call::h4ff71de18744e1dc
[INFO] [stdout]                                at /rustc/df4ca44d3fbc9301ee17f30f4d474e6ae4b05252/library/alloc/src/boxed.rs:2468:9
[INFO] [stdout]   11:     0x575829ccec69 - test::test_main::{{closure}}::hcf7c055ce117aa81
[INFO] [stdout]                                at /rustc/df4ca44d3fbc9301ee17f30f4d474e6ae4b05252/library/test/src/lib.rs:133:21
[INFO] [stdout]   12:     0x57582a705708 - <alloc::boxed::Box<F,A> as core::ops::function::Fn<Args>>::call::h1d66c6bbd60c9692
[INFO] [stdout]                                at /rustc/df4ca44d3fbc9301ee17f30f4d474e6ae4b05252/library/alloc/src/boxed.rs:2468:9
[INFO] [stdout]   13:     0x57582a705708 - std::panicking::rust_panic_with_hook::h2ff17fe8f26dfcf8
[INFO] [stdout]                                at /rustc/df4ca44d3fbc9301ee17f30f4d474e6ae4b05252/library/std/src/panicking.rs:809:13
[INFO] [stdout]   14:     0x57582a7054ca - std::panicking::begin_panic_handler::{{closure}}::h4fad77951c07e101
[INFO] [stdout]                                at /rustc/df4ca44d3fbc9301ee17f30f4d474e6ae4b05252/library/std/src/panicking.rs:674:13
[INFO] [stdout]   15:     0x57582a704059 - std::sys::backtrace::__rust_end_short_backtrace::hb1a25b3da5d0ea08
[INFO] [stdout]                                at /rustc/df4ca44d3fbc9301ee17f30f4d474e6ae4b05252/library/std/src/sys/backtrace.rs:170:18
[INFO] [stdout]   16:     0x57582a70515c - rust_begin_unwind
[INFO] [stdout]                                at /rustc/df4ca44d3fbc9301ee17f30f4d474e6ae4b05252/library/std/src/panicking.rs:665:5
[INFO] [stdout]   17:     0x57582a72c910 - core::panicking::panic_fmt::ha9db07b529f9b256
[INFO] [stdout]                                at /rustc/df4ca44d3fbc9301ee17f30f4d474e6ae4b05252/library/core/src/panicking.rs:75:14
[INFO] [stdout]   18:     0x57582a72cd96 - core::result::unwrap_failed::h5e8218e4d4338b8a
[INFO] [stdout]                                at /rustc/df4ca44d3fbc9301ee17f30f4d474e6ae4b05252/library/core/src/result.rs:1698:5
[INFO] [stdout]   19:     0x575829c84a18 - core::result::Result<T,E>::expect::hb39f354fc00cffcd
[INFO] [stdout]                                at /rustc/df4ca44d3fbc9301ee17f30f4d474e6ae4b05252/library/core/src/result.rs:1060:23
[INFO] [stdout]   20:     0x575829c946c4 - rpc_test::test_json_rpg::h44842fda172ae1fd
[INFO] [stdout]                                at /opt/rustwide/workdir/tests/rpc_test.rs:70:22
[INFO] [stdout]   21:     0x575829c94cb2 - rpc_test::rpc::{{closure}}::h5abd2ab763a043a2
[INFO] [stdout]                                at /opt/rustwide/workdir/tests/rpc_test.rs:41:9
[INFO] [stdout]   22:     0x575829c8155d - <core::pin::Pin<P> as core::future::future::Future>::poll::hd6d8d260f8b44bbf
[INFO] [stdout]                                at /rustc/df4ca44d3fbc9301ee17f30f4d474e6ae4b05252/library/core/src/future/future.rs:123:9
[INFO] [stdout]   23:     0x575829c9260f - tokio::runtime::basic_scheduler::Inner<P>::block_on::{{closure}}::{{closure}}::hf541bf437e0b1a36
[INFO] [stdout]                                at /opt/rustwide/cargo-home/registry/src/index.crates.io-6f17d22bba15001f/tokio-1.1.1/src/runtime/basic_scheduler.rs:184:58
[INFO] [stdout]   24:     0x575829c7bec3 - tokio::coop::with_budget::{{closure}}::h6538066edd5c9023
[INFO] [stdout]                                at /opt/rustwide/cargo-home/registry/src/index.crates.io-6f17d22bba15001f/tokio-1.1.1/src/coop.rs:121:9
[INFO] [stdout]   25:     0x575829c840ba - std::thread::local::LocalKey<T>::try_with::h5846cabb4fc4e870
[INFO] [stdout]                                at /rustc/df4ca44d3fbc9301ee17f30f4d474e6ae4b05252/library/std/src/thread/local.rs:283:12
[INFO] [stdout]   26:     0x575829c83d0a - std::thread::local::LocalKey<T>::with::h1f48c8f77cbe1aba
[INFO] [stdout]                                at /rustc/df4ca44d3fbc9301ee17f30f4d474e6ae4b05252/library/std/src/thread/local.rs:260:9
[INFO] [stdout]   27:     0x575829c9204c - tokio::coop::with_budget::hd0a21132a13f5f81
[INFO] [stdout]                                at /opt/rustwide/cargo-home/registry/src/index.crates.io-6f17d22bba15001f/tokio-1.1.1/src/coop.rs:114:5
[INFO] [stdout]   28:     0x575829c9204c - tokio::coop::budget::hdd34e27bfdac2558
[INFO] [stdout]                                at /opt/rustwide/cargo-home/registry/src/index.crates.io-6f17d22bba15001f/tokio-1.1.1/src/coop.rs:98:5
[INFO] [stdout]   29:     0x575829c9204c - tokio::runtime::basic_scheduler::Inner<P>::block_on::{{closure}}::hb5b7337203346a70
[INFO] [stdout]                                at /opt/rustwide/cargo-home/registry/src/index.crates.io-6f17d22bba15001f/tokio-1.1.1/src/runtime/basic_scheduler.rs:184:35
[INFO] [stdout]   30:     0x575829c92eba - tokio::runtime::basic_scheduler::enter::{{closure}}::h1c9a0d2f15de89bf
[INFO] [stdout]                                at /opt/rustwide/cargo-home/registry/src/index.crates.io-6f17d22bba15001f/tokio-1.1.1/src/runtime/basic_scheduler.rs:266:29
[INFO] [stdout]   31:     0x575829c91cf5 - tokio::macros::scoped_tls::ScopedKey<T>::set::h3c3ed26bc63ea75d
[INFO] [stdout]                                at /opt/rustwide/cargo-home/registry/src/index.crates.io-6f17d22bba15001f/tokio-1.1.1/src/macros/scoped_tls.rs:61:9
[INFO] [stdout]   32:     0x575829c92e48 - tokio::runtime::basic_scheduler::enter::hd3bab792bf1fd6c5
[INFO] [stdout]                                at /opt/rustwide/cargo-home/registry/src/index.crates.io-6f17d22bba15001f/tokio-1.1.1/src/runtime/basic_scheduler.rs:266:5
[INFO] [stdout]   33:     0x575829c91db3 - tokio::runtime::basic_scheduler::Inner<P>::block_on::h660a7eab895565a1
[INFO] [stdout]                                at /opt/rustwide/cargo-home/registry/src/index.crates.io-6f17d22bba15001f/tokio-1.1.1/src/runtime/basic_scheduler.rs:176:9
[INFO] [stdout]   34:     0x575829c926b9 - tokio::runtime::basic_scheduler::InnerGuard<P>::block_on::h26e6867f182429f1
[INFO] [stdout]                                at /opt/rustwide/cargo-home/registry/src/index.crates.io-6f17d22bba15001f/tokio-1.1.1/src/runtime/basic_scheduler.rs:405:9
[INFO] [stdout]   35:     0x575829c92794 - tokio::runtime::basic_scheduler::BasicScheduler<P>::block_on::hf348753e329e4eb3
[INFO] [stdout]                                at /opt/rustwide/cargo-home/registry/src/index.crates.io-6f17d22bba15001f/tokio-1.1.1/src/runtime/basic_scheduler.rs:136:24
[INFO] [stdout]   36:     0x575829c92f93 - tokio::runtime::Runtime::block_on::h5044d73f35aec290
[INFO] [stdout]                                at /opt/rustwide/cargo-home/registry/src/index.crates.io-6f17d22bba15001f/tokio-1.1.1/src/runtime/mod.rs:450:46
[INFO] [stdout]   37:     0x575829c94a05 - rpc_test::rpc::h327b5ea1e445f71f
[INFO] [stdout]                                at /opt/rustwide/workdir/tests/rpc_test.rs:36:1
[INFO] [stdout]   38:     0x575829c94887 - rpc_test::rpc::{{closure}}::h246d8e73e7ea0eae
[INFO] [stdout]                                at /opt/rustwide/workdir/tests/rpc_test.rs:37:15
[INFO] [stdout]   39:     0x575829c8b366 - core::ops::function::FnOnce::call_once::hec9a2e5949a406ab
[INFO] [stdout]                                at /rustc/df4ca44d3fbc9301ee17f30f4d474e6ae4b05252/library/core/src/ops/function.rs:250:5
[INFO] [stdout]   40:     0x575829cd353b - core::ops::function::FnOnce::call_once::h22c3ba5715e93f05
[INFO] [stdout]                                at /rustc/df4ca44d3fbc9301ee17f30f4d474e6ae4b05252/library/core/src/ops/function.rs:250:5
[INFO] [stdout]   41:     0x575829cd353b - test::__rust_begin_short_backtrace::h8e82d8113d0da17f
[INFO] [stdout]                                at /rustc/df4ca44d3fbc9301ee17f30f4d474e6ae4b05252/library/test/src/lib.rs:621:18
[INFO] [stdout]   42:     0x575829cd2eb7 - test::run_test_in_process::{{closure}}::h33235f4f20b7b7c7
[INFO] [stdout]                                at /rustc/df4ca44d3fbc9301ee17f30f4d474e6ae4b05252/library/test/src/lib.rs:644:60
[INFO] [stdout]   43:     0x575829cd2eb7 - <core::panic::unwind_safe::AssertUnwindSafe<F> as core::ops::function::FnOnce<()>>::call_once::hb5043206310c586f
[INFO] [stdout]                                at /rustc/df4ca44d3fbc9301ee17f30f4d474e6ae4b05252/library/core/src/panic/unwind_safe.rs:272:9
[INFO] [stdout]   44:     0x575829cd2eb7 - std::panicking::try::do_call::h9ad4731a60ab23e2
[INFO] [stdout]                                at /rustc/df4ca44d3fbc9301ee17f30f4d474e6ae4b05252/library/std/src/panicking.rs:557:40
[INFO] [stdout]   45:     0x575829cd2eb7 - std::panicking::try::h3824d23db772a716
[INFO] [stdout]                                at /rustc/df4ca44d3fbc9301ee17f30f4d474e6ae4b05252/library/std/src/panicking.rs:520:19
[INFO] [stdout]   46:     0x575829cd2eb7 - std::panic::catch_unwind::h5afd514605fde46b
[INFO] [stdout]                                at /rustc/df4ca44d3fbc9301ee17f30f4d474e6ae4b05252/library/std/src/panic.rs:358:14
[INFO] [stdout]   47:     0x575829cd2eb7 - test::run_test_in_process::h0d5cbfa7067d1720
[INFO] [stdout]                                at /rustc/df4ca44d3fbc9301ee17f30f4d474e6ae4b05252/library/test/src/lib.rs:644:27
[INFO] [stdout]   48:     0x575829cd2eb7 - test::run_test::{{closure}}::h708eb8872708115d
[INFO] [stdout]                                at /rustc/df4ca44d3fbc9301ee17f30f4d474e6ae4b05252/library/test/src/lib.rs:565:43
[INFO] [stdout]   49:     0x575829c965d4 - test::run_test::{{closure}}::h392c51cee94713ab
[INFO] [stdout]                                at /rustc/df4ca44d3fbc9301ee17f30f4d474e6ae4b05252/library/test/src/lib.rs:595:41
[INFO] [stdout]   50:     0x575829c965d4 - std::sys::backtrace::__rust_begin_short_backtrace::h2f40290710935a8b
[INFO] [stdout]                                at /rustc/df4ca44d3fbc9301ee17f30f4d474e6ae4b05252/library/std/src/sys/backtrace.rs:154:18
[INFO] [stdout]   51:     0x575829c99d7e - std::thread::Builder::spawn_unchecked_::{{closure}}::{{closure}}::h3fd968d89053a903
[INFO] [stdout]                                at /rustc/df4ca44d3fbc9301ee17f30f4d474e6ae4b05252/library/std/src/thread/mod.rs:541:17
[INFO] [stdout]   52:     0x575829c99d7e - <core::panic::unwind_safe::AssertUnwindSafe<F> as core::ops::function::FnOnce<()>>::call_once::h743f637ba4229880
[INFO] [stdout]                                at /rustc/df4ca44d3fbc9301ee17f30f4d474e6ae4b05252/library/core/src/panic/unwind_safe.rs:272:9
[INFO] [stdout]   53:     0x575829c99d7e - std::panicking::try::do_call::h07440897322525a6
[INFO] [stdout]                                at /rustc/df4ca44d3fbc9301ee17f30f4d474e6ae4b05252/library/std/src/panicking.rs:557:40
[INFO] [stdout]   54:     0x575829c99d7e - std::panicking::try::he5a2e00188156637
[INFO] [stdout]                                at /rustc/df4ca44d3fbc9301ee17f30f4d474e6ae4b05252/library/std/src/panicking.rs:520:19
[INFO] [stdout]   55:     0x575829c99d7e - std::panic::catch_unwind::hbaf3cae49b3c6433
[INFO] [stdout]                                at /rustc/df4ca44d3fbc9301ee17f30f4d474e6ae4b05252/library/std/src/panic.rs:358:14
[INFO] [stdout]   56:     0x575829c99d7e - std::thread::Builder::spawn_unchecked_::{{closure}}::h8e141ea224820bce
[INFO] [stdout]                                at /rustc/df4ca44d3fbc9301ee17f30f4d474e6ae4b05252/library/std/src/thread/mod.rs:540:30
[INFO] [stdout]   57:     0x575829c99d7e - core::ops::function::FnOnce::call_once{{vtable.shim}}::h90d312fedd7b8ea8
[INFO] [stdout]                                at /rustc/df4ca44d3fbc9301ee17f30f4d474e6ae4b05252/library/core/src/ops/function.rs:250:5
[INFO] [stdout]   58:     0x57582a70984b - <alloc::boxed::Box<F,A> as core::ops::function::FnOnce<Args>>::call_once::h69aa08ddb6adb8b6
[INFO] [stdout]                                at /rustc/df4ca44d3fbc9301ee17f30f4d474e6ae4b05252/library/alloc/src/boxed.rs:2454:9
[INFO] [stdout]   59:     0x57582a70984b - <alloc::boxed::Box<F,A> as core::ops::function::FnOnce<Args>>::call_once::h5aa36efdb79c806f
[INFO] [stdout]                                at /rustc/df4ca44d3fbc9301ee17f30f4d474e6ae4b05252/library/alloc/src/boxed.rs:2454:9
[INFO] [stdout]   60:     0x57582a70984b - std::sys::pal::unix::thread::Thread::new::thread_start::h6cd80a1b4be5158d
[INFO] [stdout]                                at /rustc/df4ca44d3fbc9301ee17f30f4d474e6ae4b05252/library/std/src/sys/pal/unix/thread.rs:105:17
[INFO] [stdout]   61:     0x7112bcab1ac3 - <unknown>
[INFO] [stdout]   62:     0x7112bcb42a04 - clone
[INFO] [stdout]   63:                0x0 - <unknown>
[INFO] [stdout] 
[INFO] [stdout] 
[INFO] [stdout] failures:
[INFO] [stdout]     rpc
[INFO] [stdout] 
[INFO] [stdout] test result: FAILED. 0 passed; 1 failed; 0 ignored; 0 measured; 0 filtered out; finished in 2.05s
[INFO] [stdout] 
[INFO] [stderr] error: test failed, to rerun pass `--test rpc_test`
[INFO] running `Command { std: "docker" "inspect" "609d9aed7d9f347c7e2c49a5c35f422921b0e2e658bf3b1df7b3fc605f7cc969", kill_on_drop: false }`
[INFO] running `Command { std: "docker" "rm" "-f" "609d9aed7d9f347c7e2c49a5c35f422921b0e2e658bf3b1df7b3fc605f7cc969", kill_on_drop: false }`
[INFO] [stdout] 609d9aed7d9f347c7e2c49a5c35f422921b0e2e658bf3b1df7b3fc605f7cc969
