[INFO] cloning repository https://github.com/Celnardur/advent_of_code_rust_2023
[INFO] running `Command { std: "git" "-c" "credential.helper=" "-c" "credential.helper=/workspace/cargo-home/bin/git-credential-null" "clone" "--bare" "https://github.com/Celnardur/advent_of_code_rust_2023" "/workspace/cache/git-repos/https%3A%2F%2Fgithub.com%2FCelnardur%2Fadvent_of_code_rust_2023", kill_on_drop: false }`
[INFO] [stderr] Cloning into bare repository '/workspace/cache/git-repos/https%3A%2F%2Fgithub.com%2FCelnardur%2Fadvent_of_code_rust_2023'...
[INFO] running `Command { std: "git" "rev-parse" "HEAD", kill_on_drop: false }`
[INFO] [stdout] 60c9b314530312c2b6ea3965634bc6708dd6a424
[INFO] testing Celnardur/advent_of_code_rust_2023/60c9b314530312c2b6ea3965634bc6708dd6a424 against nightly-2024-10-28 for randomize-layout
[INFO] running `Command { std: "git" "clone" "/workspace/cache/git-repos/https%3A%2F%2Fgithub.com%2FCelnardur%2Fadvent_of_code_rust_2023" "/workspace/builds/worker-3-tc1/source", kill_on_drop: false }`
[INFO] [stderr] Cloning into '/workspace/builds/worker-3-tc1/source'...
[INFO] [stderr] done.
[INFO] validating manifest of git repo https://github.com/Celnardur/advent_of_code_rust_2023 on toolchain nightly-2024-10-28
[INFO] running `Command { std: CARGO_HOME="/workspace/cargo-home" RUSTUP_HOME="/workspace/rustup-home" "/workspace/cargo-home/bin/cargo" "+nightly-2024-10-28" "metadata" "--manifest-path" "Cargo.toml" "--no-deps", kill_on_drop: false }`
[INFO] started tweaking git repo https://github.com/Celnardur/advent_of_code_rust_2023
[INFO] finished tweaking git repo https://github.com/Celnardur/advent_of_code_rust_2023
[INFO] tweaked toml for git repo https://github.com/Celnardur/advent_of_code_rust_2023 written to /workspace/builds/worker-3-tc1/source/Cargo.toml
[INFO] crate git repo https://github.com/Celnardur/advent_of_code_rust_2023 already has a lockfile, it will not be regenerated
[INFO] running `Command { std: CARGO_HOME="/workspace/cargo-home" RUSTUP_HOME="/workspace/rustup-home" "/workspace/cargo-home/bin/cargo" "+nightly-2024-10-28" "fetch" "--manifest-path" "Cargo.toml", kill_on_drop: false }`
[INFO] running `Command { std: "docker" "create" "-v" "/var/lib/crater-agent-workspace/builds/worker-3-tc1/target:/opt/rustwide/target:rw,Z" "-v" "/var/lib/crater-agent-workspace/builds/worker-3-tc1/source:/opt/rustwide/workdir:ro,Z" "-v" "/var/lib/crater-agent-workspace/cargo-home:/opt/rustwide/cargo-home:ro,Z" "-v" "/var/lib/crater-agent-workspace/rustup-home:/opt/rustwide/rustup-home:ro,Z" "-e" "SOURCE_DIR=/opt/rustwide/workdir" "-e" "CARGO_TARGET_DIR=/opt/rustwide/target" "-e" "CARGO_HOME=/opt/rustwide/cargo-home" "-e" "RUSTUP_HOME=/opt/rustwide/rustup-home" "-w" "/opt/rustwide/workdir" "-m" "1610612736" "--user" "0:0" "--network" "none" "ghcr.io/rust-lang/crates-build-env/linux@sha256:4a844ea9eb2546a2d2c7022eacef16ef2e8229c7fbb2c7d4d55a9ceca922f72d" "/opt/rustwide/cargo-home/bin/cargo" "+nightly-2024-10-28" "metadata" "--no-deps" "--format-version=1", kill_on_drop: false }`
[INFO] [stdout] f097c86bfee4b53f27548f54cebbfd7258e3107dfd65293e8acb89b3a3e2e3ef
[INFO] running `Command { std: "docker" "start" "-a" "f097c86bfee4b53f27548f54cebbfd7258e3107dfd65293e8acb89b3a3e2e3ef", kill_on_drop: false }`
[INFO] running `Command { std: "docker" "inspect" "f097c86bfee4b53f27548f54cebbfd7258e3107dfd65293e8acb89b3a3e2e3ef", kill_on_drop: false }`
[INFO] running `Command { std: "docker" "rm" "-f" "f097c86bfee4b53f27548f54cebbfd7258e3107dfd65293e8acb89b3a3e2e3ef", kill_on_drop: false }`
[INFO] [stdout] f097c86bfee4b53f27548f54cebbfd7258e3107dfd65293e8acb89b3a3e2e3ef
[INFO] running `Command { std: "docker" "create" "-v" "/var/lib/crater-agent-workspace/builds/worker-3-tc1/target:/opt/rustwide/target:rw,Z" "-v" "/var/lib/crater-agent-workspace/builds/worker-3-tc1/source:/opt/rustwide/workdir:ro,Z" "-v" "/var/lib/crater-agent-workspace/cargo-home:/opt/rustwide/cargo-home:ro,Z" "-v" "/var/lib/crater-agent-workspace/rustup-home:/opt/rustwide/rustup-home:ro,Z" "-e" "SOURCE_DIR=/opt/rustwide/workdir" "-e" "CARGO_TARGET_DIR=/opt/rustwide/target" "-e" "CARGO_INCREMENTAL=0" "-e" "RUST_BACKTRACE=full" "-e" "RUSTFLAGS=--cap-lints=forbid" "-e" "RUSTDOCFLAGS=--cap-lints=forbid" "-e" "CARGO_HOME=/opt/rustwide/cargo-home" "-e" "RUSTUP_HOME=/opt/rustwide/rustup-home" "-w" "/opt/rustwide/workdir" "-m" "1610612736" "--user" "0:0" "--network" "none" "ghcr.io/rust-lang/crates-build-env/linux@sha256:4a844ea9eb2546a2d2c7022eacef16ef2e8229c7fbb2c7d4d55a9ceca922f72d" "/opt/rustwide/cargo-home/bin/cargo" "+nightly-2024-10-28" "build" "--frozen" "--message-format=json", kill_on_drop: false }`
[INFO] [stdout] a54684f3df53436d0470c88c9bf55bb41df77a51856bf047050d114870af18de
[INFO] running `Command { std: "docker" "start" "-a" "a54684f3df53436d0470c88c9bf55bb41df77a51856bf047050d114870af18de", kill_on_drop: false }`
[INFO] [stderr]    Compiling aoc23 v0.1.0 (/opt/rustwide/workdir)
[INFO] [stdout] warning: unused variable: `num`
[INFO] [stdout]   --> src/day03.rs:21:9
[INFO] [stdout]    |
[INFO] [stdout] 21 |     let num = Num {
[INFO] [stdout]    |         ^^^ help: if this is intentional, prefix it with an underscore: `_num`
[INFO] [stdout]    |
[INFO] [stdout]    = note: `#[warn(unused_variables)]` on by default
[INFO] [stdout] 
[INFO] [stdout] 
[INFO] [stdout] warning: unused variable: `sch`
[INFO] [stdout]   --> src/day03.rs:50:10
[INFO] [stdout]    |
[INFO] [stdout] 50 | fn part1(sch: &Schematic) -> u32 {
[INFO] [stdout]    |          ^^^ help: if this is intentional, prefix it with an underscore: `_sch`
[INFO] [stdout] 
[INFO] [stdout] 
[INFO] [stdout] warning: fields `grid` and `nums` are never read
[INFO] [stdout]  --> src/day03.rs:4:5
[INFO] [stdout]   |
[INFO] [stdout] 3 | struct Schematic {
[INFO] [stdout]   |        --------- fields in this struct
[INFO] [stdout] 4 |     grid: Vec<Vec<char>>,
[INFO] [stdout]   |     ^^^^
[INFO] [stdout] 5 |     nums: Vec<Num>,
[INFO] [stdout]   |     ^^^^
[INFO] [stdout]   |
[INFO] [stdout]   = note: `#[warn(dead_code)]` on by default
[INFO] [stdout] 
[INFO] [stdout] 
[INFO] [stdout] warning: fields `value`, `row`, `col`, and `length` are never read
[INFO] [stdout]   --> src/day03.rs:9:5
[INFO] [stdout]    |
[INFO] [stdout] 8  | struct Num {
[INFO] [stdout]    |        --- fields in this struct
[INFO] [stdout] 9  |     value: u32,
[INFO] [stdout]    |     ^^^^^
[INFO] [stdout] 10 |     row: usize,
[INFO] [stdout]    |     ^^^
[INFO] [stdout] 11 |     col: usize,
[INFO] [stdout]    |     ^^^
[INFO] [stdout] 12 |     length: u32,
[INFO] [stdout]    |     ^^^^^^
[INFO] [stdout] 
[INFO] [stdout] 
[INFO] [stderr]     Finished `dev` profile [unoptimized + debuginfo] target(s) in 0.23s
[INFO] running `Command { std: "docker" "inspect" "a54684f3df53436d0470c88c9bf55bb41df77a51856bf047050d114870af18de", kill_on_drop: false }`
[INFO] running `Command { std: "docker" "rm" "-f" "a54684f3df53436d0470c88c9bf55bb41df77a51856bf047050d114870af18de", kill_on_drop: false }`
[INFO] [stdout] a54684f3df53436d0470c88c9bf55bb41df77a51856bf047050d114870af18de
[INFO] running `Command { std: "docker" "create" "-v" "/var/lib/crater-agent-workspace/builds/worker-3-tc1/target:/opt/rustwide/target:rw,Z" "-v" "/var/lib/crater-agent-workspace/builds/worker-3-tc1/source:/opt/rustwide/workdir:ro,Z" "-v" "/var/lib/crater-agent-workspace/cargo-home:/opt/rustwide/cargo-home:ro,Z" "-v" "/var/lib/crater-agent-workspace/rustup-home:/opt/rustwide/rustup-home:ro,Z" "-e" "SOURCE_DIR=/opt/rustwide/workdir" "-e" "CARGO_TARGET_DIR=/opt/rustwide/target" "-e" "CARGO_INCREMENTAL=0" "-e" "RUST_BACKTRACE=full" "-e" "RUSTFLAGS=--cap-lints=forbid" "-e" "RUSTDOCFLAGS=--cap-lints=forbid" "-e" "CARGO_HOME=/opt/rustwide/cargo-home" "-e" "RUSTUP_HOME=/opt/rustwide/rustup-home" "-w" "/opt/rustwide/workdir" "-m" "1610612736" "--user" "0:0" "--network" "none" "ghcr.io/rust-lang/crates-build-env/linux@sha256:4a844ea9eb2546a2d2c7022eacef16ef2e8229c7fbb2c7d4d55a9ceca922f72d" "/opt/rustwide/cargo-home/bin/cargo" "+nightly-2024-10-28" "test" "--frozen" "--no-run" "--message-format=json", kill_on_drop: false }`
[INFO] [stdout] 3ab95fd2b37338973c17d27bfab58de45cc90fdc8fe6f4137094cb22926efd54
[INFO] running `Command { std: "docker" "start" "-a" "3ab95fd2b37338973c17d27bfab58de45cc90fdc8fe6f4137094cb22926efd54", kill_on_drop: false }`
[INFO] [stderr]    Compiling aoc23 v0.1.0 (/opt/rustwide/workdir)
[INFO] [stdout] warning: unused variable: `num`
[INFO] [stdout]   --> src/day03.rs:21:9
[INFO] [stdout]    |
[INFO] [stdout] 21 |     let num = Num {
[INFO] [stdout]    |         ^^^ help: if this is intentional, prefix it with an underscore: `_num`
[INFO] [stdout]    |
[INFO] [stdout]    = note: `#[warn(unused_variables)]` on by default
[INFO] [stdout] 
[INFO] [stdout] 
[INFO] [stdout] warning: unused variable: `sch`
[INFO] [stdout]   --> src/day03.rs:50:10
[INFO] [stdout]    |
[INFO] [stdout] 50 | fn part1(sch: &Schematic) -> u32 {
[INFO] [stdout]    |          ^^^ help: if this is intentional, prefix it with an underscore: `_sch`
[INFO] [stdout] 
[INFO] [stdout] 
[INFO] [stdout] warning: fields `grid` and `nums` are never read
[INFO] [stdout]  --> src/day03.rs:4:5
[INFO] [stdout]   |
[INFO] [stdout] 3 | struct Schematic {
[INFO] [stdout]   |        --------- fields in this struct
[INFO] [stdout] 4 |     grid: Vec<Vec<char>>,
[INFO] [stdout]   |     ^^^^
[INFO] [stdout] 5 |     nums: Vec<Num>,
[INFO] [stdout]   |     ^^^^
[INFO] [stdout]   |
[INFO] [stdout]   = note: `#[warn(dead_code)]` on by default
[INFO] [stdout] 
[INFO] [stdout] 
[INFO] [stdout] warning: fields `value`, `row`, `col`, and `length` are never read
[INFO] [stdout]   --> src/day03.rs:9:5
[INFO] [stdout]    |
[INFO] [stdout] 8  | struct Num {
[INFO] [stdout]    |        --- fields in this struct
[INFO] [stdout] 9  |     value: u32,
[INFO] [stdout]    |     ^^^^^
[INFO] [stdout] 10 |     row: usize,
[INFO] [stdout]    |     ^^^
[INFO] [stdout] 11 |     col: usize,
[INFO] [stdout]    |     ^^^
[INFO] [stdout] 12 |     length: u32,
[INFO] [stdout]    |     ^^^^^^
[INFO] [stdout] 
[INFO] [stdout] 
[INFO] [stderr]     Finished `test` profile [unoptimized + debuginfo] target(s) in 0.20s
[INFO] running `Command { std: "docker" "inspect" "3ab95fd2b37338973c17d27bfab58de45cc90fdc8fe6f4137094cb22926efd54", kill_on_drop: false }`
[INFO] running `Command { std: "docker" "rm" "-f" "3ab95fd2b37338973c17d27bfab58de45cc90fdc8fe6f4137094cb22926efd54", kill_on_drop: false }`
[INFO] [stdout] 3ab95fd2b37338973c17d27bfab58de45cc90fdc8fe6f4137094cb22926efd54
[INFO] running `Command { std: "docker" "create" "-v" "/var/lib/crater-agent-workspace/builds/worker-3-tc1/target:/opt/rustwide/target:rw,Z" "-v" "/var/lib/crater-agent-workspace/builds/worker-3-tc1/source:/opt/rustwide/workdir:ro,Z" "-v" "/var/lib/crater-agent-workspace/cargo-home:/opt/rustwide/cargo-home:ro,Z" "-v" "/var/lib/crater-agent-workspace/rustup-home:/opt/rustwide/rustup-home:ro,Z" "-e" "SOURCE_DIR=/opt/rustwide/workdir" "-e" "CARGO_TARGET_DIR=/opt/rustwide/target" "-e" "CARGO_INCREMENTAL=0" "-e" "RUST_BACKTRACE=full" "-e" "RUSTFLAGS=--cap-lints=forbid" "-e" "RUSTDOCFLAGS=--cap-lints=forbid" "-e" "CARGO_HOME=/opt/rustwide/cargo-home" "-e" "RUSTUP_HOME=/opt/rustwide/rustup-home" "-w" "/opt/rustwide/workdir" "-m" "1610612736" "--user" "0:0" "--network" "none" "ghcr.io/rust-lang/crates-build-env/linux@sha256:4a844ea9eb2546a2d2c7022eacef16ef2e8229c7fbb2c7d4d55a9ceca922f72d" "/opt/rustwide/cargo-home/bin/cargo" "+nightly-2024-10-28" "test" "--frozen", kill_on_drop: false }`
[INFO] [stdout] db0a3edc13159317bee3b8186fc67bdfe1c0df7d817a96d9983cd0c7aa5f0aef
[INFO] running `Command { std: "docker" "start" "-a" "db0a3edc13159317bee3b8186fc67bdfe1c0df7d817a96d9983cd0c7aa5f0aef", kill_on_drop: false }`
[INFO] [stderr] warning: unused variable: `num`
[INFO] [stderr]   --> src/day03.rs:21:9
[INFO] [stderr]    |
[INFO] [stderr] 21 |     let num = Num {
[INFO] [stderr]    |         ^^^ help: if this is intentional, prefix it with an underscore: `_num`
[INFO] [stderr]    |
[INFO] [stderr]    = note: `#[warn(unused_variables)]` on by default
[INFO] [stderr] 
[INFO] [stderr] warning: unused variable: `sch`
[INFO] [stderr]   --> src/day03.rs:50:10
[INFO] [stderr]    |
[INFO] [stderr] 50 | fn part1(sch: &Schematic) -> u32 {
[INFO] [stderr]    |          ^^^ help: if this is intentional, prefix it with an underscore: `_sch`
[INFO] [stderr] 
[INFO] [stderr] warning: fields `grid` and `nums` are never read
[INFO] [stderr]  --> src/day03.rs:4:5
[INFO] [stderr]   |
[INFO] [stderr] 3 | struct Schematic {
[INFO] [stderr]   |        --------- fields in this struct
[INFO] [stderr] 4 |     grid: Vec<Vec<char>>,
[INFO] [stderr]   |     ^^^^
[INFO] [stderr] 5 |     nums: Vec<Num>,
[INFO] [stderr]   |     ^^^^
[INFO] [stderr]   |
[INFO] [stderr]   = note: `#[warn(dead_code)]` on by default
[INFO] [stderr] 
[INFO] [stderr] warning: fields `value`, `row`, `col`, and `length` are never read
[INFO] [stderr]   --> src/day03.rs:9:5
[INFO] [stderr]    |
[INFO] [stderr] 8  | struct Num {
[INFO] [stderr]    |        --- fields in this struct
[INFO] [stderr] 9  |     value: u32,
[INFO] [stderr]    |     ^^^^^
[INFO] [stderr] 10 |     row: usize,
[INFO] [stderr]    |     ^^^
[INFO] [stderr] 11 |     col: usize,
[INFO] [stderr]    |     ^^^
[INFO] [stderr] 12 |     length: u32,
[INFO] [stderr]    |     ^^^^^^
[INFO] [stderr] 
[INFO] [stderr] warning: `aoc23` (bin "aoc23" test) generated 4 warnings
[INFO] [stderr]     Finished `test` profile [unoptimized + debuginfo] target(s) in 0.00s
[INFO] [stderr]      Running unittests src/main.rs (/opt/rustwide/target/debug/deps/aoc23-82020f75125e14f4)
[INFO] [stdout] 
[INFO] [stdout] running 6 tests
[INFO] [stdout] test day01::test::test_part1 ... ok
[INFO] [stdout] test day01::test::test_part2 ... ok
[INFO] [stdout] test day02::test::test_input_parsing ... ok
[INFO] [stdout] test day02::test::test_part1 ... ok
[INFO] [stdout] test day02::test::test_part2 ... ok
[INFO] [stdout] test day03::test::test_part1 ... FAILED
[INFO] [stdout] 
[INFO] [stdout] failures:
[INFO] [stdout] 
[INFO] [stdout] ---- day03::test::test_part1 stdout ----
[INFO] [stdout] thread 'day03::test::test_part1' panicked at src/day03.rs:71:9:
[INFO] [stdout] assertion `left == right` failed
[INFO] [stdout]   left: 0
[INFO] [stdout]  right: 4361
[INFO] [stdout] stack backtrace:
[INFO] [stdout]    0:     0x5f80832f091a - std::backtrace_rs::backtrace::libunwind::trace::h207520d6e9873551
[INFO] [stdout]                                at /rustc/df4ca44d3fbc9301ee17f30f4d474e6ae4b05252/library/std/src/../../backtrace/src/backtrace/libunwind.rs:116:5
[INFO] [stdout]    1:     0x5f80832f091a - std::backtrace_rs::backtrace::trace_unsynchronized::h2ed7433f370e3eca
[INFO] [stdout]                                at /rustc/df4ca44d3fbc9301ee17f30f4d474e6ae4b05252/library/std/src/../../backtrace/src/backtrace/mod.rs:66:5
[INFO] [stdout]    2:     0x5f80832f091a - std::sys::backtrace::_print_fmt::h916fac51166b18d7
[INFO] [stdout]                                at /rustc/df4ca44d3fbc9301ee17f30f4d474e6ae4b05252/library/std/src/sys/backtrace.rs:66:9
[INFO] [stdout]    3:     0x5f80832f091a - <std::sys::backtrace::BacktraceLock::print::DisplayBacktrace as core::fmt::Display>::fmt::ha0a4c9b8ce3802e6
[INFO] [stdout]                                at /rustc/df4ca44d3fbc9301ee17f30f4d474e6ae4b05252/library/std/src/sys/backtrace.rs:39:26
[INFO] [stdout]    4:     0x5f8083316fb3 - core::fmt::rt::Argument::fmt::h4cfc8587d52b3eb5
[INFO] [stdout]                                at /rustc/df4ca44d3fbc9301ee17f30f4d474e6ae4b05252/library/core/src/fmt/rt.rs:177:76
[INFO] [stdout]    5:     0x5f8083316fb3 - core::fmt::write::h522cc39e5b36ae9f
[INFO] [stdout]                                at /rustc/df4ca44d3fbc9301ee17f30f4d474e6ae4b05252/library/core/src/fmt/mod.rs:1190:21
[INFO] [stdout]    6:     0x5f80832ed583 - std::io::Write::write_fmt::h7d3c26752da97734
[INFO] [stdout]                                at /rustc/df4ca44d3fbc9301ee17f30f4d474e6ae4b05252/library/std/src/io/mod.rs:1839:15
[INFO] [stdout]    7:     0x5f80832f0762 - std::sys::backtrace::BacktraceLock::print::h4b9e00b29e9c0942
[INFO] [stdout]                                at /rustc/df4ca44d3fbc9301ee17f30f4d474e6ae4b05252/library/std/src/sys/backtrace.rs:42:9
[INFO] [stdout]    8:     0x5f80832f1daa - std::panicking::default_hook::{{closure}}::hb59b88280d0324d9
[INFO] [stdout]                                at /rustc/df4ca44d3fbc9301ee17f30f4d474e6ae4b05252/library/std/src/panicking.rs:268:22
[INFO] [stdout]    9:     0x5f80832f1bb4 - std::panicking::default_hook::he1dd496665be4a29
[INFO] [stdout]                                at /rustc/df4ca44d3fbc9301ee17f30f4d474e6ae4b05252/library/std/src/panicking.rs:292:9
[INFO] [stdout]   10:     0x5f80832bb289 - <alloc::boxed::Box<F,A> as core::ops::function::Fn<Args>>::call::h4ff71de18744e1dc
[INFO] [stdout]                                at /rustc/df4ca44d3fbc9301ee17f30f4d474e6ae4b05252/library/alloc/src/boxed.rs:2468:9
[INFO] [stdout]   11:     0x5f80832bb289 - test::test_main::{{closure}}::hcf7c055ce117aa81
[INFO] [stdout]                                at /rustc/df4ca44d3fbc9301ee17f30f4d474e6ae4b05252/library/test/src/lib.rs:133:21
[INFO] [stdout]   12:     0x5f80832f24a8 - <alloc::boxed::Box<F,A> as core::ops::function::Fn<Args>>::call::h1d66c6bbd60c9692
[INFO] [stdout]                                at /rustc/df4ca44d3fbc9301ee17f30f4d474e6ae4b05252/library/alloc/src/boxed.rs:2468:9
[INFO] [stdout]   13:     0x5f80832f24a8 - std::panicking::rust_panic_with_hook::h2ff17fe8f26dfcf8
[INFO] [stdout]                                at /rustc/df4ca44d3fbc9301ee17f30f4d474e6ae4b05252/library/std/src/panicking.rs:809:13
[INFO] [stdout]   14:     0x5f80832f226a - std::panicking::begin_panic_handler::{{closure}}::h4fad77951c07e101
[INFO] [stdout]                                at /rustc/df4ca44d3fbc9301ee17f30f4d474e6ae4b05252/library/std/src/panicking.rs:674:13
[INFO] [stdout]   15:     0x5f80832f0df9 - std::sys::backtrace::__rust_end_short_backtrace::hb1a25b3da5d0ea08
[INFO] [stdout]                                at /rustc/df4ca44d3fbc9301ee17f30f4d474e6ae4b05252/library/std/src/sys/backtrace.rs:170:18
[INFO] [stdout]   16:     0x5f80832f1efc - rust_begin_unwind
[INFO] [stdout]                                at /rustc/df4ca44d3fbc9301ee17f30f4d474e6ae4b05252/library/std/src/panicking.rs:665:5
[INFO] [stdout]   17:     0x5f80833159b0 - core::panicking::panic_fmt::ha9db07b529f9b256
[INFO] [stdout]                                at /rustc/df4ca44d3fbc9301ee17f30f4d474e6ae4b05252/library/core/src/panicking.rs:75:14
[INFO] [stdout]   18:     0x5f8083315d7b - core::panicking::assert_failed_inner::h04f38944d74a80a8
[INFO] [stdout]   19:     0x5f808327c9bb - core::panicking::assert_failed::h1d2d0d3a974e57e8
[INFO] [stdout]                                at /rustc/df4ca44d3fbc9301ee17f30f4d474e6ae4b05252/library/core/src/panicking.rs:377:5
[INFO] [stdout]   20:     0x5f808327e872 - aoc23::day03::test::test_part1::hc340f94efb1a4673
[INFO] [stdout]                                at /opt/rustwide/workdir/src/day03.rs:71:9
[INFO] [stdout]   21:     0x5f808327e7a7 - aoc23::day03::test::test_part1::{{closure}}::h03ebff8737f1d42a
[INFO] [stdout]                                at /opt/rustwide/workdir/src/day03.rs:69:20
[INFO] [stdout]   22:     0x5f808327a826 - core::ops::function::FnOnce::call_once::h7dca7296f4c00e23
[INFO] [stdout]                                at /rustc/df4ca44d3fbc9301ee17f30f4d474e6ae4b05252/library/core/src/ops/function.rs:250:5
[INFO] [stdout]   23:     0x5f80832bfb5b - core::ops::function::FnOnce::call_once::h22c3ba5715e93f05
[INFO] [stdout]                                at /rustc/df4ca44d3fbc9301ee17f30f4d474e6ae4b05252/library/core/src/ops/function.rs:250:5
[INFO] [stdout]   24:     0x5f80832bfb5b - test::__rust_begin_short_backtrace::h8e82d8113d0da17f
[INFO] [stdout]                                at /rustc/df4ca44d3fbc9301ee17f30f4d474e6ae4b05252/library/test/src/lib.rs:621:18
[INFO] [stdout]   25:     0x5f80832bf4d7 - test::run_test_in_process::{{closure}}::h33235f4f20b7b7c7
[INFO] [stdout]                                at /rustc/df4ca44d3fbc9301ee17f30f4d474e6ae4b05252/library/test/src/lib.rs:644:60
[INFO] [stdout]   26:     0x5f80832bf4d7 - <core::panic::unwind_safe::AssertUnwindSafe<F> as core::ops::function::FnOnce<()>>::call_once::hb5043206310c586f
[INFO] [stdout]                                at /rustc/df4ca44d3fbc9301ee17f30f4d474e6ae4b05252/library/core/src/panic/unwind_safe.rs:272:9
[INFO] [stdout]   27:     0x5f80832bf4d7 - std::panicking::try::do_call::h9ad4731a60ab23e2
[INFO] [stdout]                                at /rustc/df4ca44d3fbc9301ee17f30f4d474e6ae4b05252/library/std/src/panicking.rs:557:40
[INFO] [stdout]   28:     0x5f80832bf4d7 - std::panicking::try::h3824d23db772a716
[INFO] [stdout]                                at /rustc/df4ca44d3fbc9301ee17f30f4d474e6ae4b05252/library/std/src/panicking.rs:520:19
[INFO] [stdout]   29:     0x5f80832bf4d7 - std::panic::catch_unwind::h5afd514605fde46b
[INFO] [stdout]                                at /rustc/df4ca44d3fbc9301ee17f30f4d474e6ae4b05252/library/std/src/panic.rs:358:14
[INFO] [stdout]   30:     0x5f80832bf4d7 - test::run_test_in_process::h0d5cbfa7067d1720
[INFO] [stdout]                                at /rustc/df4ca44d3fbc9301ee17f30f4d474e6ae4b05252/library/test/src/lib.rs:644:27
[INFO] [stdout]   31:     0x5f80832bf4d7 - test::run_test::{{closure}}::h708eb8872708115d
[INFO] [stdout]                                at /rustc/df4ca44d3fbc9301ee17f30f4d474e6ae4b05252/library/test/src/lib.rs:565:43
[INFO] [stdout]   32:     0x5f8083282bf4 - test::run_test::{{closure}}::h392c51cee94713ab
[INFO] [stdout]                                at /rustc/df4ca44d3fbc9301ee17f30f4d474e6ae4b05252/library/test/src/lib.rs:595:41
[INFO] [stdout]   33:     0x5f8083282bf4 - std::sys::backtrace::__rust_begin_short_backtrace::h2f40290710935a8b
[INFO] [stdout]                                at /rustc/df4ca44d3fbc9301ee17f30f4d474e6ae4b05252/library/std/src/sys/backtrace.rs:154:18
[INFO] [stdout]   34:     0x5f808328639e - std::thread::Builder::spawn_unchecked_::{{closure}}::{{closure}}::h3fd968d89053a903
[INFO] [stdout]                                at /rustc/df4ca44d3fbc9301ee17f30f4d474e6ae4b05252/library/std/src/thread/mod.rs:541:17
[INFO] [stdout]   35:     0x5f808328639e - <core::panic::unwind_safe::AssertUnwindSafe<F> as core::ops::function::FnOnce<()>>::call_once::h743f637ba4229880
[INFO] [stdout]                                at /rustc/df4ca44d3fbc9301ee17f30f4d474e6ae4b05252/library/core/src/panic/unwind_safe.rs:272:9
[INFO] [stdout]   36:     0x5f808328639e - std::panicking::try::do_call::h07440897322525a6
[INFO] [stdout]                                at /rustc/df4ca44d3fbc9301ee17f30f4d474e6ae4b05252/library/std/src/panicking.rs:557:40
[INFO] [stdout]   37:     0x5f808328639e - std::panicking::try::he5a2e00188156637
[INFO] [stdout]                                at /rustc/df4ca44d3fbc9301ee17f30f4d474e6ae4b05252/library/std/src/panicking.rs:520:19
[INFO] [stdout]   38:     0x5f808328639e - std::panic::catch_unwind::hbaf3cae49b3c6433
[INFO] [stdout]                                at /rustc/df4ca44d3fbc9301ee17f30f4d474e6ae4b05252/library/std/src/panic.rs:358:14
[INFO] [stdout]   39:     0x5f808328639e - std::thread::Builder::spawn_unchecked_::{{closure}}::h8e141ea224820bce
[INFO] [stdout]                                at /rustc/df4ca44d3fbc9301ee17f30f4d474e6ae4b05252/library/std/src/thread/mod.rs:540:30
[INFO] [stdout]   40:     0x5f808328639e - core::ops::function::FnOnce::call_once{{vtable.shim}}::h90d312fedd7b8ea8
[INFO] [stdout]                                at /rustc/df4ca44d3fbc9301ee17f30f4d474e6ae4b05252/library/core/src/ops/function.rs:250:5
[INFO] [stdout]   41:     0x5f80832f629b - <alloc::boxed::Box<F,A> as core::ops::function::FnOnce<Args>>::call_once::h69aa08ddb6adb8b6
[INFO] [stdout]                                at /rustc/df4ca44d3fbc9301ee17f30f4d474e6ae4b05252/library/alloc/src/boxed.rs:2454:9
[INFO] [stdout]   42:     0x5f80832f629b - <alloc::boxed::Box<F,A> as core::ops::function::FnOnce<Args>>::call_once::h5aa36efdb79c806f
[INFO] [stdout]                                at /rustc/df4ca44d3fbc9301ee17f30f4d474e6ae4b05252/library/alloc/src/boxed.rs:2454:9
[INFO] [stdout]   43:     0x5f80832f629b - std::sys::pal::unix::thread::Thread::new::thread_start::h6cd80a1b4be5158d
[INFO] [stdout]                                at /rustc/df4ca44d3fbc9301ee17f30f4d474e6ae4b05252/library/std/src/sys/pal/unix/thread.rs:105:17
[INFO] [stdout]   44:     0x70d684265ac3 - <unknown>
[INFO] [stdout]   45:     0x70d6842f6a04 - clone
[INFO] [stdout]   46:                0x0 - <unknown>
[INFO] [stdout] 
[INFO] [stdout] 
[INFO] [stdout] failures:
[INFO] [stdout]     day03::test::test_part1
[INFO] [stdout] 
[INFO] [stdout] test result: FAILED. 5 passed; 1 failed; 0 ignored; 0 measured; 0 filtered out; finished in 0.01s
[INFO] [stdout] 
[INFO] [stderr] error: test failed, to rerun pass `--bin aoc23`
[INFO] running `Command { std: "docker" "inspect" "db0a3edc13159317bee3b8186fc67bdfe1c0df7d817a96d9983cd0c7aa5f0aef", kill_on_drop: false }`
[INFO] running `Command { std: "docker" "rm" "-f" "db0a3edc13159317bee3b8186fc67bdfe1c0df7d817a96d9983cd0c7aa5f0aef", kill_on_drop: false }`
[INFO] [stdout] db0a3edc13159317bee3b8186fc67bdfe1c0df7d817a96d9983cd0c7aa5f0aef
