[INFO] cloning repository https://github.com/Calebtan978/PunksMint
[INFO] running `Command { std: "git" "-c" "credential.helper=" "-c" "credential.helper=/workspace/cargo-home/bin/git-credential-null" "clone" "--bare" "https://github.com/Calebtan978/PunksMint" "/workspace/cache/git-repos/https%3A%2F%2Fgithub.com%2FCalebtan978%2FPunksMint", kill_on_drop: false }`
[INFO] [stderr] Cloning into bare repository '/workspace/cache/git-repos/https%3A%2F%2Fgithub.com%2FCalebtan978%2FPunksMint'...
[INFO] running `Command { std: "git" "rev-parse" "HEAD", kill_on_drop: false }`
[INFO] [stdout] ac58a78b5c356e03db41183299e56ece0afef813
[INFO] testing Calebtan978/PunksMint/ac58a78b5c356e03db41183299e56ece0afef813 against nightly-2024-10-28 for randomize-layout
[INFO] running `Command { std: "git" "clone" "/workspace/cache/git-repos/https%3A%2F%2Fgithub.com%2FCalebtan978%2FPunksMint" "/workspace/builds/worker-4-tc1/source", kill_on_drop: false }`
[INFO] [stderr] Cloning into '/workspace/builds/worker-4-tc1/source'...
[INFO] [stderr] done.
[INFO] validating manifest of git repo https://github.com/Calebtan978/PunksMint on toolchain nightly-2024-10-28
[INFO] running `Command { std: CARGO_HOME="/workspace/cargo-home" RUSTUP_HOME="/workspace/rustup-home" "/workspace/cargo-home/bin/cargo" "+nightly-2024-10-28" "metadata" "--manifest-path" "Cargo.toml" "--no-deps", kill_on_drop: false }`
[INFO] removed /workspace/builds/worker-4-tc1/source/.cargo/config
[INFO] started tweaking git repo https://github.com/Calebtan978/PunksMint
[INFO] finished tweaking git repo https://github.com/Calebtan978/PunksMint
[INFO] tweaked toml for git repo https://github.com/Calebtan978/PunksMint written to /workspace/builds/worker-4-tc1/source/Cargo.toml
[INFO] crate git repo https://github.com/Calebtan978/PunksMint already has a lockfile, it will not be regenerated
[INFO] running `Command { std: CARGO_HOME="/workspace/cargo-home" RUSTUP_HOME="/workspace/rustup-home" "/workspace/cargo-home/bin/cargo" "+nightly-2024-10-28" "fetch" "--manifest-path" "Cargo.toml", kill_on_drop: false }`
[INFO] [stderr]     Updating crates.io index
[INFO] [stderr]  Downloading crates ...
[INFO] [stderr]   Downloaded thiserror v1.0.23
[INFO] [stderr]   Downloaded opaque-debug v0.3.0
[INFO] [stderr]   Downloaded digest v0.9.0
[INFO] [stderr]   Downloaded strsim v0.10.0
[INFO] [stderr]   Downloaded wasmer-middlewares v2.0.0
[INFO] [stderr]   Downloaded ptr_meta v0.1.4
[INFO] [stderr]   Downloaded adler v0.2.3
[INFO] [stderr]   Downloaded wasmer-engine v2.0.0
[INFO] [stderr]   Downloaded which v4.0.2
[INFO] [stderr]   Downloaded wasmer-object v2.0.0
[INFO] [stderr]   Downloaded ident_case v1.0.1
[INFO] [stderr]   Downloaded indexmap v1.6.1
[INFO] [stderr]   Downloaded wasmer-engine-dylib v2.0.0
[INFO] [stderr]   Downloaded serde_bytes v0.11.5
[INFO] [stderr]   Downloaded tempfile v3.2.0
[INFO] [stderr]   Downloaded wasmer-derive v2.0.0
[INFO] [stderr]   Downloaded libc v0.2.82
[INFO] [stderr]   Downloaded cosmwasm-schema v1.0.0-beta
[INFO] [stderr]   Downloaded num_cpus v1.13.0
[INFO] [stderr]   Downloaded crunchy v0.2.2
[INFO] [stderr]   Downloaded const-oid v0.6.1
[INFO] [stderr]   Downloaded getrandom v0.1.16
[INFO] [stderr]   Downloaded ptr_meta_derive v0.1.4
[INFO] [stderr]   Downloaded darling_core v0.12.4
[INFO] [stderr]   Downloaded crc32fast v1.2.1
[INFO] [stderr]   Downloaded either v1.6.1
[INFO] [stderr]   Downloaded darling v0.12.4
[INFO] [stderr]   Downloaded cranelift-entity v0.74.0
[INFO] [stderr]   Downloaded region v2.2.0
[INFO] [stderr]   Downloaded enumset_derive v0.5.4
[INFO] [stderr]   Downloaded base64 v0.12.3
[INFO] [stderr]   Downloaded regalloc v0.0.31
[INFO] [stderr]   Downloaded dynasm v1.0.1
[INFO] [stderr]   Downloaded wasmparser v0.78.2
[INFO] [stderr]   Downloaded cranelift-codegen-meta v0.74.0
[INFO] [stderr]   Downloaded rayon v1.5.0
[INFO] [stderr]   Downloaded rand v0.8.2
[INFO] [stderr]   Downloaded tracing v0.1.22
[INFO] [stderr]   Downloaded parity-wasm v0.42.1
[INFO] [stderr]   Downloaded object v0.25.3
[INFO] [stderr]   Downloaded memchr v2.4.1
[INFO] [stderr]   Downloaded enumset v1.0.6
[INFO] [stderr]   Downloaded wasmer-engine-universal v2.0.0
[INFO] [stderr]   Downloaded object v0.23.0
[INFO] [stderr]   Downloaded cw-storage-plus v0.12.1
[INFO] [stderr]   Downloaded ed25519-zebra v2.2.0
[INFO] [stderr]   Downloaded signature v1.3.1
[INFO] [stderr]   Downloaded cranelift-bforest v0.74.0
[INFO] [stderr]   Downloaded wasmer-compiler-cranelift v2.0.0
[INFO] [stderr]   Downloaded wasmer-compiler-singlepass v2.0.0
[INFO] [stderr]   Downloaded tracing-core v0.1.17
[INFO] [stderr]   Downloaded smallvec v1.6.1
[INFO] [stderr]   Downloaded curve25519-dalek v3.1.0
[INFO] [stderr]   Downloaded addr2line v0.14.1
[INFO] [stderr]   Downloaded cc v1.0.66
[INFO] [stderr]   Downloaded wasmer-vm v2.0.0
[INFO] [stderr]   Downloaded log v0.4.13
[INFO] [stderr]   Downloaded crossbeam-channel v0.5.0
[INFO] [stderr]   Downloaded crossbeam-epoch v0.9.1
[INFO] [stderr]   Downloaded crossbeam-utils v0.8.1
[INFO] [stderr]   Downloaded libloading v0.7.1
[INFO] [stderr]   Downloaded miniz_oxide v0.4.3
[INFO] [stderr]   Downloaded more-asserts v0.2.1
[INFO] [stderr]   Downloaded loupe-derive v0.1.3
[INFO] [stderr]   Downloaded memoffset v0.6.1
[INFO] [stderr]   Downloaded seahash v4.1.0
[INFO] [stderr]   Downloaded gimli v0.24.0
[INFO] [stderr]   Downloaded gimli v0.23.0
[INFO] [stderr]   Downloaded cosmwasm-vm v1.0.0-beta
[INFO] [stderr]   Downloaded cranelift-codegen v0.74.0
[INFO] [stderr]   Downloaded pkcs8 v0.7.6
[INFO] [stderr]   Downloaded cosmwasm-crypto v1.0.0-beta6
[INFO] [stderr]   Downloaded hex v0.4.2
[INFO] [stderr]   Downloaded rand v0.7.3
[INFO] [stderr]   Downloaded rand_chacha v0.2.2
[INFO] [stderr]   Downloaded wasi v0.9.0+wasi-snapshot-preview1
[INFO] [stderr]   Downloaded cosmwasm-storage v1.0.0-beta
[INFO] [stderr]   Downloaded cranelift-codegen-shared v0.74.0
[INFO] [stderr]   Downloaded fallible-iterator v0.2.0
[INFO] [stderr]   Downloaded rayon-core v1.9.0
[INFO] [stderr]   Downloaded wasmer-compiler v2.0.0
[INFO] [stderr]   Downloaded hashbrown v0.9.1
[INFO] [stderr]   Downloaded rustversion v1.0.5
[INFO] [stderr]   Downloaded cw721 v0.11.1
[INFO] [stderr]   Downloaded cw2 v0.12.1
[INFO] [stderr]   Downloaded der v0.4.4
[INFO] [stderr]   Downloaded forward_ref v1.0.0
[INFO] [stderr]   Downloaded rand_chacha v0.3.0
[INFO] [stderr]   Downloaded redox_syscall v0.2.4
[INFO] [stderr]   Downloaded pin-project-lite v0.2.4
[INFO] [stderr]   Downloaded rkyv_derive v0.6.7
[INFO] [stderr]   Downloaded wasmer-types v2.0.0
[INFO] [stderr]   Downloaded hmac v0.11.0
[INFO] [stderr]   Downloaded ff v0.10.1
[INFO] [stderr]   Downloaded zeroize v1.3.0
[INFO] [stderr]   Downloaded cw-utils v0.12.1
[INFO] [stderr]   Downloaded cw721-base v0.12.0
[INFO] [stderr]   Downloaded cw-utils v0.11.1
[INFO] [stderr]   Downloaded dyn-clone v1.0.4
[INFO] [stderr]   Downloaded darling_macro v0.12.4
[INFO] [stderr]   Downloaded cranelift-frontend v0.74.0
[INFO] [stderr]   Downloaded stable_deref_trait v1.2.0
[INFO] [stderr]   Downloaded const_fn v0.4.5
[INFO] [stderr]   Downloaded hermit-abi v0.1.18
[INFO] [stderr]   Downloaded getrandom v0.2.2
[INFO] [stderr]   Downloaded elliptic-curve v0.10.6
[INFO] [stderr]   Downloaded serde-json-wasm v0.3.2
[INFO] [stderr]   Downloaded itoa v0.4.7
[INFO] [stderr]   Downloaded ryu v1.0.5
[INFO] [stderr]   Downloaded typenum v1.12.0
[INFO] [stderr]   Downloaded crypto-bigint v0.2.10
[INFO] [stderr]   Downloaded rand_core v0.6.1
[INFO] [stderr]   Downloaded cosmwasm-derive v1.0.0-beta6
[INFO] [stderr]   Downloaded cosmwasm-std v1.0.0-beta6
[INFO] [stderr]   Downloaded schemars v0.8.6
[INFO] [stderr]   Downloaded block-buffer v0.9.0
[INFO] [stderr]   Downloaded serde_derive_internals v0.25.0
[INFO] [stderr]   Downloaded rand_hc v0.3.0
[INFO] [stderr]   Downloaded tracing-attributes v0.1.11
[INFO] [stderr]   Downloaded clru v0.4.0
[INFO] [stderr]   Downloaded dynasmrt v1.0.1
[INFO] [stderr]   Downloaded crossbeam-deque v0.8.0
[INFO] [stderr]   Downloaded serde_json v1.0.61
[INFO] [stderr]   Downloaded serde_derive v1.0.120
[INFO] [stderr]   Downloaded serde v1.0.120
[INFO] [stderr]   Downloaded syn v1.0.80
[INFO] [stderr]   Downloaded leb128 v0.2.4
[INFO] [stderr]   Downloaded memmap2 v0.2.0
[INFO] [stderr]   Downloaded wasmer v2.0.0
[INFO] [stderr]   Downloaded backtrace v0.3.56
[INFO] [stderr]   Downloaded base64 v0.13.0
[INFO] [stderr]   Downloaded k256 v0.9.6
[INFO] [stderr]   Downloaded rkyv v0.6.7
[INFO] [stderr]   Downloaded wasi v0.10.1+wasi-snapshot-preview1
[INFO] [stderr]   Downloaded generic-array v0.14.4
[INFO] [stderr]   Downloaded target-lexicon v0.12.2
[INFO] [stderr]   Downloaded rustc-demangle v0.1.18
[INFO] [stderr]   Downloaded uint v0.9.1
[INFO] [stderr]   Downloaded mach v0.3.2
[INFO] [stderr]   Downloaded group v0.10.0
[INFO] [stderr]   Downloaded rand_hc v0.2.0
[INFO] [stderr]   Downloaded ppv-lite86 v0.2.10
[INFO] [stderr]   Downloaded proc-macro2 v1.0.29
[INFO] [stderr]   Downloaded loupe v0.1.3
[INFO] [stderr]   Downloaded cw20 v0.12.1
[INFO] [stderr]   Downloaded crypto-mac v0.11.1
[INFO] [stderr]   Downloaded ecdsa v0.12.4
[INFO] [stderr]   Downloaded spki v0.4.1
[INFO] [stderr]   Downloaded subtle v2.4.0
[INFO] [stderr]   Downloaded byteorder v1.4.2
[INFO] [stderr]   Downloaded cw721 v0.12.0
[INFO] [stderr]   Downloaded schemars_derive v0.8.6
[INFO] [stderr]   Downloaded quote v1.0.8
[INFO] [stderr]   Downloaded rand_core v0.5.1
[INFO] [stderr]   Downloaded cpuid-bool v0.1.2
[INFO] [stderr]   Downloaded thiserror-impl v1.0.23
[INFO] [stderr]   Downloaded sha2 v0.9.2
[INFO] running `Command { std: "docker" "create" "-v" "/var/lib/crater-agent-workspace/builds/worker-4-tc1/target:/opt/rustwide/target:rw,Z" "-v" "/var/lib/crater-agent-workspace/builds/worker-4-tc1/source:/opt/rustwide/workdir:ro,Z" "-v" "/var/lib/crater-agent-workspace/cargo-home:/opt/rustwide/cargo-home:ro,Z" "-v" "/var/lib/crater-agent-workspace/rustup-home:/opt/rustwide/rustup-home:ro,Z" "-e" "SOURCE_DIR=/opt/rustwide/workdir" "-e" "CARGO_TARGET_DIR=/opt/rustwide/target" "-e" "CARGO_HOME=/opt/rustwide/cargo-home" "-e" "RUSTUP_HOME=/opt/rustwide/rustup-home" "-w" "/opt/rustwide/workdir" "-m" "1610612736" "--user" "0:0" "--network" "none" "ghcr.io/rust-lang/crates-build-env/linux@sha256:4a844ea9eb2546a2d2c7022eacef16ef2e8229c7fbb2c7d4d55a9ceca922f72d" "/opt/rustwide/cargo-home/bin/cargo" "+nightly-2024-10-28" "metadata" "--no-deps" "--format-version=1", kill_on_drop: false }`
[INFO] [stdout] 2ee6cdd933ccf08567ec068e6eb04af0321cb4d635e21db1af792ecfd1518317
[INFO] running `Command { std: "docker" "start" "-a" "2ee6cdd933ccf08567ec068e6eb04af0321cb4d635e21db1af792ecfd1518317", kill_on_drop: false }`
[INFO] running `Command { std: "docker" "inspect" "2ee6cdd933ccf08567ec068e6eb04af0321cb4d635e21db1af792ecfd1518317", kill_on_drop: false }`
[INFO] running `Command { std: "docker" "rm" "-f" "2ee6cdd933ccf08567ec068e6eb04af0321cb4d635e21db1af792ecfd1518317", kill_on_drop: false }`
[INFO] [stdout] 2ee6cdd933ccf08567ec068e6eb04af0321cb4d635e21db1af792ecfd1518317
[INFO] running `Command { std: "docker" "create" "-v" "/var/lib/crater-agent-workspace/builds/worker-4-tc1/target:/opt/rustwide/target:rw,Z" "-v" "/var/lib/crater-agent-workspace/builds/worker-4-tc1/source:/opt/rustwide/workdir:ro,Z" "-v" "/var/lib/crater-agent-workspace/cargo-home:/opt/rustwide/cargo-home:ro,Z" "-v" "/var/lib/crater-agent-workspace/rustup-home:/opt/rustwide/rustup-home:ro,Z" "-e" "SOURCE_DIR=/opt/rustwide/workdir" "-e" "CARGO_TARGET_DIR=/opt/rustwide/target" "-e" "CARGO_INCREMENTAL=0" "-e" "RUST_BACKTRACE=full" "-e" "RUSTFLAGS=--cap-lints=forbid" "-e" "RUSTDOCFLAGS=--cap-lints=forbid" "-e" "CARGO_HOME=/opt/rustwide/cargo-home" "-e" "RUSTUP_HOME=/opt/rustwide/rustup-home" "-w" "/opt/rustwide/workdir" "-m" "1610612736" "--user" "0:0" "--network" "none" "ghcr.io/rust-lang/crates-build-env/linux@sha256:4a844ea9eb2546a2d2c7022eacef16ef2e8229c7fbb2c7d4d55a9ceca922f72d" "/opt/rustwide/cargo-home/bin/cargo" "+nightly-2024-10-28" "build" "--frozen" "--message-format=json", kill_on_drop: false }`
[INFO] [stdout] 0d7da6a084ca82b8434e908f916ff8650391343672d5e6dc464fe5295d68b46b
[INFO] running `Command { std: "docker" "start" "-a" "0d7da6a084ca82b8434e908f916ff8650391343672d5e6dc464fe5295d68b46b", kill_on_drop: false }`
[INFO] [stderr]    Compiling libc v0.2.82
[INFO] [stderr]    Compiling proc-macro2 v1.0.29
[INFO] [stderr]    Compiling version_check v0.9.2
[INFO] [stderr]    Compiling typenum v1.12.0
[INFO] [stderr]    Compiling unicode-xid v0.2.1
[INFO] [stderr]    Compiling syn v1.0.80
[INFO] [stderr]    Compiling subtle v2.4.0
[INFO] [stderr]    Compiling getrandom v0.2.2
[INFO] [stderr]    Compiling getrandom v0.1.16
[INFO] [stderr]    Compiling serde_derive v1.0.120
[INFO] [stderr]    Compiling const-oid v0.6.1
[INFO] [stderr]    Compiling serde v1.0.120
[INFO] [stderr]    Compiling zeroize v1.3.0
[INFO] [stderr]    Compiling cpuid-bool v0.1.2
[INFO] [stderr]    Compiling byteorder v1.4.2
[INFO] [stderr]    Compiling ryu v1.0.5
[INFO] [stderr]    Compiling opaque-debug v0.3.0
[INFO] [stderr]    Compiling serde_json v1.0.61
[INFO] [stderr]    Compiling crunchy v0.2.2
[INFO] [stderr]    Compiling der v0.4.4
[INFO] [stderr]    Compiling hex v0.4.2
[INFO] [stderr]    Compiling itoa v0.4.7
[INFO] [stderr]    Compiling schemars v0.8.6
[INFO] [stderr]    Compiling static_assertions v1.1.0
[INFO] [stderr]    Compiling dyn-clone v1.0.4
[INFO] [stderr]    Compiling base64 v0.13.0
[INFO] [stderr]    Compiling forward_ref v1.0.0
[INFO] [stderr]    Compiling ppv-lite86 v0.2.10
[INFO] [stderr]    Compiling base64 v0.12.3
[INFO] [stderr]    Compiling generic-array v0.14.4
[INFO] [stderr]    Compiling uint v0.9.1
[INFO] [stderr]    Compiling quote v1.0.8
[INFO] [stderr]    Compiling spki v0.4.1
[INFO] [stderr]    Compiling pkcs8 v0.7.6
[INFO] [stderr]    Compiling rand_core v0.6.1
[INFO] [stderr]    Compiling rand_core v0.5.1
[INFO] [stderr]    Compiling ff v0.10.1
[INFO] [stderr]    Compiling rand_chacha v0.2.2
[INFO] [stderr]    Compiling group v0.10.0
[INFO] [stderr]    Compiling rand v0.7.3
[INFO] [stderr]    Compiling digest v0.9.0
[INFO] [stderr]    Compiling crypto-mac v0.11.1
[INFO] [stderr]    Compiling block-buffer v0.9.0
[INFO] [stderr]    Compiling crypto-bigint v0.2.10
[INFO] [stderr]    Compiling hmac v0.11.0
[INFO] [stderr]    Compiling signature v1.3.1
[INFO] [stderr]    Compiling sha2 v0.9.2
[INFO] [stderr]    Compiling curve25519-dalek v3.1.0
[INFO] [stderr]    Compiling elliptic-curve v0.10.6
[INFO] [stderr]    Compiling ecdsa v0.12.4
[INFO] [stderr]    Compiling k256 v0.9.6
[INFO] [stderr]    Compiling serde_derive_internals v0.25.0
[INFO] [stderr]    Compiling thiserror-impl v1.0.23
[INFO] [stderr]    Compiling schemars_derive v0.8.6
[INFO] [stderr]    Compiling cosmwasm-derive v1.0.0-beta6
[INFO] [stderr]    Compiling thiserror v1.0.23
[INFO] [stderr]    Compiling ed25519-zebra v2.2.0
[INFO] [stderr]    Compiling serde-json-wasm v0.3.2
[INFO] [stderr]    Compiling cosmwasm-crypto v1.0.0-beta6
[INFO] [stderr]    Compiling cosmwasm-std v1.0.0-beta6
[INFO] [stderr]    Compiling cw-utils v0.12.1
[INFO] [stderr]    Compiling cw-storage-plus v0.12.1
[INFO] [stderr]    Compiling cw-utils v0.11.1
[INFO] [stderr]    Compiling cosmwasm-storage v1.0.0-beta
[INFO] [stderr]    Compiling cw721 v0.11.1
[INFO] [stderr]    Compiling cw721 v0.12.0
[INFO] [stderr]    Compiling cw20 v0.12.1
[INFO] [stderr]    Compiling cw2 v0.12.1
[INFO] [stderr]    Compiling cw721-base v0.12.0
[INFO] [stderr]    Compiling Juno_Punks v0.10.0 (/opt/rustwide/workdir)
[INFO] [stdout] warning: unused variable: `info`
[INFO] [stdout]   --> src/contract.rs:19:5
[INFO] [stdout]    |
[INFO] [stdout] 19 |     info: MessageInfo,
[INFO] [stdout]    |     ^^^^ help: if this is intentional, prefix it with an underscore: `_info`
[INFO] [stdout]    |
[INFO] [stdout]    = note: `#[warn(unused_variables)]` on by default
[INFO] [stdout] 
[INFO] [stdout] 
[INFO] [stdout] warning: unused variable: `env`
[INFO] [stdout]   --> src/contract.rs:56:5
[INFO] [stdout]    |
[INFO] [stdout] 56 |     env: Env,
[INFO] [stdout]    |     ^^^ help: if this is intentional, prefix it with an underscore: `_env`
[INFO] [stdout] 
[INFO] [stdout] 
[INFO] [stdout] warning: variable does not need to be mutable
[INFO] [stdout]   --> src/contract.rs:82:14
[INFO] [stdout]    |
[INFO] [stdout] 82 |             |mut user_info|->StdResult<_>{
[INFO] [stdout]    |              ----^^^^^^^^^
[INFO] [stdout]    |              |
[INFO] [stdout]    |              help: remove this `mut`
[INFO] [stdout]    |
[INFO] [stdout]    = note: `#[warn(unused_mut)]` on by default
[INFO] [stdout] 
[INFO] [stdout] 
[INFO] [stdout] warning: crate `Juno_Punks` should have a snake case name
[INFO] [stdout]   |
[INFO] [stdout]   = help: convert the identifier to snake case: `juno_punks`
[INFO] [stdout]   = note: `#[warn(non_snake_case)]` on by default
[INFO] [stdout] 
[INFO] [stdout] 
[INFO] [stderr]     Finished `dev` profile [unoptimized + debuginfo] target(s) in 12.34s
[INFO] running `Command { std: "docker" "inspect" "0d7da6a084ca82b8434e908f916ff8650391343672d5e6dc464fe5295d68b46b", kill_on_drop: false }`
[INFO] running `Command { std: "docker" "rm" "-f" "0d7da6a084ca82b8434e908f916ff8650391343672d5e6dc464fe5295d68b46b", kill_on_drop: false }`
[INFO] [stdout] 0d7da6a084ca82b8434e908f916ff8650391343672d5e6dc464fe5295d68b46b
[INFO] running `Command { std: "docker" "create" "-v" "/var/lib/crater-agent-workspace/builds/worker-4-tc1/target:/opt/rustwide/target:rw,Z" "-v" "/var/lib/crater-agent-workspace/builds/worker-4-tc1/source:/opt/rustwide/workdir:ro,Z" "-v" "/var/lib/crater-agent-workspace/cargo-home:/opt/rustwide/cargo-home:ro,Z" "-v" "/var/lib/crater-agent-workspace/rustup-home:/opt/rustwide/rustup-home:ro,Z" "-e" "SOURCE_DIR=/opt/rustwide/workdir" "-e" "CARGO_TARGET_DIR=/opt/rustwide/target" "-e" "CARGO_INCREMENTAL=0" "-e" "RUST_BACKTRACE=full" "-e" "RUSTFLAGS=--cap-lints=forbid" "-e" "RUSTDOCFLAGS=--cap-lints=forbid" "-e" "CARGO_HOME=/opt/rustwide/cargo-home" "-e" "RUSTUP_HOME=/opt/rustwide/rustup-home" "-w" "/opt/rustwide/workdir" "-m" "1610612736" "--user" "0:0" "--network" "none" "ghcr.io/rust-lang/crates-build-env/linux@sha256:4a844ea9eb2546a2d2c7022eacef16ef2e8229c7fbb2c7d4d55a9ceca922f72d" "/opt/rustwide/cargo-home/bin/cargo" "+nightly-2024-10-28" "test" "--frozen" "--no-run" "--message-format=json", kill_on_drop: false }`
[INFO] [stdout] 7ec2a95ff66fb77e4128df0fe8e66017077ff533d8ef0e2e55266e51a7f7c26b
[INFO] running `Command { std: "docker" "start" "-a" "7ec2a95ff66fb77e4128df0fe8e66017077ff533d8ef0e2e55266e51a7f7c26b", kill_on_drop: false }`
[INFO] [stderr]    Compiling autocfg v1.0.1
[INFO] [stderr]    Compiling hashbrown v0.9.1
[INFO] [stderr]    Compiling bitflags v1.2.1
[INFO] [stderr]    Compiling fnv v1.0.7
[INFO] [stderr]    Compiling rustversion v1.0.5
[INFO] [stderr]    Compiling ident_case v1.0.1
[INFO] [stderr]    Compiling strsim v0.10.0
[INFO] [stderr]    Compiling ptr_meta_derive v0.1.4
[INFO] [stderr]    Compiling rkyv v0.6.7
[INFO] [stderr]    Compiling target-lexicon v0.12.2
[INFO] [stderr]    Compiling rkyv_derive v0.6.7
[INFO] [stderr]    Compiling loupe-derive v0.1.3
[INFO] [stderr]    Compiling seahash v4.1.0
[INFO] [stderr]    Compiling cc v1.0.66
[INFO] [stderr]    Compiling adler v0.2.3
[INFO] [stderr]    Compiling smallvec v1.6.1
[INFO] [stderr]    Compiling gimli v0.23.0
[INFO] [stderr]    Compiling object v0.23.0
[INFO] [stderr]    Compiling darling_core v0.12.4
[INFO] [stderr]    Compiling rustc-demangle v0.1.18
[INFO] [stderr]    Compiling const_fn v0.4.5
[INFO] [stderr]    Compiling more-asserts v0.2.1
[INFO] [stderr]    Compiling ptr_meta v0.1.4
[INFO] [stderr]    Compiling region v2.2.0
[INFO] [stderr]    Compiling serde_bytes v0.11.5
[INFO] [stderr]    Compiling proc-macro-error-attr v1.0.4
[INFO] [stderr]    Compiling wasmparser v0.78.2
[INFO] [stderr]    Compiling indexmap v1.6.1
[INFO] [stderr]    Compiling memoffset v0.6.1
[INFO] [stderr]    Compiling miniz_oxide v0.4.3
[INFO] [stderr]    Compiling crossbeam-utils v0.8.1
[INFO] [stderr]    Compiling cranelift-entity v0.74.0
[INFO] [stderr]    Compiling proc-macro-error v1.0.4
[INFO] [stderr]    Compiling cranelift-codegen-shared v0.74.0
[INFO] [stderr]    Compiling log v0.4.13
[INFO] [stderr]    Compiling rayon-core v1.9.0
[INFO] [stderr]    Compiling cranelift-codegen-meta v0.74.0
[INFO] [stderr]    Compiling memmap2 v0.2.0
[INFO] [stderr]    Compiling cfg-if v0.1.10
[INFO] [stderr]    Compiling memchr v2.4.1
[INFO] [stderr]    Compiling crc32fast v1.2.1
[INFO] [stderr]    Compiling loupe v0.1.3
[INFO] [stderr]    Compiling rayon v1.5.0
[INFO] [stderr]    Compiling num_cpus v1.13.0
[INFO] [stderr]    Compiling wasmer-vm v2.0.0
[INFO] [stderr]    Compiling rustc-hash v1.1.0
[INFO] [stderr]    Compiling fallible-iterator v0.2.0
[INFO] [stderr]    Compiling stable_deref_trait v1.2.0
[INFO] [stderr]    Compiling crossbeam-epoch v0.9.1
[INFO] [stderr]    Compiling crossbeam-channel v0.5.0
[INFO] [stderr]    Compiling regalloc v0.0.31
[INFO] [stderr]    Compiling cranelift-bforest v0.74.0
[INFO] [stderr]    Compiling gimli v0.24.0
[INFO] [stderr]    Compiling rand_chacha v0.3.0
[INFO] [stderr]    Compiling crossbeam-deque v0.8.0
[INFO] [stderr]    Compiling tracing-attributes v0.1.11
[INFO] [stderr]    Compiling tracing-core v0.1.17
[INFO] [stderr]    Compiling either v1.6.1
[INFO] [stderr]    Compiling pin-project-lite v0.2.4
[INFO] [stderr]    Compiling dynasm v1.0.1
[INFO] [stderr]    Compiling rand v0.8.2
[INFO] [stderr]    Compiling leb128 v0.2.4
[INFO] [stderr]    Compiling remove_dir_all v0.5.3
[INFO] [stderr]    Compiling addr2line v0.14.1
[INFO] [stderr]    Compiling object v0.25.3
[INFO] [stderr]    Compiling backtrace v0.3.56
[INFO] [stderr]    Compiling wasmer-compiler-cranelift v2.0.0
[INFO] [stderr]    Compiling which v4.0.2
[INFO] [stderr]    Compiling tempfile v3.2.0
[INFO] [stderr]    Compiling libloading v0.7.1
[INFO] [stderr]    Compiling wasmer-derive v2.0.0
[INFO] [stderr]    Compiling tracing v0.1.22
[INFO] [stderr]    Compiling darling_macro v0.12.4
[INFO] [stderr]    Compiling clru v0.4.0
[INFO] [stderr]    Compiling parity-wasm v0.42.1
[INFO] [stderr]    Compiling cosmwasm-schema v1.0.0-beta
[INFO] [stderr]    Compiling wasmer-types v2.0.0
[INFO] [stderr]    Compiling darling v0.12.4
[INFO] [stderr]    Compiling enumset_derive v0.5.4
[INFO] [stdout] warning: unused variable: `info`
[INFO] [stdout]   --> src/contract.rs:19:5
[INFO] [stdout]    |
[INFO] [stdout] 19 |     info: MessageInfo,
[INFO] [stdout]    |     ^^^^ help: if this is intentional, prefix it with an underscore: `_info`
[INFO] [stdout]    |
[INFO] [stdout]    = note: `#[warn(unused_variables)]` on by default
[INFO] [stdout] 
[INFO] [stdout] 
[INFO] [stdout] warning: unused variable: `env`
[INFO] [stdout]   --> src/contract.rs:56:5
[INFO] [stdout]    |
[INFO] [stdout] 56 |     env: Env,
[INFO] [stdout]    |     ^^^ help: if this is intentional, prefix it with an underscore: `_env`
[INFO] [stdout] 
[INFO] [stdout] 
[INFO] [stdout] warning: variable does not need to be mutable
[INFO] [stdout]   --> src/contract.rs:82:14
[INFO] [stdout]    |
[INFO] [stdout] 82 |             |mut user_info|->StdResult<_>{
[INFO] [stdout]    |              ----^^^^^^^^^
[INFO] [stdout]    |              |
[INFO] [stdout]    |              help: remove this `mut`
[INFO] [stdout]    |
[INFO] [stdout]    = note: `#[warn(unused_mut)]` on by default
[INFO] [stdout] 
[INFO] [stdout] 
[INFO] [stdout] warning: crate `Juno_Punks` should have a snake case name
[INFO] [stdout]   |
[INFO] [stdout]   = help: convert the identifier to snake case: `juno_punks`
[INFO] [stdout]   = note: `#[warn(non_snake_case)]` on by default
[INFO] [stdout] 
[INFO] [stdout] 
[INFO] [stderr]    Compiling enumset v1.0.6
[INFO] [stderr]    Compiling wasmer-compiler v2.0.0
[INFO] [stderr]    Compiling cranelift-codegen v0.74.0
[INFO] [stderr]    Compiling wasmer-engine v2.0.0
[INFO] [stderr]    Compiling wasmer-object v2.0.0
[INFO] [stderr]    Compiling wasmer-engine-universal v2.0.0
[INFO] [stderr]    Compiling wasmer-engine-dylib v2.0.0
[INFO] [stderr]    Compiling dynasmrt v1.0.1
[INFO] [stderr]    Compiling wasmer-compiler-singlepass v2.0.0
[INFO] [stderr]    Compiling cranelift-frontend v0.74.0
[INFO] [stderr]    Compiling wasmer v2.0.0
[INFO] [stderr]    Compiling wasmer-middlewares v2.0.0
[INFO] [stderr]    Compiling cosmwasm-vm v1.0.0-beta
[INFO] [stderr]    Compiling Juno_Punks v0.10.0 (/opt/rustwide/workdir)
[INFO] [stdout] warning: unused variable: `info`
[INFO] [stdout]   --> src/contract.rs:19:5
[INFO] [stdout]    |
[INFO] [stdout] 19 |     info: MessageInfo,
[INFO] [stdout]    |     ^^^^ help: if this is intentional, prefix it with an underscore: `_info`
[INFO] [stdout]    |
[INFO] [stdout]    = note: `#[warn(unused_variables)]` on by default
[INFO] [stdout] 
[INFO] [stdout] 
[INFO] [stdout] warning: unused variable: `env`
[INFO] [stdout]   --> src/contract.rs:56:5
[INFO] [stdout]    |
[INFO] [stdout] 56 |     env: Env,
[INFO] [stdout]    |     ^^^ help: if this is intentional, prefix it with an underscore: `_env`
[INFO] [stdout] 
[INFO] [stdout] 
[INFO] [stdout] warning: variable does not need to be mutable
[INFO] [stdout]   --> src/contract.rs:82:14
[INFO] [stdout]    |
[INFO] [stdout] 82 |             |mut user_info|->StdResult<_>{
[INFO] [stdout]    |              ----^^^^^^^^^
[INFO] [stdout]    |              |
[INFO] [stdout]    |              help: remove this `mut`
[INFO] [stdout]    |
[INFO] [stdout]    = note: `#[warn(unused_mut)]` on by default
[INFO] [stdout] 
[INFO] [stdout] 
[INFO] [stderr]     Finished `test` profile [unoptimized + debuginfo] target(s) in 21.56s
[INFO] [stderr] warning: the following packages contain code that will be rejected by a future version of Rust: cranelift-codegen-meta v0.74.0, wasmer-compiler-singlepass v2.0.0, wasmparser v0.78.2
[INFO] [stderr] note: to see what the problems were, use the option `--future-incompat-report`, or run `cargo report future-incompatibilities --id 1`
[INFO] running `Command { std: "docker" "inspect" "7ec2a95ff66fb77e4128df0fe8e66017077ff533d8ef0e2e55266e51a7f7c26b", kill_on_drop: false }`
[INFO] running `Command { std: "docker" "rm" "-f" "7ec2a95ff66fb77e4128df0fe8e66017077ff533d8ef0e2e55266e51a7f7c26b", kill_on_drop: false }`
[INFO] [stdout] 7ec2a95ff66fb77e4128df0fe8e66017077ff533d8ef0e2e55266e51a7f7c26b
[INFO] running `Command { std: "docker" "create" "-v" "/var/lib/crater-agent-workspace/builds/worker-4-tc1/target:/opt/rustwide/target:rw,Z" "-v" "/var/lib/crater-agent-workspace/builds/worker-4-tc1/source:/opt/rustwide/workdir:ro,Z" "-v" "/var/lib/crater-agent-workspace/cargo-home:/opt/rustwide/cargo-home:ro,Z" "-v" "/var/lib/crater-agent-workspace/rustup-home:/opt/rustwide/rustup-home:ro,Z" "-e" "SOURCE_DIR=/opt/rustwide/workdir" "-e" "CARGO_TARGET_DIR=/opt/rustwide/target" "-e" "CARGO_INCREMENTAL=0" "-e" "RUST_BACKTRACE=full" "-e" "RUSTFLAGS=--cap-lints=forbid" "-e" "RUSTDOCFLAGS=--cap-lints=forbid" "-e" "CARGO_HOME=/opt/rustwide/cargo-home" "-e" "RUSTUP_HOME=/opt/rustwide/rustup-home" "-w" "/opt/rustwide/workdir" "-m" "1610612736" "--user" "0:0" "--network" "none" "ghcr.io/rust-lang/crates-build-env/linux@sha256:4a844ea9eb2546a2d2c7022eacef16ef2e8229c7fbb2c7d4d55a9ceca922f72d" "/opt/rustwide/cargo-home/bin/cargo" "+nightly-2024-10-28" "test" "--frozen", kill_on_drop: false }`
[INFO] [stdout] 49db996fab976bfdb71db9d31162ea756c05d030eb013ee60f91bb376bd7d514
[INFO] running `Command { std: "docker" "start" "-a" "49db996fab976bfdb71db9d31162ea756c05d030eb013ee60f91bb376bd7d514", kill_on_drop: false }`
[INFO] [stderr] warning: unused variable: `info`
[INFO] [stderr]   --> src/contract.rs:19:5
[INFO] [stderr]    |
[INFO] [stderr] 19 |     info: MessageInfo,
[INFO] [stderr]    |     ^^^^ help: if this is intentional, prefix it with an underscore: `_info`
[INFO] [stderr]    |
[INFO] [stderr]    = note: `#[warn(unused_variables)]` on by default
[INFO] [stderr] 
[INFO] [stderr] warning: unused variable: `env`
[INFO] [stderr]   --> src/contract.rs:56:5
[INFO] [stderr]    |
[INFO] [stderr] 56 |     env: Env,
[INFO] [stderr]    |     ^^^ help: if this is intentional, prefix it with an underscore: `_env`
[INFO] [stderr] 
[INFO] [stderr] warning: variable does not need to be mutable
[INFO] [stderr]   --> src/contract.rs:82:14
[INFO] [stderr]    |
[INFO] [stderr] 82 |             |mut user_info|->StdResult<_>{
[INFO] [stderr]    |              ----^^^^^^^^^
[INFO] [stderr]    |              |
[INFO] [stderr]    |              help: remove this `mut`
[INFO] [stderr]    |
[INFO] [stderr]    = note: `#[warn(unused_mut)]` on by default
[INFO] [stderr] 
[INFO] [stderr] warning: crate `Juno_Punks` should have a snake case name
[INFO] [stderr]   |
[INFO] [stderr]   = help: convert the identifier to snake case: `juno_punks`
[INFO] [stderr]   = note: `#[warn(non_snake_case)]` on by default
[INFO] [stderr] 
[INFO] [stderr] warning: `Juno_Punks` (lib) generated 4 warnings (run `cargo fix --lib -p Juno_Punks` to apply 1 suggestion)
[INFO] [stderr] warning: `Juno_Punks` (lib test) generated 3 warnings (3 duplicates)
[INFO] [stderr]     Finished `test` profile [unoptimized + debuginfo] target(s) in 0.18s
[INFO] [stderr] warning: the following packages contain code that will be rejected by a future version of Rust: cranelift-codegen-meta v0.74.0, wasmer-compiler-singlepass v2.0.0, wasmparser v0.78.2
[INFO] [stderr] note: to see what the problems were, use the option `--future-incompat-report`, or run `cargo report future-incompatibilities --id 1`
[INFO] [stderr]      Running unittests src/lib.rs (/opt/rustwide/target/debug/deps/Juno_Punks-0cbae91fbf9c726e)
[INFO] [stdout] 
[INFO] [stdout] running 1 test
[INFO] [stdout] test contract::tests::buy_token ... FAILED
[INFO] [stdout] 
[INFO] [stdout] failures:
[INFO] [stdout] 
[INFO] [stdout] ---- contract::tests::buy_token stdout ----
[INFO] [stdout] thread 'contract::tests::buy_token' panicked at src/contract.rs:331:9:
[INFO] [stdout] assertion `left == right` failed
[INFO] [stdout]   left: Wasm(Execute { contract_addr: "nft_address1", msg: Binary(7b226d696e74223a7b22746f6b656e5f6964223a224a756e6f50756e6b732e31222c226f776e6572223a2263726561746f72222c22746f6b656e5f757269223a2275726c312e6a736f6e222c22657874656e73696f6e223a7b226e616d65223a2232222c226465736372697074696f6e223a2264657363222c22696d616765223a22696d616765222c22646e61223a22646e61222c2265646974696f6e223a312c2264617465223a3132332c2261747472696275746573223a5b7b2274726169745f74797065223a22313233222c2276616c7565223a22636c61757365227d5d2c22636f6d70696c6572223a22636f6d70696c6572227d7d7d), funds: [] })
[INFO] [stdout]  right: Wasm(Execute { contract_addr: "nft_address1", msg: Binary(7b226d696e74223a7b22746f6b656e5f6964223a224a756e6f50756e6b732e31222c226f776e6572223a2263726561746f72222c22746f6b656e5f757269223a2275726c312e6a736f6e222c22657874656e73696f6e223a7b226e616d65223a6e756c6c2c226465736372697074696f6e223a6e756c6c2c22696d616765223a6e756c6c2c22646e61223a6e756c6c2c2265646974696f6e223a6e756c6c2c2264617465223a6e756c6c2c2261747472696275746573223a5b7b2274726169745f74797065223a6e756c6c2c2276616c7565223a6e756c6c7d5d2c22636f6d70696c6572223a6e756c6c7d7d7d), funds: [] })
[INFO] [stdout] stack backtrace:
[INFO] [stdout]    0:     0x61d9db558c4a - std::backtrace_rs::backtrace::libunwind::trace::h207520d6e9873551
[INFO] [stdout]                                at /rustc/df4ca44d3fbc9301ee17f30f4d474e6ae4b05252/library/std/src/../../backtrace/src/backtrace/libunwind.rs:116:5
[INFO] [stdout]    1:     0x61d9db558c4a - std::backtrace_rs::backtrace::trace_unsynchronized::h2ed7433f370e3eca
[INFO] [stdout]                                at /rustc/df4ca44d3fbc9301ee17f30f4d474e6ae4b05252/library/std/src/../../backtrace/src/backtrace/mod.rs:66:5
[INFO] [stdout]    2:     0x61d9db558c4a - std::sys::backtrace::_print_fmt::h916fac51166b18d7
[INFO] [stdout]                                at /rustc/df4ca44d3fbc9301ee17f30f4d474e6ae4b05252/library/std/src/sys/backtrace.rs:66:9
[INFO] [stdout]    3:     0x61d9db558c4a - <std::sys::backtrace::BacktraceLock::print::DisplayBacktrace as core::fmt::Display>::fmt::ha0a4c9b8ce3802e6
[INFO] [stdout]                                at /rustc/df4ca44d3fbc9301ee17f30f4d474e6ae4b05252/library/std/src/sys/backtrace.rs:39:26
[INFO] [stdout]    4:     0x61d9db57f7d3 - core::fmt::rt::Argument::fmt::h4cfc8587d52b3eb5
[INFO] [stdout]                                at /rustc/df4ca44d3fbc9301ee17f30f4d474e6ae4b05252/library/core/src/fmt/rt.rs:177:76
[INFO] [stdout]    5:     0x61d9db57f7d3 - core::fmt::write::h522cc39e5b36ae9f
[INFO] [stdout]                                at /rustc/df4ca44d3fbc9301ee17f30f4d474e6ae4b05252/library/core/src/fmt/mod.rs:1190:21
[INFO] [stdout]    6:     0x61d9db5558b3 - std::io::Write::write_fmt::h7d3c26752da97734
[INFO] [stdout]                                at /rustc/df4ca44d3fbc9301ee17f30f4d474e6ae4b05252/library/std/src/io/mod.rs:1839:15
[INFO] [stdout]    7:     0x61d9db558a92 - std::sys::backtrace::BacktraceLock::print::h4b9e00b29e9c0942
[INFO] [stdout]                                at /rustc/df4ca44d3fbc9301ee17f30f4d474e6ae4b05252/library/std/src/sys/backtrace.rs:42:9
[INFO] [stdout]    8:     0x61d9db55a0da - std::panicking::default_hook::{{closure}}::hb59b88280d0324d9
[INFO] [stdout]                                at /rustc/df4ca44d3fbc9301ee17f30f4d474e6ae4b05252/library/std/src/panicking.rs:268:22
[INFO] [stdout]    9:     0x61d9db559ee4 - std::panicking::default_hook::he1dd496665be4a29
[INFO] [stdout]                                at /rustc/df4ca44d3fbc9301ee17f30f4d474e6ae4b05252/library/std/src/panicking.rs:292:9
[INFO] [stdout]   10:     0x61d9db4649e9 - <alloc::boxed::Box<F,A> as core::ops::function::Fn<Args>>::call::h4ff71de18744e1dc
[INFO] [stdout]                                at /rustc/df4ca44d3fbc9301ee17f30f4d474e6ae4b05252/library/alloc/src/boxed.rs:2468:9
[INFO] [stdout]   11:     0x61d9db4649e9 - test::test_main::{{closure}}::hcf7c055ce117aa81
[INFO] [stdout]                                at /rustc/df4ca44d3fbc9301ee17f30f4d474e6ae4b05252/library/test/src/lib.rs:133:21
[INFO] [stdout]   12:     0x61d9db55a7d8 - <alloc::boxed::Box<F,A> as core::ops::function::Fn<Args>>::call::h1d66c6bbd60c9692
[INFO] [stdout]                                at /rustc/df4ca44d3fbc9301ee17f30f4d474e6ae4b05252/library/alloc/src/boxed.rs:2468:9
[INFO] [stdout]   13:     0x61d9db55a7d8 - std::panicking::rust_panic_with_hook::h2ff17fe8f26dfcf8
[INFO] [stdout]                                at /rustc/df4ca44d3fbc9301ee17f30f4d474e6ae4b05252/library/std/src/panicking.rs:809:13
[INFO] [stdout]   14:     0x61d9db55a59a - std::panicking::begin_panic_handler::{{closure}}::h4fad77951c07e101
[INFO] [stdout]                                at /rustc/df4ca44d3fbc9301ee17f30f4d474e6ae4b05252/library/std/src/panicking.rs:674:13
[INFO] [stdout]   15:     0x61d9db559129 - std::sys::backtrace::__rust_end_short_backtrace::hb1a25b3da5d0ea08
[INFO] [stdout]                                at /rustc/df4ca44d3fbc9301ee17f30f4d474e6ae4b05252/library/std/src/sys/backtrace.rs:170:18
[INFO] [stdout]   16:     0x61d9db55a22c - rust_begin_unwind
[INFO] [stdout]                                at /rustc/df4ca44d3fbc9301ee17f30f4d474e6ae4b05252/library/std/src/panicking.rs:665:5
[INFO] [stdout]   17:     0x61d9db57dc90 - core::panicking::panic_fmt::ha9db07b529f9b256
[INFO] [stdout]                                at /rustc/df4ca44d3fbc9301ee17f30f4d474e6ae4b05252/library/core/src/panicking.rs:75:14
[INFO] [stdout]   18:     0x61d9db57e05b - core::panicking::assert_failed_inner::h04f38944d74a80a8
[INFO] [stdout]   19:     0x61d9db40906e - core::panicking::assert_failed::hcf735b9fea8d1dd5
[INFO] [stdout]                                at /rustc/df4ca44d3fbc9301ee17f30f4d474e6ae4b05252/library/core/src/panicking.rs:377:5
[INFO] [stdout]   20:     0x61d9db40cb81 - Juno_Punks::contract::tests::buy_token::h4fd9586647e1ced2
[INFO] [stdout]                                at /opt/rustwide/workdir/src/contract.rs:331:9
[INFO] [stdout]   21:     0x61d9db409797 - Juno_Punks::contract::tests::buy_token::{{closure}}::hafb3f50308f39f28
[INFO] [stdout]                                at /opt/rustwide/workdir/src/contract.rs:232:19
[INFO] [stdout]   22:     0x61d9db41f8b6 - core::ops::function::FnOnce::call_once::h6ab1d712313fd4e7
[INFO] [stdout]                                at /rustc/df4ca44d3fbc9301ee17f30f4d474e6ae4b05252/library/core/src/ops/function.rs:250:5
[INFO] [stdout]   23:     0x61d9db4692bb - core::ops::function::FnOnce::call_once::h22c3ba5715e93f05
[INFO] [stdout]                                at /rustc/df4ca44d3fbc9301ee17f30f4d474e6ae4b05252/library/core/src/ops/function.rs:250:5
[INFO] [stdout]   24:     0x61d9db4692bb - test::__rust_begin_short_backtrace::h8e82d8113d0da17f
[INFO] [stdout]                                at /rustc/df4ca44d3fbc9301ee17f30f4d474e6ae4b05252/library/test/src/lib.rs:621:18
[INFO] [stdout]   25:     0x61d9db468c37 - test::run_test_in_process::{{closure}}::h33235f4f20b7b7c7
[INFO] [stdout]                                at /rustc/df4ca44d3fbc9301ee17f30f4d474e6ae4b05252/library/test/src/lib.rs:644:60
[INFO] [stdout]   26:     0x61d9db468c37 - <core::panic::unwind_safe::AssertUnwindSafe<F> as core::ops::function::FnOnce<()>>::call_once::hb5043206310c586f
[INFO] [stdout]                                at /rustc/df4ca44d3fbc9301ee17f30f4d474e6ae4b05252/library/core/src/panic/unwind_safe.rs:272:9
[INFO] [stdout]   27:     0x61d9db468c37 - std::panicking::try::do_call::h9ad4731a60ab23e2
[INFO] [stdout]                                at /rustc/df4ca44d3fbc9301ee17f30f4d474e6ae4b05252/library/std/src/panicking.rs:557:40
[INFO] [stdout]   28:     0x61d9db468c37 - std::panicking::try::h3824d23db772a716
[INFO] [stdout]                                at /rustc/df4ca44d3fbc9301ee17f30f4d474e6ae4b05252/library/std/src/panicking.rs:520:19
[INFO] [stdout]   29:     0x61d9db468c37 - std::panic::catch_unwind::h5afd514605fde46b
[INFO] [stdout]                                at /rustc/df4ca44d3fbc9301ee17f30f4d474e6ae4b05252/library/std/src/panic.rs:358:14
[INFO] [stdout]   30:     0x61d9db468c37 - test::run_test_in_process::h0d5cbfa7067d1720
[INFO] [stdout]                                at /rustc/df4ca44d3fbc9301ee17f30f4d474e6ae4b05252/library/test/src/lib.rs:644:27
[INFO] [stdout]   31:     0x61d9db468c37 - test::run_test::{{closure}}::h708eb8872708115d
[INFO] [stdout]                                at /rustc/df4ca44d3fbc9301ee17f30f4d474e6ae4b05252/library/test/src/lib.rs:565:43
[INFO] [stdout]   32:     0x61d9db42c354 - test::run_test::{{closure}}::h392c51cee94713ab
[INFO] [stdout]                                at /rustc/df4ca44d3fbc9301ee17f30f4d474e6ae4b05252/library/test/src/lib.rs:595:41
[INFO] [stdout]   33:     0x61d9db42c354 - std::sys::backtrace::__rust_begin_short_backtrace::h2f40290710935a8b
[INFO] [stdout]                                at /rustc/df4ca44d3fbc9301ee17f30f4d474e6ae4b05252/library/std/src/sys/backtrace.rs:154:18
[INFO] [stdout]   34:     0x61d9db42fafe - std::thread::Builder::spawn_unchecked_::{{closure}}::{{closure}}::h3fd968d89053a903
[INFO] [stdout]                                at /rustc/df4ca44d3fbc9301ee17f30f4d474e6ae4b05252/library/std/src/thread/mod.rs:541:17
[INFO] [stdout]   35:     0x61d9db42fafe - <core::panic::unwind_safe::AssertUnwindSafe<F> as core::ops::function::FnOnce<()>>::call_once::h743f637ba4229880
[INFO] [stdout]                                at /rustc/df4ca44d3fbc9301ee17f30f4d474e6ae4b05252/library/core/src/panic/unwind_safe.rs:272:9
[INFO] [stdout]   36:     0x61d9db42fafe - std::panicking::try::do_call::h07440897322525a6
[INFO] [stdout]                                at /rustc/df4ca44d3fbc9301ee17f30f4d474e6ae4b05252/library/std/src/panicking.rs:557:40
[INFO] [stdout]   37:     0x61d9db42fafe - std::panicking::try::he5a2e00188156637
[INFO] [stdout]                                at /rustc/df4ca44d3fbc9301ee17f30f4d474e6ae4b05252/library/std/src/panicking.rs:520:19
[INFO] [stdout]   38:     0x61d9db42fafe - std::panic::catch_unwind::hbaf3cae49b3c6433
[INFO] [stdout]                                at /rustc/df4ca44d3fbc9301ee17f30f4d474e6ae4b05252/library/std/src/panic.rs:358:14
[INFO] [stdout]   39:     0x61d9db42fafe - std::thread::Builder::spawn_unchecked_::{{closure}}::h8e141ea224820bce
[INFO] [stdout]                                at /rustc/df4ca44d3fbc9301ee17f30f4d474e6ae4b05252/library/std/src/thread/mod.rs:540:30
[INFO] [stdout]   40:     0x61d9db42fafe - core::ops::function::FnOnce::call_once{{vtable.shim}}::h90d312fedd7b8ea8
[INFO] [stdout]                                at /rustc/df4ca44d3fbc9301ee17f30f4d474e6ae4b05252/library/core/src/ops/function.rs:250:5
[INFO] [stdout]   41:     0x61d9db55e5cb - <alloc::boxed::Box<F,A> as core::ops::function::FnOnce<Args>>::call_once::h69aa08ddb6adb8b6
[INFO] [stdout]                                at /rustc/df4ca44d3fbc9301ee17f30f4d474e6ae4b05252/library/alloc/src/boxed.rs:2454:9
[INFO] [stdout]   42:     0x61d9db55e5cb - <alloc::boxed::Box<F,A> as core::ops::function::FnOnce<Args>>::call_once::h5aa36efdb79c806f
[INFO] [stdout]                                at /rustc/df4ca44d3fbc9301ee17f30f4d474e6ae4b05252/library/alloc/src/boxed.rs:2454:9
[INFO] [stdout]   43:     0x61d9db55e5cb - std::sys::pal::unix::thread::Thread::new::thread_start::h6cd80a1b4be5158d
[INFO] [stdout]                                at /rustc/df4ca44d3fbc9301ee17f30f4d474e6ae4b05252/library/std/src/sys/pal/unix/thread.rs:105:17
[INFO] [stdout]   44:     0x79df6fdcdac3 - <unknown>
[INFO] [stdout]   45:     0x79df6fe5ea04 - clone
[INFO] [stdout]   46:                0x0 - <unknown>
[INFO] [stdout] 
[INFO] [stdout] 
[INFO] [stdout] failures:
[INFO] [stdout]     contract::tests::buy_token
[INFO] [stdout] 
[INFO] [stdout] test result: FAILED. 0 passed; 1 failed; 0 ignored; 0 measured; 0 filtered out; finished in 0.02s
[INFO] [stdout] 
[INFO] [stderr] error: test failed, to rerun pass `--lib`
[INFO] running `Command { std: "docker" "inspect" "49db996fab976bfdb71db9d31162ea756c05d030eb013ee60f91bb376bd7d514", kill_on_drop: false }`
[INFO] running `Command { std: "docker" "rm" "-f" "49db996fab976bfdb71db9d31162ea756c05d030eb013ee60f91bb376bd7d514", kill_on_drop: false }`
[INFO] [stdout] 49db996fab976bfdb71db9d31162ea756c05d030eb013ee60f91bb376bd7d514
