[INFO] cloning repository https://github.com/BrewingWeasel/lithuanian-phonology
[INFO] running `Command { std: "git" "-c" "credential.helper=" "-c" "credential.helper=/workspace/cargo-home/bin/git-credential-null" "clone" "--bare" "https://github.com/BrewingWeasel/lithuanian-phonology" "/workspace/cache/git-repos/https%3A%2F%2Fgithub.com%2FBrewingWeasel%2Flithuanian-phonology", kill_on_drop: false }`
[INFO] [stderr] Cloning into bare repository '/workspace/cache/git-repos/https%3A%2F%2Fgithub.com%2FBrewingWeasel%2Flithuanian-phonology'...
[INFO] running `Command { std: "git" "rev-parse" "HEAD", kill_on_drop: false }`
[INFO] [stdout] d0779e745d1ea91fa4d2bc83366fc128215d394f
[INFO] testing BrewingWeasel/lithuanian-phonology/d0779e745d1ea91fa4d2bc83366fc128215d394f against nightly-2024-10-28 for randomize-layout
[INFO] running `Command { std: "git" "clone" "/workspace/cache/git-repos/https%3A%2F%2Fgithub.com%2FBrewingWeasel%2Flithuanian-phonology" "/workspace/builds/worker-0-tc1/source", kill_on_drop: false }`
[INFO] [stderr] Cloning into '/workspace/builds/worker-0-tc1/source'...
[INFO] [stderr] done.
[INFO] validating manifest of git repo https://github.com/BrewingWeasel/lithuanian-phonology on toolchain nightly-2024-10-28
[INFO] running `Command { std: CARGO_HOME="/workspace/cargo-home" RUSTUP_HOME="/workspace/rustup-home" "/workspace/cargo-home/bin/cargo" "+nightly-2024-10-28" "metadata" "--manifest-path" "Cargo.toml" "--no-deps", kill_on_drop: false }`
[INFO] started tweaking git repo https://github.com/BrewingWeasel/lithuanian-phonology
[INFO] finished tweaking git repo https://github.com/BrewingWeasel/lithuanian-phonology
[INFO] tweaked toml for git repo https://github.com/BrewingWeasel/lithuanian-phonology written to /workspace/builds/worker-0-tc1/source/Cargo.toml
[INFO] crate git repo https://github.com/BrewingWeasel/lithuanian-phonology already has a lockfile, it will not be regenerated
[INFO] running `Command { std: CARGO_HOME="/workspace/cargo-home" RUSTUP_HOME="/workspace/rustup-home" "/workspace/cargo-home/bin/cargo" "+nightly-2024-10-28" "fetch" "--manifest-path" "Cargo.toml", kill_on_drop: false }`
[INFO] [stderr]  Downloading crates ...
[INFO] [stderr]   Downloaded pyo3-build-config v0.19.2
[INFO] [stderr]   Downloaded pyo3-macros v0.19.2
[INFO] [stderr]   Downloaded target-lexicon v0.12.11
[INFO] [stderr]   Downloaded pyo3-ffi v0.19.2
[INFO] [stderr]   Downloaded pyo3-macros-backend v0.19.2
[INFO] [stderr]   Downloaded pyo3 v0.19.2
[INFO] running `Command { std: "docker" "create" "-v" "/var/lib/crater-agent-workspace/builds/worker-0-tc1/target:/opt/rustwide/target:rw,Z" "-v" "/var/lib/crater-agent-workspace/builds/worker-0-tc1/source:/opt/rustwide/workdir:ro,Z" "-v" "/var/lib/crater-agent-workspace/cargo-home:/opt/rustwide/cargo-home:ro,Z" "-v" "/var/lib/crater-agent-workspace/rustup-home:/opt/rustwide/rustup-home:ro,Z" "-e" "SOURCE_DIR=/opt/rustwide/workdir" "-e" "CARGO_TARGET_DIR=/opt/rustwide/target" "-e" "CARGO_HOME=/opt/rustwide/cargo-home" "-e" "RUSTUP_HOME=/opt/rustwide/rustup-home" "-w" "/opt/rustwide/workdir" "-m" "1610612736" "--user" "0:0" "--network" "none" "ghcr.io/rust-lang/crates-build-env/linux@sha256:4a844ea9eb2546a2d2c7022eacef16ef2e8229c7fbb2c7d4d55a9ceca922f72d" "/opt/rustwide/cargo-home/bin/cargo" "+nightly-2024-10-28" "metadata" "--no-deps" "--format-version=1", kill_on_drop: false }`
[INFO] [stdout] 188eb28d05c3b520f2784a988f1fd0a177fd5ee24bbdcd5027e7e9d1bb594abb
[INFO] running `Command { std: "docker" "start" "-a" "188eb28d05c3b520f2784a988f1fd0a177fd5ee24bbdcd5027e7e9d1bb594abb", kill_on_drop: false }`
[INFO] running `Command { std: "docker" "inspect" "188eb28d05c3b520f2784a988f1fd0a177fd5ee24bbdcd5027e7e9d1bb594abb", kill_on_drop: false }`
[INFO] running `Command { std: "docker" "rm" "-f" "188eb28d05c3b520f2784a988f1fd0a177fd5ee24bbdcd5027e7e9d1bb594abb", kill_on_drop: false }`
[INFO] [stdout] 188eb28d05c3b520f2784a988f1fd0a177fd5ee24bbdcd5027e7e9d1bb594abb
[INFO] running `Command { std: "docker" "create" "-v" "/var/lib/crater-agent-workspace/builds/worker-0-tc1/target:/opt/rustwide/target:rw,Z" "-v" "/var/lib/crater-agent-workspace/builds/worker-0-tc1/source:/opt/rustwide/workdir:ro,Z" "-v" "/var/lib/crater-agent-workspace/cargo-home:/opt/rustwide/cargo-home:ro,Z" "-v" "/var/lib/crater-agent-workspace/rustup-home:/opt/rustwide/rustup-home:ro,Z" "-e" "SOURCE_DIR=/opt/rustwide/workdir" "-e" "CARGO_TARGET_DIR=/opt/rustwide/target" "-e" "CARGO_INCREMENTAL=0" "-e" "RUST_BACKTRACE=full" "-e" "RUSTFLAGS=--cap-lints=forbid" "-e" "RUSTDOCFLAGS=--cap-lints=forbid" "-e" "CARGO_HOME=/opt/rustwide/cargo-home" "-e" "RUSTUP_HOME=/opt/rustwide/rustup-home" "-w" "/opt/rustwide/workdir" "-m" "1610612736" "--user" "0:0" "--network" "none" "ghcr.io/rust-lang/crates-build-env/linux@sha256:4a844ea9eb2546a2d2c7022eacef16ef2e8229c7fbb2c7d4d55a9ceca922f72d" "/opt/rustwide/cargo-home/bin/cargo" "+nightly-2024-10-28" "build" "--frozen" "--message-format=json", kill_on_drop: false }`
[INFO] [stdout] 0288b9d30e9949284d55a13c80699849eb744c5b525615f6f0a67a513c23384d
[INFO] running `Command { std: "docker" "start" "-a" "0288b9d30e9949284d55a13c80699849eb744c5b525615f6f0a67a513c23384d", kill_on_drop: false }`
[INFO] [stderr]    Compiling target-lexicon v0.12.11
[INFO] [stderr]    Compiling proc-macro2 v1.0.66
[INFO] [stderr]    Compiling unicode-ident v1.0.11
[INFO] [stderr]    Compiling autocfg v1.1.0
[INFO] [stderr]    Compiling once_cell v1.18.0
[INFO] [stderr]    Compiling libc v0.2.147
[INFO] [stderr]    Compiling siphasher v0.3.10
[INFO] [stderr]    Compiling syn v1.0.109
[INFO] [stderr]    Compiling rand_core v0.6.4
[INFO] [stderr]    Compiling parking_lot_core v0.9.8
[INFO] [stderr]    Compiling scopeguard v1.2.0
[INFO] [stderr]    Compiling cfg-if v1.0.0
[INFO] [stderr]    Compiling smallvec v1.11.0
[INFO] [stderr]    Compiling unindent v0.1.11
[INFO] [stderr]    Compiling indoc v1.0.9
[INFO] [stderr]    Compiling rand v0.8.5
[INFO] [stderr]    Compiling phf_shared v0.11.2
[INFO] [stderr]    Compiling lock_api v0.4.10
[INFO] [stderr]    Compiling memoffset v0.9.0
[INFO] [stderr]    Compiling quote v1.0.33
[INFO] [stderr]    Compiling phf_generator v0.11.2
[INFO] [stderr]    Compiling pyo3-build-config v0.19.2
[INFO] [stderr]    Compiling syn v2.0.29
[INFO] [stderr]    Compiling parking_lot v0.12.1
[INFO] [stderr]    Compiling pyo3-ffi v0.19.2
[INFO] [stderr]    Compiling pyo3 v0.19.2
[INFO] [stderr]    Compiling phf_macros v0.11.2
[INFO] [stderr]    Compiling pyo3-macros-backend v0.19.2
[INFO] [stderr]    Compiling phf v0.11.2
[INFO] [stderr]    Compiling pyo3-macros v0.19.2
[INFO] [stderr]    Compiling lithuanian-phonology v0.1.0 (/opt/rustwide/workdir)
[INFO] [stderr]     Finished `dev` profile [unoptimized + debuginfo] target(s) in 7.73s
[INFO] running `Command { std: "docker" "inspect" "0288b9d30e9949284d55a13c80699849eb744c5b525615f6f0a67a513c23384d", kill_on_drop: false }`
[INFO] running `Command { std: "docker" "rm" "-f" "0288b9d30e9949284d55a13c80699849eb744c5b525615f6f0a67a513c23384d", kill_on_drop: false }`
[INFO] [stdout] 0288b9d30e9949284d55a13c80699849eb744c5b525615f6f0a67a513c23384d
[INFO] running `Command { std: "docker" "create" "-v" "/var/lib/crater-agent-workspace/builds/worker-0-tc1/target:/opt/rustwide/target:rw,Z" "-v" "/var/lib/crater-agent-workspace/builds/worker-0-tc1/source:/opt/rustwide/workdir:ro,Z" "-v" "/var/lib/crater-agent-workspace/cargo-home:/opt/rustwide/cargo-home:ro,Z" "-v" "/var/lib/crater-agent-workspace/rustup-home:/opt/rustwide/rustup-home:ro,Z" "-e" "SOURCE_DIR=/opt/rustwide/workdir" "-e" "CARGO_TARGET_DIR=/opt/rustwide/target" "-e" "CARGO_INCREMENTAL=0" "-e" "RUST_BACKTRACE=full" "-e" "RUSTFLAGS=--cap-lints=forbid" "-e" "RUSTDOCFLAGS=--cap-lints=forbid" "-e" "CARGO_HOME=/opt/rustwide/cargo-home" "-e" "RUSTUP_HOME=/opt/rustwide/rustup-home" "-w" "/opt/rustwide/workdir" "-m" "1610612736" "--user" "0:0" "--network" "none" "ghcr.io/rust-lang/crates-build-env/linux@sha256:4a844ea9eb2546a2d2c7022eacef16ef2e8229c7fbb2c7d4d55a9ceca922f72d" "/opt/rustwide/cargo-home/bin/cargo" "+nightly-2024-10-28" "test" "--frozen" "--no-run" "--message-format=json", kill_on_drop: false }`
[INFO] [stdout] bdf124bf3145e3e339d01aeeca1263a22b6c9adbc75a68adbfe8aa4592f1b1a3
[INFO] running `Command { std: "docker" "start" "-a" "bdf124bf3145e3e339d01aeeca1263a22b6c9adbc75a68adbfe8aa4592f1b1a3", kill_on_drop: false }`
[INFO] [stderr]    Compiling lithuanian-phonology v0.1.0 (/opt/rustwide/workdir)
[INFO] [stderr]     Finished `test` profile [unoptimized + debuginfo] target(s) in 0.16s
[INFO] running `Command { std: "docker" "inspect" "bdf124bf3145e3e339d01aeeca1263a22b6c9adbc75a68adbfe8aa4592f1b1a3", kill_on_drop: false }`
[INFO] running `Command { std: "docker" "rm" "-f" "bdf124bf3145e3e339d01aeeca1263a22b6c9adbc75a68adbfe8aa4592f1b1a3", kill_on_drop: false }`
[INFO] [stdout] bdf124bf3145e3e339d01aeeca1263a22b6c9adbc75a68adbfe8aa4592f1b1a3
[INFO] running `Command { std: "docker" "create" "-v" "/var/lib/crater-agent-workspace/builds/worker-0-tc1/target:/opt/rustwide/target:rw,Z" "-v" "/var/lib/crater-agent-workspace/builds/worker-0-tc1/source:/opt/rustwide/workdir:ro,Z" "-v" "/var/lib/crater-agent-workspace/cargo-home:/opt/rustwide/cargo-home:ro,Z" "-v" "/var/lib/crater-agent-workspace/rustup-home:/opt/rustwide/rustup-home:ro,Z" "-e" "SOURCE_DIR=/opt/rustwide/workdir" "-e" "CARGO_TARGET_DIR=/opt/rustwide/target" "-e" "CARGO_INCREMENTAL=0" "-e" "RUST_BACKTRACE=full" "-e" "RUSTFLAGS=--cap-lints=forbid" "-e" "RUSTDOCFLAGS=--cap-lints=forbid" "-e" "CARGO_HOME=/opt/rustwide/cargo-home" "-e" "RUSTUP_HOME=/opt/rustwide/rustup-home" "-w" "/opt/rustwide/workdir" "-m" "1610612736" "--user" "0:0" "--network" "none" "ghcr.io/rust-lang/crates-build-env/linux@sha256:4a844ea9eb2546a2d2c7022eacef16ef2e8229c7fbb2c7d4d55a9ceca922f72d" "/opt/rustwide/cargo-home/bin/cargo" "+nightly-2024-10-28" "test" "--frozen", kill_on_drop: false }`
[INFO] [stdout] 862f1dabbdee5169c8dacd60f7f50d2cd3bcea71e08181cdcd9e77ce899f385c
[INFO] running `Command { std: "docker" "start" "-a" "862f1dabbdee5169c8dacd60f7f50d2cd3bcea71e08181cdcd9e77ce899f385c", kill_on_drop: false }`
[INFO] [stderr]     Finished `test` profile [unoptimized + debuginfo] target(s) in 0.03s
[INFO] [stderr]      Running unittests src/lib.rs (/opt/rustwide/target/debug/deps/lithuanian_phonology-fcd4b208bbc82323)
[INFO] [stdout] 
[INFO] [stdout] running 0 tests
[INFO] [stdout] 
[INFO] [stdout] test result: ok. 0 passed; 0 failed; 0 ignored; 0 measured; 0 filtered out; finished in 0.00s
[INFO] [stdout] 
[INFO] [stderr]    Doc-tests lithuanian_phonology
[INFO] [stdout] 
[INFO] [stdout] running 2 tests
[INFO] [stdout] test src/lib.rs - get_accentuation (line 11) ... FAILED
[INFO] [stdout] test src/lib.rs - get_case_name (line 125) ... ok
[INFO] [stdout] 
[INFO] [stdout] failures:
[INFO] [stdout] 
[INFO] [stdout] ---- src/lib.rs - get_accentuation (line 11) stdout ----
[INFO] [stdout] error[E0369]: binary operation `==` cannot be applied to type `Result<String, Box<dyn std::error::Error>>`
[INFO] [stdout]  --> src/lib.rs:15:1
[INFO] [stdout]   |
[INFO] [stdout] 7 | assert_eq!(get_accentuation("gera", Some("Vardininkas"), None), String::from("gerà"));
[INFO] [stdout]   | ^^^^^^^^^^^^^^^^^^^^^^^^^^^^^^^^^^^^^^^^^^^^^^^^^^^^^^^^^^^^^^^^^^^^^^^^^^^^^^^^^^^^^
[INFO] [stdout]   | |
[INFO] [stdout]   | Result<String, Box<dyn std::error::Error>>
[INFO] [stdout]   | String
[INFO] [stdout]   |
[INFO] [stdout] note: the foreign item type `Result<String, Box<dyn std::error::Error>>` doesn't implement `PartialEq<String>`
[INFO] [stdout]  --> /rustc/df4ca44d3fbc9301ee17f30f4d474e6ae4b05252/library/core/src/result.rs:527:1
[INFO] [stdout]   |
[INFO] [stdout]   = note: not implement `PartialEq<String>`
[INFO] [stdout]   = note: this error originates in the macro `assert_eq` (in Nightly builds, run with -Z macro-backtrace for more info)
[INFO] [stdout] 
[INFO] [stdout] error[E0369]: binary operation `==` cannot be applied to type `Result<String, Box<dyn std::error::Error>>`
[INFO] [stdout]  --> src/lib.rs:16:1
[INFO] [stdout]   |
[INFO] [stdout] 8 | assert_eq!(get_accentuation("gera", Some("UNKNOWN"), None), String::from("gẽra"));
[INFO] [stdout]   | ^^^^^^^^^^^^^^^^^^^^^^^^^^^^^^^^^^^^^^^^^^^^^^^^^^^^^^^^^^^^^^^^^^^^^^^^^^^^^^^^^
[INFO] [stdout]   | |
[INFO] [stdout]   | Result<String, Box<dyn std::error::Error>>
[INFO] [stdout]   | String
[INFO] [stdout]   |
[INFO] [stdout] note: the foreign item type `Result<String, Box<dyn std::error::Error>>` doesn't implement `PartialEq<String>`
[INFO] [stdout]  --> /rustc/df4ca44d3fbc9301ee17f30f4d474e6ae4b05252/library/core/src/result.rs:527:1
[INFO] [stdout]   |
[INFO] [stdout]   = note: not implement `PartialEq<String>`
[INFO] [stdout]   = note: this error originates in the macro `assert_eq` (in Nightly builds, run with -Z macro-backtrace for more info)
[INFO] [stdout] 
[INFO] [stdout] error[E0369]: binary operation `==` cannot be applied to type `Result<String, Box<dyn std::error::Error>>`
[INFO] [stdout]  --> src/lib.rs:17:1
[INFO] [stdout]   |
[INFO] [stdout] 9 | assert_eq!(get_accentuation("žodį", Some("Galininkas"), Some("vienaskaita")), String::from("žõdį"));
[INFO] [stdout]   | ^^^^^^^^^^^^^^^^^^^^^^^^^^^^^^^^^^^^^^^^^^^^^^^^^^^^^^^^^^^^^^^^^^^^^^^^^^^^^^^^^^^^^^^^^^^^^^^^^^^
[INFO] [stdout]   | |
[INFO] [stdout]   | Result<String, Box<dyn std::error::Error>>
[INFO] [stdout]   | String
[INFO] [stdout]   |
[INFO] [stdout] note: the foreign item type `Result<String, Box<dyn std::error::Error>>` doesn't implement `PartialEq<String>`
[INFO] [stdout]  --> /rustc/df4ca44d3fbc9301ee17f30f4d474e6ae4b05252/library/core/src/result.rs:527:1
[INFO] [stdout]   |
[INFO] [stdout]   = note: not implement `PartialEq<String>`
[INFO] [stdout]   = note: this error originates in the macro `assert_eq` (in Nightly builds, run with -Z macro-backtrace for more info)
[INFO] [stdout] 
[INFO] [stdout] error: aborting due to 3 previous errors
[INFO] [stdout] 
[INFO] [stdout] For more information about this error, try `rustc --explain E0369`.
[INFO] [stdout] Couldn't compile the test.
[INFO] [stdout] 
[INFO] [stdout] failures:
[INFO] [stdout]     src/lib.rs - get_accentuation (line 11)
[INFO] [stdout] 
[INFO] [stdout] test result: FAILED. 1 passed; 1 failed; 0 ignored; 0 measured; 0 filtered out; finished in 0.14s
[INFO] [stdout] 
[INFO] [stderr] error: doctest failed, to rerun pass `--doc`
[INFO] running `Command { std: "docker" "inspect" "862f1dabbdee5169c8dacd60f7f50d2cd3bcea71e08181cdcd9e77ce899f385c", kill_on_drop: false }`
[INFO] running `Command { std: "docker" "rm" "-f" "862f1dabbdee5169c8dacd60f7f50d2cd3bcea71e08181cdcd9e77ce899f385c", kill_on_drop: false }`
[INFO] [stdout] 862f1dabbdee5169c8dacd60f7f50d2cd3bcea71e08181cdcd9e77ce899f385c
