[INFO] cloning repository https://github.com/BlandyBrains/blandango
[INFO] running `Command { std: "git" "-c" "credential.helper=" "-c" "credential.helper=/workspace/cargo-home/bin/git-credential-null" "clone" "--bare" "https://github.com/BlandyBrains/blandango" "/workspace/cache/git-repos/https%3A%2F%2Fgithub.com%2FBlandyBrains%2Fblandango", kill_on_drop: false }`
[INFO] [stderr] Cloning into bare repository '/workspace/cache/git-repos/https%3A%2F%2Fgithub.com%2FBlandyBrains%2Fblandango'...
[INFO] running `Command { std: "git" "rev-parse" "HEAD", kill_on_drop: false }`
[INFO] [stdout] aab5dfcdd4c091b863d8e687668736b38413da47
[INFO] testing BlandyBrains/blandango/aab5dfcdd4c091b863d8e687668736b38413da47 against nightly-2024-10-28 for randomize-layout
[INFO] running `Command { std: "git" "clone" "/workspace/cache/git-repos/https%3A%2F%2Fgithub.com%2FBlandyBrains%2Fblandango" "/workspace/builds/worker-3-tc1/source", kill_on_drop: false }`
[INFO] [stderr] Cloning into '/workspace/builds/worker-3-tc1/source'...
[INFO] [stderr] done.
[INFO] validating manifest of git repo https://github.com/BlandyBrains/blandango on toolchain nightly-2024-10-28
[INFO] running `Command { std: CARGO_HOME="/workspace/cargo-home" RUSTUP_HOME="/workspace/rustup-home" "/workspace/cargo-home/bin/cargo" "+nightly-2024-10-28" "metadata" "--manifest-path" "Cargo.toml" "--no-deps", kill_on_drop: false }`
[INFO] started tweaking git repo https://github.com/BlandyBrains/blandango
[INFO] finished tweaking git repo https://github.com/BlandyBrains/blandango
[INFO] tweaked toml for git repo https://github.com/BlandyBrains/blandango written to /workspace/builds/worker-3-tc1/source/Cargo.toml
[INFO] crate git repo https://github.com/BlandyBrains/blandango already has a lockfile, it will not be regenerated
[INFO] running `Command { std: CARGO_HOME="/workspace/cargo-home" RUSTUP_HOME="/workspace/rustup-home" "/workspace/cargo-home/bin/cargo" "+nightly-2024-10-28" "fetch" "--manifest-path" "Cargo.toml", kill_on_drop: false }`
[INFO] [stderr]     Updating crates.io index
[INFO] [stderr]  Downloading crates ...
[INFO] [stderr]   Downloaded serde_url_params v0.2.1
[INFO] [stderr]   Downloaded serde v1.0.178
[INFO] [stderr]   Downloaded http v0.2.10
[INFO] [stderr]   Downloaded serde_derive v1.0.178
[INFO] running `Command { std: "docker" "create" "-v" "/var/lib/crater-agent-workspace/builds/worker-3-tc1/target:/opt/rustwide/target:rw,Z" "-v" "/var/lib/crater-agent-workspace/builds/worker-3-tc1/source:/opt/rustwide/workdir:ro,Z" "-v" "/var/lib/crater-agent-workspace/cargo-home:/opt/rustwide/cargo-home:ro,Z" "-v" "/var/lib/crater-agent-workspace/rustup-home:/opt/rustwide/rustup-home:ro,Z" "-e" "SOURCE_DIR=/opt/rustwide/workdir" "-e" "CARGO_TARGET_DIR=/opt/rustwide/target" "-e" "CARGO_HOME=/opt/rustwide/cargo-home" "-e" "RUSTUP_HOME=/opt/rustwide/rustup-home" "-w" "/opt/rustwide/workdir" "-m" "1610612736" "--user" "0:0" "--network" "none" "ghcr.io/rust-lang/crates-build-env/linux@sha256:4a844ea9eb2546a2d2c7022eacef16ef2e8229c7fbb2c7d4d55a9ceca922f72d" "/opt/rustwide/cargo-home/bin/cargo" "+nightly-2024-10-28" "metadata" "--no-deps" "--format-version=1", kill_on_drop: false }`
[INFO] [stdout] 553eed0c272d06e2eb5f8af74fdee73807bf7429081c7a1f7b6452d823e1d915
[INFO] running `Command { std: "docker" "start" "-a" "553eed0c272d06e2eb5f8af74fdee73807bf7429081c7a1f7b6452d823e1d915", kill_on_drop: false }`
[INFO] running `Command { std: "docker" "inspect" "553eed0c272d06e2eb5f8af74fdee73807bf7429081c7a1f7b6452d823e1d915", kill_on_drop: false }`
[INFO] running `Command { std: "docker" "rm" "-f" "553eed0c272d06e2eb5f8af74fdee73807bf7429081c7a1f7b6452d823e1d915", kill_on_drop: false }`
[INFO] [stdout] 553eed0c272d06e2eb5f8af74fdee73807bf7429081c7a1f7b6452d823e1d915
[INFO] running `Command { std: "docker" "create" "-v" "/var/lib/crater-agent-workspace/builds/worker-3-tc1/target:/opt/rustwide/target:rw,Z" "-v" "/var/lib/crater-agent-workspace/builds/worker-3-tc1/source:/opt/rustwide/workdir:ro,Z" "-v" "/var/lib/crater-agent-workspace/cargo-home:/opt/rustwide/cargo-home:ro,Z" "-v" "/var/lib/crater-agent-workspace/rustup-home:/opt/rustwide/rustup-home:ro,Z" "-e" "SOURCE_DIR=/opt/rustwide/workdir" "-e" "CARGO_TARGET_DIR=/opt/rustwide/target" "-e" "CARGO_INCREMENTAL=0" "-e" "RUST_BACKTRACE=full" "-e" "RUSTFLAGS=--cap-lints=forbid" "-e" "RUSTDOCFLAGS=--cap-lints=forbid" "-e" "CARGO_HOME=/opt/rustwide/cargo-home" "-e" "RUSTUP_HOME=/opt/rustwide/rustup-home" "-w" "/opt/rustwide/workdir" "-m" "1610612736" "--user" "0:0" "--network" "none" "ghcr.io/rust-lang/crates-build-env/linux@sha256:4a844ea9eb2546a2d2c7022eacef16ef2e8229c7fbb2c7d4d55a9ceca922f72d" "/opt/rustwide/cargo-home/bin/cargo" "+nightly-2024-10-28" "build" "--frozen" "--message-format=json", kill_on_drop: false }`
[INFO] [stdout] 6a995b1a27c472f95d9a2befe740e3df56df066db7c79a2db8da48b0cf3849f8
[INFO] running `Command { std: "docker" "start" "-a" "6a995b1a27c472f95d9a2befe740e3df56df066db7c79a2db8da48b0cf3849f8", kill_on_drop: false }`
[INFO] [stderr]    Compiling libc v0.2.147
[INFO] [stderr]    Compiling pin-project-lite v0.2.10
[INFO] [stderr]    Compiling futures-core v0.3.29
[INFO] [stderr]    Compiling bytes v1.4.0
[INFO] [stderr]    Compiling tokio v1.29.1
[INFO] [stderr]    Compiling once_cell v1.18.0
[INFO] [stderr]    Compiling futures-task v0.3.29
[INFO] [stderr]    Compiling tinyvec_macros v0.1.1
[INFO] [stderr]    Compiling itoa v1.0.9
[INFO] [stderr]    Compiling tinyvec v1.6.0
[INFO] [stderr]    Compiling slab v0.4.9
[INFO] [stderr]    Compiling indexmap v1.9.3
[INFO] [stderr]    Compiling tracing-core v0.1.32
[INFO] [stderr]    Compiling futures-util v0.3.29
[INFO] [stderr]    Compiling serde v1.0.178
[INFO] [stderr]    Compiling serde_derive v1.0.178
[INFO] [stderr]    Compiling futures-sink v0.3.29
[INFO] [stderr]    Compiling percent-encoding v2.3.0
[INFO] [stderr]    Compiling unicode-bidi v0.3.13
[INFO] [stderr]    Compiling http v0.2.10
[INFO] [stderr]    Compiling httparse v1.8.0
[INFO] [stderr]    Compiling tracing v0.1.40
[INFO] [stderr]    Compiling futures-channel v0.3.29
[INFO] [stderr]    Compiling form_urlencoded v1.2.0
[INFO] [stderr]    Compiling socket2 v0.4.9
[INFO] [stderr]    Compiling mio v0.8.8
[INFO] [stderr]    Compiling unicode-normalization v0.1.22
[INFO] [stderr]    Compiling aho-corasick v1.1.2
[INFO] [stderr]    Compiling idna v0.4.0
[INFO] [stderr]    Compiling regex-syntax v0.7.5
[INFO] [stderr]    Compiling try-lock v0.2.4
[INFO] [stderr]    Compiling serde_json v1.0.104
[INFO] [stderr]    Compiling want v0.3.1
[INFO] [stderr]    Compiling url v2.4.1
[INFO] [stderr]    Compiling http-body v0.4.5
[INFO] [stderr]    Compiling unicode-segmentation v1.10.1
[INFO] [stderr]    Compiling httpdate v1.0.3
[INFO] [stderr]    Compiling ryu v1.0.15
[INFO] [stderr]    Compiling tower-service v0.3.2
[INFO] [stderr]    Compiling convert_case v0.6.0
[INFO] [stderr]    Compiling log v0.4.19
[INFO] [stderr]    Compiling base64 v0.21.2
[INFO] [stderr]    Compiling regex-automata v0.3.7
[INFO] [stderr]    Compiling serde_url_params v0.2.1
[INFO] [stderr]    Compiling tokio-util v0.7.8
[INFO] [stderr]    Compiling h2 v0.3.21
[INFO] [stderr]    Compiling regex v1.9.4
[INFO] [stderr]    Compiling hyper v0.14.27
[INFO] [stderr]    Compiling blandango v0.1.0 (/opt/rustwide/workdir)
[INFO] [stdout] warning: variant `Graph` is never constructed
[INFO] [stdout]  --> src/api.rs:7:5
[INFO] [stdout]   |
[INFO] [stdout] 4 | pub (crate) enum API {
[INFO] [stdout]   |                  --- variant in this enum
[INFO] [stdout] ...
[INFO] [stdout] 7 |     Graph(Graph),
[INFO] [stdout]   |     ^^^^^
[INFO] [stdout]   |
[INFO] [stdout]   = note: `#[warn(dead_code)]` on by default
[INFO] [stdout] 
[INFO] [stdout] 
[INFO] [stdout] warning: variants `ResponsibleShard` and `Shards` are never constructed
[INFO] [stdout]   --> src/api.rs:18:5
[INFO] [stdout]    |
[INFO] [stdout] 13 | pub (crate) enum Collection {
[INFO] [stdout]    |                  ---------- variants in this enum
[INFO] [stdout] ...
[INFO] [stdout] 18 |     ResponsibleShard,
[INFO] [stdout]    |     ^^^^^^^^^^^^^^^^
[INFO] [stdout] 19 |     Shards,
[INFO] [stdout]    |     ^^^^^^
[INFO] [stdout] 
[INFO] [stdout] 
[INFO] [stdout] warning: variants `Function` and `Rules` are never constructed
[INFO] [stdout]   --> src/api.rs:41:5
[INFO] [stdout]    |
[INFO] [stdout] 39 | pub (crate) enum Query {
[INFO] [stdout]    |                  ----- variants in this enum
[INFO] [stdout] 40 |     Cursor,
[INFO] [stdout] 41 |     Function,
[INFO] [stdout]    |     ^^^^^^^^
[INFO] [stdout] ...
[INFO] [stdout] 47 |     Rules,
[INFO] [stdout]    |     ^^^^^
[INFO] [stdout] 
[INFO] [stdout] 
[INFO] [stdout] warning: variants `Base` and `Edge` are never constructed
[INFO] [stdout]   --> src/api.rs:52:5
[INFO] [stdout]    |
[INFO] [stdout] 51 | pub (crate) enum Graph {
[INFO] [stdout]    |                  ----- variants in this enum
[INFO] [stdout] 52 |     Base,
[INFO] [stdout]    |     ^^^^
[INFO] [stdout] 53 |     Edge,
[INFO] [stdout]    |     ^^^^
[INFO] [stdout] 
[INFO] [stdout] 
[INFO] [stdout] warning: method `to_base` is never used
[INFO] [stdout]    --> src/client.rs:107:8
[INFO] [stdout]     |
[INFO] [stdout] 106 | impl Config {
[INFO] [stdout]     | ----------- method in this implementation
[INFO] [stdout] 107 |     fn to_base(&self) -> String {
[INFO] [stdout]     |        ^^^^^^^
[INFO] [stdout] 
[INFO] [stdout] 
[INFO] [stdout] warning: associated functions `extension_with_params` and `index` are never used
[INFO] [stdout]    --> src/client.rs:126:8
[INFO] [stdout]     |
[INFO] [stdout] 112 | pub (crate) trait CollectionRouter {
[INFO] [stdout]     |                   ---------------- associated functions in this trait
[INFO] [stdout] ...
[INFO] [stdout] 126 |     fn extension_with_params<P: Serialize>(collection_name: &str, endpoint: API, params: P) -> Result<String> {
[INFO] [stdout]     |        ^^^^^^^^^^^^^^^^^^^^^
[INFO] [stdout] ...
[INFO] [stdout] 134 |     fn index(collection_name: &str) -> String {
[INFO] [stdout]     |        ^^^^^
[INFO] [stdout] 
[INFO] [stdout] 
[INFO] [stdout] warning: associated items `delete_many`, `update_many`, and `replace_many` are never used
[INFO] [stdout]    --> src/document.rs:130:14
[INFO] [stdout]     |
[INFO] [stdout] 50  | impl Document {
[INFO] [stdout]     | ------------- associated items in this implementation
[INFO] [stdout] ...
[INFO] [stdout] 130 |     async fn delete_many<S: Serialize + Sized + Sync + Send, R: Serialize + DeserializeOwned + Sync + Send>(&self, keys: &Vec<S>) -> Resu...
[INFO] [stdout]     |              ^^^^^^^^^^^
[INFO] [stdout] ...
[INFO] [stdout] 144 |     async fn update_many<R: Serialize + DeserializeOwned + Sync + Send>(&self, documents: &Vec<Doc<R>>) -> Result<()> {
[INFO] [stdout]     |              ^^^^^^^^^^^
[INFO] [stdout] ...
[INFO] [stdout] 154 |     async fn replace_many<R: Serialize + DeserializeOwned + Sync + Send>(client: &Client, documents: &Vec<Doc<R>>) -> Result<()> {
[INFO] [stdout]     |              ^^^^^^^^^^^^
[INFO] [stdout] 
[INFO] [stdout] 
[INFO] [stderr]     Finished `dev` profile [unoptimized + debuginfo] target(s) in 9.30s
[INFO] running `Command { std: "docker" "inspect" "6a995b1a27c472f95d9a2befe740e3df56df066db7c79a2db8da48b0cf3849f8", kill_on_drop: false }`
[INFO] running `Command { std: "docker" "rm" "-f" "6a995b1a27c472f95d9a2befe740e3df56df066db7c79a2db8da48b0cf3849f8", kill_on_drop: false }`
[INFO] [stdout] 6a995b1a27c472f95d9a2befe740e3df56df066db7c79a2db8da48b0cf3849f8
[INFO] running `Command { std: "docker" "create" "-v" "/var/lib/crater-agent-workspace/builds/worker-3-tc1/target:/opt/rustwide/target:rw,Z" "-v" "/var/lib/crater-agent-workspace/builds/worker-3-tc1/source:/opt/rustwide/workdir:ro,Z" "-v" "/var/lib/crater-agent-workspace/cargo-home:/opt/rustwide/cargo-home:ro,Z" "-v" "/var/lib/crater-agent-workspace/rustup-home:/opt/rustwide/rustup-home:ro,Z" "-e" "SOURCE_DIR=/opt/rustwide/workdir" "-e" "CARGO_TARGET_DIR=/opt/rustwide/target" "-e" "CARGO_INCREMENTAL=0" "-e" "RUST_BACKTRACE=full" "-e" "RUSTFLAGS=--cap-lints=forbid" "-e" "RUSTDOCFLAGS=--cap-lints=forbid" "-e" "CARGO_HOME=/opt/rustwide/cargo-home" "-e" "RUSTUP_HOME=/opt/rustwide/rustup-home" "-w" "/opt/rustwide/workdir" "-m" "1610612736" "--user" "0:0" "--network" "none" "ghcr.io/rust-lang/crates-build-env/linux@sha256:4a844ea9eb2546a2d2c7022eacef16ef2e8229c7fbb2c7d4d55a9ceca922f72d" "/opt/rustwide/cargo-home/bin/cargo" "+nightly-2024-10-28" "test" "--frozen" "--no-run" "--message-format=json", kill_on_drop: false }`
[INFO] [stdout] 35ea395e6283c82e13342691ba1ccdbe686f9be3c16a53e0a5812d7a3a120af8
[INFO] running `Command { std: "docker" "start" "-a" "35ea395e6283c82e13342691ba1ccdbe686f9be3c16a53e0a5812d7a3a120af8", kill_on_drop: false }`
[INFO] [stderr]    Compiling proc-macro2 v1.0.66
[INFO] [stderr]    Compiling unicode-ident v1.0.11
[INFO] [stderr]    Compiling lock_api v0.4.10
[INFO] [stderr]    Compiling parking_lot_core v0.9.8
[INFO] [stderr]    Compiling smallvec v1.11.0
[INFO] [stderr]    Compiling tokio v1.29.1
[INFO] [stderr]    Compiling signal-hook-registry v1.4.1
[INFO] [stderr]    Compiling num_cpus v1.16.0
[INFO] [stderr]    Compiling parking_lot v0.12.1
[INFO] [stderr]    Compiling quote v1.0.32
[INFO] [stderr]    Compiling syn v2.0.27
[INFO] [stderr]    Compiling tokio-macros v2.1.0
[INFO] [stderr]    Compiling tokio-util v0.7.8
[INFO] [stderr]    Compiling h2 v0.3.21
[INFO] [stderr]    Compiling hyper v0.14.27
[INFO] [stderr]    Compiling blandango v0.1.0 (/opt/rustwide/workdir)
[INFO] [stdout] warning: variant `Graph` is never constructed
[INFO] [stdout]  --> src/api.rs:7:5
[INFO] [stdout]   |
[INFO] [stdout] 4 | pub (crate) enum API {
[INFO] [stdout]   |                  --- variant in this enum
[INFO] [stdout] ...
[INFO] [stdout] 7 |     Graph(Graph),
[INFO] [stdout]   |     ^^^^^
[INFO] [stdout]   |
[INFO] [stdout]   = note: `#[warn(dead_code)]` on by default
[INFO] [stdout] 
[INFO] [stdout] 
[INFO] [stdout] warning: variants `ResponsibleShard` and `Shards` are never constructed
[INFO] [stdout]   --> src/api.rs:18:5
[INFO] [stdout]    |
[INFO] [stdout] 13 | pub (crate) enum Collection {
[INFO] [stdout]    |                  ---------- variants in this enum
[INFO] [stdout] ...
[INFO] [stdout] 18 |     ResponsibleShard,
[INFO] [stdout]    |     ^^^^^^^^^^^^^^^^
[INFO] [stdout] 19 |     Shards,
[INFO] [stdout]    |     ^^^^^^
[INFO] [stdout] 
[INFO] [stdout] 
[INFO] [stdout] warning: variants `Function` and `Rules` are never constructed
[INFO] [stdout]   --> src/api.rs:41:5
[INFO] [stdout]    |
[INFO] [stdout] 39 | pub (crate) enum Query {
[INFO] [stdout]    |                  ----- variants in this enum
[INFO] [stdout] 40 |     Cursor,
[INFO] [stdout] 41 |     Function,
[INFO] [stdout]    |     ^^^^^^^^
[INFO] [stdout] ...
[INFO] [stdout] 47 |     Rules,
[INFO] [stdout]    |     ^^^^^
[INFO] [stdout] 
[INFO] [stdout] 
[INFO] [stdout] warning: variants `Base` and `Edge` are never constructed
[INFO] [stdout]   --> src/api.rs:52:5
[INFO] [stdout]    |
[INFO] [stdout] 51 | pub (crate) enum Graph {
[INFO] [stdout]    |                  ----- variants in this enum
[INFO] [stdout] 52 |     Base,
[INFO] [stdout]    |     ^^^^
[INFO] [stdout] 53 |     Edge,
[INFO] [stdout]    |     ^^^^
[INFO] [stdout] 
[INFO] [stdout] 
[INFO] [stdout] warning: method `to_base` is never used
[INFO] [stdout]    --> src/client.rs:107:8
[INFO] [stdout]     |
[INFO] [stdout] 106 | impl Config {
[INFO] [stdout]     | ----------- method in this implementation
[INFO] [stdout] 107 |     fn to_base(&self) -> String {
[INFO] [stdout]     |        ^^^^^^^
[INFO] [stdout] 
[INFO] [stdout] 
[INFO] [stdout] warning: associated functions `extension_with_params` and `index` are never used
[INFO] [stdout]    --> src/client.rs:126:8
[INFO] [stdout]     |
[INFO] [stdout] 112 | pub (crate) trait CollectionRouter {
[INFO] [stdout]     |                   ---------------- associated functions in this trait
[INFO] [stdout] ...
[INFO] [stdout] 126 |     fn extension_with_params<P: Serialize>(collection_name: &str, endpoint: API, params: P) -> Result<String> {
[INFO] [stdout]     |        ^^^^^^^^^^^^^^^^^^^^^
[INFO] [stdout] ...
[INFO] [stdout] 134 |     fn index(collection_name: &str) -> String {
[INFO] [stdout]     |        ^^^^^
[INFO] [stdout] 
[INFO] [stdout] 
[INFO] [stdout] warning: associated items `delete_many`, `update_many`, and `replace_many` are never used
[INFO] [stdout]    --> src/document.rs:130:14
[INFO] [stdout]     |
[INFO] [stdout] 50  | impl Document {
[INFO] [stdout]     | ------------- associated items in this implementation
[INFO] [stdout] ...
[INFO] [stdout] 130 |     async fn delete_many<S: Serialize + Sized + Sync + Send, R: Serialize + DeserializeOwned + Sync + Send>(&self, keys: &Vec<S>) -> Resu...
[INFO] [stdout]     |              ^^^^^^^^^^^
[INFO] [stdout] ...
[INFO] [stdout] 144 |     async fn update_many<R: Serialize + DeserializeOwned + Sync + Send>(&self, documents: &Vec<Doc<R>>) -> Result<()> {
[INFO] [stdout]     |              ^^^^^^^^^^^
[INFO] [stdout] ...
[INFO] [stdout] 154 |     async fn replace_many<R: Serialize + DeserializeOwned + Sync + Send>(client: &Client, documents: &Vec<Doc<R>>) -> Result<()> {
[INFO] [stdout]     |              ^^^^^^^^^^^^
[INFO] [stdout] 
[INFO] [stdout] 
[INFO] [stdout] warning: function `setup_collection` is never used
[INFO] [stdout]   --> tests/model/mod.rs:27:14
[INFO] [stdout]    |
[INFO] [stdout] 27 | pub async fn setup_collection(name: &str) -> Properties {
[INFO] [stdout]    |              ^^^^^^^^^^^^^^^^
[INFO] [stdout]    |
[INFO] [stdout]    = note: `#[warn(dead_code)]` on by default
[INFO] [stdout] 
[INFO] [stdout] 
[INFO] [stdout] warning: function `setup_edge_collection` is never used
[INFO] [stdout]   --> tests/model/mod.rs:42:14
[INFO] [stdout]    |
[INFO] [stdout] 42 | pub async fn setup_edge_collection(name: &str) -> Properties {
[INFO] [stdout]    |              ^^^^^^^^^^^^^^^^^^^^^
[INFO] [stdout] 
[INFO] [stdout] 
[INFO] [stdout] warning: function `teardown` is never used
[INFO] [stdout]   --> tests/model/mod.rs:58:14
[INFO] [stdout]    |
[INFO] [stdout] 58 | pub async fn teardown(name: &str) {
[INFO] [stdout]    |              ^^^^^^^^
[INFO] [stdout] 
[INFO] [stdout] 
[INFO] [stdout] warning: function `setup_collection` is never used
[INFO] [stdout]   --> tests/model/mod.rs:27:14
[INFO] [stdout]    |
[INFO] [stdout] 27 | pub async fn setup_collection(name: &str) -> Properties {
[INFO] [stdout]    |              ^^^^^^^^^^^^^^^^
[INFO] [stdout]    |
[INFO] [stdout]    = note: `#[warn(dead_code)]` on by default
[INFO] [stdout] 
[INFO] [stdout] 
[INFO] [stdout] warning: function `setup_edge_collection` is never used
[INFO] [stdout]   --> tests/model/mod.rs:42:14
[INFO] [stdout]    |
[INFO] [stdout] 42 | pub async fn setup_edge_collection(name: &str) -> Properties {
[INFO] [stdout]    |              ^^^^^^^^^^^^^^^^^^^^^
[INFO] [stdout] 
[INFO] [stdout] 
[INFO] [stdout] warning: function `teardown` is never used
[INFO] [stdout]   --> tests/model/mod.rs:58:14
[INFO] [stdout]    |
[INFO] [stdout] 58 | pub async fn teardown(name: &str) {
[INFO] [stdout]    |              ^^^^^^^^
[INFO] [stdout] 
[INFO] [stdout] 
[INFO] [stdout] warning: function `setup_edge_collection` is never used
[INFO] [stdout]   --> tests/model/mod.rs:42:14
[INFO] [stdout]    |
[INFO] [stdout] 42 | pub async fn setup_edge_collection(name: &str) -> Properties {
[INFO] [stdout]    |              ^^^^^^^^^^^^^^^^^^^^^
[INFO] [stdout]    |
[INFO] [stdout]    = note: `#[warn(dead_code)]` on by default
[INFO] [stdout] 
[INFO] [stdout] 
[INFO] [stdout] warning: function `setup_edge_collection` is never used
[INFO] [stdout]   --> tests/model/mod.rs:42:14
[INFO] [stdout]    |
[INFO] [stdout] 42 | pub async fn setup_edge_collection(name: &str) -> Properties {
[INFO] [stdout]    |              ^^^^^^^^^^^^^^^^^^^^^
[INFO] [stdout]    |
[INFO] [stdout]    = note: `#[warn(dead_code)]` on by default
[INFO] [stdout] 
[INFO] [stdout] 
[INFO] [stdout] warning: variant `Graph` is never constructed
[INFO] [stdout]  --> src/api.rs:7:5
[INFO] [stdout]   |
[INFO] [stdout] 4 | pub (crate) enum API {
[INFO] [stdout]   |                  --- variant in this enum
[INFO] [stdout] ...
[INFO] [stdout] 7 |     Graph(Graph),
[INFO] [stdout]   |     ^^^^^
[INFO] [stdout]   |
[INFO] [stdout]   = note: `#[warn(dead_code)]` on by default
[INFO] [stdout] 
[INFO] [stdout] 
[INFO] [stdout] warning: variants `ResponsibleShard` and `Shards` are never constructed
[INFO] [stdout]   --> src/api.rs:18:5
[INFO] [stdout]    |
[INFO] [stdout] 13 | pub (crate) enum Collection {
[INFO] [stdout]    |                  ---------- variants in this enum
[INFO] [stdout] ...
[INFO] [stdout] 18 |     ResponsibleShard,
[INFO] [stdout]    |     ^^^^^^^^^^^^^^^^
[INFO] [stdout] 19 |     Shards,
[INFO] [stdout]    |     ^^^^^^
[INFO] [stdout] 
[INFO] [stdout] 
[INFO] [stdout] warning: variants `Function` and `Rules` are never constructed
[INFO] [stdout]   --> src/api.rs:41:5
[INFO] [stdout]    |
[INFO] [stdout] 39 | pub (crate) enum Query {
[INFO] [stdout]    |                  ----- variants in this enum
[INFO] [stdout] 40 |     Cursor,
[INFO] [stdout] 41 |     Function,
[INFO] [stdout]    |     ^^^^^^^^
[INFO] [stdout] ...
[INFO] [stdout] 47 |     Rules,
[INFO] [stdout]    |     ^^^^^
[INFO] [stdout] 
[INFO] [stdout] 
[INFO] [stdout] warning: variants `Base` and `Edge` are never constructed
[INFO] [stdout]   --> src/api.rs:52:5
[INFO] [stdout]    |
[INFO] [stdout] 51 | pub (crate) enum Graph {
[INFO] [stdout]    |                  ----- variants in this enum
[INFO] [stdout] 52 |     Base,
[INFO] [stdout]    |     ^^^^
[INFO] [stdout] 53 |     Edge,
[INFO] [stdout]    |     ^^^^
[INFO] [stdout] 
[INFO] [stdout] 
[INFO] [stdout] warning: method `to_base` is never used
[INFO] [stdout]    --> src/client.rs:107:8
[INFO] [stdout]     |
[INFO] [stdout] 106 | impl Config {
[INFO] [stdout]     | ----------- method in this implementation
[INFO] [stdout] 107 |     fn to_base(&self) -> String {
[INFO] [stdout]     |        ^^^^^^^
[INFO] [stdout] 
[INFO] [stdout] 
[INFO] [stdout] warning: associated functions `extension_with_params` and `index` are never used
[INFO] [stdout]    --> src/client.rs:126:8
[INFO] [stdout]     |
[INFO] [stdout] 112 | pub (crate) trait CollectionRouter {
[INFO] [stdout]     |                   ---------------- associated functions in this trait
[INFO] [stdout] ...
[INFO] [stdout] 126 |     fn extension_with_params<P: Serialize>(collection_name: &str, endpoint: API, params: P) -> Result<String> {
[INFO] [stdout]     |        ^^^^^^^^^^^^^^^^^^^^^
[INFO] [stdout] ...
[INFO] [stdout] 134 |     fn index(collection_name: &str) -> String {
[INFO] [stdout]     |        ^^^^^
[INFO] [stdout] 
[INFO] [stdout] 
[INFO] [stdout] warning: associated items `delete_many`, `update_many`, and `replace_many` are never used
[INFO] [stdout]    --> src/document.rs:130:14
[INFO] [stdout]     |
[INFO] [stdout] 50  | impl Document {
[INFO] [stdout]     | ------------- associated items in this implementation
[INFO] [stdout] ...
[INFO] [stdout] 130 |     async fn delete_many<S: Serialize + Sized + Sync + Send, R: Serialize + DeserializeOwned + Sync + Send>(&self, keys: &Vec<S>) -> Resu...
[INFO] [stdout]     |              ^^^^^^^^^^^
[INFO] [stdout] ...
[INFO] [stdout] 144 |     async fn update_many<R: Serialize + DeserializeOwned + Sync + Send>(&self, documents: &Vec<Doc<R>>) -> Result<()> {
[INFO] [stdout]     |              ^^^^^^^^^^^
[INFO] [stdout] ...
[INFO] [stdout] 154 |     async fn replace_many<R: Serialize + DeserializeOwned + Sync + Send>(client: &Client, documents: &Vec<Doc<R>>) -> Result<()> {
[INFO] [stdout]     |              ^^^^^^^^^^^^
[INFO] [stdout] 
[INFO] [stdout] 
[INFO] [stdout] warning: field `inner` is never read
[INFO] [stdout]    --> src/document.rs:206:13
[INFO] [stdout]     |
[INFO] [stdout] 205 |         struct Wrapper<T>{
[INFO] [stdout]     |                ------- field in this struct
[INFO] [stdout] 206 |             inner: T
[INFO] [stdout]     |             ^^^^^
[INFO] [stdout] 
[INFO] [stdout] 
[INFO] [stderr]     Finished `test` profile [unoptimized + debuginfo] target(s) in 15.27s
[INFO] running `Command { std: "docker" "inspect" "35ea395e6283c82e13342691ba1ccdbe686f9be3c16a53e0a5812d7a3a120af8", kill_on_drop: false }`
[INFO] running `Command { std: "docker" "rm" "-f" "35ea395e6283c82e13342691ba1ccdbe686f9be3c16a53e0a5812d7a3a120af8", kill_on_drop: false }`
[INFO] [stdout] 35ea395e6283c82e13342691ba1ccdbe686f9be3c16a53e0a5812d7a3a120af8
[INFO] running `Command { std: "docker" "create" "-v" "/var/lib/crater-agent-workspace/builds/worker-3-tc1/target:/opt/rustwide/target:rw,Z" "-v" "/var/lib/crater-agent-workspace/builds/worker-3-tc1/source:/opt/rustwide/workdir:ro,Z" "-v" "/var/lib/crater-agent-workspace/cargo-home:/opt/rustwide/cargo-home:ro,Z" "-v" "/var/lib/crater-agent-workspace/rustup-home:/opt/rustwide/rustup-home:ro,Z" "-e" "SOURCE_DIR=/opt/rustwide/workdir" "-e" "CARGO_TARGET_DIR=/opt/rustwide/target" "-e" "CARGO_INCREMENTAL=0" "-e" "RUST_BACKTRACE=full" "-e" "RUSTFLAGS=--cap-lints=forbid" "-e" "RUSTDOCFLAGS=--cap-lints=forbid" "-e" "CARGO_HOME=/opt/rustwide/cargo-home" "-e" "RUSTUP_HOME=/opt/rustwide/rustup-home" "-w" "/opt/rustwide/workdir" "-m" "1610612736" "--user" "0:0" "--network" "none" "ghcr.io/rust-lang/crates-build-env/linux@sha256:4a844ea9eb2546a2d2c7022eacef16ef2e8229c7fbb2c7d4d55a9ceca922f72d" "/opt/rustwide/cargo-home/bin/cargo" "+nightly-2024-10-28" "test" "--frozen", kill_on_drop: false }`
[INFO] [stdout] d14132a99aa0afbe3b5a4d09856224ce45093595c2608d3cee4c7f4815511d35
[INFO] running `Command { std: "docker" "start" "-a" "d14132a99aa0afbe3b5a4d09856224ce45093595c2608d3cee4c7f4815511d35", kill_on_drop: false }`
[INFO] [stderr] warning: variant `Graph` is never constructed
[INFO] [stderr]  --> src/api.rs:7:5
[INFO] [stderr]   |
[INFO] [stderr] 4 | pub (crate) enum API {
[INFO] [stderr]   |                  --- variant in this enum
[INFO] [stderr] ...
[INFO] [stderr] 7 |     Graph(Graph),
[INFO] [stderr]   |     ^^^^^
[INFO] [stderr]   |
[INFO] [stderr]   = note: `#[warn(dead_code)]` on by default
[INFO] [stderr] 
[INFO] [stderr] warning: variants `ResponsibleShard` and `Shards` are never constructed
[INFO] [stderr]   --> src/api.rs:18:5
[INFO] [stderr]    |
[INFO] [stderr] 13 | pub (crate) enum Collection {
[INFO] [stderr]    |                  ---------- variants in this enum
[INFO] [stderr] ...
[INFO] [stderr] 18 |     ResponsibleShard,
[INFO] [stderr]    |     ^^^^^^^^^^^^^^^^
[INFO] [stderr] 19 |     Shards,
[INFO] [stderr]    |     ^^^^^^
[INFO] [stderr] 
[INFO] [stderr] warning: variants `Function` and `Rules` are never constructed
[INFO] [stderr]   --> src/api.rs:41:5
[INFO] [stderr]    |
[INFO] [stderr] 39 | pub (crate) enum Query {
[INFO] [stderr]    |                  ----- variants in this enum
[INFO] [stderr] 40 |     Cursor,
[INFO] [stderr] 41 |     Function,
[INFO] [stderr]    |     ^^^^^^^^
[INFO] [stderr] ...
[INFO] [stderr] 47 |     Rules,
[INFO] [stderr]    |     ^^^^^
[INFO] [stderr] 
[INFO] [stderr] warning: variants `Base` and `Edge` are never constructed
[INFO] [stderr]   --> src/api.rs:52:5
[INFO] [stderr]    |
[INFO] [stderr] 51 | pub (crate) enum Graph {
[INFO] [stderr]    |                  ----- variants in this enum
[INFO] [stderr] 52 |     Base,
[INFO] [stderr]    |     ^^^^
[INFO] [stderr] 53 |     Edge,
[INFO] [stderr]    |     ^^^^
[INFO] [stderr] 
[INFO] [stderr] warning: method `to_base` is never used
[INFO] [stderr]    --> src/client.rs:107:8
[INFO] [stderr]     |
[INFO] [stderr] 106 | impl Config {
[INFO] [stderr]     | ----------- method in this implementation
[INFO] [stderr] 107 |     fn to_base(&self) -> String {
[INFO] [stderr]     |        ^^^^^^^
[INFO] [stderr] 
[INFO] [stderr] warning: associated functions `extension_with_params` and `index` are never used
[INFO] [stderr]    --> src/client.rs:126:8
[INFO] [stderr]     |
[INFO] [stderr] 112 | pub (crate) trait CollectionRouter {
[INFO] [stderr]     |                   ---------------- associated functions in this trait
[INFO] [stderr] ...
[INFO] [stderr] 126 |     fn extension_with_params<P: Serialize>(collection_name: &str, endpoint: API, params: P) -> Result<String> {
[INFO] [stderr]     |        ^^^^^^^^^^^^^^^^^^^^^
[INFO] [stderr] ...
[INFO] [stderr] 134 |     fn index(collection_name: &str) -> String {
[INFO] [stderr]     |        ^^^^^
[INFO] [stderr] 
[INFO] [stderr] warning: associated items `delete_many`, `update_many`, and `replace_many` are never used
[INFO] [stderr]    --> src/document.rs:130:14
[INFO] [stderr]     |
[INFO] [stderr] 50  | impl Document {
[INFO] [stderr]     | ------------- associated items in this implementation
[INFO] [stderr] ...
[INFO] [stderr] 130 |     async fn delete_many<S: Serialize + Sized + Sync + Send, R: Serialize + DeserializeOwned + Sync + Send>(&self, keys: &Vec<S>) -> Resu...
[INFO] [stderr]     |              ^^^^^^^^^^^
[INFO] [stderr] ...
[INFO] [stderr] 144 |     async fn update_many<R: Serialize + DeserializeOwned + Sync + Send>(&self, documents: &Vec<Doc<R>>) -> Result<()> {
[INFO] [stderr]     |              ^^^^^^^^^^^
[INFO] [stderr] ...
[INFO] [stderr] 154 |     async fn replace_many<R: Serialize + DeserializeOwned + Sync + Send>(client: &Client, documents: &Vec<Doc<R>>) -> Result<()> {
[INFO] [stderr]     |              ^^^^^^^^^^^^
[INFO] [stderr] 
[INFO] [stderr] warning: field `inner` is never read
[INFO] [stderr]    --> src/document.rs:206:13
[INFO] [stderr]     |
[INFO] [stderr] 205 |         struct Wrapper<T>{
[INFO] [stderr]     |                ------- field in this struct
[INFO] [stderr] 206 |             inner: T
[INFO] [stderr]     |             ^^^^^
[INFO] [stderr] 
[INFO] [stderr] warning: `blandango` (lib) generated 7 warnings
[INFO] [stderr] warning: `blandango` (lib test) generated 8 warnings (7 duplicates)
[INFO] [stderr] warning: function `setup_edge_collection` is never used
[INFO] [stderr]   --> tests/model/mod.rs:42:14
[INFO] [stderr]    |
[INFO] [stderr] 42 | pub async fn setup_edge_collection(name: &str) -> Properties {
[INFO] [stderr]    |              ^^^^^^^^^^^^^^^^^^^^^
[INFO] [stderr]    |
[INFO] [stderr]    = note: `#[warn(dead_code)]` on by default
[INFO] [stderr] 
[INFO] [stderr] warning: function `setup_collection` is never used
[INFO] [stderr]   --> tests/model/mod.rs:27:14
[INFO] [stderr]    |
[INFO] [stderr] 27 | pub async fn setup_collection(name: &str) -> Properties {
[INFO] [stderr]    |              ^^^^^^^^^^^^^^^^
[INFO] [stderr]    |
[INFO] [stderr]    = note: `#[warn(dead_code)]` on by default
[INFO] [stderr] 
[INFO] [stderr] warning: function `setup_edge_collection` is never used
[INFO] [stderr]   --> tests/model/mod.rs:42:14
[INFO] [stderr]    |
[INFO] [stderr] 42 | pub async fn setup_edge_collection(name: &str) -> Properties {
[INFO] [stderr]    |              ^^^^^^^^^^^^^^^^^^^^^
[INFO] [stderr] 
[INFO] [stderr] warning: function `teardown` is never used
[INFO] [stderr]   --> tests/model/mod.rs:58:14
[INFO] [stderr]    |
[INFO] [stderr] 58 | pub async fn teardown(name: &str) {
[INFO] [stderr]    |              ^^^^^^^^
[INFO] [stderr] 
[INFO] [stderr] warning: `blandango` (test "query_tests") generated 1 warning
[INFO] [stderr] warning: `blandango` (test "indexes_tests") generated 1 warning (1 duplicate)
[INFO] [stderr] warning: `blandango` (test "collection_tests") generated 3 warnings
[INFO] [stderr] warning: `blandango` (test "database_tests") generated 3 warnings (3 duplicates)
[INFO] [stderr]     Finished `test` profile [unoptimized + debuginfo] target(s) in 0.10s
[INFO] [stderr]      Running unittests src/lib.rs (/opt/rustwide/target/debug/deps/blandango-1cabccc0f7ad56fa)
[INFO] [stdout] 
[INFO] [stdout] running 5 tests
[INFO] [stdout] test document::test::test_edge_deserialize ... ok
[INFO] [stdout] test client::test::test_invalid_uri ... ok
[INFO] [stdout] test client::test::test_bad_connection ... ok
[INFO] [stdout] test client::test::test_404 ... ok
[INFO] [stdout] test document::test::test_name_scheme ... ok
[INFO] [stdout] 
[INFO] [stdout] test result: ok. 5 passed; 0 failed; 0 ignored; 0 measured; 0 filtered out; finished in 0.01s
[INFO] [stdout] 
[INFO] [stderr]      Running tests/collection_tests.rs (/opt/rustwide/target/debug/deps/collection_tests-68749386adde6775)
[INFO] [stdout] 
[INFO] [stdout] running 2 tests
[INFO] [stdout] test test_string_parse ... ok
[INFO] [stdout] test test_collection ... FAILED
[INFO] [stdout] 
[INFO] [stdout] failures:
[INFO] [stdout] 
[INFO] [stdout] ---- test_collection stdout ----
[INFO] [stdout] secret: "YmxhbmRhbmdvOmJsYW5kYW5nbw=="
[INFO] [stdout] thread 'test_collection' panicked at tests/collection_tests.rs:30:75:
[INFO] [stdout] called `Result::unwrap()` on an `Err` value: Client(hyper::Error(Connect, ConnectError("tcp connect error", Os { code: 99, kind: AddrNotAvailable, message: "Cannot assign requested address" })))
[INFO] [stdout] stack backtrace:
[INFO] [stdout]    0:     0x55d51e5cb6ea - std::backtrace_rs::backtrace::libunwind::trace::h207520d6e9873551
[INFO] [stdout]                                at /rustc/df4ca44d3fbc9301ee17f30f4d474e6ae4b05252/library/std/src/../../backtrace/src/backtrace/libunwind.rs:116:5
[INFO] [stdout]    1:     0x55d51e5cb6ea - std::backtrace_rs::backtrace::trace_unsynchronized::h2ed7433f370e3eca
[INFO] [stdout]                                at /rustc/df4ca44d3fbc9301ee17f30f4d474e6ae4b05252/library/std/src/../../backtrace/src/backtrace/mod.rs:66:5
[INFO] [stdout]    2:     0x55d51e5cb6ea - std::sys::backtrace::_print_fmt::h916fac51166b18d7
[INFO] [stdout]                                at /rustc/df4ca44d3fbc9301ee17f30f4d474e6ae4b05252/library/std/src/sys/backtrace.rs:66:9
[INFO] [stdout]    3:     0x55d51e5cb6ea - <std::sys::backtrace::BacktraceLock::print::DisplayBacktrace as core::fmt::Display>::fmt::ha0a4c9b8ce3802e6
[INFO] [stdout]                                at /rustc/df4ca44d3fbc9301ee17f30f4d474e6ae4b05252/library/std/src/sys/backtrace.rs:39:26
[INFO] [stdout]    4:     0x55d51e5f6623 - core::fmt::rt::Argument::fmt::h4cfc8587d52b3eb5
[INFO] [stdout]                                at /rustc/df4ca44d3fbc9301ee17f30f4d474e6ae4b05252/library/core/src/fmt/rt.rs:177:76
[INFO] [stdout]    5:     0x55d51e5f6623 - core::fmt::write::h522cc39e5b36ae9f
[INFO] [stdout]                                at /rustc/df4ca44d3fbc9301ee17f30f4d474e6ae4b05252/library/core/src/fmt/mod.rs:1190:21
[INFO] [stdout]    6:     0x55d51e5c7753 - std::io::Write::write_fmt::h7d3c26752da97734
[INFO] [stdout]                                at /rustc/df4ca44d3fbc9301ee17f30f4d474e6ae4b05252/library/std/src/io/mod.rs:1839:15
[INFO] [stdout]    7:     0x55d51e5cb532 - std::sys::backtrace::BacktraceLock::print::h4b9e00b29e9c0942
[INFO] [stdout]                                at /rustc/df4ca44d3fbc9301ee17f30f4d474e6ae4b05252/library/std/src/sys/backtrace.rs:42:9
[INFO] [stdout]    8:     0x55d51e5ccb7a - std::panicking::default_hook::{{closure}}::hb59b88280d0324d9
[INFO] [stdout]                                at /rustc/df4ca44d3fbc9301ee17f30f4d474e6ae4b05252/library/std/src/panicking.rs:268:22
[INFO] [stdout]    9:     0x55d51e5cc984 - std::panicking::default_hook::he1dd496665be4a29
[INFO] [stdout]                                at /rustc/df4ca44d3fbc9301ee17f30f4d474e6ae4b05252/library/std/src/panicking.rs:292:9
[INFO] [stdout]   10:     0x55d51e10a519 - <alloc::boxed::Box<F,A> as core::ops::function::Fn<Args>>::call::h4ff71de18744e1dc
[INFO] [stdout]                                at /rustc/df4ca44d3fbc9301ee17f30f4d474e6ae4b05252/library/alloc/src/boxed.rs:2468:9
[INFO] [stdout]   11:     0x55d51e10a519 - test::test_main::{{closure}}::hcf7c055ce117aa81
[INFO] [stdout]                                at /rustc/df4ca44d3fbc9301ee17f30f4d474e6ae4b05252/library/test/src/lib.rs:133:21
[INFO] [stdout]   12:     0x55d51e5cd278 - <alloc::boxed::Box<F,A> as core::ops::function::Fn<Args>>::call::h1d66c6bbd60c9692
[INFO] [stdout]                                at /rustc/df4ca44d3fbc9301ee17f30f4d474e6ae4b05252/library/alloc/src/boxed.rs:2468:9
[INFO] [stdout]   13:     0x55d51e5cd278 - std::panicking::rust_panic_with_hook::h2ff17fe8f26dfcf8
[INFO] [stdout]                                at /rustc/df4ca44d3fbc9301ee17f30f4d474e6ae4b05252/library/std/src/panicking.rs:809:13
[INFO] [stdout]   14:     0x55d51e5cd03a - std::panicking::begin_panic_handler::{{closure}}::h4fad77951c07e101
[INFO] [stdout]                                at /rustc/df4ca44d3fbc9301ee17f30f4d474e6ae4b05252/library/std/src/panicking.rs:674:13
[INFO] [stdout]   15:     0x55d51e5cbbc9 - std::sys::backtrace::__rust_end_short_backtrace::hb1a25b3da5d0ea08
[INFO] [stdout]                                at /rustc/df4ca44d3fbc9301ee17f30f4d474e6ae4b05252/library/std/src/sys/backtrace.rs:170:18
[INFO] [stdout]   16:     0x55d51e5ccccc - rust_begin_unwind
[INFO] [stdout]                                at /rustc/df4ca44d3fbc9301ee17f30f4d474e6ae4b05252/library/std/src/panicking.rs:665:5
[INFO] [stdout]   17:     0x55d51e5f4790 - core::panicking::panic_fmt::ha9db07b529f9b256
[INFO] [stdout]                                at /rustc/df4ca44d3fbc9301ee17f30f4d474e6ae4b05252/library/core/src/panicking.rs:75:14
[INFO] [stdout]   18:     0x55d51e5f4c76 - core::result::unwrap_failed::h5e8218e4d4338b8a
[INFO] [stdout]                                at /rustc/df4ca44d3fbc9301ee17f30f4d474e6ae4b05252/library/core/src/result.rs:1698:5
[INFO] [stdout]   19:     0x55d51e05fa38 - core::result::Result<T,E>::unwrap::h515714d5f6a59af5
[INFO] [stdout]                                at /rustc/df4ca44d3fbc9301ee17f30f4d474e6ae4b05252/library/core/src/result.rs:1103:23
[INFO] [stdout]   20:     0x55d51e05fa38 - collection_tests::test_collection::{{closure}}::h3c2144400178f410
[INFO] [stdout]                                at /opt/rustwide/workdir/tests/collection_tests.rs:30:34
[INFO] [stdout]   21:     0x55d51dfcdd22 - <core::pin::Pin<P> as core::future::future::Future>::poll::hd0fceb7deb4c3065
[INFO] [stdout]                                at /rustc/df4ca44d3fbc9301ee17f30f4d474e6ae4b05252/library/core/src/future/future.rs:123:9
[INFO] [stdout]   22:     0x55d51dfcda3d - <core::pin::Pin<P> as core::future::future::Future>::poll::h4822abf1d0edf9e8
[INFO] [stdout]                                at /rustc/df4ca44d3fbc9301ee17f30f4d474e6ae4b05252/library/core/src/future/future.rs:123:9
[INFO] [stdout]   23:     0x55d51e049e6f - tokio::runtime::scheduler::current_thread::CoreGuard::block_on::{{closure}}::{{closure}}::{{closure}}::h3de2a7192524827a
[INFO] [stdout]                                at /opt/rustwide/cargo-home/registry/src/index.crates.io-6f17d22bba15001f/tokio-1.29.1/src/runtime/scheduler/current_thread.rs:651:57
[INFO] [stdout]   24:     0x55d51e049da5 - tokio::runtime::coop::with_budget::h575f21c16cc98c07
[INFO] [stdout]                                at /opt/rustwide/cargo-home/registry/src/index.crates.io-6f17d22bba15001f/tokio-1.29.1/src/runtime/coop.rs:107:5
[INFO] [stdout]   25:     0x55d51e049da5 - tokio::runtime::coop::budget::h1a58e96f1d60f5a6
[INFO] [stdout]                                at /opt/rustwide/cargo-home/registry/src/index.crates.io-6f17d22bba15001f/tokio-1.29.1/src/runtime/coop.rs:73:5
[INFO] [stdout]   26:     0x55d51e049da5 - tokio::runtime::scheduler::current_thread::CoreGuard::block_on::{{closure}}::{{closure}}::h01ff96524dc45593
[INFO] [stdout]                                at /opt/rustwide/cargo-home/registry/src/index.crates.io-6f17d22bba15001f/tokio-1.29.1/src/runtime/scheduler/current_thread.rs:651:25
[INFO] [stdout]   27:     0x55d51e048b50 - tokio::runtime::scheduler::current_thread::Context::enter::hf97dcb0190905962
[INFO] [stdout]                                at /opt/rustwide/cargo-home/registry/src/index.crates.io-6f17d22bba15001f/tokio-1.29.1/src/runtime/scheduler/current_thread.rs:410:19
[INFO] [stdout]   28:     0x55d51e04960e - tokio::runtime::scheduler::current_thread::CoreGuard::block_on::{{closure}}::h96bb3da992669cf7
[INFO] [stdout]                                at /opt/rustwide/cargo-home/registry/src/index.crates.io-6f17d22bba15001f/tokio-1.29.1/src/runtime/scheduler/current_thread.rs:650:36
[INFO] [stdout]   29:     0x55d51e049384 - tokio::runtime::scheduler::current_thread::CoreGuard::enter::{{closure}}::hf8eade2f33aeeb5b
[INFO] [stdout]                                at /opt/rustwide/cargo-home/registry/src/index.crates.io-6f17d22bba15001f/tokio-1.29.1/src/runtime/scheduler/current_thread.rs:729:68
[INFO] [stdout]   30:     0x55d51df8ba5b - tokio::runtime::context::scoped::Scoped<T>::set::hb1df4f67262afd0b
[INFO] [stdout]                                at /opt/rustwide/cargo-home/registry/src/index.crates.io-6f17d22bba15001f/tokio-1.29.1/src/runtime/context/scoped.rs:40:9
[INFO] [stdout]   31:     0x55d51dfcd3b9 - tokio::runtime::context::set_scheduler::{{closure}}::h285c3fd9491522f8
[INFO] [stdout]                                at /opt/rustwide/cargo-home/registry/src/index.crates.io-6f17d22bba15001f/tokio-1.29.1/src/runtime/context.rs:176:26
[INFO] [stdout]   32:     0x55d51e0a9b9d - std::thread::local::LocalKey<T>::try_with::h0f9c474da4fa4123
[INFO] [stdout]                                at /rustc/df4ca44d3fbc9301ee17f30f4d474e6ae4b05252/library/std/src/thread/local.rs:283:12
[INFO] [stdout]   33:     0x55d51e0a987a - std::thread::local::LocalKey<T>::with::h6f150e1897113405
[INFO] [stdout]                                at /rustc/df4ca44d3fbc9301ee17f30f4d474e6ae4b05252/library/std/src/thread/local.rs:260:9
[INFO] [stdout]   34:     0x55d51dfcd36d - tokio::runtime::context::set_scheduler::h55a707e8d735be09
[INFO] [stdout]                                at /opt/rustwide/cargo-home/registry/src/index.crates.io-6f17d22bba15001f/tokio-1.29.1/src/runtime/context.rs:176:9
[INFO] [stdout]   35:     0x55d51e049130 - tokio::runtime::scheduler::current_thread::CoreGuard::enter::h1ce649bab9390df8
[INFO] [stdout]                                at /opt/rustwide/cargo-home/registry/src/index.crates.io-6f17d22bba15001f/tokio-1.29.1/src/runtime/scheduler/current_thread.rs:729:27
[INFO] [stdout]   36:     0x55d51e0493a3 - tokio::runtime::scheduler::current_thread::CoreGuard::block_on::he676f41ce9d618e7
[INFO] [stdout]                                at /opt/rustwide/cargo-home/registry/src/index.crates.io-6f17d22bba15001f/tokio-1.29.1/src/runtime/scheduler/current_thread.rs:638:19
[INFO] [stdout]   37:     0x55d51e045a4d - tokio::runtime::scheduler::current_thread::CurrentThread::block_on::{{closure}}::h755c22e1d4fd9271
[INFO] [stdout]                                at /opt/rustwide/cargo-home/registry/src/index.crates.io-6f17d22bba15001f/tokio-1.29.1/src/runtime/scheduler/current_thread.rs:175:28
[INFO] [stdout]   38:     0x55d51dfa5c36 - tokio::runtime::context::runtime::enter_runtime::h49e7283cc27bcc17
[INFO] [stdout]                                at /opt/rustwide/cargo-home/registry/src/index.crates.io-6f17d22bba15001f/tokio-1.29.1/src/runtime/context/runtime.rs:65:16
[INFO] [stdout]   39:     0x55d51e045961 - tokio::runtime::scheduler::current_thread::CurrentThread::block_on::hdb23bd5f92a66686
[INFO] [stdout]                                at /opt/rustwide/cargo-home/registry/src/index.crates.io-6f17d22bba15001f/tokio-1.29.1/src/runtime/scheduler/current_thread.rs:167:9
[INFO] [stdout]   40:     0x55d51e0b5e2d - tokio::runtime::runtime::Runtime::block_on::h025ab3afb7ac0e4d
[INFO] [stdout]                                at /opt/rustwide/cargo-home/registry/src/index.crates.io-6f17d22bba15001f/tokio-1.29.1/src/runtime/runtime.rs:311:47
[INFO] [stdout]   41:     0x55d51e05f3a2 - collection_tests::test_collection::h39e520bbeafe1377
[INFO] [stdout]                                at /opt/rustwide/workdir/tests/collection_tests.rs:79:5
[INFO] [stdout]   42:     0x55d51e05f237 - collection_tests::test_collection::{{closure}}::hf0036c5c4ec16fa9
[INFO] [stdout]                                at /opt/rustwide/workdir/tests/collection_tests.rs:20:27
[INFO] [stdout]   43:     0x55d51df44b76 - core::ops::function::FnOnce::call_once::hf3e263a56cd5941a
[INFO] [stdout]                                at /rustc/df4ca44d3fbc9301ee17f30f4d474e6ae4b05252/library/core/src/ops/function.rs:250:5
[INFO] [stdout]   44:     0x55d51e10edeb - core::ops::function::FnOnce::call_once::h22c3ba5715e93f05
[INFO] [stdout]                                at /rustc/df4ca44d3fbc9301ee17f30f4d474e6ae4b05252/library/core/src/ops/function.rs:250:5
[INFO] [stdout]   45:     0x55d51e10edeb - test::__rust_begin_short_backtrace::h8e82d8113d0da17f
[INFO] [stdout]                                at /rustc/df4ca44d3fbc9301ee17f30f4d474e6ae4b05252/library/test/src/lib.rs:621:18
[INFO] [stdout]   46:     0x55d51e10e767 - test::run_test_in_process::{{closure}}::h33235f4f20b7b7c7
[INFO] [stdout]                                at /rustc/df4ca44d3fbc9301ee17f30f4d474e6ae4b05252/library/test/src/lib.rs:644:60
[INFO] [stdout]   47:     0x55d51e10e767 - <core::panic::unwind_safe::AssertUnwindSafe<F> as core::ops::function::FnOnce<()>>::call_once::hb5043206310c586f
[INFO] [stdout]                                at /rustc/df4ca44d3fbc9301ee17f30f4d474e6ae4b05252/library/core/src/panic/unwind_safe.rs:272:9
[INFO] [stdout]   48:     0x55d51e10e767 - std::panicking::try::do_call::h9ad4731a60ab23e2
[INFO] [stdout]                                at /rustc/df4ca44d3fbc9301ee17f30f4d474e6ae4b05252/library/std/src/panicking.rs:557:40
[INFO] [stdout]   49:     0x55d51e10e767 - std::panicking::try::h3824d23db772a716
[INFO] [stdout]                                at /rustc/df4ca44d3fbc9301ee17f30f4d474e6ae4b05252/library/std/src/panicking.rs:520:19
[INFO] [stdout]   50:     0x55d51e10e767 - std::panic::catch_unwind::h5afd514605fde46b
[INFO] [stdout]                                at /rustc/df4ca44d3fbc9301ee17f30f4d474e6ae4b05252/library/std/src/panic.rs:358:14
[INFO] [stdout]   51:     0x55d51e10e767 - test::run_test_in_process::h0d5cbfa7067d1720
[INFO] [stdout]                                at /rustc/df4ca44d3fbc9301ee17f30f4d474e6ae4b05252/library/test/src/lib.rs:644:27
[INFO] [stdout]   52:     0x55d51e10e767 - test::run_test::{{closure}}::h708eb8872708115d
[INFO] [stdout]                                at /rustc/df4ca44d3fbc9301ee17f30f4d474e6ae4b05252/library/test/src/lib.rs:565:43
[INFO] [stdout]   53:     0x55d51e0d1e84 - test::run_test::{{closure}}::h392c51cee94713ab
[INFO] [stdout]                                at /rustc/df4ca44d3fbc9301ee17f30f4d474e6ae4b05252/library/test/src/lib.rs:595:41
[INFO] [stdout]   54:     0x55d51e0d1e84 - std::sys::backtrace::__rust_begin_short_backtrace::h2f40290710935a8b
[INFO] [stdout]                                at /rustc/df4ca44d3fbc9301ee17f30f4d474e6ae4b05252/library/std/src/sys/backtrace.rs:154:18
[INFO] [stdout]   55:     0x55d51e0d562e - std::thread::Builder::spawn_unchecked_::{{closure}}::{{closure}}::h3fd968d89053a903
[INFO] [stdout]                                at /rustc/df4ca44d3fbc9301ee17f30f4d474e6ae4b05252/library/std/src/thread/mod.rs:541:17
[INFO] [stdout]   56:     0x55d51e0d562e - <core::panic::unwind_safe::AssertUnwindSafe<F> as core::ops::function::FnOnce<()>>::call_once::h743f637ba4229880
[INFO] [stdout]                                at /rustc/df4ca44d3fbc9301ee17f30f4d474e6ae4b05252/library/core/src/panic/unwind_safe.rs:272:9
[INFO] [stdout]   57:     0x55d51e0d562e - std::panicking::try::do_call::h07440897322525a6
[INFO] [stdout]                                at /rustc/df4ca44d3fbc9301ee17f30f4d474e6ae4b05252/library/std/src/panicking.rs:557:40
[INFO] [stdout]   58:     0x55d51e0d562e - std::panicking::try::he5a2e00188156637
[INFO] [stdout]                                at /rustc/df4ca44d3fbc9301ee17f30f4d474e6ae4b05252/library/std/src/panicking.rs:520:19
[INFO] [stdout]   59:     0x55d51e0d562e - std::panic::catch_unwind::hbaf3cae49b3c6433
[INFO] [stdout]                                at /rustc/df4ca44d3fbc9301ee17f30f4d474e6ae4b05252/library/std/src/panic.rs:358:14
[INFO] [stdout]   60:     0x55d51e0d562e - std::thread::Builder::spawn_unchecked_::{{closure}}::h8e141ea224820bce
[INFO] [stdout]                                at /rustc/df4ca44d3fbc9301ee17f30f4d474e6ae4b05252/library/std/src/thread/mod.rs:540:30
[INFO] [stdout]   61:     0x55d51e0d562e - core::ops::function::FnOnce::call_once{{vtable.shim}}::h90d312fedd7b8ea8
[INFO] [stdout]                                at /rustc/df4ca44d3fbc9301ee17f30f4d474e6ae4b05252/library/core/src/ops/function.rs:250:5
[INFO] [stdout]   62:     0x55d51e5d12fb - <alloc::boxed::Box<F,A> as core::ops::function::FnOnce<Args>>::call_once::h69aa08ddb6adb8b6
[INFO] [stdout]                                at /rustc/df4ca44d3fbc9301ee17f30f4d474e6ae4b05252/library/alloc/src/boxed.rs:2454:9
[INFO] [stdout]   63:     0x55d51e5d12fb - <alloc::boxed::Box<F,A> as core::ops::function::FnOnce<Args>>::call_once::h5aa36efdb79c806f
[INFO] [stdout]                                at /rustc/df4ca44d3fbc9301ee17f30f4d474e6ae4b05252/library/alloc/src/boxed.rs:2454:9
[INFO] [stdout]   64:     0x55d51e5d12fb - std::sys::pal::unix::thread::Thread::new::thread_start::h6cd80a1b4be5158d
[INFO] [stdout]                                at /rustc/df4ca44d3fbc9301ee17f30f4d474e6ae4b05252/library/std/src/sys/pal/unix/thread.rs:105:17
[INFO] [stdout]   65:     0x7fddce5dbac3 - <unknown>
[INFO] [stdout]   66:     0x7fddce66ca04 - clone
[INFO] [stdout]   67:                0x0 - <unknown>
[INFO] [stdout] 
[INFO] [stdout] 
[INFO] [stdout] failures:
[INFO] [stdout]     test_collection
[INFO] [stdout] 
[INFO] [stdout] test result: FAILED. 1 passed; 1 failed; 0 ignored; 0 measured; 0 filtered out; finished in 0.03s
[INFO] [stdout] 
[INFO] [stderr] error: test failed, to rerun pass `--test collection_tests`
[INFO] running `Command { std: "docker" "inspect" "d14132a99aa0afbe3b5a4d09856224ce45093595c2608d3cee4c7f4815511d35", kill_on_drop: false }`
[INFO] running `Command { std: "docker" "rm" "-f" "d14132a99aa0afbe3b5a4d09856224ce45093595c2608d3cee4c7f4815511d35", kill_on_drop: false }`
[INFO] [stdout] d14132a99aa0afbe3b5a4d09856224ce45093595c2608d3cee4c7f4815511d35
