[INFO] cloning repository https://github.com/BarneyCampbell/advent_of_code
[INFO] running `Command { std: "git" "-c" "credential.helper=" "-c" "credential.helper=/workspace/cargo-home/bin/git-credential-null" "clone" "--bare" "https://github.com/BarneyCampbell/advent_of_code" "/workspace/cache/git-repos/https%3A%2F%2Fgithub.com%2FBarneyCampbell%2Fadvent_of_code", kill_on_drop: false }`
[INFO] [stderr] Cloning into bare repository '/workspace/cache/git-repos/https%3A%2F%2Fgithub.com%2FBarneyCampbell%2Fadvent_of_code'...
[INFO] running `Command { std: "git" "rev-parse" "HEAD", kill_on_drop: false }`
[INFO] [stdout] 989ecebfd2c8f50faa0a020e016f4d9b40fd0f3e
[INFO] testing BarneyCampbell/advent_of_code/989ecebfd2c8f50faa0a020e016f4d9b40fd0f3e against nightly-2024-10-28+rustflags=-Zrandomize-layout for randomize-layout
[INFO] running `Command { std: "git" "clone" "/workspace/cache/git-repos/https%3A%2F%2Fgithub.com%2FBarneyCampbell%2Fadvent_of_code" "/workspace/builds/worker-2-tc2/source", kill_on_drop: false }`
[INFO] [stderr] Cloning into '/workspace/builds/worker-2-tc2/source'...
[INFO] [stderr] done.
[INFO] validating manifest of git repo https://github.com/BarneyCampbell/advent_of_code on toolchain nightly-2024-10-28
[INFO] running `Command { std: CARGO_HOME="/workspace/cargo-home" RUSTUP_HOME="/workspace/rustup-home" "/workspace/cargo-home/bin/cargo" "+nightly-2024-10-28" "metadata" "--manifest-path" "Cargo.toml" "--no-deps", kill_on_drop: false }`
[INFO] started tweaking git repo https://github.com/BarneyCampbell/advent_of_code
[INFO] finished tweaking git repo https://github.com/BarneyCampbell/advent_of_code
[INFO] tweaked toml for git repo https://github.com/BarneyCampbell/advent_of_code written to /workspace/builds/worker-2-tc2/source/Cargo.toml
[INFO] crate git repo https://github.com/BarneyCampbell/advent_of_code already has a lockfile, it will not be regenerated
[INFO] running `Command { std: CARGO_HOME="/workspace/cargo-home" RUSTUP_HOME="/workspace/rustup-home" "/workspace/cargo-home/bin/cargo" "+nightly-2024-10-28" "fetch" "--manifest-path" "Cargo.toml", kill_on_drop: false }`
[INFO] running `Command { std: "docker" "create" "-v" "/var/lib/crater-agent-workspace/builds/worker-2-tc2/target:/opt/rustwide/target:rw,Z" "-v" "/var/lib/crater-agent-workspace/builds/worker-2-tc2/source:/opt/rustwide/workdir:ro,Z" "-v" "/var/lib/crater-agent-workspace/cargo-home:/opt/rustwide/cargo-home:ro,Z" "-v" "/var/lib/crater-agent-workspace/rustup-home:/opt/rustwide/rustup-home:ro,Z" "-e" "SOURCE_DIR=/opt/rustwide/workdir" "-e" "CARGO_TARGET_DIR=/opt/rustwide/target" "-e" "CARGO_HOME=/opt/rustwide/cargo-home" "-e" "RUSTUP_HOME=/opt/rustwide/rustup-home" "-w" "/opt/rustwide/workdir" "-m" "1610612736" "--user" "0:0" "--network" "none" "ghcr.io/rust-lang/crates-build-env/linux@sha256:4a844ea9eb2546a2d2c7022eacef16ef2e8229c7fbb2c7d4d55a9ceca922f72d" "/opt/rustwide/cargo-home/bin/cargo" "+nightly-2024-10-28" "metadata" "--no-deps" "--format-version=1", kill_on_drop: false }`
[INFO] [stdout] 93aff267464bab3e650dfedf52cc998095a35ef70acab2954583abcbb41128ee
[INFO] running `Command { std: "docker" "start" "-a" "93aff267464bab3e650dfedf52cc998095a35ef70acab2954583abcbb41128ee", kill_on_drop: false }`
[INFO] running `Command { std: "docker" "inspect" "93aff267464bab3e650dfedf52cc998095a35ef70acab2954583abcbb41128ee", kill_on_drop: false }`
[INFO] running `Command { std: "docker" "rm" "-f" "93aff267464bab3e650dfedf52cc998095a35ef70acab2954583abcbb41128ee", kill_on_drop: false }`
[INFO] [stdout] 93aff267464bab3e650dfedf52cc998095a35ef70acab2954583abcbb41128ee
[INFO] running `Command { std: "docker" "create" "-v" "/var/lib/crater-agent-workspace/builds/worker-2-tc2/target:/opt/rustwide/target:rw,Z" "-v" "/var/lib/crater-agent-workspace/builds/worker-2-tc2/source:/opt/rustwide/workdir:ro,Z" "-v" "/var/lib/crater-agent-workspace/cargo-home:/opt/rustwide/cargo-home:ro,Z" "-v" "/var/lib/crater-agent-workspace/rustup-home:/opt/rustwide/rustup-home:ro,Z" "-e" "SOURCE_DIR=/opt/rustwide/workdir" "-e" "CARGO_TARGET_DIR=/opt/rustwide/target" "-e" "CARGO_INCREMENTAL=0" "-e" "RUST_BACKTRACE=full" "-e" "RUSTFLAGS=--cap-lints=forbid -Zrandomize-layout" "-e" "RUSTDOCFLAGS=--cap-lints=forbid" "-e" "CARGO_HOME=/opt/rustwide/cargo-home" "-e" "RUSTUP_HOME=/opt/rustwide/rustup-home" "-w" "/opt/rustwide/workdir" "-m" "1610612736" "--user" "0:0" "--network" "none" "ghcr.io/rust-lang/crates-build-env/linux@sha256:4a844ea9eb2546a2d2c7022eacef16ef2e8229c7fbb2c7d4d55a9ceca922f72d" "/opt/rustwide/cargo-home/bin/cargo" "+nightly-2024-10-28" "build" "--frozen" "--message-format=json", kill_on_drop: false }`
[INFO] [stdout] ad2ae21a1917500ec0f3f7b7ffed35e8e7420e9ad735f0a91cebd9b2c164e08a
[INFO] running `Command { std: "docker" "start" "-a" "ad2ae21a1917500ec0f3f7b7ffed35e8e7420e9ad735f0a91cebd9b2c164e08a", kill_on_drop: false }`
[INFO] [stderr]    Compiling either v1.9.0
[INFO] [stderr]    Compiling itertools v0.12.0
[INFO] [stderr]    Compiling advent_of_code v0.1.0 (/opt/rustwide/workdir)
[INFO] [stderr]     Finished `dev` profile [unoptimized + debuginfo] target(s) in 1.95s
[INFO] running `Command { std: "docker" "inspect" "ad2ae21a1917500ec0f3f7b7ffed35e8e7420e9ad735f0a91cebd9b2c164e08a", kill_on_drop: false }`
[INFO] running `Command { std: "docker" "rm" "-f" "ad2ae21a1917500ec0f3f7b7ffed35e8e7420e9ad735f0a91cebd9b2c164e08a", kill_on_drop: false }`
[INFO] [stdout] ad2ae21a1917500ec0f3f7b7ffed35e8e7420e9ad735f0a91cebd9b2c164e08a
[INFO] running `Command { std: "docker" "create" "-v" "/var/lib/crater-agent-workspace/builds/worker-2-tc2/target:/opt/rustwide/target:rw,Z" "-v" "/var/lib/crater-agent-workspace/builds/worker-2-tc2/source:/opt/rustwide/workdir:ro,Z" "-v" "/var/lib/crater-agent-workspace/cargo-home:/opt/rustwide/cargo-home:ro,Z" "-v" "/var/lib/crater-agent-workspace/rustup-home:/opt/rustwide/rustup-home:ro,Z" "-e" "SOURCE_DIR=/opt/rustwide/workdir" "-e" "CARGO_TARGET_DIR=/opt/rustwide/target" "-e" "CARGO_INCREMENTAL=0" "-e" "RUST_BACKTRACE=full" "-e" "RUSTFLAGS=--cap-lints=forbid -Zrandomize-layout" "-e" "RUSTDOCFLAGS=--cap-lints=forbid" "-e" "CARGO_HOME=/opt/rustwide/cargo-home" "-e" "RUSTUP_HOME=/opt/rustwide/rustup-home" "-w" "/opt/rustwide/workdir" "-m" "1610612736" "--user" "0:0" "--network" "none" "ghcr.io/rust-lang/crates-build-env/linux@sha256:4a844ea9eb2546a2d2c7022eacef16ef2e8229c7fbb2c7d4d55a9ceca922f72d" "/opt/rustwide/cargo-home/bin/cargo" "+nightly-2024-10-28" "test" "--frozen" "--no-run" "--message-format=json", kill_on_drop: false }`
[INFO] [stdout] ba5fb08104723d34297711ce95dba16a348610e7d72b983710194017b83b0ebe
[INFO] running `Command { std: "docker" "start" "-a" "ba5fb08104723d34297711ce95dba16a348610e7d72b983710194017b83b0ebe", kill_on_drop: false }`
[INFO] [stderr]    Compiling advent_of_code v0.1.0 (/opt/rustwide/workdir)
[INFO] [stderr]     Finished `test` profile [unoptimized + debuginfo] target(s) in 0.26s
[INFO] running `Command { std: "docker" "inspect" "ba5fb08104723d34297711ce95dba16a348610e7d72b983710194017b83b0ebe", kill_on_drop: false }`
[INFO] running `Command { std: "docker" "rm" "-f" "ba5fb08104723d34297711ce95dba16a348610e7d72b983710194017b83b0ebe", kill_on_drop: false }`
[INFO] [stdout] ba5fb08104723d34297711ce95dba16a348610e7d72b983710194017b83b0ebe
[INFO] running `Command { std: "docker" "create" "-v" "/var/lib/crater-agent-workspace/builds/worker-2-tc2/target:/opt/rustwide/target:rw,Z" "-v" "/var/lib/crater-agent-workspace/builds/worker-2-tc2/source:/opt/rustwide/workdir:ro,Z" "-v" "/var/lib/crater-agent-workspace/cargo-home:/opt/rustwide/cargo-home:ro,Z" "-v" "/var/lib/crater-agent-workspace/rustup-home:/opt/rustwide/rustup-home:ro,Z" "-e" "SOURCE_DIR=/opt/rustwide/workdir" "-e" "CARGO_TARGET_DIR=/opt/rustwide/target" "-e" "CARGO_INCREMENTAL=0" "-e" "RUST_BACKTRACE=full" "-e" "RUSTFLAGS=--cap-lints=forbid -Zrandomize-layout" "-e" "RUSTDOCFLAGS=--cap-lints=forbid" "-e" "CARGO_HOME=/opt/rustwide/cargo-home" "-e" "RUSTUP_HOME=/opt/rustwide/rustup-home" "-w" "/opt/rustwide/workdir" "-m" "1610612736" "--user" "0:0" "--network" "none" "ghcr.io/rust-lang/crates-build-env/linux@sha256:4a844ea9eb2546a2d2c7022eacef16ef2e8229c7fbb2c7d4d55a9ceca922f72d" "/opt/rustwide/cargo-home/bin/cargo" "+nightly-2024-10-28" "test" "--frozen", kill_on_drop: false }`
[INFO] [stdout] ffa5208830d74d9835312d9c134ac6c12f695e1e87a1a26f1912fe9abdda4f2a
[INFO] running `Command { std: "docker" "start" "-a" "ffa5208830d74d9835312d9c134ac6c12f695e1e87a1a26f1912fe9abdda4f2a", kill_on_drop: false }`
[INFO] [stderr]     Finished `test` profile [unoptimized + debuginfo] target(s) in 0.00s
[INFO] [stderr]      Running unittests src/aoc/aoc.rs (/opt/rustwide/target/debug/deps/aoc-7a798287cede1db2)
[INFO] [stdout] 
[INFO] [stdout] running 24 tests
[INFO] [stdout] test data_structures::vec2d_tests::create::create ... ok
[INFO] [stdout] test data_structures::vec2d_tests::create::from_str ... ok
[INFO] [stdout] test data_structures::vec2d_tests::get::get_element ... ok
[INFO] [stdout] test data_structures::vec2d_tests::get::get_element_value ... ok
[INFO] [stdout] test data_structures::vec2d_tests::get::get_out_of_bounds ... ok
[INFO] [stdout] test data_structures::vec2d_tests::insert_col::insert_col_end ... ok
[INFO] [stdout] test data_structures::vec2d_tests::insert_col::insert_col_mid ... ok
[INFO] [stdout] test data_structures::vec2d_tests::insert_col::insert_col_out_of_bounds ... ok
[INFO] [stdout] test data_structures::vec2d_tests::insert_col::insert_col_start ... ok
[INFO] [stdout] test data_structures::vec2d_tests::insert_row::inesrt_row_repeat ... ok
[INFO] [stdout] test data_structures::vec2d_tests::insert_row::insert_row_end ... ok
[INFO] [stdout] test data_structures::vec2d_tests::insert_row::insert_row_mid ... ok
[INFO] [stdout] test data_structures::vec2d_tests::insert_row::insert_row_out_of_bounds ... ok
[INFO] [stdout] test data_structures::vec2d_tests::insert_row::insert_row_start ... ok
[INFO] [stdout] test data_structures::vec2d_tests::iterators::iterator_cols ... ok
[INFO] [stdout] test data_structures::vec2d_tests::iterators::iterator_rows ... ok
[INFO] [stdout] test data_structures::vec2d_tests::iterators::iterator_values ... ok
[INFO] [stdout] test data_structures::vec2d_tests::replacing::replace_row_mid ... ok
[INFO] [stdout] test data_structures::vec2d_tests::set::set_out_of_bounds ... ok
[INFO] [stdout] test data_structures::vec2d_tests::set::set_element ... ok
[INFO] [stdout] test data_structures::vec2d_tests::splits::split_cols_mid ... ok
[INFO] [stdout] test data_structures::vec2d_tests::splits::split_rows_mid ... ok
[INFO] [stdout] test data_structures::vec2d_tests::insert_row::insert_row_too_large ... FAILED
[INFO] [stdout] test data_structures::vec2d_tests::insert_row::insert_row_too_small ... FAILED
[INFO] [stdout] 
[INFO] [stdout] failures:
[INFO] [stdout] 
[INFO] [stdout] ---- data_structures::vec2d_tests::insert_row::insert_row_too_large stdout ----
[INFO] [stdout] thread 'data_structures::vec2d_tests::insert_row::insert_row_too_large' panicked at src/aoc/data_structures.rs:527:17:
[INFO] [stdout] assertion failed: false
[INFO] [stdout] stack backtrace:
[INFO] [stdout]    0:     0x5d5f53967d0a - std::backtrace_rs::backtrace::libunwind::trace::h207520d6e9873551
[INFO] [stdout]                                at /rustc/df4ca44d3fbc9301ee17f30f4d474e6ae4b05252/library/std/src/../../backtrace/src/backtrace/libunwind.rs:116:5
[INFO] [stdout]    1:     0x5d5f53967d0a - std::backtrace_rs::backtrace::trace_unsynchronized::h2ed7433f370e3eca
[INFO] [stdout]                                at /rustc/df4ca44d3fbc9301ee17f30f4d474e6ae4b05252/library/std/src/../../backtrace/src/backtrace/mod.rs:66:5
[INFO] [stdout]    2:     0x5d5f53967d0a - std::sys::backtrace::_print_fmt::h916fac51166b18d7
[INFO] [stdout]                                at /rustc/df4ca44d3fbc9301ee17f30f4d474e6ae4b05252/library/std/src/sys/backtrace.rs:66:9
[INFO] [stdout]    3:     0x5d5f53967d0a - <std::sys::backtrace::BacktraceLock::print::DisplayBacktrace as core::fmt::Display>::fmt::ha0a4c9b8ce3802e6
[INFO] [stdout]                                at /rustc/df4ca44d3fbc9301ee17f30f4d474e6ae4b05252/library/std/src/sys/backtrace.rs:39:26
[INFO] [stdout]    4:     0x5d5f5398e2e3 - core::fmt::rt::Argument::fmt::h4cfc8587d52b3eb5
[INFO] [stdout]                                at /rustc/df4ca44d3fbc9301ee17f30f4d474e6ae4b05252/library/core/src/fmt/rt.rs:177:76
[INFO] [stdout]    5:     0x5d5f5398e2e3 - core::fmt::write::h522cc39e5b36ae9f
[INFO] [stdout]                                at /rustc/df4ca44d3fbc9301ee17f30f4d474e6ae4b05252/library/core/src/fmt/mod.rs:1190:21
[INFO] [stdout]    6:     0x5d5f53964973 - std::io::Write::write_fmt::h7d3c26752da97734
[INFO] [stdout]                                at /rustc/df4ca44d3fbc9301ee17f30f4d474e6ae4b05252/library/std/src/io/mod.rs:1839:15
[INFO] [stdout]    7:     0x5d5f53967b52 - std::sys::backtrace::BacktraceLock::print::h4b9e00b29e9c0942
[INFO] [stdout]                                at /rustc/df4ca44d3fbc9301ee17f30f4d474e6ae4b05252/library/std/src/sys/backtrace.rs:42:9
[INFO] [stdout]    8:     0x5d5f5396919a - std::panicking::default_hook::{{closure}}::hb59b88280d0324d9
[INFO] [stdout]                                at /rustc/df4ca44d3fbc9301ee17f30f4d474e6ae4b05252/library/std/src/panicking.rs:268:22
[INFO] [stdout]    9:     0x5d5f53968fa4 - std::panicking::default_hook::he1dd496665be4a29
[INFO] [stdout]                                at /rustc/df4ca44d3fbc9301ee17f30f4d474e6ae4b05252/library/std/src/panicking.rs:292:9
[INFO] [stdout]   10:     0x5d5f53932bb9 - <alloc::boxed::Box<F,A> as core::ops::function::Fn<Args>>::call::h4ff71de18744e1dc
[INFO] [stdout]                                at /rustc/df4ca44d3fbc9301ee17f30f4d474e6ae4b05252/library/alloc/src/boxed.rs:2468:9
[INFO] [stdout]   11:     0x5d5f53932bb9 - test::test_main::{{closure}}::hcf7c055ce117aa81
[INFO] [stdout]                                at /rustc/df4ca44d3fbc9301ee17f30f4d474e6ae4b05252/library/test/src/lib.rs:133:21
[INFO] [stdout]   12:     0x5d5f53969898 - <alloc::boxed::Box<F,A> as core::ops::function::Fn<Args>>::call::h1d66c6bbd60c9692
[INFO] [stdout]                                at /rustc/df4ca44d3fbc9301ee17f30f4d474e6ae4b05252/library/alloc/src/boxed.rs:2468:9
[INFO] [stdout]   13:     0x5d5f53969898 - std::panicking::rust_panic_with_hook::h2ff17fe8f26dfcf8
[INFO] [stdout]                                at /rustc/df4ca44d3fbc9301ee17f30f4d474e6ae4b05252/library/std/src/panicking.rs:809:13
[INFO] [stdout]   14:     0x5d5f53969626 - std::panicking::begin_panic_handler::{{closure}}::h4fad77951c07e101
[INFO] [stdout]                                at /rustc/df4ca44d3fbc9301ee17f30f4d474e6ae4b05252/library/std/src/panicking.rs:667:13
[INFO] [stdout]   15:     0x5d5f539681e9 - std::sys::backtrace::__rust_end_short_backtrace::hb1a25b3da5d0ea08
[INFO] [stdout]                                at /rustc/df4ca44d3fbc9301ee17f30f4d474e6ae4b05252/library/std/src/sys/backtrace.rs:170:18
[INFO] [stdout]   16:     0x5d5f539692ec - rust_begin_unwind
[INFO] [stdout]                                at /rustc/df4ca44d3fbc9301ee17f30f4d474e6ae4b05252/library/std/src/panicking.rs:665:5
[INFO] [stdout]   17:     0x5d5f5398cce0 - core::panicking::panic_fmt::ha9db07b529f9b256
[INFO] [stdout]                                at /rustc/df4ca44d3fbc9301ee17f30f4d474e6ae4b05252/library/core/src/panicking.rs:75:14
[INFO] [stdout]   18:     0x5d5f5398cd6c - core::panicking::panic::h993086813d94accc
[INFO] [stdout]                                at /rustc/df4ca44d3fbc9301ee17f30f4d474e6ae4b05252/library/core/src/panicking.rs:152:5
[INFO] [stdout]   19:     0x5d5f538f4948 - aoc::data_structures::vec2d_tests::insert_row::insert_row_too_large::h7a1cc94be444627f
[INFO] [stdout]                                at /opt/rustwide/workdir/src/aoc/data_structures.rs:527:17
[INFO] [stdout]   20:     0x5d5f538f4807 - aoc::data_structures::vec2d_tests::insert_row::insert_row_too_large::{{closure}}::h98aa97d26275a198
[INFO] [stdout]                                at /opt/rustwide/workdir/src/aoc/data_structures.rs:520:34
[INFO] [stdout]   21:     0x5d5f538ea306 - core::ops::function::FnOnce::call_once::hc36a10fc3635abd6
[INFO] [stdout]                                at /rustc/df4ca44d3fbc9301ee17f30f4d474e6ae4b05252/library/core/src/ops/function.rs:250:5
[INFO] [stdout]   22:     0x5d5f5393748b - core::ops::function::FnOnce::call_once::h22c3ba5715e93f05
[INFO] [stdout]                                at /rustc/df4ca44d3fbc9301ee17f30f4d474e6ae4b05252/library/core/src/ops/function.rs:250:5
[INFO] [stdout]   23:     0x5d5f5393748b - test::__rust_begin_short_backtrace::h8e82d8113d0da17f
[INFO] [stdout]                                at /rustc/df4ca44d3fbc9301ee17f30f4d474e6ae4b05252/library/test/src/lib.rs:621:18
[INFO] [stdout]   24:     0x5d5f53936e07 - test::run_test_in_process::{{closure}}::h33235f4f20b7b7c7
[INFO] [stdout]                                at /rustc/df4ca44d3fbc9301ee17f30f4d474e6ae4b05252/library/test/src/lib.rs:644:60
[INFO] [stdout]   25:     0x5d5f53936e07 - <core::panic::unwind_safe::AssertUnwindSafe<F> as core::ops::function::FnOnce<()>>::call_once::hb5043206310c586f
[INFO] [stdout]                                at /rustc/df4ca44d3fbc9301ee17f30f4d474e6ae4b05252/library/core/src/panic/unwind_safe.rs:272:9
[INFO] [stdout]   26:     0x5d5f53936e07 - std::panicking::try::do_call::h9ad4731a60ab23e2
[INFO] [stdout]                                at /rustc/df4ca44d3fbc9301ee17f30f4d474e6ae4b05252/library/std/src/panicking.rs:557:40
[INFO] [stdout]   27:     0x5d5f53936e07 - std::panicking::try::h3824d23db772a716
[INFO] [stdout]                                at /rustc/df4ca44d3fbc9301ee17f30f4d474e6ae4b05252/library/std/src/panicking.rs:520:19
[INFO] [stdout]   28:     0x5d5f53936e07 - std::panic::catch_unwind::h5afd514605fde46b
[INFO] [stdout]                                at /rustc/df4ca44d3fbc9301ee17f30f4d474e6ae4b05252/library/std/src/panic.rs:358:14
[INFO] [stdout]   29:     0x5d5f53936e07 - test::run_test_in_process::h0d5cbfa7067d1720
[INFO] [stdout]                                at /rustc/df4ca44d3fbc9301ee17f30f4d474e6ae4b05252/library/test/src/lib.rs:644:27
[INFO] [stdout]   30:     0x5d5f53936e07 - test::run_test::{{closure}}::h708eb8872708115d
[INFO] [stdout]                                at /rustc/df4ca44d3fbc9301ee17f30f4d474e6ae4b05252/library/test/src/lib.rs:565:43
[INFO] [stdout]   31:     0x5d5f538fa524 - test::run_test::{{closure}}::h392c51cee94713ab
[INFO] [stdout]                                at /rustc/df4ca44d3fbc9301ee17f30f4d474e6ae4b05252/library/test/src/lib.rs:595:41
[INFO] [stdout]   32:     0x5d5f538fa524 - std::sys::backtrace::__rust_begin_short_backtrace::h2f40290710935a8b
[INFO] [stdout]                                at /rustc/df4ca44d3fbc9301ee17f30f4d474e6ae4b05252/library/std/src/sys/backtrace.rs:154:18
[INFO] [stdout]   33:     0x5d5f538fdcce - std::thread::Builder::spawn_unchecked_::{{closure}}::{{closure}}::h3fd968d89053a903
[INFO] [stdout]                                at /rustc/df4ca44d3fbc9301ee17f30f4d474e6ae4b05252/library/std/src/thread/mod.rs:541:17
[INFO] [stdout]   34:     0x5d5f538fdcce - <core::panic::unwind_safe::AssertUnwindSafe<F> as core::ops::function::FnOnce<()>>::call_once::h743f637ba4229880
[INFO] [stdout]                                at /rustc/df4ca44d3fbc9301ee17f30f4d474e6ae4b05252/library/core/src/panic/unwind_safe.rs:272:9
[INFO] [stdout]   35:     0x5d5f538fdcce - std::panicking::try::do_call::h07440897322525a6
[INFO] [stdout]                                at /rustc/df4ca44d3fbc9301ee17f30f4d474e6ae4b05252/library/std/src/panicking.rs:557:40
[INFO] [stdout]   36:     0x5d5f538fdcce - std::panicking::try::he5a2e00188156637
[INFO] [stdout]                                at /rustc/df4ca44d3fbc9301ee17f30f4d474e6ae4b05252/library/std/src/panicking.rs:520:19
[INFO] [stdout]   37:     0x5d5f538fdcce - std::panic::catch_unwind::hbaf3cae49b3c6433
[INFO] [stdout]                                at /rustc/df4ca44d3fbc9301ee17f30f4d474e6ae4b05252/library/std/src/panic.rs:358:14
[INFO] [stdout]   38:     0x5d5f538fdcce - std::thread::Builder::spawn_unchecked_::{{closure}}::h8e141ea224820bce
[INFO] [stdout]                                at /rustc/df4ca44d3fbc9301ee17f30f4d474e6ae4b05252/library/std/src/thread/mod.rs:540:30
[INFO] [stdout]   39:     0x5d5f538fdcce - core::ops::function::FnOnce::call_once{{vtable.shim}}::h90d312fedd7b8ea8
[INFO] [stdout]                                at /rustc/df4ca44d3fbc9301ee17f30f4d474e6ae4b05252/library/core/src/ops/function.rs:250:5
[INFO] [stdout]   40:     0x5d5f5396d68b - <alloc::boxed::Box<F,A> as core::ops::function::FnOnce<Args>>::call_once::h69aa08ddb6adb8b6
[INFO] [stdout]                                at /rustc/df4ca44d3fbc9301ee17f30f4d474e6ae4b05252/library/alloc/src/boxed.rs:2454:9
[INFO] [stdout]   41:     0x5d5f5396d68b - <alloc::boxed::Box<F,A> as core::ops::function::FnOnce<Args>>::call_once::h5aa36efdb79c806f
[INFO] [stdout]                                at /rustc/df4ca44d3fbc9301ee17f30f4d474e6ae4b05252/library/alloc/src/boxed.rs:2454:9
[INFO] [stdout]   42:     0x5d5f5396d68b - std::sys::pal::unix::thread::Thread::new::thread_start::h6cd80a1b4be5158d
[INFO] [stdout]                                at /rustc/df4ca44d3fbc9301ee17f30f4d474e6ae4b05252/library/std/src/sys/pal/unix/thread.rs:105:17
[INFO] [stdout]   43:     0x7a476301aac3 - <unknown>
[INFO] [stdout]   44:     0x7a47630aba04 - clone
[INFO] [stdout]   45:                0x0 - <unknown>
[INFO] [stdout] 
[INFO] [stdout] ---- data_structures::vec2d_tests::insert_row::insert_row_too_small stdout ----
[INFO] [stdout] thread 'data_structures::vec2d_tests::insert_row::insert_row_too_small' panicked at src/aoc/data_structures.rs:539:17:
[INFO] [stdout] assertion failed: false
[INFO] [stdout] stack backtrace:
[INFO] [stdout]    0:     0x5d5f53967d0a - std::backtrace_rs::backtrace::libunwind::trace::h207520d6e9873551
[INFO] [stdout]                                at /rustc/df4ca44d3fbc9301ee17f30f4d474e6ae4b05252/library/std/src/../../backtrace/src/backtrace/libunwind.rs:116:5
[INFO] [stdout]    1:     0x5d5f53967d0a - std::backtrace_rs::backtrace::trace_unsynchronized::h2ed7433f370e3eca
[INFO] [stdout]                                at /rustc/df4ca44d3fbc9301ee17f30f4d474e6ae4b05252/library/std/src/../../backtrace/src/backtrace/mod.rs:66:5
[INFO] [stdout]    2:     0x5d5f53967d0a - std::sys::backtrace::_print_fmt::h916fac51166b18d7
[INFO] [stdout]                                at /rustc/df4ca44d3fbc9301ee17f30f4d474e6ae4b05252/library/std/src/sys/backtrace.rs:66:9
[INFO] [stdout]    3:     0x5d5f53967d0a - <std::sys::backtrace::BacktraceLock::print::DisplayBacktrace as core::fmt::Display>::fmt::ha0a4c9b8ce3802e6
[INFO] [stdout]                                at /rustc/df4ca44d3fbc9301ee17f30f4d474e6ae4b05252/library/std/src/sys/backtrace.rs:39:26
[INFO] [stdout]    4:     0x5d5f5398e2e3 - core::fmt::rt::Argument::fmt::h4cfc8587d52b3eb5
[INFO] [stdout]                                at /rustc/df4ca44d3fbc9301ee17f30f4d474e6ae4b05252/library/core/src/fmt/rt.rs:177:76
[INFO] [stdout]    5:     0x5d5f5398e2e3 - core::fmt::write::h522cc39e5b36ae9f
[INFO] [stdout]                                at /rustc/df4ca44d3fbc9301ee17f30f4d474e6ae4b05252/library/core/src/fmt/mod.rs:1190:21
[INFO] [stdout]    6:     0x5d5f53964973 - std::io::Write::write_fmt::h7d3c26752da97734
[INFO] [stdout]                                at /rustc/df4ca44d3fbc9301ee17f30f4d474e6ae4b05252/library/std/src/io/mod.rs:1839:15
[INFO] [stdout]    7:     0x5d5f53967b52 - std::sys::backtrace::BacktraceLock::print::h4b9e00b29e9c0942
[INFO] [stdout]                                at /rustc/df4ca44d3fbc9301ee17f30f4d474e6ae4b05252/library/std/src/sys/backtrace.rs:42:9
[INFO] [stdout]    8:     0x5d5f5396919a - std::panicking::default_hook::{{closure}}::hb59b88280d0324d9
[INFO] [stdout]                                at /rustc/df4ca44d3fbc9301ee17f30f4d474e6ae4b05252/library/std/src/panicking.rs:268:22
[INFO] [stdout]    9:     0x5d5f53968fa4 - std::panicking::default_hook::he1dd496665be4a29
[INFO] [stdout]                                at /rustc/df4ca44d3fbc9301ee17f30f4d474e6ae4b05252/library/std/src/panicking.rs:292:9
[INFO] [stdout]   10:     0x5d5f53932bb9 - <alloc::boxed::Box<F,A> as core::ops::function::Fn<Args>>::call::h4ff71de18744e1dc
[INFO] [stdout]                                at /rustc/df4ca44d3fbc9301ee17f30f4d474e6ae4b05252/library/alloc/src/boxed.rs:2468:9
[INFO] [stdout]   11:     0x5d5f53932bb9 - test::test_main::{{closure}}::hcf7c055ce117aa81
[INFO] [stdout]                                at /rustc/df4ca44d3fbc9301ee17f30f4d474e6ae4b05252/library/test/src/lib.rs:133:21
[INFO] [stdout]   12:     0x5d5f53969898 - <alloc::boxed::Box<F,A> as core::ops::function::Fn<Args>>::call::h1d66c6bbd60c9692
[INFO] [stdout]                                at /rustc/df4ca44d3fbc9301ee17f30f4d474e6ae4b05252/library/alloc/src/boxed.rs:2468:9
[INFO] [stdout]   13:     0x5d5f53969898 - std::panicking::rust_panic_with_hook::h2ff17fe8f26dfcf8
[INFO] [stdout]                                at /rustc/df4ca44d3fbc9301ee17f30f4d474e6ae4b05252/library/std/src/panicking.rs:809:13
[INFO] [stdout]   14:     0x5d5f53969626 - std::panicking::begin_panic_handler::{{closure}}::h4fad77951c07e101
[INFO] [stdout]                                at /rustc/df4ca44d3fbc9301ee17f30f4d474e6ae4b05252/library/std/src/panicking.rs:667:13
[INFO] [stdout]   15:     0x5d5f539681e9 - std::sys::backtrace::__rust_end_short_backtrace::hb1a25b3da5d0ea08
[INFO] [stdout]                                at /rustc/df4ca44d3fbc9301ee17f30f4d474e6ae4b05252/library/std/src/sys/backtrace.rs:170:18
[INFO] [stdout]   16:     0x5d5f539692ec - rust_begin_unwind
[INFO] [stdout]                                at /rustc/df4ca44d3fbc9301ee17f30f4d474e6ae4b05252/library/std/src/panicking.rs:665:5
[INFO] [stdout]   17:     0x5d5f5398cce0 - core::panicking::panic_fmt::ha9db07b529f9b256
[INFO] [stdout]                                at /rustc/df4ca44d3fbc9301ee17f30f4d474e6ae4b05252/library/core/src/panicking.rs:75:14
[INFO] [stdout]   18:     0x5d5f5398cd6c - core::panicking::panic::h993086813d94accc
[INFO] [stdout]                                at /rustc/df4ca44d3fbc9301ee17f30f4d474e6ae4b05252/library/core/src/panicking.rs:152:5
[INFO] [stdout]   19:     0x5d5f538f4afa - aoc::data_structures::vec2d_tests::insert_row::insert_row_too_small::h665cd8bf8e42d3ef
[INFO] [stdout]                                at /opt/rustwide/workdir/src/aoc/data_structures.rs:539:17
[INFO] [stdout]   20:     0x5d5f538f49c7 - aoc::data_structures::vec2d_tests::insert_row::insert_row_too_small::{{closure}}::hae05b144ad9a4f21
[INFO] [stdout]                                at /opt/rustwide/workdir/src/aoc/data_structures.rs:532:34
[INFO] [stdout]   21:     0x5d5f538ea386 - core::ops::function::FnOnce::call_once::hc831effd7d1314d7
[INFO] [stdout]                                at /rustc/df4ca44d3fbc9301ee17f30f4d474e6ae4b05252/library/core/src/ops/function.rs:250:5
[INFO] [stdout]   22:     0x5d5f5393748b - core::ops::function::FnOnce::call_once::h22c3ba5715e93f05
[INFO] [stdout]                                at /rustc/df4ca44d3fbc9301ee17f30f4d474e6ae4b05252/library/core/src/ops/function.rs:250:5
[INFO] [stdout]   23:     0x5d5f5393748b - test::__rust_begin_short_backtrace::h8e82d8113d0da17f
[INFO] [stdout]                                at /rustc/df4ca44d3fbc9301ee17f30f4d474e6ae4b05252/library/test/src/lib.rs:621:18
[INFO] [stdout]   24:     0x5d5f53936e07 - test::run_test_in_process::{{closure}}::h33235f4f20b7b7c7
[INFO] [stdout]                                at /rustc/df4ca44d3fbc9301ee17f30f4d474e6ae4b05252/library/test/src/lib.rs:644:60
[INFO] [stdout]   25:     0x5d5f53936e07 - <core::panic::unwind_safe::AssertUnwindSafe<F> as core::ops::function::FnOnce<()>>::call_once::hb5043206310c586f
[INFO] [stdout]                                at /rustc/df4ca44d3fbc9301ee17f30f4d474e6ae4b05252/library/core/src/panic/unwind_safe.rs:272:9
[INFO] [stdout]   26:     0x5d5f53936e07 - std::panicking::try::do_call::h9ad4731a60ab23e2
[INFO] [stdout]                                at /rustc/df4ca44d3fbc9301ee17f30f4d474e6ae4b05252/library/std/src/panicking.rs:557:40
[INFO] [stdout]   27:     0x5d5f53936e07 - std::panicking::try::h3824d23db772a716
[INFO] [stdout]                                at /rustc/df4ca44d3fbc9301ee17f30f4d474e6ae4b05252/library/std/src/panicking.rs:520:19
[INFO] [stdout]   28:     0x5d5f53936e07 - std::panic::catch_unwind::h5afd514605fde46b
[INFO] [stdout]                                at /rustc/df4ca44d3fbc9301ee17f30f4d474e6ae4b05252/library/std/src/panic.rs:358:14
[INFO] [stdout]   29:     0x5d5f53936e07 - test::run_test_in_process::h0d5cbfa7067d1720
[INFO] [stdout]                                at /rustc/df4ca44d3fbc9301ee17f30f4d474e6ae4b05252/library/test/src/lib.rs:644:27
[INFO] [stdout]   30:     0x5d5f53936e07 - test::run_test::{{closure}}::h708eb8872708115d
[INFO] [stdout]                                at /rustc/df4ca44d3fbc9301ee17f30f4d474e6ae4b05252/library/test/src/lib.rs:565:43
[INFO] [stdout]   31:     0x5d5f538fa524 - test::run_test::{{closure}}::h392c51cee94713ab
[INFO] [stdout]                                at /rustc/df4ca44d3fbc9301ee17f30f4d474e6ae4b05252/library/test/src/lib.rs:595:41
[INFO] [stdout]   32:     0x5d5f538fa524 - std::sys::backtrace::__rust_begin_short_backtrace::h2f40290710935a8b
[INFO] [stdout]                                at /rustc/df4ca44d3fbc9301ee17f30f4d474e6ae4b05252/library/std/src/sys/backtrace.rs:154:18
[INFO] [stdout]   33:     0x5d5f538fdcce - std::thread::Builder::spawn_unchecked_::{{closure}}::{{closure}}::h3fd968d89053a903
[INFO] [stdout]                                at /rustc/df4ca44d3fbc9301ee17f30f4d474e6ae4b05252/library/std/src/thread/mod.rs:541:17
[INFO] [stdout]   34:     0x5d5f538fdcce - <core::panic::unwind_safe::AssertUnwindSafe<F> as core::ops::function::FnOnce<()>>::call_once::h743f637ba4229880
[INFO] [stdout]                                at /rustc/df4ca44d3fbc9301ee17f30f4d474e6ae4b05252/library/core/src/panic/unwind_safe.rs:272:9
[INFO] [stdout]   35:     0x5d5f538fdcce - std::panicking::try::do_call::h07440897322525a6
[INFO] [stdout]                                at /rustc/df4ca44d3fbc9301ee17f30f4d474e6ae4b05252/library/std/src/panicking.rs:557:40
[INFO] [stdout]   36:     0x5d5f538fdcce - std::panicking::try::he5a2e00188156637
[INFO] [stdout]                                at /rustc/df4ca44d3fbc9301ee17f30f4d474e6ae4b05252/library/std/src/panicking.rs:520:19
[INFO] [stdout]   37:     0x5d5f538fdcce - std::panic::catch_unwind::hbaf3cae49b3c6433
[INFO] [stdout]                                at /rustc/df4ca44d3fbc9301ee17f30f4d474e6ae4b05252/library/std/src/panic.rs:358:14
[INFO] [stdout]   38:     0x5d5f538fdcce - std::thread::Builder::spawn_unchecked_::{{closure}}::h8e141ea224820bce
[INFO] [stdout]                                at /rustc/df4ca44d3fbc9301ee17f30f4d474e6ae4b05252/library/std/src/thread/mod.rs:540:30
[INFO] [stdout]   39:     0x5d5f538fdcce - core::ops::function::FnOnce::call_once{{vtable.shim}}::h90d312fedd7b8ea8
[INFO] [stdout]                                at /rustc/df4ca44d3fbc9301ee17f30f4d474e6ae4b05252/library/core/src/ops/function.rs:250:5
[INFO] [stdout]   40:     0x5d5f5396d68b - <alloc::boxed::Box<F,A> as core::ops::function::FnOnce<Args>>::call_once::h69aa08ddb6adb8b6
[INFO] [stdout]                                at /rustc/df4ca44d3fbc9301ee17f30f4d474e6ae4b05252/library/alloc/src/boxed.rs:2454:9
[INFO] [stdout]   41:     0x5d5f5396d68b - <alloc::boxed::Box<F,A> as core::ops::function::FnOnce<Args>>::call_once::h5aa36efdb79c806f
[INFO] [stdout]                                at /rustc/df4ca44d3fbc9301ee17f30f4d474e6ae4b05252/library/alloc/src/boxed.rs:2454:9
[INFO] [stdout]   42:     0x5d5f5396d68b - std::sys::pal::unix::thread::Thread::new::thread_start::h6cd80a1b4be5158d
[INFO] [stdout]                                at /rustc/df4ca44d3fbc9301ee17f30f4d474e6ae4b05252/library/std/src/sys/pal/unix/thread.rs:105:17
[INFO] [stdout]   43:     0x7a476301aac3 - <unknown>
[INFO] [stdout]   44:     0x7a47630aba04 - clone
[INFO] [stdout]   45:                0x0 - <unknown>
[INFO] [stdout] 
[INFO] [stdout] 
[INFO] [stdout] failures:
[INFO] [stdout]     data_structures::vec2d_tests::insert_row::insert_row_too_large
[INFO] [stdout]     data_structures::vec2d_tests::insert_row::insert_row_too_small
[INFO] [stdout] 
[INFO] [stdout] test result: FAILED. 22 passed; 2 failed; 0 ignored; 0 measured; 0 filtered out; finished in 0.01s
[INFO] [stdout] 
[INFO] [stderr] error: test failed, to rerun pass `--lib`
[INFO] running `Command { std: "docker" "inspect" "ffa5208830d74d9835312d9c134ac6c12f695e1e87a1a26f1912fe9abdda4f2a", kill_on_drop: false }`
[INFO] running `Command { std: "docker" "rm" "-f" "ffa5208830d74d9835312d9c134ac6c12f695e1e87a1a26f1912fe9abdda4f2a", kill_on_drop: false }`
[INFO] [stdout] ffa5208830d74d9835312d9c134ac6c12f695e1e87a1a26f1912fe9abdda4f2a
