[INFO] cloning repository https://github.com/BFriedrichs/aoc2023
[INFO] running `Command { std: "git" "-c" "credential.helper=" "-c" "credential.helper=/workspace/cargo-home/bin/git-credential-null" "clone" "--bare" "https://github.com/BFriedrichs/aoc2023" "/workspace/cache/git-repos/https%3A%2F%2Fgithub.com%2FBFriedrichs%2Faoc2023", kill_on_drop: false }`
[INFO] [stderr] Cloning into bare repository '/workspace/cache/git-repos/https%3A%2F%2Fgithub.com%2FBFriedrichs%2Faoc2023'...
[INFO] running `Command { std: "git" "rev-parse" "HEAD", kill_on_drop: false }`
[INFO] [stdout] 3077f2949bdc9ad4d2706b8d73165b0ff2ca8648
[INFO] testing BFriedrichs/aoc2023/3077f2949bdc9ad4d2706b8d73165b0ff2ca8648 against nightly-2024-10-28 for randomize-layout
[INFO] running `Command { std: "git" "clone" "/workspace/cache/git-repos/https%3A%2F%2Fgithub.com%2FBFriedrichs%2Faoc2023" "/workspace/builds/worker-2-tc1/source", kill_on_drop: false }`
[INFO] [stderr] Cloning into '/workspace/builds/worker-2-tc1/source'...
[INFO] [stderr] done.
[INFO] validating manifest of git repo https://github.com/BFriedrichs/aoc2023 on toolchain nightly-2024-10-28
[INFO] running `Command { std: CARGO_HOME="/workspace/cargo-home" RUSTUP_HOME="/workspace/rustup-home" "/workspace/cargo-home/bin/cargo" "+nightly-2024-10-28" "metadata" "--manifest-path" "Cargo.toml" "--no-deps", kill_on_drop: false }`
[INFO] started tweaking git repo https://github.com/BFriedrichs/aoc2023
[INFO] finished tweaking git repo https://github.com/BFriedrichs/aoc2023
[INFO] tweaked toml for git repo https://github.com/BFriedrichs/aoc2023 written to /workspace/builds/worker-2-tc1/source/Cargo.toml
[INFO] crate git repo https://github.com/BFriedrichs/aoc2023 already has a lockfile, it will not be regenerated
[INFO] running `Command { std: CARGO_HOME="/workspace/cargo-home" RUSTUP_HOME="/workspace/rustup-home" "/workspace/cargo-home/bin/cargo" "+nightly-2024-10-28" "fetch" "--manifest-path" "Cargo.toml", kill_on_drop: false }`
[INFO] running `Command { std: "docker" "create" "-v" "/var/lib/crater-agent-workspace/builds/worker-2-tc1/target:/opt/rustwide/target:rw,Z" "-v" "/var/lib/crater-agent-workspace/builds/worker-2-tc1/source:/opt/rustwide/workdir:ro,Z" "-v" "/var/lib/crater-agent-workspace/cargo-home:/opt/rustwide/cargo-home:ro,Z" "-v" "/var/lib/crater-agent-workspace/rustup-home:/opt/rustwide/rustup-home:ro,Z" "-e" "SOURCE_DIR=/opt/rustwide/workdir" "-e" "CARGO_TARGET_DIR=/opt/rustwide/target" "-e" "CARGO_HOME=/opt/rustwide/cargo-home" "-e" "RUSTUP_HOME=/opt/rustwide/rustup-home" "-w" "/opt/rustwide/workdir" "-m" "1610612736" "--user" "0:0" "--network" "none" "ghcr.io/rust-lang/crates-build-env/linux@sha256:4a844ea9eb2546a2d2c7022eacef16ef2e8229c7fbb2c7d4d55a9ceca922f72d" "/opt/rustwide/cargo-home/bin/cargo" "+nightly-2024-10-28" "metadata" "--no-deps" "--format-version=1", kill_on_drop: false }`
[INFO] [stdout] e5e659c26e021d1aadcd04616a23c410b133cf4eb556d4823cffbb2204f17891
[INFO] running `Command { std: "docker" "start" "-a" "e5e659c26e021d1aadcd04616a23c410b133cf4eb556d4823cffbb2204f17891", kill_on_drop: false }`
[INFO] running `Command { std: "docker" "inspect" "e5e659c26e021d1aadcd04616a23c410b133cf4eb556d4823cffbb2204f17891", kill_on_drop: false }`
[INFO] running `Command { std: "docker" "rm" "-f" "e5e659c26e021d1aadcd04616a23c410b133cf4eb556d4823cffbb2204f17891", kill_on_drop: false }`
[INFO] [stdout] e5e659c26e021d1aadcd04616a23c410b133cf4eb556d4823cffbb2204f17891
[INFO] running `Command { std: "docker" "create" "-v" "/var/lib/crater-agent-workspace/builds/worker-2-tc1/target:/opt/rustwide/target:rw,Z" "-v" "/var/lib/crater-agent-workspace/builds/worker-2-tc1/source:/opt/rustwide/workdir:ro,Z" "-v" "/var/lib/crater-agent-workspace/cargo-home:/opt/rustwide/cargo-home:ro,Z" "-v" "/var/lib/crater-agent-workspace/rustup-home:/opt/rustwide/rustup-home:ro,Z" "-e" "SOURCE_DIR=/opt/rustwide/workdir" "-e" "CARGO_TARGET_DIR=/opt/rustwide/target" "-e" "CARGO_INCREMENTAL=0" "-e" "RUST_BACKTRACE=full" "-e" "RUSTFLAGS=--cap-lints=forbid" "-e" "RUSTDOCFLAGS=--cap-lints=forbid" "-e" "CARGO_HOME=/opt/rustwide/cargo-home" "-e" "RUSTUP_HOME=/opt/rustwide/rustup-home" "-w" "/opt/rustwide/workdir" "-m" "1610612736" "--user" "0:0" "--network" "none" "ghcr.io/rust-lang/crates-build-env/linux@sha256:4a844ea9eb2546a2d2c7022eacef16ef2e8229c7fbb2c7d4d55a9ceca922f72d" "/opt/rustwide/cargo-home/bin/cargo" "+nightly-2024-10-28" "build" "--frozen" "--message-format=json", kill_on_drop: false }`
[INFO] [stdout] 11f4d5a84e7e3ef6250d669b65d9e202f795fc95a7e6c58e7b4419f6c278aaa5
[INFO] running `Command { std: "docker" "start" "-a" "11f4d5a84e7e3ef6250d669b65d9e202f795fc95a7e6c58e7b4419f6c278aaa5", kill_on_drop: false }`
[INFO] [stderr]    Compiling memchr v2.6.4
[INFO] [stderr]    Compiling regex-syntax v0.8.2
[INFO] [stderr]    Compiling aho-corasick v1.1.2
[INFO] [stderr]    Compiling regex-automata v0.4.3
[INFO] [stderr]    Compiling regex v1.10.2
[INFO] [stderr]    Compiling aoc2023 v0.1.0 (/opt/rustwide/workdir)
[INFO] [stdout] warning: unused import: `std::ops::Rem`
[INFO] [stdout]  --> src/day6/part1.rs:1:5
[INFO] [stdout]   |
[INFO] [stdout] 1 | use std::ops::Rem;
[INFO] [stdout]   |     ^^^^^^^^^^^^^
[INFO] [stdout]   |
[INFO] [stdout]   = note: `#[warn(unused_imports)]` on by default
[INFO] [stdout] 
[INFO] [stdout] 
[INFO] [stdout] warning: value assigned to `count_second` is never read
[INFO] [stdout]   --> src/day7/part1.rs:52:21
[INFO] [stdout]    |
[INFO] [stdout] 52 |                     count_second = count_highest;
[INFO] [stdout]    |                     ^^^^^^^^^^^^
[INFO] [stdout]    |
[INFO] [stdout]    = help: maybe it is overwritten before being read?
[INFO] [stdout]    = note: `#[warn(unused_assignments)]` on by default
[INFO] [stdout] 
[INFO] [stdout] 
[INFO] [stdout] warning: value assigned to `count_highest` is never read
[INFO] [stdout]   --> src/day7/part1.rs:55:17
[INFO] [stdout]    |
[INFO] [stdout] 55 |                 count_highest = count;
[INFO] [stdout]    |                 ^^^^^^^^^^^^^
[INFO] [stdout]    |
[INFO] [stdout]    = help: maybe it is overwritten before being read?
[INFO] [stdout] 
[INFO] [stdout] 
[INFO] [stdout] warning: value assigned to `count_second` is never read
[INFO] [stdout]   --> src/day7/part1.rs:58:17
[INFO] [stdout]    |
[INFO] [stdout] 58 |                 count_second = count;
[INFO] [stdout]    |                 ^^^^^^^^^^^^
[INFO] [stdout]    |
[INFO] [stdout]    = help: maybe it is overwritten before being read?
[INFO] [stdout] 
[INFO] [stdout] 
[INFO] [stdout] warning: unused variable: `bid`
[INFO] [stdout]   --> src/day7/part1.rs:87:34
[INFO] [stdout]    |
[INFO] [stdout] 87 |     for (i, (value, order_value, bid, hand)) in game_vec.iter().enumerate() {
[INFO] [stdout]    |                                  ^^^ help: if this is intentional, prefix it with an underscore: `_bid`
[INFO] [stdout]    |
[INFO] [stdout]    = note: `#[warn(unused_variables)]` on by default
[INFO] [stdout] 
[INFO] [stdout] 
[INFO] [stdout] warning: value assigned to `count_second` is never read
[INFO] [stdout]   --> src/day7/part2.rs:57:25
[INFO] [stdout]    |
[INFO] [stdout] 57 |                         count_second = count_highest;
[INFO] [stdout]    |                         ^^^^^^^^^^^^
[INFO] [stdout]    |
[INFO] [stdout]    = help: maybe it is overwritten before being read?
[INFO] [stdout]    = note: `#[warn(unused_assignments)]` on by default
[INFO] [stdout] 
[INFO] [stdout] 
[INFO] [stdout] warning: value assigned to `count_highest` is never read
[INFO] [stdout]   --> src/day7/part2.rs:60:21
[INFO] [stdout]    |
[INFO] [stdout] 60 |                     count_highest = count;
[INFO] [stdout]    |                     ^^^^^^^^^^^^^
[INFO] [stdout]    |
[INFO] [stdout]    = help: maybe it is overwritten before being read?
[INFO] [stdout] 
[INFO] [stdout] 
[INFO] [stdout] warning: value assigned to `count_second` is never read
[INFO] [stdout]   --> src/day7/part2.rs:63:21
[INFO] [stdout]    |
[INFO] [stdout] 63 |                     count_second = count;
[INFO] [stdout]    |                     ^^^^^^^^^^^^
[INFO] [stdout]    |
[INFO] [stdout]    = help: maybe it is overwritten before being read?
[INFO] [stdout] 
[INFO] [stdout] 
[INFO] [stdout] warning: unused variable: `bid`
[INFO] [stdout]   --> src/day7/part2.rs:92:34
[INFO] [stdout]    |
[INFO] [stdout] 92 |     for (i, (value, order_value, bid, hand)) in game_vec.iter().enumerate() {
[INFO] [stdout]    |                                  ^^^ help: if this is intentional, prefix it with an underscore: `_bid`
[INFO] [stdout]    |
[INFO] [stdout]    = note: `#[warn(unused_variables)]` on by default
[INFO] [stdout] 
[INFO] [stdout] 
[INFO] [stdout] warning: value assigned to `curr_dirs` is never read
[INFO] [stdout]   --> src/day8/part2.rs:31:13
[INFO] [stdout]    |
[INFO] [stdout] 31 |     let mut curr_dirs = dirs.clone();
[INFO] [stdout]    |             ^^^^^^^^^
[INFO] [stdout]    |
[INFO] [stdout]    = help: maybe it is overwritten before being read?
[INFO] [stdout]    = note: `#[warn(unused_assignments)]` on by default
[INFO] [stdout] 
[INFO] [stdout] 
[INFO] [stdout] warning: unused import: `std::collections::HashMap`
[INFO] [stdout]  --> src/day10/part2.rs:1:5
[INFO] [stdout]   |
[INFO] [stdout] 1 | use std::collections::HashMap;
[INFO] [stdout]   |     ^^^^^^^^^^^^^^^^^^^^^^^^^
[INFO] [stdout]   |
[INFO] [stdout]   = note: `#[warn(unused_imports)]` on by default
[INFO] [stdout] 
[INFO] [stdout] 
[INFO] [stdout] warning: unused variable: `prev_symbol`
[INFO] [stdout]   --> src/day10/part2.rs:17:9
[INFO] [stdout]    |
[INFO] [stdout] 17 |     let prev_symbol = matrix
[INFO] [stdout]    |         ^^^^^^^^^^^ help: if this is intentional, prefix it with an underscore: `_prev_symbol`
[INFO] [stdout]    |
[INFO] [stdout]    = note: `#[warn(unused_variables)]` on by default
[INFO] [stdout] 
[INFO] [stdout] 
[INFO] [stdout] warning: unused variable: `symbol`
[INFO] [stdout]    --> src/day10/part2.rs:164:21
[INFO] [stdout]     |
[INFO] [stdout] 164 |                 let symbol = matrix[i][j];
[INFO] [stdout]     |                     ^^^^^^ help: if this is intentional, prefix it with an underscore: `_symbol`
[INFO] [stdout] 
[INFO] [stdout] 
[INFO] [stdout] warning: variable `c` is assigned to, but never used
[INFO] [stdout]    --> src/day10/part2.rs:174:17
[INFO] [stdout]     |
[INFO] [stdout] 174 |         let mut c = 0;
[INFO] [stdout]     |                 ^
[INFO] [stdout]     |
[INFO] [stdout]     = note: consider using `_c` instead
[INFO] [stdout] 
[INFO] [stdout] 
[INFO] [stdout] warning: function `get_replaced` is never used
[INFO] [stdout]    --> src/day10/part2.rs:243:4
[INFO] [stdout]     |
[INFO] [stdout] 243 | fn get_replaced(to_print: &str) -> String {
[INFO] [stdout]     |    ^^^^^^^^^^^^
[INFO] [stdout]     |
[INFO] [stdout]     = note: `#[warn(dead_code)]` on by default
[INFO] [stdout] 
[INFO] [stdout] 
[INFO] [stderr]     Finished `dev` profile [unoptimized + debuginfo] target(s) in 4.24s
[INFO] running `Command { std: "docker" "inspect" "11f4d5a84e7e3ef6250d669b65d9e202f795fc95a7e6c58e7b4419f6c278aaa5", kill_on_drop: false }`
[INFO] running `Command { std: "docker" "rm" "-f" "11f4d5a84e7e3ef6250d669b65d9e202f795fc95a7e6c58e7b4419f6c278aaa5", kill_on_drop: false }`
[INFO] [stdout] 11f4d5a84e7e3ef6250d669b65d9e202f795fc95a7e6c58e7b4419f6c278aaa5
[INFO] running `Command { std: "docker" "create" "-v" "/var/lib/crater-agent-workspace/builds/worker-2-tc1/target:/opt/rustwide/target:rw,Z" "-v" "/var/lib/crater-agent-workspace/builds/worker-2-tc1/source:/opt/rustwide/workdir:ro,Z" "-v" "/var/lib/crater-agent-workspace/cargo-home:/opt/rustwide/cargo-home:ro,Z" "-v" "/var/lib/crater-agent-workspace/rustup-home:/opt/rustwide/rustup-home:ro,Z" "-e" "SOURCE_DIR=/opt/rustwide/workdir" "-e" "CARGO_TARGET_DIR=/opt/rustwide/target" "-e" "CARGO_INCREMENTAL=0" "-e" "RUST_BACKTRACE=full" "-e" "RUSTFLAGS=--cap-lints=forbid" "-e" "RUSTDOCFLAGS=--cap-lints=forbid" "-e" "CARGO_HOME=/opt/rustwide/cargo-home" "-e" "RUSTUP_HOME=/opt/rustwide/rustup-home" "-w" "/opt/rustwide/workdir" "-m" "1610612736" "--user" "0:0" "--network" "none" "ghcr.io/rust-lang/crates-build-env/linux@sha256:4a844ea9eb2546a2d2c7022eacef16ef2e8229c7fbb2c7d4d55a9ceca922f72d" "/opt/rustwide/cargo-home/bin/cargo" "+nightly-2024-10-28" "test" "--frozen" "--no-run" "--message-format=json", kill_on_drop: false }`
[INFO] [stdout] daf248bdd2f6b1613671befc3d59634cf35f14d8f1371da90124b72f75d2f28b
[INFO] running `Command { std: "docker" "start" "-a" "daf248bdd2f6b1613671befc3d59634cf35f14d8f1371da90124b72f75d2f28b", kill_on_drop: false }`
[INFO] [stderr]    Compiling aoc2023 v0.1.0 (/opt/rustwide/workdir)
[INFO] [stdout] warning: value assigned to `count_second` is never read
[INFO] [stdout]   --> src/day7/part1.rs:52:21
[INFO] [stdout]    |
[INFO] [stdout] 52 |                     count_second = count_highest;
[INFO] [stdout]    |                     ^^^^^^^^^^^^
[INFO] [stdout]    |
[INFO] [stdout]    = help: maybe it is overwritten before being read?
[INFO] [stdout]    = note: `#[warn(unused_assignments)]` on by default
[INFO] [stdout] 
[INFO] [stdout] 
[INFO] [stdout] warning: value assigned to `count_highest` is never read
[INFO] [stdout]   --> src/day7/part1.rs:55:17
[INFO] [stdout]    |
[INFO] [stdout] 55 |                 count_highest = count;
[INFO] [stdout]    |                 ^^^^^^^^^^^^^
[INFO] [stdout]    |
[INFO] [stdout]    = help: maybe it is overwritten before being read?
[INFO] [stdout] 
[INFO] [stdout] 
[INFO] [stdout] warning: value assigned to `count_second` is never read
[INFO] [stdout]   --> src/day7/part1.rs:58:17
[INFO] [stdout]    |
[INFO] [stdout] 58 |                 count_second = count;
[INFO] [stdout]    |                 ^^^^^^^^^^^^
[INFO] [stdout]    |
[INFO] [stdout]    = help: maybe it is overwritten before being read?
[INFO] [stdout] 
[INFO] [stdout] 
[INFO] [stdout] warning: unused variable: `bid`
[INFO] [stdout]   --> src/day7/part1.rs:87:34
[INFO] [stdout]    |
[INFO] [stdout] 87 |     for (i, (value, order_value, bid, hand)) in game_vec.iter().enumerate() {
[INFO] [stdout]    |                                  ^^^ help: if this is intentional, prefix it with an underscore: `_bid`
[INFO] [stdout]    |
[INFO] [stdout]    = note: `#[warn(unused_variables)]` on by default
[INFO] [stdout] 
[INFO] [stdout] 
[INFO] [stdout] warning: value assigned to `curr_dirs` is never read
[INFO] [stdout]   --> src/day8/part2.rs:31:13
[INFO] [stdout]    |
[INFO] [stdout] 31 |     let mut curr_dirs = dirs.clone();
[INFO] [stdout]    |             ^^^^^^^^^
[INFO] [stdout]    |
[INFO] [stdout]    = help: maybe it is overwritten before being read?
[INFO] [stdout]    = note: `#[warn(unused_assignments)]` on by default
[INFO] [stdout] 
[INFO] [stdout] 
[INFO] [stdout] warning: unused import: `std::collections::HashMap`
[INFO] [stdout]  --> src/day10/part2.rs:1:5
[INFO] [stdout]   |
[INFO] [stdout] 1 | use std::collections::HashMap;
[INFO] [stdout]   |     ^^^^^^^^^^^^^^^^^^^^^^^^^
[INFO] [stdout]   |
[INFO] [stdout]   = note: `#[warn(unused_imports)]` on by default
[INFO] [stdout] 
[INFO] [stdout] 
[INFO] [stdout] warning: unused variable: `prev_symbol`
[INFO] [stdout]   --> src/day10/part2.rs:17:9
[INFO] [stdout]    |
[INFO] [stdout] 17 |     let prev_symbol = matrix
[INFO] [stdout]    |         ^^^^^^^^^^^ help: if this is intentional, prefix it with an underscore: `_prev_symbol`
[INFO] [stdout]    |
[INFO] [stdout]    = note: `#[warn(unused_variables)]` on by default
[INFO] [stdout] 
[INFO] [stdout] 
[INFO] [stdout] warning: unused variable: `symbol`
[INFO] [stdout]    --> src/day10/part2.rs:164:21
[INFO] [stdout]     |
[INFO] [stdout] 164 |                 let symbol = matrix[i][j];
[INFO] [stdout]     |                     ^^^^^^ help: if this is intentional, prefix it with an underscore: `_symbol`
[INFO] [stdout] 
[INFO] [stdout] 
[INFO] [stdout] warning: variable `c` is assigned to, but never used
[INFO] [stdout]    --> src/day10/part2.rs:174:17
[INFO] [stdout]     |
[INFO] [stdout] 174 |         let mut c = 0;
[INFO] [stdout]     |                 ^
[INFO] [stdout]     |
[INFO] [stdout]     = note: consider using `_c` instead
[INFO] [stdout] 
[INFO] [stdout] 
[INFO] [stdout] warning: function `get_replaced` is never used
[INFO] [stdout]    --> src/day10/part2.rs:243:4
[INFO] [stdout]     |
[INFO] [stdout] 243 | fn get_replaced(to_print: &str) -> String {
[INFO] [stdout]     |    ^^^^^^^^^^^^
[INFO] [stdout]     |
[INFO] [stdout]     = note: `#[warn(dead_code)]` on by default
[INFO] [stdout] 
[INFO] [stdout] 
[INFO] [stdout] warning: unused import: `std::ops::Rem`
[INFO] [stdout]  --> src/day6/part1.rs:1:5
[INFO] [stdout]   |
[INFO] [stdout] 1 | use std::ops::Rem;
[INFO] [stdout]   |     ^^^^^^^^^^^^^
[INFO] [stdout]   |
[INFO] [stdout]   = note: `#[warn(unused_imports)]` on by default
[INFO] [stdout] 
[INFO] [stdout] 
[INFO] [stdout] warning: value assigned to `count_second` is never read
[INFO] [stdout]   --> src/day7/part2.rs:57:25
[INFO] [stdout]    |
[INFO] [stdout] 57 |                         count_second = count_highest;
[INFO] [stdout]    |                         ^^^^^^^^^^^^
[INFO] [stdout]    |
[INFO] [stdout]    = help: maybe it is overwritten before being read?
[INFO] [stdout]    = note: `#[warn(unused_assignments)]` on by default
[INFO] [stdout] 
[INFO] [stdout] 
[INFO] [stdout] warning: value assigned to `count_highest` is never read
[INFO] [stdout]   --> src/day7/part2.rs:60:21
[INFO] [stdout]    |
[INFO] [stdout] 60 |                     count_highest = count;
[INFO] [stdout]    |                     ^^^^^^^^^^^^^
[INFO] [stdout]    |
[INFO] [stdout]    = help: maybe it is overwritten before being read?
[INFO] [stdout] 
[INFO] [stdout] 
[INFO] [stdout] warning: value assigned to `count_second` is never read
[INFO] [stdout]   --> src/day7/part2.rs:63:21
[INFO] [stdout]    |
[INFO] [stdout] 63 |                     count_second = count;
[INFO] [stdout]    |                     ^^^^^^^^^^^^
[INFO] [stdout]    |
[INFO] [stdout]    = help: maybe it is overwritten before being read?
[INFO] [stdout] 
[INFO] [stdout] 
[INFO] [stdout] warning: unused variable: `bid`
[INFO] [stdout]   --> src/day7/part2.rs:92:34
[INFO] [stdout]    |
[INFO] [stdout] 92 |     for (i, (value, order_value, bid, hand)) in game_vec.iter().enumerate() {
[INFO] [stdout]    |                                  ^^^ help: if this is intentional, prefix it with an underscore: `_bid`
[INFO] [stdout]    |
[INFO] [stdout]    = note: `#[warn(unused_variables)]` on by default
[INFO] [stdout] 
[INFO] [stdout] 
[INFO] [stderr]     Finished `test` profile [unoptimized + debuginfo] target(s) in 1.00s
[INFO] running `Command { std: "docker" "inspect" "daf248bdd2f6b1613671befc3d59634cf35f14d8f1371da90124b72f75d2f28b", kill_on_drop: false }`
[INFO] running `Command { std: "docker" "rm" "-f" "daf248bdd2f6b1613671befc3d59634cf35f14d8f1371da90124b72f75d2f28b", kill_on_drop: false }`
[INFO] [stdout] daf248bdd2f6b1613671befc3d59634cf35f14d8f1371da90124b72f75d2f28b
[INFO] running `Command { std: "docker" "create" "-v" "/var/lib/crater-agent-workspace/builds/worker-2-tc1/target:/opt/rustwide/target:rw,Z" "-v" "/var/lib/crater-agent-workspace/builds/worker-2-tc1/source:/opt/rustwide/workdir:ro,Z" "-v" "/var/lib/crater-agent-workspace/cargo-home:/opt/rustwide/cargo-home:ro,Z" "-v" "/var/lib/crater-agent-workspace/rustup-home:/opt/rustwide/rustup-home:ro,Z" "-e" "SOURCE_DIR=/opt/rustwide/workdir" "-e" "CARGO_TARGET_DIR=/opt/rustwide/target" "-e" "CARGO_INCREMENTAL=0" "-e" "RUST_BACKTRACE=full" "-e" "RUSTFLAGS=--cap-lints=forbid" "-e" "RUSTDOCFLAGS=--cap-lints=forbid" "-e" "CARGO_HOME=/opt/rustwide/cargo-home" "-e" "RUSTUP_HOME=/opt/rustwide/rustup-home" "-w" "/opt/rustwide/workdir" "-m" "1610612736" "--user" "0:0" "--network" "none" "ghcr.io/rust-lang/crates-build-env/linux@sha256:4a844ea9eb2546a2d2c7022eacef16ef2e8229c7fbb2c7d4d55a9ceca922f72d" "/opt/rustwide/cargo-home/bin/cargo" "+nightly-2024-10-28" "test" "--frozen", kill_on_drop: false }`
[INFO] [stdout] b517c0d1e7589c18f098c9fe1c2d2fc9b48768a737f6779e259c0a5e2d317b4d
[INFO] running `Command { std: "docker" "start" "-a" "b517c0d1e7589c18f098c9fe1c2d2fc9b48768a737f6779e259c0a5e2d317b4d", kill_on_drop: false }`
[INFO] [stderr] warning: unused import: `std::collections::HashMap`
[INFO] [stderr]  --> src/day10/part2.rs:1:5
[INFO] [stderr]   |
[INFO] [stderr] 1 | use std::collections::HashMap;
[INFO] [stderr]   |     ^^^^^^^^^^^^^^^^^^^^^^^^^
[INFO] [stderr]   |
[INFO] [stderr]   = note: `#[warn(unused_imports)]` on by default
[INFO] [stderr] 
[INFO] [stderr] warning: unused variable: `prev_symbol`
[INFO] [stderr]   --> src/day10/part2.rs:17:9
[INFO] [stderr]    |
[INFO] [stderr] 17 |     let prev_symbol = matrix
[INFO] [stderr]    |         ^^^^^^^^^^^ help: if this is intentional, prefix it with an underscore: `_prev_symbol`
[INFO] [stderr]    |
[INFO] [stderr]    = note: `#[warn(unused_variables)]` on by default
[INFO] [stderr] 
[INFO] [stderr] warning: unused variable: `symbol`
[INFO] [stderr]    --> src/day10/part2.rs:164:21
[INFO] [stderr]     |
[INFO] [stderr] 164 |                 let symbol = matrix[i][j];
[INFO] [stderr]     |                     ^^^^^^ help: if this is intentional, prefix it with an underscore: `_symbol`
[INFO] [stderr] 
[INFO] [stderr] warning: variable `c` is assigned to, but never used
[INFO] [stderr]    --> src/day10/part2.rs:174:17
[INFO] [stderr]     |
[INFO] [stderr] 174 |         let mut c = 0;
[INFO] [stderr]     |                 ^
[INFO] [stderr]     |
[INFO] [stderr]     = note: consider using `_c` instead
[INFO] [stderr] 
[INFO] [stderr] warning: function `get_replaced` is never used
[INFO] [stderr]    --> src/day10/part2.rs:243:4
[INFO] [stderr]     |
[INFO] [stderr] 243 | fn get_replaced(to_print: &str) -> String {
[INFO] [stderr]     |    ^^^^^^^^^^^^
[INFO] [stderr]     |
[INFO] [stderr]     = note: `#[warn(dead_code)]` on by default
[INFO] [stderr] 
[INFO] [stderr] warning: value assigned to `count_second` is never read
[INFO] [stderr]   --> src/day7/part1.rs:52:21
[INFO] [stderr]    |
[INFO] [stderr] 52 |                     count_second = count_highest;
[INFO] [stderr]    |                     ^^^^^^^^^^^^
[INFO] [stderr]    |
[INFO] [stderr]    = help: maybe it is overwritten before being read?
[INFO] [stderr]    = note: `#[warn(unused_assignments)]` on by default
[INFO] [stderr] 
[INFO] [stderr] warning: value assigned to `count_highest` is never read
[INFO] [stderr]   --> src/day7/part1.rs:55:17
[INFO] [stderr]    |
[INFO] [stderr] 55 |                 count_highest = count;
[INFO] [stderr]    |                 ^^^^^^^^^^^^^
[INFO] [stderr]    |
[INFO] [stderr]    = help: maybe it is overwritten before being read?
[INFO] [stderr] 
[INFO] [stderr] warning: value assigned to `count_second` is never read
[INFO] [stderr]   --> src/day7/part1.rs:58:17
[INFO] [stderr]    |
[INFO] [stderr] 58 |                 count_second = count;
[INFO] [stderr]    |                 ^^^^^^^^^^^^
[INFO] [stderr]    |
[INFO] [stderr]    = help: maybe it is overwritten before being read?
[INFO] [stderr] 
[INFO] [stderr] warning: unused variable: `bid`
[INFO] [stderr]   --> src/day7/part1.rs:87:34
[INFO] [stderr]    |
[INFO] [stderr] 87 |     for (i, (value, order_value, bid, hand)) in game_vec.iter().enumerate() {
[INFO] [stderr]    |                                  ^^^ help: if this is intentional, prefix it with an underscore: `_bid`
[INFO] [stderr]    |
[INFO] [stderr]    = note: `#[warn(unused_variables)]` on by default
[INFO] [stderr] 
[INFO] [stderr] warning: `aoc2023` (bin "10_2" test) generated 5 warnings (run `cargo fix --bin "10_2" --tests` to apply 1 suggestion)
[INFO] [stderr] warning: `aoc2023` (bin "7_1" test) generated 4 warnings
[INFO] [stderr] warning: unused import: `std::ops::Rem`
[INFO] [stderr]  --> src/day6/part1.rs:1:5
[INFO] [stderr]   |
[INFO] [stderr] 1 | use std::ops::Rem;
[INFO] [stderr]   |     ^^^^^^^^^^^^^
[INFO] [stderr]   |
[INFO] [stderr]   = note: `#[warn(unused_imports)]` on by default
[INFO] [stderr] 
[INFO] [stderr] warning: `aoc2023` (bin "6_1" test) generated 1 warning (run `cargo fix --bin "6_1" --tests` to apply 1 suggestion)
[INFO] [stderr] warning: value assigned to `count_second` is never read
[INFO] [stderr]   --> src/day7/part2.rs:57:25
[INFO] [stderr]    |
[INFO] [stderr] 57 |                         count_second = count_highest;
[INFO] [stderr]    |                         ^^^^^^^^^^^^
[INFO] [stderr]    |
[INFO] [stderr]    = help: maybe it is overwritten before being read?
[INFO] [stderr]    = note: `#[warn(unused_assignments)]` on by default
[INFO] [stderr] 
[INFO] [stderr] warning: value assigned to `count_highest` is never read
[INFO] [stderr]   --> src/day7/part2.rs:60:21
[INFO] [stderr]    |
[INFO] [stderr] 60 |                     count_highest = count;
[INFO] [stderr]    |                     ^^^^^^^^^^^^^
[INFO] [stderr]    |
[INFO] [stderr]    = help: maybe it is overwritten before being read?
[INFO] [stderr] 
[INFO] [stderr] warning: value assigned to `count_second` is never read
[INFO] [stderr]   --> src/day7/part2.rs:63:21
[INFO] [stderr]    |
[INFO] [stderr] 63 |                     count_second = count;
[INFO] [stderr]    |                     ^^^^^^^^^^^^
[INFO] [stderr]    |
[INFO] [stderr]    = help: maybe it is overwritten before being read?
[INFO] [stderr] 
[INFO] [stderr] warning: unused variable: `bid`
[INFO] [stderr]   --> src/day7/part2.rs:92:34
[INFO] [stderr]    |
[INFO] [stderr] 92 |     for (i, (value, order_value, bid, hand)) in game_vec.iter().enumerate() {
[INFO] [stderr]    |                                  ^^^ help: if this is intentional, prefix it with an underscore: `_bid`
[INFO] [stderr]    |
[INFO] [stderr]    = note: `#[warn(unused_variables)]` on by default
[INFO] [stderr] 
[INFO] [stderr] warning: value assigned to `curr_dirs` is never read
[INFO] [stderr]   --> src/day8/part2.rs:31:13
[INFO] [stderr]    |
[INFO] [stderr] 31 |     let mut curr_dirs = dirs.clone();
[INFO] [stderr]    |             ^^^^^^^^^
[INFO] [stderr]    |
[INFO] [stderr]    = help: maybe it is overwritten before being read?
[INFO] [stderr]    = note: `#[warn(unused_assignments)]` on by default
[INFO] [stderr] 
[INFO] [stderr] warning: `aoc2023` (bin "7_2" test) generated 4 warnings
[INFO] [stderr] warning: `aoc2023` (bin "8_2" test) generated 1 warning
[INFO] [stderr]     Finished `test` profile [unoptimized + debuginfo] target(s) in 0.01s
[INFO] [stderr]      Running unittests src/day10/part1.rs (/opt/rustwide/target/debug/deps/10_1-81683557bf9ad678)
[INFO] [stdout] 
[INFO] [stdout] running 2 tests
[INFO] [stdout] test tests::complex ... ok
[INFO] [stdout] test tests::works ... ok
[INFO] [stdout] 
[INFO] [stdout] test result: ok. 2 passed; 0 failed; 0 ignored; 0 measured; 0 filtered out; finished in 0.00s
[INFO] [stdout] 
[INFO] [stderr]      Running unittests src/day10/part2.rs (/opt/rustwide/target/debug/deps/10_2-2406f554064f5dd6)
[INFO] [stdout] 
[INFO] [stdout] running 1 test
[INFO] [stdout] test tests::works ... FAILED
[INFO] [stdout] 
[INFO] [stdout] failures:
[INFO] [stdout] 
[INFO] [stdout] ---- tests::works stdout ----
[INFO] [stdout] [(3, 14), (4, 10), (4, 11), (4, 12), (4, 13), (5, 11), (5, 12), (5, 13), (6, 13), (6, 14)]
[INFO] [stdout] ┌┌┐┌S┌┐┌┐┌┐┌┐┌┐┌───┐
[INFO] [stdout] └│└┘││││││││││││┌──┘
[INFO] [stdout] ┌└─┐└┘└┘││││││└┘└─┐┐
[INFO] [stdout] ┌──┘┌──┐││└┘└┘*┌┐┌┘─
[INFO] [stdout] └───┘┌─┘└┘****┌┘└┘┘┐
[INFO] [stdout] │┌│┌─┘┌───┐***└┐└│┐│
[INFO] [stdout] │┌┌┘┌┐└┐┌─┘┌┐**└───┐
[INFO] [stdout] ┐─└─┘└┐││┌┐│└┐┌─┐┌┐│
[INFO] [stdout] └.└┐└┌┘│││││┌┘└┐││└┘
[INFO] [stdout] └┐┘└┘└─┘└┘└┘└──┘└┘.└
[INFO] [stdout] 
[INFO] [stdout] [(3, 14), (4, 10), (4, 11), (4, 12), (4, 13), (5, 11), (5, 12), (5, 13), (6, 13), (6, 14)]
[INFO] [stdout]  ┌┐┌S┌┐┌┐┌┐┌┐┌┐┌───┐
[INFO] [stdout]  │└┘││││││││││││┌──┘
[INFO] [stdout]  └─┐└┘└┘││││││└┘└─┐ 
[INFO] [stdout] ┌──┘┌──┐││└┘└┘*┌┐┌┘ 
[INFO] [stdout] └───┘┌─┘└┘****┌┘└┘  
[INFO] [stdout]    ┌─┘┌───┐***└┐    
[INFO] [stdout]   ┌┘┌┐└┐┌─┘┌┐**└───┐
[INFO] [stdout]   └─┘└┐││┌┐│└┐┌─┐┌┐│
[INFO] [stdout]  .   ┌┘│││││┌┘└┐││└┘
[INFO] [stdout]      └─┘└┘└┘└──┘└┘. 
[INFO] [stdout] 
[INFO] [stdout] thread 'tests::works' panicked at src/day10/part2.rs:367:9:
[INFO] [stdout] assertion `left == right` failed
[INFO] [stdout]   left: 10
[INFO] [stdout]  right: 18
[INFO] [stdout] stack backtrace:
[INFO] [stdout]    0:     0x64a5807b42aa - std::backtrace_rs::backtrace::libunwind::trace::h207520d6e9873551
[INFO] [stdout]                                at /rustc/df4ca44d3fbc9301ee17f30f4d474e6ae4b05252/library/std/src/../../backtrace/src/backtrace/libunwind.rs:116:5
[INFO] [stdout]    1:     0x64a5807b42aa - std::backtrace_rs::backtrace::trace_unsynchronized::h2ed7433f370e3eca
[INFO] [stdout]                                at /rustc/df4ca44d3fbc9301ee17f30f4d474e6ae4b05252/library/std/src/../../backtrace/src/backtrace/mod.rs:66:5
[INFO] [stdout]    2:     0x64a5807b42aa - std::sys::backtrace::_print_fmt::h916fac51166b18d7
[INFO] [stdout]                                at /rustc/df4ca44d3fbc9301ee17f30f4d474e6ae4b05252/library/std/src/sys/backtrace.rs:66:9
[INFO] [stdout]    3:     0x64a5807b42aa - <std::sys::backtrace::BacktraceLock::print::DisplayBacktrace as core::fmt::Display>::fmt::ha0a4c9b8ce3802e6
[INFO] [stdout]                                at /rustc/df4ca44d3fbc9301ee17f30f4d474e6ae4b05252/library/std/src/sys/backtrace.rs:39:26
[INFO] [stdout]    4:     0x64a5807da7d3 - core::fmt::rt::Argument::fmt::h4cfc8587d52b3eb5
[INFO] [stdout]                                at /rustc/df4ca44d3fbc9301ee17f30f4d474e6ae4b05252/library/core/src/fmt/rt.rs:177:76
[INFO] [stdout]    5:     0x64a5807da7d3 - core::fmt::write::h522cc39e5b36ae9f
[INFO] [stdout]                                at /rustc/df4ca44d3fbc9301ee17f30f4d474e6ae4b05252/library/core/src/fmt/mod.rs:1190:21
[INFO] [stdout]    6:     0x64a5807b0f13 - std::io::Write::write_fmt::h7d3c26752da97734
[INFO] [stdout]                                at /rustc/df4ca44d3fbc9301ee17f30f4d474e6ae4b05252/library/std/src/io/mod.rs:1839:15
[INFO] [stdout]    7:     0x64a5807b40f2 - std::sys::backtrace::BacktraceLock::print::h4b9e00b29e9c0942
[INFO] [stdout]                                at /rustc/df4ca44d3fbc9301ee17f30f4d474e6ae4b05252/library/std/src/sys/backtrace.rs:42:9
[INFO] [stdout]    8:     0x64a5807b573a - std::panicking::default_hook::{{closure}}::hb59b88280d0324d9
[INFO] [stdout]                                at /rustc/df4ca44d3fbc9301ee17f30f4d474e6ae4b05252/library/std/src/panicking.rs:268:22
[INFO] [stdout]    9:     0x64a5807b5544 - std::panicking::default_hook::he1dd496665be4a29
[INFO] [stdout]                                at /rustc/df4ca44d3fbc9301ee17f30f4d474e6ae4b05252/library/std/src/panicking.rs:292:9
[INFO] [stdout]   10:     0x64a58077f339 - <alloc::boxed::Box<F,A> as core::ops::function::Fn<Args>>::call::h4ff71de18744e1dc
[INFO] [stdout]                                at /rustc/df4ca44d3fbc9301ee17f30f4d474e6ae4b05252/library/alloc/src/boxed.rs:2468:9
[INFO] [stdout]   11:     0x64a58077f339 - test::test_main::{{closure}}::hcf7c055ce117aa81
[INFO] [stdout]                                at /rustc/df4ca44d3fbc9301ee17f30f4d474e6ae4b05252/library/test/src/lib.rs:133:21
[INFO] [stdout]   12:     0x64a5807b5e38 - <alloc::boxed::Box<F,A> as core::ops::function::Fn<Args>>::call::h1d66c6bbd60c9692
[INFO] [stdout]                                at /rustc/df4ca44d3fbc9301ee17f30f4d474e6ae4b05252/library/alloc/src/boxed.rs:2468:9
[INFO] [stdout]   13:     0x64a5807b5e38 - std::panicking::rust_panic_with_hook::h2ff17fe8f26dfcf8
[INFO] [stdout]                                at /rustc/df4ca44d3fbc9301ee17f30f4d474e6ae4b05252/library/std/src/panicking.rs:809:13
[INFO] [stdout]   14:     0x64a5807b5bfa - std::panicking::begin_panic_handler::{{closure}}::h4fad77951c07e101
[INFO] [stdout]                                at /rustc/df4ca44d3fbc9301ee17f30f4d474e6ae4b05252/library/std/src/panicking.rs:674:13
[INFO] [stdout]   15:     0x64a5807b4789 - std::sys::backtrace::__rust_end_short_backtrace::hb1a25b3da5d0ea08
[INFO] [stdout]                                at /rustc/df4ca44d3fbc9301ee17f30f4d474e6ae4b05252/library/std/src/sys/backtrace.rs:170:18
[INFO] [stdout]   16:     0x64a5807b588c - rust_begin_unwind
[INFO] [stdout]                                at /rustc/df4ca44d3fbc9301ee17f30f4d474e6ae4b05252/library/std/src/panicking.rs:665:5
[INFO] [stdout]   17:     0x64a5807d9270 - core::panicking::panic_fmt::ha9db07b529f9b256
[INFO] [stdout]                                at /rustc/df4ca44d3fbc9301ee17f30f4d474e6ae4b05252/library/core/src/panicking.rs:75:14
[INFO] [stdout]   18:     0x64a5807d959b - core::panicking::assert_failed_inner::h04f38944d74a80a8
[INFO] [stdout]   19:     0x64a580743b4b - core::panicking::assert_failed::h679a27b0a67241ad
[INFO] [stdout]                                at /rustc/df4ca44d3fbc9301ee17f30f4d474e6ae4b05252/library/core/src/panicking.rs:377:5
[INFO] [stdout]   20:     0x64a580745412 - _10_2::tests::works::hbecb070dfd88c248
[INFO] [stdout]                                at /opt/rustwide/workdir/src/day10/part2.rs:367:9
[INFO] [stdout]   21:     0x64a580745377 - _10_2::tests::works::{{closure}}::h3f28f1935f48e5fe
[INFO] [stdout]                                at /opt/rustwide/workdir/src/day10/part2.rs:353:15
[INFO] [stdout]   22:     0x64a580739e06 - core::ops::function::FnOnce::call_once::h9df56658f2a04062
[INFO] [stdout]                                at /rustc/df4ca44d3fbc9301ee17f30f4d474e6ae4b05252/library/core/src/ops/function.rs:250:5
[INFO] [stdout]   23:     0x64a580783c0b - core::ops::function::FnOnce::call_once::h22c3ba5715e93f05
[INFO] [stdout]                                at /rustc/df4ca44d3fbc9301ee17f30f4d474e6ae4b05252/library/core/src/ops/function.rs:250:5
[INFO] [stdout]   24:     0x64a580783c0b - test::__rust_begin_short_backtrace::h8e82d8113d0da17f
[INFO] [stdout]                                at /rustc/df4ca44d3fbc9301ee17f30f4d474e6ae4b05252/library/test/src/lib.rs:621:18
[INFO] [stdout]   25:     0x64a580783587 - test::run_test_in_process::{{closure}}::h33235f4f20b7b7c7
[INFO] [stdout]                                at /rustc/df4ca44d3fbc9301ee17f30f4d474e6ae4b05252/library/test/src/lib.rs:644:60
[INFO] [stdout]   26:     0x64a580783587 - <core::panic::unwind_safe::AssertUnwindSafe<F> as core::ops::function::FnOnce<()>>::call_once::hb5043206310c586f
[INFO] [stdout]                                at /rustc/df4ca44d3fbc9301ee17f30f4d474e6ae4b05252/library/core/src/panic/unwind_safe.rs:272:9
[INFO] [stdout]   27:     0x64a580783587 - std::panicking::try::do_call::h9ad4731a60ab23e2
[INFO] [stdout]                                at /rustc/df4ca44d3fbc9301ee17f30f4d474e6ae4b05252/library/std/src/panicking.rs:557:40
[INFO] [stdout]   28:     0x64a580783587 - std::panicking::try::h3824d23db772a716
[INFO] [stdout]                                at /rustc/df4ca44d3fbc9301ee17f30f4d474e6ae4b05252/library/std/src/panicking.rs:520:19
[INFO] [stdout]   29:     0x64a580783587 - std::panic::catch_unwind::h5afd514605fde46b
[INFO] [stdout]                                at /rustc/df4ca44d3fbc9301ee17f30f4d474e6ae4b05252/library/std/src/panic.rs:358:14
[INFO] [stdout]   30:     0x64a580783587 - test::run_test_in_process::h0d5cbfa7067d1720
[INFO] [stdout]                                at /rustc/df4ca44d3fbc9301ee17f30f4d474e6ae4b05252/library/test/src/lib.rs:644:27
[INFO] [stdout]   31:     0x64a580783587 - test::run_test::{{closure}}::h708eb8872708115d
[INFO] [stdout]                                at /rustc/df4ca44d3fbc9301ee17f30f4d474e6ae4b05252/library/test/src/lib.rs:565:43
[INFO] [stdout]   32:     0x64a580746ca4 - test::run_test::{{closure}}::h392c51cee94713ab
[INFO] [stdout]                                at /rustc/df4ca44d3fbc9301ee17f30f4d474e6ae4b05252/library/test/src/lib.rs:595:41
[INFO] [stdout]   33:     0x64a580746ca4 - std::sys::backtrace::__rust_begin_short_backtrace::h2f40290710935a8b
[INFO] [stdout]                                at /rustc/df4ca44d3fbc9301ee17f30f4d474e6ae4b05252/library/std/src/sys/backtrace.rs:154:18
[INFO] [stdout]   34:     0x64a58074a44e - std::thread::Builder::spawn_unchecked_::{{closure}}::{{closure}}::h3fd968d89053a903
[INFO] [stdout]                                at /rustc/df4ca44d3fbc9301ee17f30f4d474e6ae4b05252/library/std/src/thread/mod.rs:541:17
[INFO] [stdout]   35:     0x64a58074a44e - <core::panic::unwind_safe::AssertUnwindSafe<F> as core::ops::function::FnOnce<()>>::call_once::h743f637ba4229880
[INFO] [stdout]                                at /rustc/df4ca44d3fbc9301ee17f30f4d474e6ae4b05252/library/core/src/panic/unwind_safe.rs:272:9
[INFO] [stdout]   36:     0x64a58074a44e - std::panicking::try::do_call::h07440897322525a6
[INFO] [stdout]                                at /rustc/df4ca44d3fbc9301ee17f30f4d474e6ae4b05252/library/std/src/panicking.rs:557:40
[INFO] [stdout]   37:     0x64a58074a44e - std::panicking::try::he5a2e00188156637
[INFO] [stdout]                                at /rustc/df4ca44d3fbc9301ee17f30f4d474e6ae4b05252/library/std/src/panicking.rs:520:19
[INFO] [stdout]   38:     0x64a58074a44e - std::panic::catch_unwind::hbaf3cae49b3c6433
[INFO] [stdout]                                at /rustc/df4ca44d3fbc9301ee17f30f4d474e6ae4b05252/library/std/src/panic.rs:358:14
[INFO] [stdout]   39:     0x64a58074a44e - std::thread::Builder::spawn_unchecked_::{{closure}}::h8e141ea224820bce
[INFO] [stdout]                                at /rustc/df4ca44d3fbc9301ee17f30f4d474e6ae4b05252/library/std/src/thread/mod.rs:540:30
[INFO] [stdout]   40:     0x64a58074a44e - core::ops::function::FnOnce::call_once{{vtable.shim}}::h90d312fedd7b8ea8
[INFO] [stdout]                                at /rustc/df4ca44d3fbc9301ee17f30f4d474e6ae4b05252/library/core/src/ops/function.rs:250:5
[INFO] [stdout]   41:     0x64a5807b9c2b - <alloc::boxed::Box<F,A> as core::ops::function::FnOnce<Args>>::call_once::h69aa08ddb6adb8b6
[INFO] [stdout]                                at /rustc/df4ca44d3fbc9301ee17f30f4d474e6ae4b05252/library/alloc/src/boxed.rs:2454:9
[INFO] [stdout]   42:     0x64a5807b9c2b - <alloc::boxed::Box<F,A> as core::ops::function::FnOnce<Args>>::call_once::h5aa36efdb79c806f
[INFO] [stdout]                                at /rustc/df4ca44d3fbc9301ee17f30f4d474e6ae4b05252/library/alloc/src/boxed.rs:2454:9
[INFO] [stdout]   43:     0x64a5807b9c2b - std::sys::pal::unix::thread::Thread::new::thread_start::h6cd80a1b4be5158d
[INFO] [stdout]                                at /rustc/df4ca44d3fbc9301ee17f30f4d474e6ae4b05252/library/std/src/sys/pal/unix/thread.rs:105:17
[INFO] [stdout]   44:     0x7589eaf6fac3 - <unknown>
[INFO] [stdout]   45:     0x7589eb000a04 - clone
[INFO] [stdout]   46:                0x0 - <unknown>
[INFO] [stdout] 
[INFO] [stdout] 
[INFO] [stdout] failures:
[INFO] [stdout]     tests::works
[INFO] [stdout] 
[INFO] [stdout] test result: FAILED. 0 passed; 1 failed; 0 ignored; 0 measured; 0 filtered out; finished in 0.01s
[INFO] [stdout] 
[INFO] [stderr] error: test failed, to rerun pass `--bin 10_2`
[INFO] running `Command { std: "docker" "inspect" "b517c0d1e7589c18f098c9fe1c2d2fc9b48768a737f6779e259c0a5e2d317b4d", kill_on_drop: false }`
[INFO] running `Command { std: "docker" "rm" "-f" "b517c0d1e7589c18f098c9fe1c2d2fc9b48768a737f6779e259c0a5e2d317b4d", kill_on_drop: false }`
[INFO] [stdout] b517c0d1e7589c18f098c9fe1c2d2fc9b48768a737f6779e259c0a5e2d317b4d
