[INFO] cloning repository https://github.com/Ayowel/lolrofl-rs
[INFO] running `Command { std: "git" "-c" "credential.helper=" "-c" "credential.helper=/workspace/cargo-home/bin/git-credential-null" "clone" "--bare" "https://github.com/Ayowel/lolrofl-rs" "/workspace/cache/git-repos/https%3A%2F%2Fgithub.com%2FAyowel%2Flolrofl-rs", kill_on_drop: false }`
[INFO] [stderr] Cloning into bare repository '/workspace/cache/git-repos/https%3A%2F%2Fgithub.com%2FAyowel%2Flolrofl-rs'...
[INFO] running `Command { std: "git" "rev-parse" "HEAD", kill_on_drop: false }`
[INFO] [stdout] 6c5529ebcaed3ce2a2007287b8e2358b1a98937e
[INFO] testing Ayowel/lolrofl-rs/6c5529ebcaed3ce2a2007287b8e2358b1a98937e against nightly-2024-10-28 for randomize-layout
[INFO] running `Command { std: "git" "clone" "/workspace/cache/git-repos/https%3A%2F%2Fgithub.com%2FAyowel%2Flolrofl-rs" "/workspace/builds/worker-0-tc1/source", kill_on_drop: false }`
[INFO] [stderr] Cloning into '/workspace/builds/worker-0-tc1/source'...
[INFO] [stderr] done.
[INFO] validating manifest of git repo https://github.com/Ayowel/lolrofl-rs on toolchain nightly-2024-10-28
[INFO] running `Command { std: CARGO_HOME="/workspace/cargo-home" RUSTUP_HOME="/workspace/rustup-home" "/workspace/cargo-home/bin/cargo" "+nightly-2024-10-28" "metadata" "--manifest-path" "Cargo.toml" "--no-deps", kill_on_drop: false }`
[INFO] started tweaking git repo https://github.com/Ayowel/lolrofl-rs
[INFO] finished tweaking git repo https://github.com/Ayowel/lolrofl-rs
[INFO] tweaked toml for git repo https://github.com/Ayowel/lolrofl-rs written to /workspace/builds/worker-0-tc1/source/Cargo.toml
[INFO] crate git repo https://github.com/Ayowel/lolrofl-rs already has a lockfile, it will not be regenerated
[INFO] running `Command { std: CARGO_HOME="/workspace/cargo-home" RUSTUP_HOME="/workspace/rustup-home" "/workspace/cargo-home/bin/cargo" "+nightly-2024-10-28" "fetch" "--manifest-path" "Cargo.toml", kill_on_drop: false }`
[INFO] running `Command { std: "docker" "create" "-v" "/var/lib/crater-agent-workspace/builds/worker-0-tc1/target:/opt/rustwide/target:rw,Z" "-v" "/var/lib/crater-agent-workspace/builds/worker-0-tc1/source:/opt/rustwide/workdir:ro,Z" "-v" "/var/lib/crater-agent-workspace/cargo-home:/opt/rustwide/cargo-home:ro,Z" "-v" "/var/lib/crater-agent-workspace/rustup-home:/opt/rustwide/rustup-home:ro,Z" "-e" "SOURCE_DIR=/opt/rustwide/workdir" "-e" "CARGO_TARGET_DIR=/opt/rustwide/target" "-e" "CARGO_HOME=/opt/rustwide/cargo-home" "-e" "RUSTUP_HOME=/opt/rustwide/rustup-home" "-w" "/opt/rustwide/workdir" "-m" "1610612736" "--user" "0:0" "--network" "none" "ghcr.io/rust-lang/crates-build-env/linux@sha256:4a844ea9eb2546a2d2c7022eacef16ef2e8229c7fbb2c7d4d55a9ceca922f72d" "/opt/rustwide/cargo-home/bin/cargo" "+nightly-2024-10-28" "metadata" "--no-deps" "--format-version=1", kill_on_drop: false }`
[INFO] [stdout] 19894bde50f1786455eb83e235c7926cd4e897f1ff5b0bbedef710436b4c05a6
[INFO] running `Command { std: "docker" "start" "-a" "19894bde50f1786455eb83e235c7926cd4e897f1ff5b0bbedef710436b4c05a6", kill_on_drop: false }`
[INFO] running `Command { std: "docker" "inspect" "19894bde50f1786455eb83e235c7926cd4e897f1ff5b0bbedef710436b4c05a6", kill_on_drop: false }`
[INFO] running `Command { std: "docker" "rm" "-f" "19894bde50f1786455eb83e235c7926cd4e897f1ff5b0bbedef710436b4c05a6", kill_on_drop: false }`
[INFO] [stdout] 19894bde50f1786455eb83e235c7926cd4e897f1ff5b0bbedef710436b4c05a6
[INFO] running `Command { std: "docker" "create" "-v" "/var/lib/crater-agent-workspace/builds/worker-0-tc1/target:/opt/rustwide/target:rw,Z" "-v" "/var/lib/crater-agent-workspace/builds/worker-0-tc1/source:/opt/rustwide/workdir:ro,Z" "-v" "/var/lib/crater-agent-workspace/cargo-home:/opt/rustwide/cargo-home:ro,Z" "-v" "/var/lib/crater-agent-workspace/rustup-home:/opt/rustwide/rustup-home:ro,Z" "-e" "SOURCE_DIR=/opt/rustwide/workdir" "-e" "CARGO_TARGET_DIR=/opt/rustwide/target" "-e" "CARGO_INCREMENTAL=0" "-e" "RUST_BACKTRACE=full" "-e" "RUSTFLAGS=--cap-lints=forbid" "-e" "RUSTDOCFLAGS=--cap-lints=forbid" "-e" "CARGO_HOME=/opt/rustwide/cargo-home" "-e" "RUSTUP_HOME=/opt/rustwide/rustup-home" "-w" "/opt/rustwide/workdir" "-m" "1610612736" "--user" "0:0" "--network" "none" "ghcr.io/rust-lang/crates-build-env/linux@sha256:4a844ea9eb2546a2d2c7022eacef16ef2e8229c7fbb2c7d4d55a9ceca922f72d" "/opt/rustwide/cargo-home/bin/cargo" "+nightly-2024-10-28" "build" "--frozen" "--message-format=json", kill_on_drop: false }`
[INFO] [stdout] fd7602939cdf165ea32496e7a9d05568f47605bb42d6e96f67c3b43b78ce122b
[INFO] running `Command { std: "docker" "start" "-a" "fd7602939cdf165ea32496e7a9d05568f47605bb42d6e96f67c3b43b78ce122b", kill_on_drop: false }`
[INFO] [stderr]    Compiling version_check v0.9.4
[INFO] [stderr]    Compiling typenum v1.15.0
[INFO] [stderr]    Compiling crc32fast v1.3.2
[INFO] [stderr]    Compiling adler v1.0.2
[INFO] [stderr]    Compiling cfg-if v1.0.0
[INFO] [stderr]    Compiling byteorder v1.4.3
[INFO] [stderr]    Compiling base64 v0.13.0
[INFO] [stderr]    Compiling miniz_oxide v0.5.3
[INFO] [stderr]    Compiling generic-array v0.14.5
[INFO] [stderr]    Compiling flate2 v1.0.24
[INFO] [stderr]    Compiling inout v0.1.3
[INFO] [stderr]    Compiling crypto-common v0.1.3
[INFO] [stderr]    Compiling cipher v0.4.3
[INFO] [stderr]    Compiling blowfish v0.9.1
[INFO] [stderr]    Compiling lolrofl v0.2.0 (/opt/rustwide/workdir)
[INFO] [stderr]     Finished `dev` profile [unoptimized + debuginfo] target(s) in 1.81s
[INFO] running `Command { std: "docker" "inspect" "fd7602939cdf165ea32496e7a9d05568f47605bb42d6e96f67c3b43b78ce122b", kill_on_drop: false }`
[INFO] running `Command { std: "docker" "rm" "-f" "fd7602939cdf165ea32496e7a9d05568f47605bb42d6e96f67c3b43b78ce122b", kill_on_drop: false }`
[INFO] [stdout] fd7602939cdf165ea32496e7a9d05568f47605bb42d6e96f67c3b43b78ce122b
[INFO] running `Command { std: "docker" "create" "-v" "/var/lib/crater-agent-workspace/builds/worker-0-tc1/target:/opt/rustwide/target:rw,Z" "-v" "/var/lib/crater-agent-workspace/builds/worker-0-tc1/source:/opt/rustwide/workdir:ro,Z" "-v" "/var/lib/crater-agent-workspace/cargo-home:/opt/rustwide/cargo-home:ro,Z" "-v" "/var/lib/crater-agent-workspace/rustup-home:/opt/rustwide/rustup-home:ro,Z" "-e" "SOURCE_DIR=/opt/rustwide/workdir" "-e" "CARGO_TARGET_DIR=/opt/rustwide/target" "-e" "CARGO_INCREMENTAL=0" "-e" "RUST_BACKTRACE=full" "-e" "RUSTFLAGS=--cap-lints=forbid" "-e" "RUSTDOCFLAGS=--cap-lints=forbid" "-e" "CARGO_HOME=/opt/rustwide/cargo-home" "-e" "RUSTUP_HOME=/opt/rustwide/rustup-home" "-w" "/opt/rustwide/workdir" "-m" "1610612736" "--user" "0:0" "--network" "none" "ghcr.io/rust-lang/crates-build-env/linux@sha256:4a844ea9eb2546a2d2c7022eacef16ef2e8229c7fbb2c7d4d55a9ceca922f72d" "/opt/rustwide/cargo-home/bin/cargo" "+nightly-2024-10-28" "test" "--frozen" "--no-run" "--message-format=json", kill_on_drop: false }`
[INFO] [stdout] 4f0c5a41fd23e4952a30d7b20030e38c758c489e4e62110281e38d569dd0664b
[INFO] running `Command { std: "docker" "start" "-a" "4f0c5a41fd23e4952a30d7b20030e38c758c489e4e62110281e38d569dd0664b", kill_on_drop: false }`
[INFO] [stderr]    Compiling lolrofl v0.2.0 (/opt/rustwide/workdir)
[INFO] [stderr]     Finished `test` profile [unoptimized + debuginfo] target(s) in 0.27s
[INFO] running `Command { std: "docker" "inspect" "4f0c5a41fd23e4952a30d7b20030e38c758c489e4e62110281e38d569dd0664b", kill_on_drop: false }`
[INFO] running `Command { std: "docker" "rm" "-f" "4f0c5a41fd23e4952a30d7b20030e38c758c489e4e62110281e38d569dd0664b", kill_on_drop: false }`
[INFO] [stdout] 4f0c5a41fd23e4952a30d7b20030e38c758c489e4e62110281e38d569dd0664b
[INFO] running `Command { std: "docker" "create" "-v" "/var/lib/crater-agent-workspace/builds/worker-0-tc1/target:/opt/rustwide/target:rw,Z" "-v" "/var/lib/crater-agent-workspace/builds/worker-0-tc1/source:/opt/rustwide/workdir:ro,Z" "-v" "/var/lib/crater-agent-workspace/cargo-home:/opt/rustwide/cargo-home:ro,Z" "-v" "/var/lib/crater-agent-workspace/rustup-home:/opt/rustwide/rustup-home:ro,Z" "-e" "SOURCE_DIR=/opt/rustwide/workdir" "-e" "CARGO_TARGET_DIR=/opt/rustwide/target" "-e" "CARGO_INCREMENTAL=0" "-e" "RUST_BACKTRACE=full" "-e" "RUSTFLAGS=--cap-lints=forbid" "-e" "RUSTDOCFLAGS=--cap-lints=forbid" "-e" "CARGO_HOME=/opt/rustwide/cargo-home" "-e" "RUSTUP_HOME=/opt/rustwide/rustup-home" "-w" "/opt/rustwide/workdir" "-m" "1610612736" "--user" "0:0" "--network" "none" "ghcr.io/rust-lang/crates-build-env/linux@sha256:4a844ea9eb2546a2d2c7022eacef16ef2e8229c7fbb2c7d4d55a9ceca922f72d" "/opt/rustwide/cargo-home/bin/cargo" "+nightly-2024-10-28" "test" "--frozen", kill_on_drop: false }`
[INFO] [stdout] ae5876f2aead48df096c50929964800f691703adca1367f000a427b248c8fc03
[INFO] running `Command { std: "docker" "start" "-a" "ae5876f2aead48df096c50929964800f691703adca1367f000a427b248c8fc03", kill_on_drop: false }`
[INFO] [stderr]     Finished `test` profile [unoptimized + debuginfo] target(s) in 0.03s
[INFO] [stderr]      Running unittests src/lib.rs (/opt/rustwide/target/debug/deps/lolrofl-d4906b7ba65a64e9)
[INFO] [stdout] 
[INFO] [stdout] running 0 tests
[INFO] [stdout] 
[INFO] [stdout] test result: ok. 0 passed; 0 failed; 0 ignored; 0 measured; 0 filtered out; finished in 0.00s
[INFO] [stdout] 
[INFO] [stderr]    Doc-tests lolrofl
[INFO] [stdout] 
[INFO] [stdout] running 8 tests
[INFO] [stdout] test src/lib.rs - Rofl<'_>::segment_iter (line 146) ... ignored
[INFO] [stdout] test src/lib.rs - Rofl<'_>::payload (line 119) ... FAILED
[INFO] [stdout] test src/lib.rs - Rofl<'_>::segment_iter (line 156) ... FAILED
[INFO] [stdout] test src/lib.rs - Rofl<'_>::from_slice (line 193) ... FAILED
[INFO] [stdout] test src/lib.rs - Rofl<'_>::metadata (line 97) ... FAILED
[INFO] [stdout] test src/lib.rs - Rofl (line 53) ... FAILED
[INFO] [stdout] test src/lib.rs - (line 22) ... FAILED
[INFO] [stdout] test src/lib.rs - Rofl<'_>::head (line 81) ... FAILED
[INFO] [stdout] 
[INFO] [stdout] failures:
[INFO] [stdout] 
[INFO] [stdout] ---- src/lib.rs - Rofl<'_>::payload (line 119) stdout ----
[INFO] [stdout] error[E0433]: failed to resolve: could not find `test` in `lolrofl`
[INFO] [stdout]   --> src/lib.rs:121:24
[INFO] [stdout]    |
[INFO] [stdout] 5  | let content = lolrofl::test::sample_base_file_0();
[INFO] [stdout]    |                        ^^^^ could not find `test` in `lolrofl`
[INFO] [stdout]    |
[INFO] [stdout] note: found an item that was configured out
[INFO] [stdout]   --> /opt/rustwide/workdir/src/lib.rs:46:9
[INFO] [stdout]    |
[INFO] [stdout] 46 | pub mod test;
[INFO] [stdout]    |         ^^^^
[INFO] [stdout] note: the item is gated here
[INFO] [stdout]   --> /opt/rustwide/workdir/src/lib.rs:45:1
[INFO] [stdout]    |
[INFO] [stdout] 45 | #[cfg(any(doctest, test, feature = "test"))]
[INFO] [stdout]    | ^^^^^^^^^^^^^^^^^^^^^^^^^^^^^^^^^^^^^^^^^^^^
[INFO] [stdout] 
[INFO] [stdout] error: aborting due to 1 previous error
[INFO] [stdout] 
[INFO] [stdout] For more information about this error, try `rustc --explain E0433`.
[INFO] [stdout] Couldn't compile the test.
[INFO] [stdout] ---- src/lib.rs - Rofl<'_>::segment_iter (line 156) stdout ----
[INFO] [stdout] error[E0433]: failed to resolve: could not find `test` in `lolrofl`
[INFO] [stdout]   --> src/lib.rs:159:24
[INFO] [stdout]    |
[INFO] [stdout] 6  | let content = lolrofl::test::sample_base_file_0();
[INFO] [stdout]    |                        ^^^^ could not find `test` in `lolrofl`
[INFO] [stdout]    |
[INFO] [stdout] note: found an item that was configured out
[INFO] [stdout]   --> /opt/rustwide/workdir/src/lib.rs:46:9
[INFO] [stdout]    |
[INFO] [stdout] 46 | pub mod test;
[INFO] [stdout]    |         ^^^^
[INFO] [stdout] note: the item is gated here
[INFO] [stdout]   --> /opt/rustwide/workdir/src/lib.rs:45:1
[INFO] [stdout]    |
[INFO] [stdout] 45 | #[cfg(any(doctest, test, feature = "test"))]
[INFO] [stdout]    | ^^^^^^^^^^^^^^^^^^^^^^^^^^^^^^^^^^^^^^^^^^^^
[INFO] [stdout] 
[INFO] [stdout] error: aborting due to 1 previous error
[INFO] [stdout] 
[INFO] [stdout] For more information about this error, try `rustc --explain E0433`.
[INFO] [stdout] Couldn't compile the test.
[INFO] [stdout] ---- src/lib.rs - Rofl<'_>::from_slice (line 193) stdout ----
[INFO] [stdout] error[E0433]: failed to resolve: could not find `test` in `lolrofl`
[INFO] [stdout]   --> src/lib.rs:195:24
[INFO] [stdout]    |
[INFO] [stdout] 5  | let content = lolrofl::test::sample_base_file_0();
[INFO] [stdout]    |                        ^^^^ could not find `test` in `lolrofl`
[INFO] [stdout]    |
[INFO] [stdout] note: found an item that was configured out
[INFO] [stdout]   --> /opt/rustwide/workdir/src/lib.rs:46:9
[INFO] [stdout]    |
[INFO] [stdout] 46 | pub mod test;
[INFO] [stdout]    |         ^^^^
[INFO] [stdout] note: the item is gated here
[INFO] [stdout]   --> /opt/rustwide/workdir/src/lib.rs:45:1
[INFO] [stdout]    |
[INFO] [stdout] 45 | #[cfg(any(doctest, test, feature = "test"))]
[INFO] [stdout]    | ^^^^^^^^^^^^^^^^^^^^^^^^^^^^^^^^^^^^^^^^^^^^
[INFO] [stdout] 
[INFO] [stdout] error: aborting due to 1 previous error
[INFO] [stdout] 
[INFO] [stdout] For more information about this error, try `rustc --explain E0433`.
[INFO] [stdout] Couldn't compile the test.
[INFO] [stdout] ---- src/lib.rs - Rofl<'_>::metadata (line 97) stdout ----
[INFO] [stdout] error[E0433]: failed to resolve: could not find `test` in `lolrofl`
[INFO] [stdout]   --> src/lib.rs:99:24
[INFO] [stdout]    |
[INFO] [stdout] 5  | let content = lolrofl::test::sample_base_file_0();
[INFO] [stdout]    |                        ^^^^ could not find `test` in `lolrofl`
[INFO] [stdout]    |
[INFO] [stdout] note: found an item that was configured out
[INFO] [stdout]   --> /opt/rustwide/workdir/src/lib.rs:46:9
[INFO] [stdout]    |
[INFO] [stdout] 46 | pub mod test;
[INFO] [stdout]    |         ^^^^
[INFO] [stdout] note: the item is gated here
[INFO] [stdout]   --> /opt/rustwide/workdir/src/lib.rs:45:1
[INFO] [stdout]    |
[INFO] [stdout] 45 | #[cfg(any(doctest, test, feature = "test"))]
[INFO] [stdout]    | ^^^^^^^^^^^^^^^^^^^^^^^^^^^^^^^^^^^^^^^^^^^^
[INFO] [stdout] 
[INFO] [stdout] error[E0433]: failed to resolve: use of undeclared crate or module `json`
[INFO] [stdout]  --> src/lib.rs:102:12
[INFO] [stdout]   |
[INFO] [stdout] 8 | let meta = json::parse(game.metadata().unwrap()).unwrap();
[INFO] [stdout]   |            ^^^^ use of undeclared crate or module `json`
[INFO] [stdout] 
[INFO] [stdout] error: aborting due to 2 previous errors
[INFO] [stdout] 
[INFO] [stdout] For more information about this error, try `rustc --explain E0433`.
[INFO] [stdout] Couldn't compile the test.
[INFO] [stdout] ---- src/lib.rs - Rofl (line 53) stdout ----
[INFO] [stdout] error[E0433]: failed to resolve: could not find `test` in `lolrofl`
[INFO] [stdout]   --> src/lib.rs:56:24
[INFO] [stdout]    |
[INFO] [stdout] 6  | let content = lolrofl::test::sample_base_file_0();
[INFO] [stdout]    |                        ^^^^ could not find `test` in `lolrofl`
[INFO] [stdout]    |
[INFO] [stdout] note: found an item that was configured out
[INFO] [stdout]   --> /opt/rustwide/workdir/src/lib.rs:46:9
[INFO] [stdout]    |
[INFO] [stdout] 46 | pub mod test;
[INFO] [stdout]    |         ^^^^
[INFO] [stdout] note: the item is gated here
[INFO] [stdout]   --> /opt/rustwide/workdir/src/lib.rs:45:1
[INFO] [stdout]    |
[INFO] [stdout] 45 | #[cfg(any(doctest, test, feature = "test"))]
[INFO] [stdout]    | ^^^^^^^^^^^^^^^^^^^^^^^^^^^^^^^^^^^^^^^^^^^^
[INFO] [stdout] 
[INFO] [stdout] error: aborting due to 1 previous error
[INFO] [stdout] 
[INFO] [stdout] For more information about this error, try `rustc --explain E0433`.
[INFO] [stdout] Couldn't compile the test.
[INFO] [stdout] ---- src/lib.rs - (line 22) stdout ----
[INFO] [stdout] error[E0433]: failed to resolve: could not find `test` in `lolrofl`
[INFO] [stdout]   --> src/lib.rs:25:24
[INFO] [stdout]    |
[INFO] [stdout] 6  | let content = lolrofl::test::sample_base_file_0();
[INFO] [stdout]    |                        ^^^^ could not find `test` in `lolrofl`
[INFO] [stdout]    |
[INFO] [stdout] note: found an item that was configured out
[INFO] [stdout]   --> /opt/rustwide/workdir/src/lib.rs:46:9
[INFO] [stdout]    |
[INFO] [stdout] 46 | pub mod test;
[INFO] [stdout]    |         ^^^^
[INFO] [stdout] note: the item is gated here
[INFO] [stdout]   --> /opt/rustwide/workdir/src/lib.rs:45:1
[INFO] [stdout]    |
[INFO] [stdout] 45 | #[cfg(any(doctest, test, feature = "test"))]
[INFO] [stdout]    | ^^^^^^^^^^^^^^^^^^^^^^^^^^^^^^^^^^^^^^^^^^^^
[INFO] [stdout] 
[INFO] [stdout] error: aborting due to 1 previous error
[INFO] [stdout] 
[INFO] [stdout] For more information about this error, try `rustc --explain E0433`.
[INFO] [stdout] Couldn't compile the test.
[INFO] [stdout] ---- src/lib.rs - Rofl<'_>::head (line 81) stdout ----
[INFO] [stdout] error[E0433]: failed to resolve: could not find `test` in `lolrofl`
[INFO] [stdout]   --> src/lib.rs:83:24
[INFO] [stdout]    |
[INFO] [stdout] 5  | let content = lolrofl::test::sample_base_file_0();
[INFO] [stdout]    |                        ^^^^ could not find `test` in `lolrofl`
[INFO] [stdout]    |
[INFO] [stdout] note: found an item that was configured out
[INFO] [stdout]   --> /opt/rustwide/workdir/src/lib.rs:46:9
[INFO] [stdout]    |
[INFO] [stdout] 46 | pub mod test;
[INFO] [stdout]    |         ^^^^
[INFO] [stdout] note: the item is gated here
[INFO] [stdout]   --> /opt/rustwide/workdir/src/lib.rs:45:1
[INFO] [stdout]    |
[INFO] [stdout] 45 | #[cfg(any(doctest, test, feature = "test"))]
[INFO] [stdout]    | ^^^^^^^^^^^^^^^^^^^^^^^^^^^^^^^^^^^^^^^^^^^^
[INFO] [stdout] 
[INFO] [stdout] error: aborting due to 1 previous error
[INFO] [stdout] 
[INFO] [stdout] For more information about this error, try `rustc --explain E0433`.
[INFO] [stdout] Couldn't compile the test.
[INFO] [stdout] 
[INFO] [stdout] failures:
[INFO] [stdout]     src/lib.rs - (line 22)
[INFO] [stdout]     src/lib.rs - Rofl (line 53)
[INFO] [stdout]     src/lib.rs - Rofl<'_>::from_slice (line 193)
[INFO] [stdout]     src/lib.rs - Rofl<'_>::head (line 81)
[INFO] [stdout]     src/lib.rs - Rofl<'_>::metadata (line 97)
[INFO] [stdout]     src/lib.rs - Rofl<'_>::payload (line 119)
[INFO] [stdout]     src/lib.rs - Rofl<'_>::segment_iter (line 156)
[INFO] [stdout] 
[INFO] [stdout] test result: FAILED. 0 passed; 7 failed; 1 ignored; 0 measured; 0 filtered out; finished in 0.12s
[INFO] [stdout] 
[INFO] [stderr] error: doctest failed, to rerun pass `--doc`
[INFO] running `Command { std: "docker" "inspect" "ae5876f2aead48df096c50929964800f691703adca1367f000a427b248c8fc03", kill_on_drop: false }`
[INFO] running `Command { std: "docker" "rm" "-f" "ae5876f2aead48df096c50929964800f691703adca1367f000a427b248c8fc03", kill_on_drop: false }`
[INFO] [stdout] ae5876f2aead48df096c50929964800f691703adca1367f000a427b248c8fc03
