[INFO] cloning repository https://github.com/Ashci42/pass-gen
[INFO] running `Command { std: "git" "-c" "credential.helper=" "-c" "credential.helper=/workspace/cargo-home/bin/git-credential-null" "clone" "--bare" "https://github.com/Ashci42/pass-gen" "/workspace/cache/git-repos/https%3A%2F%2Fgithub.com%2FAshci42%2Fpass-gen", kill_on_drop: false }`
[INFO] [stderr] Cloning into bare repository '/workspace/cache/git-repos/https%3A%2F%2Fgithub.com%2FAshci42%2Fpass-gen'...
[INFO] running `Command { std: "git" "rev-parse" "HEAD", kill_on_drop: false }`
[INFO] [stdout] 993fd84deab1288ba2cd9bc2a1fd5ce3af38678a
[INFO] testing Ashci42/pass-gen/993fd84deab1288ba2cd9bc2a1fd5ce3af38678a against nightly-2024-10-28 for randomize-layout
[INFO] running `Command { std: "git" "clone" "/workspace/cache/git-repos/https%3A%2F%2Fgithub.com%2FAshci42%2Fpass-gen" "/workspace/builds/worker-1-tc1/source", kill_on_drop: false }`
[INFO] [stderr] Cloning into '/workspace/builds/worker-1-tc1/source'...
[INFO] [stderr] done.
[INFO] validating manifest of git repo https://github.com/Ashci42/pass-gen on toolchain nightly-2024-10-28
[INFO] running `Command { std: CARGO_HOME="/workspace/cargo-home" RUSTUP_HOME="/workspace/rustup-home" "/workspace/cargo-home/bin/cargo" "+nightly-2024-10-28" "metadata" "--manifest-path" "Cargo.toml" "--no-deps", kill_on_drop: false }`
[INFO] started tweaking git repo https://github.com/Ashci42/pass-gen
[INFO] finished tweaking git repo https://github.com/Ashci42/pass-gen
[INFO] tweaked toml for git repo https://github.com/Ashci42/pass-gen written to /workspace/builds/worker-1-tc1/source/Cargo.toml
[INFO] crate git repo https://github.com/Ashci42/pass-gen already has a lockfile, it will not be regenerated
[INFO] running `Command { std: CARGO_HOME="/workspace/cargo-home" RUSTUP_HOME="/workspace/rustup-home" "/workspace/cargo-home/bin/cargo" "+nightly-2024-10-28" "fetch" "--manifest-path" "Cargo.toml", kill_on_drop: false }`
[INFO] [stderr]  Downloading crates ...
[INFO] [stderr]   Downloaded random-string v0.2.0
[INFO] running `Command { std: "docker" "create" "-v" "/var/lib/crater-agent-workspace/builds/worker-1-tc1/target:/opt/rustwide/target:rw,Z" "-v" "/var/lib/crater-agent-workspace/builds/worker-1-tc1/source:/opt/rustwide/workdir:ro,Z" "-v" "/var/lib/crater-agent-workspace/cargo-home:/opt/rustwide/cargo-home:ro,Z" "-v" "/var/lib/crater-agent-workspace/rustup-home:/opt/rustwide/rustup-home:ro,Z" "-e" "SOURCE_DIR=/opt/rustwide/workdir" "-e" "CARGO_TARGET_DIR=/opt/rustwide/target" "-e" "CARGO_HOME=/opt/rustwide/cargo-home" "-e" "RUSTUP_HOME=/opt/rustwide/rustup-home" "-w" "/opt/rustwide/workdir" "-m" "1610612736" "--user" "0:0" "--network" "none" "ghcr.io/rust-lang/crates-build-env/linux@sha256:4a844ea9eb2546a2d2c7022eacef16ef2e8229c7fbb2c7d4d55a9ceca922f72d" "/opt/rustwide/cargo-home/bin/cargo" "+nightly-2024-10-28" "metadata" "--no-deps" "--format-version=1", kill_on_drop: false }`
[INFO] [stdout] d9eb93de6d377d14675e4753be3f37de2277cc1e6098ffc9c198f6252a366f18
[INFO] running `Command { std: "docker" "start" "-a" "d9eb93de6d377d14675e4753be3f37de2277cc1e6098ffc9c198f6252a366f18", kill_on_drop: false }`
[INFO] running `Command { std: "docker" "inspect" "d9eb93de6d377d14675e4753be3f37de2277cc1e6098ffc9c198f6252a366f18", kill_on_drop: false }`
[INFO] running `Command { std: "docker" "rm" "-f" "d9eb93de6d377d14675e4753be3f37de2277cc1e6098ffc9c198f6252a366f18", kill_on_drop: false }`
[INFO] [stdout] d9eb93de6d377d14675e4753be3f37de2277cc1e6098ffc9c198f6252a366f18
[INFO] running `Command { std: "docker" "create" "-v" "/var/lib/crater-agent-workspace/builds/worker-1-tc1/target:/opt/rustwide/target:rw,Z" "-v" "/var/lib/crater-agent-workspace/builds/worker-1-tc1/source:/opt/rustwide/workdir:ro,Z" "-v" "/var/lib/crater-agent-workspace/cargo-home:/opt/rustwide/cargo-home:ro,Z" "-v" "/var/lib/crater-agent-workspace/rustup-home:/opt/rustwide/rustup-home:ro,Z" "-e" "SOURCE_DIR=/opt/rustwide/workdir" "-e" "CARGO_TARGET_DIR=/opt/rustwide/target" "-e" "CARGO_INCREMENTAL=0" "-e" "RUST_BACKTRACE=full" "-e" "RUSTFLAGS=--cap-lints=forbid" "-e" "RUSTDOCFLAGS=--cap-lints=forbid" "-e" "CARGO_HOME=/opt/rustwide/cargo-home" "-e" "RUSTUP_HOME=/opt/rustwide/rustup-home" "-w" "/opt/rustwide/workdir" "-m" "1610612736" "--user" "0:0" "--network" "none" "ghcr.io/rust-lang/crates-build-env/linux@sha256:4a844ea9eb2546a2d2c7022eacef16ef2e8229c7fbb2c7d4d55a9ceca922f72d" "/opt/rustwide/cargo-home/bin/cargo" "+nightly-2024-10-28" "build" "--frozen" "--message-format=json", kill_on_drop: false }`
[INFO] [stdout] 6c973d83c70723104bd72c3f9b9722e36311a91787f1948720465e9dbe1805c4
[INFO] running `Command { std: "docker" "start" "-a" "6c973d83c70723104bd72c3f9b9722e36311a91787f1948720465e9dbe1805c4", kill_on_drop: false }`
[INFO] [stderr]    Compiling libc v0.2.94
[INFO] [stderr]    Compiling bitflags v1.2.1
[INFO] [stderr]    Compiling unicode-width v0.1.8
[INFO] [stderr]    Compiling fastrand v1.4.1
[INFO] [stderr]    Compiling vec_map v0.8.2
[INFO] [stderr]    Compiling ansi_term v0.11.0
[INFO] [stderr]    Compiling strsim v0.8.0
[INFO] [stderr]    Compiling textwrap v0.11.0
[INFO] [stderr]    Compiling random-string v0.2.0
[INFO] [stderr]    Compiling pass_gen_core v0.1.0 (/opt/rustwide/workdir/pass_gen_core)
[INFO] [stderr]    Compiling atty v0.2.14
[INFO] [stderr]    Compiling clap v2.33.3
[INFO] [stderr]    Compiling passgen v0.1.0 (/opt/rustwide/workdir/passgen)
[INFO] [stderr]     Finished `dev` profile [unoptimized + debuginfo] target(s) in 2.66s
[INFO] running `Command { std: "docker" "inspect" "6c973d83c70723104bd72c3f9b9722e36311a91787f1948720465e9dbe1805c4", kill_on_drop: false }`
[INFO] running `Command { std: "docker" "rm" "-f" "6c973d83c70723104bd72c3f9b9722e36311a91787f1948720465e9dbe1805c4", kill_on_drop: false }`
[INFO] [stdout] 6c973d83c70723104bd72c3f9b9722e36311a91787f1948720465e9dbe1805c4
[INFO] running `Command { std: "docker" "create" "-v" "/var/lib/crater-agent-workspace/builds/worker-1-tc1/target:/opt/rustwide/target:rw,Z" "-v" "/var/lib/crater-agent-workspace/builds/worker-1-tc1/source:/opt/rustwide/workdir:ro,Z" "-v" "/var/lib/crater-agent-workspace/cargo-home:/opt/rustwide/cargo-home:ro,Z" "-v" "/var/lib/crater-agent-workspace/rustup-home:/opt/rustwide/rustup-home:ro,Z" "-e" "SOURCE_DIR=/opt/rustwide/workdir" "-e" "CARGO_TARGET_DIR=/opt/rustwide/target" "-e" "CARGO_INCREMENTAL=0" "-e" "RUST_BACKTRACE=full" "-e" "RUSTFLAGS=--cap-lints=forbid" "-e" "RUSTDOCFLAGS=--cap-lints=forbid" "-e" "CARGO_HOME=/opt/rustwide/cargo-home" "-e" "RUSTUP_HOME=/opt/rustwide/rustup-home" "-w" "/opt/rustwide/workdir" "-m" "1610612736" "--user" "0:0" "--network" "none" "ghcr.io/rust-lang/crates-build-env/linux@sha256:4a844ea9eb2546a2d2c7022eacef16ef2e8229c7fbb2c7d4d55a9ceca922f72d" "/opt/rustwide/cargo-home/bin/cargo" "+nightly-2024-10-28" "test" "--frozen" "--no-run" "--message-format=json", kill_on_drop: false }`
[INFO] [stdout] 20a4ad0b2da3e5e1a1ad398a937f4bb3b419c7f1332667a89ee0c0cdf4280c7e
[INFO] running `Command { std: "docker" "start" "-a" "20a4ad0b2da3e5e1a1ad398a937f4bb3b419c7f1332667a89ee0c0cdf4280c7e", kill_on_drop: false }`
[INFO] [stderr]    Compiling pass_gen_core v0.1.0 (/opt/rustwide/workdir/pass_gen_core)
[INFO] [stderr]    Compiling passgen v0.1.0 (/opt/rustwide/workdir/passgen)
[INFO] [stderr]     Finished `test` profile [unoptimized + debuginfo] target(s) in 0.15s
[INFO] running `Command { std: "docker" "inspect" "20a4ad0b2da3e5e1a1ad398a937f4bb3b419c7f1332667a89ee0c0cdf4280c7e", kill_on_drop: false }`
[INFO] running `Command { std: "docker" "rm" "-f" "20a4ad0b2da3e5e1a1ad398a937f4bb3b419c7f1332667a89ee0c0cdf4280c7e", kill_on_drop: false }`
[INFO] [stdout] 20a4ad0b2da3e5e1a1ad398a937f4bb3b419c7f1332667a89ee0c0cdf4280c7e
[INFO] running `Command { std: "docker" "create" "-v" "/var/lib/crater-agent-workspace/builds/worker-1-tc1/target:/opt/rustwide/target:rw,Z" "-v" "/var/lib/crater-agent-workspace/builds/worker-1-tc1/source:/opt/rustwide/workdir:ro,Z" "-v" "/var/lib/crater-agent-workspace/cargo-home:/opt/rustwide/cargo-home:ro,Z" "-v" "/var/lib/crater-agent-workspace/rustup-home:/opt/rustwide/rustup-home:ro,Z" "-e" "SOURCE_DIR=/opt/rustwide/workdir" "-e" "CARGO_TARGET_DIR=/opt/rustwide/target" "-e" "CARGO_INCREMENTAL=0" "-e" "RUST_BACKTRACE=full" "-e" "RUSTFLAGS=--cap-lints=forbid" "-e" "RUSTDOCFLAGS=--cap-lints=forbid" "-e" "CARGO_HOME=/opt/rustwide/cargo-home" "-e" "RUSTUP_HOME=/opt/rustwide/rustup-home" "-w" "/opt/rustwide/workdir" "-m" "1610612736" "--user" "0:0" "--network" "none" "ghcr.io/rust-lang/crates-build-env/linux@sha256:4a844ea9eb2546a2d2c7022eacef16ef2e8229c7fbb2c7d4d55a9ceca922f72d" "/opt/rustwide/cargo-home/bin/cargo" "+nightly-2024-10-28" "test" "--frozen", kill_on_drop: false }`
[INFO] [stdout] 2eb12cd49e611f48586436878fe6c2f040d1f3bb20a54b2cb8847c204cc7c84e
[INFO] running `Command { std: "docker" "start" "-a" "2eb12cd49e611f48586436878fe6c2f040d1f3bb20a54b2cb8847c204cc7c84e", kill_on_drop: false }`
[INFO] [stderr]     Finished `test` profile [unoptimized + debuginfo] target(s) in 0.01s
[INFO] [stderr]      Running unittests src/lib.rs (/opt/rustwide/target/debug/deps/pass_gen_core-72e1baf66b2357c0)
[INFO] [stdout] 
[INFO] [stdout] running 6 tests
[INFO] [stdout] test check_pass::check_pass_tests::returns_medium_for_medium_passwords ... ok
[INFO] [stdout] test check_pass::check_pass_tests::returns_strong_for_strong_passwords ... ok
[INFO] [stdout] test check_pass::check_pass_tests::returns_very_strong_for_very_strong_passwords ... ok
[INFO] [stdout] test check_pass::check_pass_tests::returns_very_weak_for_empty_passwords ... ok
[INFO] [stdout] test check_pass::check_pass_tests::returns_very_weak_for_very_weak_passwords ... ok
[INFO] [stdout] test check_pass::check_pass_tests::returns_weak_for_weak_passwords ... ok
[INFO] [stdout] 
[INFO] [stdout] test result: ok. 6 passed; 0 failed; 0 ignored; 0 measured; 0 filtered out; finished in 0.00s
[INFO] [stdout] 
[INFO] [stderr]      Running unittests src/main.rs (/opt/rustwide/target/debug/deps/passgen-e451530eaeb76b98)
[INFO] [stdout] 
[INFO] [stdout] running 0 tests
[INFO] [stdout] 
[INFO] [stdout] test result: ok. 0 passed; 0 failed; 0 ignored; 0 measured; 0 filtered out; finished in 0.00s
[INFO] [stdout] 
[INFO] [stderr]    Doc-tests pass_gen_core
[INFO] [stdout] 
[INFO] [stdout] running 5 tests
[INFO] [stdout] test pass_gen_core/src/gen_pass.rs - gen_pass::gen_pass (line 105) ... FAILED
[INFO] [stdout] test pass_gen_core/src/gen_pass.rs - gen_pass::PassOptions (line 8) ... FAILED
[INFO] [stdout] test pass_gen_core/src/check_pass.rs - check_pass::PassStrength (line 8) ... ok
[INFO] [stdout] test pass_gen_core/src/gen_pass.rs - gen_pass::gen_pass_default (line 131) ... ok
[INFO] [stdout] test pass_gen_core/src/check_pass.rs - check_pass::check_pass (line 61) ... ok
[INFO] [stdout] 
[INFO] [stdout] failures:
[INFO] [stdout] 
[INFO] [stdout] ---- pass_gen_core/src/gen_pass.rs - gen_pass::gen_pass (line 105) stdout ----
[INFO] [stdout] error[E0451]: field `length` of struct `PassOptions` is private
[INFO] [stdout]  --> pass_gen_core/src/gen_pass.rs:110:5
[INFO] [stdout]   |
[INFO] [stdout] 8 |     length: 8,
[INFO] [stdout]   |     ^^^^^^^^^ private field
[INFO] [stdout] 
[INFO] [stdout] error[E0451]: field `use_digits` of struct `PassOptions` is private
[INFO] [stdout]  --> pass_gen_core/src/gen_pass.rs:111:5
[INFO] [stdout]   |
[INFO] [stdout] 9 |     use_digits: true,
[INFO] [stdout]   |     ^^^^^^^^^^^^^^^^ private field
[INFO] [stdout] 
[INFO] [stdout] error[E0451]: field `use_lowercase` of struct `PassOptions` is private
[INFO] [stdout]   --> pass_gen_core/src/gen_pass.rs:112:5
[INFO] [stdout]    |
[INFO] [stdout] 10 |     use_lowercase: true,
[INFO] [stdout]    |     ^^^^^^^^^^^^^^^^^^^ private field
[INFO] [stdout] 
[INFO] [stdout] error[E0451]: field `use_special_chars` of struct `PassOptions` is private
[INFO] [stdout]   --> pass_gen_core/src/gen_pass.rs:113:5
[INFO] [stdout]    |
[INFO] [stdout] 11 |     use_special_chars: false,
[INFO] [stdout]    |     ^^^^^^^^^^^^^^^^^^^^^^^^ private field
[INFO] [stdout] 
[INFO] [stdout] error[E0451]: field `use_uppercase` of struct `PassOptions` is private
[INFO] [stdout]   --> pass_gen_core/src/gen_pass.rs:114:5
[INFO] [stdout]    |
[INFO] [stdout] 12 |     use_uppercase: false,   
[INFO] [stdout]    |     ^^^^^^^^^^^^^^^^^^^^ private field
[INFO] [stdout] 
[INFO] [stdout] error: aborting due to 5 previous errors
[INFO] [stdout] 
[INFO] [stdout] For more information about this error, try `rustc --explain E0451`.
[INFO] [stdout] Couldn't compile the test.
[INFO] [stdout] ---- pass_gen_core/src/gen_pass.rs - gen_pass::PassOptions (line 8) stdout ----
[INFO] [stdout] error[E0451]: field `length` of struct `PassOptions` is private
[INFO] [stdout]  --> pass_gen_core/src/gen_pass.rs:13:5
[INFO] [stdout]   |
[INFO] [stdout] 8 |     length: 8,
[INFO] [stdout]   |     ^^^^^^^^^ private field
[INFO] [stdout] 
[INFO] [stdout] error[E0451]: field `use_digits` of struct `PassOptions` is private
[INFO] [stdout]  --> pass_gen_core/src/gen_pass.rs:14:5
[INFO] [stdout]   |
[INFO] [stdout] 9 |     use_digits: true,
[INFO] [stdout]   |     ^^^^^^^^^^^^^^^^ private field
[INFO] [stdout] 
[INFO] [stdout] error[E0451]: field `use_lowercase` of struct `PassOptions` is private
[INFO] [stdout]   --> pass_gen_core/src/gen_pass.rs:15:5
[INFO] [stdout]    |
[INFO] [stdout] 10 |     use_lowercase: true,
[INFO] [stdout]    |     ^^^^^^^^^^^^^^^^^^^ private field
[INFO] [stdout] 
[INFO] [stdout] error[E0451]: field `use_special_chars` of struct `PassOptions` is private
[INFO] [stdout]   --> pass_gen_core/src/gen_pass.rs:16:5
[INFO] [stdout]    |
[INFO] [stdout] 11 |     use_special_chars: false,
[INFO] [stdout]    |     ^^^^^^^^^^^^^^^^^^^^^^^^ private field
[INFO] [stdout] 
[INFO] [stdout] error[E0451]: field `use_uppercase` of struct `PassOptions` is private
[INFO] [stdout]   --> pass_gen_core/src/gen_pass.rs:17:5
[INFO] [stdout]    |
[INFO] [stdout] 12 |     use_uppercase: false,   
[INFO] [stdout]    |     ^^^^^^^^^^^^^^^^^^^^ private field
[INFO] [stdout] 
[INFO] [stdout] error: aborting due to 5 previous errors
[INFO] [stdout] 
[INFO] [stdout] For more information about this error, try `rustc --explain E0451`.
[INFO] [stdout] Couldn't compile the test.
[INFO] [stdout] 
[INFO] [stdout] failures:
[INFO] [stdout]     pass_gen_core/src/gen_pass.rs - gen_pass::PassOptions (line 8)
[INFO] [stdout]     pass_gen_core/src/gen_pass.rs - gen_pass::gen_pass (line 105)
[INFO] [stdout] 
[INFO] [stdout] test result: FAILED. 3 passed; 2 failed; 0 ignored; 0 measured; 0 filtered out; finished in 0.07s
[INFO] [stdout] 
[INFO] [stderr] error: doctest failed, to rerun pass `-p pass_gen_core --doc`
[INFO] running `Command { std: "docker" "inspect" "2eb12cd49e611f48586436878fe6c2f040d1f3bb20a54b2cb8847c204cc7c84e", kill_on_drop: false }`
[INFO] running `Command { std: "docker" "rm" "-f" "2eb12cd49e611f48586436878fe6c2f040d1f3bb20a54b2cb8847c204cc7c84e", kill_on_drop: false }`
[INFO] [stdout] 2eb12cd49e611f48586436878fe6c2f040d1f3bb20a54b2cb8847c204cc7c84e
