[INFO] cloning repository https://github.com/ArnaudParan/base
[INFO] running `Command { std: "git" "-c" "credential.helper=" "-c" "credential.helper=/workspace/cargo-home/bin/git-credential-null" "clone" "--bare" "https://github.com/ArnaudParan/base" "/workspace/cache/git-repos/https%3A%2F%2Fgithub.com%2FArnaudParan%2Fbase", kill_on_drop: false }`
[INFO] [stderr] Cloning into bare repository '/workspace/cache/git-repos/https%3A%2F%2Fgithub.com%2FArnaudParan%2Fbase'...
[INFO] running `Command { std: "git" "rev-parse" "HEAD", kill_on_drop: false }`
[INFO] [stdout] 85c0da8be323cfe0091b269f1cee28b697773eb6
[INFO] testing ArnaudParan/base/85c0da8be323cfe0091b269f1cee28b697773eb6 against nightly-2024-10-28 for randomize-layout
[INFO] running `Command { std: "git" "clone" "/workspace/cache/git-repos/https%3A%2F%2Fgithub.com%2FArnaudParan%2Fbase" "/workspace/builds/worker-0-tc1/source", kill_on_drop: false }`
[INFO] [stderr] Cloning into '/workspace/builds/worker-0-tc1/source'...
[INFO] [stderr] done.
[INFO] validating manifest of git repo https://github.com/ArnaudParan/base on toolchain nightly-2024-10-28
[INFO] running `Command { std: CARGO_HOME="/workspace/cargo-home" RUSTUP_HOME="/workspace/rustup-home" "/workspace/cargo-home/bin/cargo" "+nightly-2024-10-28" "metadata" "--manifest-path" "Cargo.toml" "--no-deps", kill_on_drop: false }`
[INFO] started tweaking git repo https://github.com/ArnaudParan/base
[INFO] finished tweaking git repo https://github.com/ArnaudParan/base
[INFO] tweaked toml for git repo https://github.com/ArnaudParan/base written to /workspace/builds/worker-0-tc1/source/Cargo.toml
[INFO] crate git repo https://github.com/ArnaudParan/base already has a lockfile, it will not be regenerated
[INFO] running `Command { std: CARGO_HOME="/workspace/cargo-home" RUSTUP_HOME="/workspace/rustup-home" "/workspace/cargo-home/bin/cargo" "+nightly-2024-10-28" "fetch" "--manifest-path" "Cargo.toml", kill_on_drop: false }`
[INFO] [stderr]     Updating crates.io index
[INFO] [stderr]  Downloading crates ...
[INFO] [stderr]   Downloaded sharded-slab v0.1.1
[INFO] [stderr]   Downloaded tracing-log v0.1.1
[INFO] [stderr]   Downloaded diesel-tracing v0.1.3
[INFO] [stderr]   Downloaded crossbeam-utils v0.8.1
[INFO] [stderr]   Downloaded futures-executor v0.3.8
[INFO] [stderr]   Downloaded smallvec v1.6.0
[INFO] [stderr]   Downloaded futures-core v0.3.8
[INFO] [stderr]   Downloaded ipnetwork v0.16.0
[INFO] [stderr]   Downloaded futures-channel v0.3.8
[INFO] [stderr]   Downloaded backtrace v0.3.55
[INFO] [stderr]   Downloaded time v0.2.23
[INFO] [stderr]   Downloaded http v0.2.2
[INFO] [stderr]   Downloaded pin-project v1.0.2
[INFO] [stderr]   Downloaded tracing-subscriber v0.2.15
[INFO] [stderr]   Downloaded pin-project-internal v1.0.2
[INFO] [stderr]   Downloaded futures-util v0.3.8
[INFO] [stderr]   Downloaded tracing-bunyan-formatter v0.1.7
[INFO] [stderr]   Downloaded diesel v1.4.5
[INFO] [stderr]   Downloaded object v0.22.0
[INFO] [stderr]   Downloaded futures v0.3.8
[INFO] [stderr]   Downloaded getrandom v0.2.1
[INFO] [stderr]   Downloaded actix-router v0.2.5
[INFO] [stderr]   Downloaded const_fn v0.4.4
[INFO] [stderr]   Downloaded futures-io v0.3.8
[INFO] [stderr]   Downloaded futures-sink v0.3.8
[INFO] [stderr]   Downloaded futures-task v0.3.8
[INFO] [stderr]   Downloaded tracing-actix-web v0.2.1
[INFO] [stderr]   Downloaded futures-macro v0.3.8
[INFO] [stderr]   Downloaded tracing-appender v0.1.2
[INFO] [stderr]   Downloaded pin-project-lite v0.2.0
[INFO] running `Command { std: "docker" "create" "-v" "/var/lib/crater-agent-workspace/builds/worker-0-tc1/target:/opt/rustwide/target:rw,Z" "-v" "/var/lib/crater-agent-workspace/builds/worker-0-tc1/source:/opt/rustwide/workdir:ro,Z" "-v" "/var/lib/crater-agent-workspace/cargo-home:/opt/rustwide/cargo-home:ro,Z" "-v" "/var/lib/crater-agent-workspace/rustup-home:/opt/rustwide/rustup-home:ro,Z" "-e" "SOURCE_DIR=/opt/rustwide/workdir" "-e" "CARGO_TARGET_DIR=/opt/rustwide/target" "-e" "CARGO_HOME=/opt/rustwide/cargo-home" "-e" "RUSTUP_HOME=/opt/rustwide/rustup-home" "-w" "/opt/rustwide/workdir" "-m" "1610612736" "--user" "0:0" "--network" "none" "ghcr.io/rust-lang/crates-build-env/linux@sha256:4a844ea9eb2546a2d2c7022eacef16ef2e8229c7fbb2c7d4d55a9ceca922f72d" "/opt/rustwide/cargo-home/bin/cargo" "+nightly-2024-10-28" "metadata" "--no-deps" "--format-version=1", kill_on_drop: false }`
[INFO] [stdout] 88aa5737d78e7d6d45a790c946ce6fb5331d26f379b7cfff7b76888edd81b13f
[INFO] running `Command { std: "docker" "start" "-a" "88aa5737d78e7d6d45a790c946ce6fb5331d26f379b7cfff7b76888edd81b13f", kill_on_drop: false }`
[INFO] running `Command { std: "docker" "inspect" "88aa5737d78e7d6d45a790c946ce6fb5331d26f379b7cfff7b76888edd81b13f", kill_on_drop: false }`
[INFO] running `Command { std: "docker" "rm" "-f" "88aa5737d78e7d6d45a790c946ce6fb5331d26f379b7cfff7b76888edd81b13f", kill_on_drop: false }`
[INFO] [stdout] 88aa5737d78e7d6d45a790c946ce6fb5331d26f379b7cfff7b76888edd81b13f
[INFO] running `Command { std: "docker" "create" "-v" "/var/lib/crater-agent-workspace/builds/worker-0-tc1/target:/opt/rustwide/target:rw,Z" "-v" "/var/lib/crater-agent-workspace/builds/worker-0-tc1/source:/opt/rustwide/workdir:ro,Z" "-v" "/var/lib/crater-agent-workspace/cargo-home:/opt/rustwide/cargo-home:ro,Z" "-v" "/var/lib/crater-agent-workspace/rustup-home:/opt/rustwide/rustup-home:ro,Z" "-e" "SOURCE_DIR=/opt/rustwide/workdir" "-e" "CARGO_TARGET_DIR=/opt/rustwide/target" "-e" "CARGO_INCREMENTAL=0" "-e" "RUST_BACKTRACE=full" "-e" "RUSTFLAGS=--cap-lints=forbid" "-e" "RUSTDOCFLAGS=--cap-lints=forbid" "-e" "CARGO_HOME=/opt/rustwide/cargo-home" "-e" "RUSTUP_HOME=/opt/rustwide/rustup-home" "-w" "/opt/rustwide/workdir" "-m" "1610612736" "--user" "0:0" "--network" "none" "ghcr.io/rust-lang/crates-build-env/linux@sha256:4a844ea9eb2546a2d2c7022eacef16ef2e8229c7fbb2c7d4d55a9ceca922f72d" "/opt/rustwide/cargo-home/bin/cargo" "+nightly-2024-10-28" "build" "--frozen" "--message-format=json", kill_on_drop: false }`
[INFO] [stdout] 7ae4de7e3553d6dfbd5c70553c16fe7b4b79f73e465adcf3f6a913116896c97d
[INFO] running `Command { std: "docker" "start" "-a" "7ae4de7e3553d6dfbd5c70553c16fe7b4b79f73e465adcf3f6a913116896c97d", kill_on_drop: false }`
[INFO] [stderr]    Compiling syn v1.0.57
[INFO] [stderr]    Compiling libc v0.2.81
[INFO] [stderr]    Compiling log v0.4.11
[INFO] [stderr]    Compiling memchr v2.3.4
[INFO] [stderr]    Compiling proc-macro-hack v0.5.19
[INFO] [stderr]    Compiling futures-core v0.3.8
[INFO] [stderr]    Compiling slab v0.4.2
[INFO] [stderr]    Compiling futures-sink v0.3.8
[INFO] [stderr]    Compiling version_check v0.9.2
[INFO] [stderr]    Compiling bytes v0.5.6
[INFO] [stderr]    Compiling proc-macro-nested v0.1.6
[INFO] [stderr]    Compiling smallvec v1.6.0
[INFO] [stderr]    Compiling once_cell v1.5.2
[INFO] [stderr]    Compiling serde_derive v1.0.118
[INFO] [stderr]    Compiling quote v1.0.8
[INFO] [stderr]    Compiling futures-io v0.3.8
[INFO] [stderr]    Compiling futures-channel v0.3.8
[INFO] [stderr]    Compiling serde v1.0.118
[INFO] [stderr]    Compiling pin-project-lite v0.1.11
[INFO] [stderr]    Compiling futures-task v0.3.8
[INFO] [stderr]    Compiling pin-project-internal v0.4.27
[INFO] [stderr]    Compiling byteorder v1.3.4
[INFO] [stderr]    Compiling tracing-core v0.1.17
[INFO] [stderr]    Compiling instant v0.1.9
[INFO] [stderr]    Compiling itoa v0.4.7
[INFO] [stderr]    Compiling lock_api v0.4.2
[INFO] [stderr]    Compiling matches v0.1.8
[INFO] [stderr]    Compiling miniz_oxide v0.4.3
[INFO] [stderr]    Compiling pin-project-lite v0.2.0
[INFO] [stderr]    Compiling regex-syntax v0.6.21
[INFO] [stderr]    Compiling tinyvec v1.1.0
[INFO] [stderr]    Compiling standback v0.2.14
[INFO] [stderr]    Compiling copyless v0.1.5
[INFO] [stderr]    Compiling adler v0.2.3
[INFO] [stderr]    Compiling typenum v1.12.0
[INFO] [stderr]    Compiling form_urlencoded v1.0.0
[INFO] [stderr]    Compiling aho-corasick v0.7.15
[INFO] [stderr]    Compiling unicode-bidi v0.3.4
[INFO] [stderr]    Compiling generic-array v0.14.4
[INFO] [stderr]    Compiling thread_local v1.0.1
[INFO] [stderr]    Compiling ppv-lite86 v0.2.10
[INFO] [stderr]    Compiling either v1.6.1
[INFO] [stderr]    Compiling gimli v0.23.0
[INFO] [stderr]    Compiling unicode-segmentation v1.7.1
[INFO] [stderr]    Compiling serde_json v1.0.61
[INFO] [stderr]    Compiling object v0.22.0
[INFO] [stderr]    Compiling rustc-demangle v0.1.18
[INFO] [stderr]    Compiling net2 v0.2.37
[INFO] [stderr]    Compiling iovec v0.1.4
[INFO] [stderr]    Compiling signal-hook-registry v1.3.0
[INFO] [stderr]    Compiling parking_lot_core v0.8.2
[INFO] [stderr]    Compiling num_cpus v1.13.0
[INFO] [stderr]    Compiling getrandom v0.1.16
[INFO] [stderr]    Compiling heck v0.3.2
[INFO] [stderr]    Compiling mio v0.6.23
[INFO] [stderr]    Compiling parking_lot v0.11.1
[INFO] [stderr]    Compiling threadpool v1.8.1
[INFO] [stderr]    Compiling unicode-normalization v0.1.16
[INFO] [stderr]    Compiling rand_core v0.5.1
[INFO] [stderr]    Compiling match_cfg v0.1.0
[INFO] [stderr]    Compiling const_fn v0.4.4
[INFO] [stderr]    Compiling cc v1.0.66
[INFO] [stderr]    Compiling hostname v0.3.1
[INFO] [stderr]    Compiling http v0.2.2
[INFO] [stderr]    Compiling rand_chacha v0.2.2
[INFO] [stderr]    Compiling time v0.2.23
[INFO] [stderr]    Compiling num-traits v0.2.14
[INFO] [stderr]    Compiling indexmap v1.6.1
[INFO] [stderr]    Compiling rand v0.7.3
[INFO] [stderr]    Compiling quick-error v1.2.3
[INFO] [stderr]    Compiling crc32fast v1.2.1
[INFO] [stderr]    Compiling linked-hash-map v0.5.3
[INFO] [stderr]    Compiling mio-uds v0.6.8
[INFO] [stderr]    Compiling resolv-conf v0.7.0
[INFO] [stderr]    Compiling tokio v0.2.24
[INFO] [stderr]    Compiling lru-cache v0.1.2
[INFO] [stderr]    Compiling idna v0.2.0
[INFO] [stderr]    Compiling cookie v0.14.3
[INFO] [stderr]    Compiling num-integer v0.1.44
[INFO] [stderr]    Compiling encoding_rs v0.8.26
[INFO] [stderr]    Compiling httparse v1.3.4
[INFO] [stderr]    Compiling hashbrown v0.9.1
[INFO] [stderr]    Compiling block-buffer v0.9.0
[INFO] [stderr]    Compiling digest v0.9.0
[INFO] [stderr]    Compiling cpuid-bool v0.1.2
[INFO] [stderr]    Compiling opaque-debug v0.3.0
[INFO] [stderr]    Compiling brotli-sys v0.3.2
[INFO] [stderr]    Compiling sha-1 v0.9.2
[INFO] [stderr]    Compiling socket2 v0.3.19
[INFO] [stderr]    Compiling regex v1.4.2
[INFO] [stderr]    Compiling url v2.2.0
[INFO] [stderr]    Compiling flate2 v1.0.19
[INFO] [stderr]    Compiling regex-automata v0.1.9
[INFO] [stderr]    Compiling addr2line v0.14.1
[INFO] [stderr]    Compiling time v0.1.43
[INFO] [stderr]    Compiling backtrace v0.3.55
[INFO] [stderr]    Compiling fxhash v0.2.1
[INFO] [stderr]    Compiling crossbeam-utils v0.8.1
[INFO] [stderr]    Compiling pq-sys v0.4.6
[INFO] [stderr]    Compiling getrandom v0.2.1
[INFO] [stderr]    Compiling chrono v0.4.19
[INFO] [stderr]    Compiling tracing-log v0.1.1
[INFO] [stderr]    Compiling bytestring v0.1.5
[INFO] [stderr]    Compiling sharded-slab v0.1.1
[INFO] [stderr]    Compiling ansi_term v0.12.1
[INFO] [stderr]    Compiling matchers v0.0.1
[INFO] [stderr]    Compiling gethostname v0.2.1
[INFO] [stderr]    Compiling crossbeam-channel v0.5.0
[INFO] [stderr]    Compiling uuid v0.8.2
[INFO] [stderr]    Compiling tokio-util v0.3.1
[INFO] [stderr]    Compiling pin-project-internal v1.0.2
[INFO] [stderr]    Compiling futures-macro v0.3.8
[INFO] [stderr]    Compiling tracing-attributes v0.1.11
[INFO] [stderr]    Compiling derive_more v0.99.11
[INFO] [stderr]    Compiling actix-macros v0.1.3
[INFO] [stderr]    Compiling thiserror-impl v1.0.23
[INFO] [stderr]    Compiling enum-as-inner v0.3.3
[INFO] [stderr]    Compiling time-macros-impl v0.1.1
[INFO] [stderr]    Compiling async-trait v0.1.42
[INFO] [stderr]    Compiling actix-web-codegen v0.4.0
[INFO] [stderr]    Compiling diesel_derives v1.4.1
[INFO] [stderr]    Compiling time-macros v0.1.1
[INFO] [stderr]    Compiling tracing v0.1.22
[INFO] [stderr]    Compiling thiserror v1.0.23
[INFO] [stderr]    Compiling pin-project v1.0.2
[INFO] [stderr]    Compiling futures-util v0.3.8
[INFO] [stderr]    Compiling pin-project v0.4.27
[INFO] [stderr]    Compiling actix-codec v0.3.0
[INFO] [stderr]    Compiling tracing-futures v0.2.4
[INFO] [stderr]    Compiling brotli2 v0.3.2
[INFO] [stderr]    Compiling actix-threadpool v0.3.3
[INFO] [stderr]    Compiling actix-rt v1.1.1
[INFO] [stderr]    Compiling actix-service v1.0.6
[INFO] [stderr]    Compiling futures-executor v0.3.8
[INFO] [stderr]    Compiling h2 v0.2.7
[INFO] [stderr]    Compiling futures v0.3.8
[INFO] [stderr]    Compiling trust-dns-proto v0.19.6
[INFO] [stderr]    Compiling actix-utils v2.0.0
[INFO] [stderr]    Compiling actix-server v1.0.4
[INFO] [stderr]    Compiling actix-tls v2.0.0
[INFO] [stderr]    Compiling actix-testing v1.0.1
[INFO] [stderr]    Compiling trust-dns-resolver v0.19.6
[INFO] [stderr]    Compiling serde_urlencoded v0.7.0
[INFO] [stderr]    Compiling tracing-serde v0.1.2
[INFO] [stderr]    Compiling ipnetwork v0.16.0
[INFO] [stderr]    Compiling actix-router v0.2.5
[INFO] [stderr]    Compiling diesel v1.4.5
[INFO] [stderr]    Compiling actix-connect v2.0.0
[INFO] [stderr]    Compiling tracing-subscriber v0.2.15
[INFO] [stderr]    Compiling actix-http v2.2.0
[INFO] [stderr]    Compiling tracing-bunyan-formatter v0.1.7
[INFO] [stderr]    Compiling tracing-appender v0.1.2
[INFO] [stderr]    Compiling awc v2.0.3
[INFO] [stderr]    Compiling actix-web v3.3.2
[INFO] [stderr]    Compiling diesel-tracing v0.1.3
[INFO] [stderr]    Compiling tracing-actix-web v0.2.1
[INFO] [stderr]    Compiling base v0.1.0 (/opt/rustwide/workdir)
[INFO] [stdout] warning: variant `UNIX` is never constructed
[INFO] [stdout]   --> rust/main.rs:33:5
[INFO] [stdout]    |
[INFO] [stdout] 31 | enum Address {
[INFO] [stdout]    |      ------- variant in this enum
[INFO] [stdout] 32 |     TCP(String),
[INFO] [stdout] 33 |     UNIX(String),
[INFO] [stdout]    |     ^^^^
[INFO] [stdout]    |
[INFO] [stdout]    = note: `Address` has a derived impl for the trait `Debug`, but this is intentionally ignored during dead code analysis
[INFO] [stdout]    = note: `#[warn(dead_code)]` on by default
[INFO] [stdout] 
[INFO] [stdout] 
[INFO] [stderr]     Finished `dev` profile [unoptimized + debuginfo] target(s) in 16.46s
[INFO] running `Command { std: "docker" "inspect" "7ae4de7e3553d6dfbd5c70553c16fe7b4b79f73e465adcf3f6a913116896c97d", kill_on_drop: false }`
[INFO] running `Command { std: "docker" "rm" "-f" "7ae4de7e3553d6dfbd5c70553c16fe7b4b79f73e465adcf3f6a913116896c97d", kill_on_drop: false }`
[INFO] [stdout] 7ae4de7e3553d6dfbd5c70553c16fe7b4b79f73e465adcf3f6a913116896c97d
[INFO] running `Command { std: "docker" "create" "-v" "/var/lib/crater-agent-workspace/builds/worker-0-tc1/target:/opt/rustwide/target:rw,Z" "-v" "/var/lib/crater-agent-workspace/builds/worker-0-tc1/source:/opt/rustwide/workdir:ro,Z" "-v" "/var/lib/crater-agent-workspace/cargo-home:/opt/rustwide/cargo-home:ro,Z" "-v" "/var/lib/crater-agent-workspace/rustup-home:/opt/rustwide/rustup-home:ro,Z" "-e" "SOURCE_DIR=/opt/rustwide/workdir" "-e" "CARGO_TARGET_DIR=/opt/rustwide/target" "-e" "CARGO_INCREMENTAL=0" "-e" "RUST_BACKTRACE=full" "-e" "RUSTFLAGS=--cap-lints=forbid" "-e" "RUSTDOCFLAGS=--cap-lints=forbid" "-e" "CARGO_HOME=/opt/rustwide/cargo-home" "-e" "RUSTUP_HOME=/opt/rustwide/rustup-home" "-w" "/opt/rustwide/workdir" "-m" "1610612736" "--user" "0:0" "--network" "none" "ghcr.io/rust-lang/crates-build-env/linux@sha256:4a844ea9eb2546a2d2c7022eacef16ef2e8229c7fbb2c7d4d55a9ceca922f72d" "/opt/rustwide/cargo-home/bin/cargo" "+nightly-2024-10-28" "test" "--frozen" "--no-run" "--message-format=json", kill_on_drop: false }`
[INFO] [stdout] 9d83d0c042f508c1e1b889643382a93593cd9a83ebe512e5650624ad6afcbed6
[INFO] running `Command { std: "docker" "start" "-a" "9d83d0c042f508c1e1b889643382a93593cd9a83ebe512e5650624ad6afcbed6", kill_on_drop: false }`
[INFO] [stderr]    Compiling base v0.1.0 (/opt/rustwide/workdir)
[INFO] [stdout] warning: unused import: `super::*`
[INFO] [stdout]   --> rust/main.rs:12:9
[INFO] [stdout]    |
[INFO] [stdout] 12 |     use super::*;
[INFO] [stdout]    |         ^^^^^^^^
[INFO] [stdout]    |
[INFO] [stdout]    = note: `#[warn(unused_imports)]` on by default
[INFO] [stdout] 
[INFO] [stdout] 
[INFO] [stdout] warning: variant `UNIX` is never constructed
[INFO] [stdout]   --> rust/main.rs:33:5
[INFO] [stdout]    |
[INFO] [stdout] 31 | enum Address {
[INFO] [stdout]    |      ------- variant in this enum
[INFO] [stdout] 32 |     TCP(String),
[INFO] [stdout] 33 |     UNIX(String),
[INFO] [stdout]    |     ^^^^
[INFO] [stdout]    |
[INFO] [stdout]    = note: `Address` has a derived impl for the trait `Debug`, but this is intentionally ignored during dead code analysis
[INFO] [stdout]    = note: `#[warn(dead_code)]` on by default
[INFO] [stdout] 
[INFO] [stdout] 
[INFO] [stderr]     Finished `test` profile [unoptimized + debuginfo] target(s) in 0.55s
[INFO] running `Command { std: "docker" "inspect" "9d83d0c042f508c1e1b889643382a93593cd9a83ebe512e5650624ad6afcbed6", kill_on_drop: false }`
[INFO] running `Command { std: "docker" "rm" "-f" "9d83d0c042f508c1e1b889643382a93593cd9a83ebe512e5650624ad6afcbed6", kill_on_drop: false }`
[INFO] [stdout] 9d83d0c042f508c1e1b889643382a93593cd9a83ebe512e5650624ad6afcbed6
[INFO] running `Command { std: "docker" "create" "-v" "/var/lib/crater-agent-workspace/builds/worker-0-tc1/target:/opt/rustwide/target:rw,Z" "-v" "/var/lib/crater-agent-workspace/builds/worker-0-tc1/source:/opt/rustwide/workdir:ro,Z" "-v" "/var/lib/crater-agent-workspace/cargo-home:/opt/rustwide/cargo-home:ro,Z" "-v" "/var/lib/crater-agent-workspace/rustup-home:/opt/rustwide/rustup-home:ro,Z" "-e" "SOURCE_DIR=/opt/rustwide/workdir" "-e" "CARGO_TARGET_DIR=/opt/rustwide/target" "-e" "CARGO_INCREMENTAL=0" "-e" "RUST_BACKTRACE=full" "-e" "RUSTFLAGS=--cap-lints=forbid" "-e" "RUSTDOCFLAGS=--cap-lints=forbid" "-e" "CARGO_HOME=/opt/rustwide/cargo-home" "-e" "RUSTUP_HOME=/opt/rustwide/rustup-home" "-w" "/opt/rustwide/workdir" "-m" "1610612736" "--user" "0:0" "--network" "none" "ghcr.io/rust-lang/crates-build-env/linux@sha256:4a844ea9eb2546a2d2c7022eacef16ef2e8229c7fbb2c7d4d55a9ceca922f72d" "/opt/rustwide/cargo-home/bin/cargo" "+nightly-2024-10-28" "test" "--frozen", kill_on_drop: false }`
[INFO] [stdout] bc3104e9fd8b75425654f800ab8446cdb2a3e22f214275c9bbd7d2fca01336f5
[INFO] running `Command { std: "docker" "start" "-a" "bc3104e9fd8b75425654f800ab8446cdb2a3e22f214275c9bbd7d2fca01336f5", kill_on_drop: false }`
[INFO] [stderr] warning: unused import: `super::*`
[INFO] [stderr]   --> rust/main.rs:12:9
[INFO] [stderr]    |
[INFO] [stderr] 12 |     use super::*;
[INFO] [stderr]    |         ^^^^^^^^
[INFO] [stderr]    |
[INFO] [stderr]    = note: `#[warn(unused_imports)]` on by default
[INFO] [stderr] 
[INFO] [stderr] warning: variant `UNIX` is never constructed
[INFO] [stderr]   --> rust/main.rs:33:5
[INFO] [stderr]    |
[INFO] [stderr] 31 | enum Address {
[INFO] [stderr]    |      ------- variant in this enum
[INFO] [stderr] 32 |     TCP(String),
[INFO] [stderr] 33 |     UNIX(String),
[INFO] [stderr]    |     ^^^^
[INFO] [stderr]    |
[INFO] [stderr]    = note: `Address` has a derived impl for the trait `Debug`, but this is intentionally ignored during dead code analysis
[INFO] [stderr]    = note: `#[warn(dead_code)]` on by default
[INFO] [stderr] 
[INFO] [stderr] warning: `base` (bin "app" test) generated 2 warnings (run `cargo fix --bin "app" --tests` to apply 1 suggestion)
[INFO] [stderr]     Finished `test` profile [unoptimized + debuginfo] target(s) in 0.11s
[INFO] [stderr]      Running unittests rust/main.rs (/opt/rustwide/target/debug/deps/app-f7bc1840d306d097)
[INFO] [stdout] 
[INFO] [stdout] running 1 test
[INFO] [stdout] test test::test_add ... FAILED
[INFO] [stdout] 
[INFO] [stdout] failures:
[INFO] [stdout] 
[INFO] [stdout] ---- test::test_add stdout ----
[INFO] [stdout] thread 'test::test_add' panicked at rust/main.rs:16:9:
[INFO] [stdout] assertion `left == right` failed
[INFO] [stdout]   left: 10
[INFO] [stdout]  right: 20
[INFO] [stdout] stack backtrace:
[INFO] [stdout]    0:     0x6515e0c9ae1a - std::backtrace_rs::backtrace::libunwind::trace::h207520d6e9873551
[INFO] [stdout]                                at /rustc/df4ca44d3fbc9301ee17f30f4d474e6ae4b05252/library/std/src/../../backtrace/src/backtrace/libunwind.rs:116:5
[INFO] [stdout]    1:     0x6515e0c9ae1a - std::backtrace_rs::backtrace::trace_unsynchronized::h2ed7433f370e3eca
[INFO] [stdout]                                at /rustc/df4ca44d3fbc9301ee17f30f4d474e6ae4b05252/library/std/src/../../backtrace/src/backtrace/mod.rs:66:5
[INFO] [stdout]    2:     0x6515e0c9ae1a - std::sys::backtrace::_print_fmt::h916fac51166b18d7
[INFO] [stdout]                                at /rustc/df4ca44d3fbc9301ee17f30f4d474e6ae4b05252/library/std/src/sys/backtrace.rs:66:9
[INFO] [stdout]    3:     0x6515e0c9ae1a - <std::sys::backtrace::BacktraceLock::print::DisplayBacktrace as core::fmt::Display>::fmt::ha0a4c9b8ce3802e6
[INFO] [stdout]                                at /rustc/df4ca44d3fbc9301ee17f30f4d474e6ae4b05252/library/std/src/sys/backtrace.rs:39:26
[INFO] [stdout]    4:     0x6515e0cc1183 - core::fmt::rt::Argument::fmt::h4cfc8587d52b3eb5
[INFO] [stdout]                                at /rustc/df4ca44d3fbc9301ee17f30f4d474e6ae4b05252/library/core/src/fmt/rt.rs:177:76
[INFO] [stdout]    5:     0x6515e0cc1183 - core::fmt::write::h522cc39e5b36ae9f
[INFO] [stdout]                                at /rustc/df4ca44d3fbc9301ee17f30f4d474e6ae4b05252/library/core/src/fmt/mod.rs:1190:21
[INFO] [stdout]    6:     0x6515e0c97a83 - std::io::Write::write_fmt::h7d3c26752da97734
[INFO] [stdout]                                at /rustc/df4ca44d3fbc9301ee17f30f4d474e6ae4b05252/library/std/src/io/mod.rs:1839:15
[INFO] [stdout]    7:     0x6515e0c9ac62 - std::sys::backtrace::BacktraceLock::print::h4b9e00b29e9c0942
[INFO] [stdout]                                at /rustc/df4ca44d3fbc9301ee17f30f4d474e6ae4b05252/library/std/src/sys/backtrace.rs:42:9
[INFO] [stdout]    8:     0x6515e0c9c2aa - std::panicking::default_hook::{{closure}}::hb59b88280d0324d9
[INFO] [stdout]                                at /rustc/df4ca44d3fbc9301ee17f30f4d474e6ae4b05252/library/std/src/panicking.rs:268:22
[INFO] [stdout]    9:     0x6515e0c9c0b4 - std::panicking::default_hook::he1dd496665be4a29
[INFO] [stdout]                                at /rustc/df4ca44d3fbc9301ee17f30f4d474e6ae4b05252/library/std/src/panicking.rs:292:9
[INFO] [stdout]   10:     0x6515e0c65459 - <alloc::boxed::Box<F,A> as core::ops::function::Fn<Args>>::call::h4ff71de18744e1dc
[INFO] [stdout]                                at /rustc/df4ca44d3fbc9301ee17f30f4d474e6ae4b05252/library/alloc/src/boxed.rs:2468:9
[INFO] [stdout]   11:     0x6515e0c65459 - test::test_main::{{closure}}::hcf7c055ce117aa81
[INFO] [stdout]                                at /rustc/df4ca44d3fbc9301ee17f30f4d474e6ae4b05252/library/test/src/lib.rs:133:21
[INFO] [stdout]   12:     0x6515e0c9c9a8 - <alloc::boxed::Box<F,A> as core::ops::function::Fn<Args>>::call::h1d66c6bbd60c9692
[INFO] [stdout]                                at /rustc/df4ca44d3fbc9301ee17f30f4d474e6ae4b05252/library/alloc/src/boxed.rs:2468:9
[INFO] [stdout]   13:     0x6515e0c9c9a8 - std::panicking::rust_panic_with_hook::h2ff17fe8f26dfcf8
[INFO] [stdout]                                at /rustc/df4ca44d3fbc9301ee17f30f4d474e6ae4b05252/library/std/src/panicking.rs:809:13
[INFO] [stdout]   14:     0x6515e0c9c76a - std::panicking::begin_panic_handler::{{closure}}::h4fad77951c07e101
[INFO] [stdout]                                at /rustc/df4ca44d3fbc9301ee17f30f4d474e6ae4b05252/library/std/src/panicking.rs:674:13
[INFO] [stdout]   15:     0x6515e0c9b2f9 - std::sys::backtrace::__rust_end_short_backtrace::hb1a25b3da5d0ea08
[INFO] [stdout]                                at /rustc/df4ca44d3fbc9301ee17f30f4d474e6ae4b05252/library/std/src/sys/backtrace.rs:170:18
[INFO] [stdout]   16:     0x6515e0c9c3fc - rust_begin_unwind
[INFO] [stdout]                                at /rustc/df4ca44d3fbc9301ee17f30f4d474e6ae4b05252/library/std/src/panicking.rs:665:5
[INFO] [stdout]   17:     0x6515e0cbfc20 - core::panicking::panic_fmt::ha9db07b529f9b256
[INFO] [stdout]                                at /rustc/df4ca44d3fbc9301ee17f30f4d474e6ae4b05252/library/core/src/panicking.rs:75:14
[INFO] [stdout]   18:     0x6515e0cbff4b - core::panicking::assert_failed_inner::h04f38944d74a80a8
[INFO] [stdout]   19:     0x6515e0c703b2 - core::panicking::assert_failed::h38f40efee349bd70
[INFO] [stdout]                                at /rustc/df4ca44d3fbc9301ee17f30f4d474e6ae4b05252/library/core/src/panicking.rs:377:5
[INFO] [stdout]   20:     0x6515e0c2b4f0 - app::test::test_add::hf9181e706fafa5bd
[INFO] [stdout]                                at /opt/rustwide/workdir/rust/main.rs:16:9
[INFO] [stdout]   21:     0x6515e0c2b477 - app::test::test_add::{{closure}}::h7fa6d445a91d053f
[INFO] [stdout]                                at /opt/rustwide/workdir/rust/main.rs:15:18
[INFO] [stdout]   22:     0x6515e0c2b2a6 - core::ops::function::FnOnce::call_once::h8c471001ab0ed757
[INFO] [stdout]                                at /rustc/df4ca44d3fbc9301ee17f30f4d474e6ae4b05252/library/core/src/ops/function.rs:250:5
[INFO] [stdout]   23:     0x6515e0c69d2b - core::ops::function::FnOnce::call_once::h22c3ba5715e93f05
[INFO] [stdout]                                at /rustc/df4ca44d3fbc9301ee17f30f4d474e6ae4b05252/library/core/src/ops/function.rs:250:5
[INFO] [stdout]   24:     0x6515e0c69d2b - test::__rust_begin_short_backtrace::h8e82d8113d0da17f
[INFO] [stdout]                                at /rustc/df4ca44d3fbc9301ee17f30f4d474e6ae4b05252/library/test/src/lib.rs:621:18
[INFO] [stdout]   25:     0x6515e0c696a7 - test::run_test_in_process::{{closure}}::h33235f4f20b7b7c7
[INFO] [stdout]                                at /rustc/df4ca44d3fbc9301ee17f30f4d474e6ae4b05252/library/test/src/lib.rs:644:60
[INFO] [stdout]   26:     0x6515e0c696a7 - <core::panic::unwind_safe::AssertUnwindSafe<F> as core::ops::function::FnOnce<()>>::call_once::hb5043206310c586f
[INFO] [stdout]                                at /rustc/df4ca44d3fbc9301ee17f30f4d474e6ae4b05252/library/core/src/panic/unwind_safe.rs:272:9
[INFO] [stdout]   27:     0x6515e0c696a7 - std::panicking::try::do_call::h9ad4731a60ab23e2
[INFO] [stdout]                                at /rustc/df4ca44d3fbc9301ee17f30f4d474e6ae4b05252/library/std/src/panicking.rs:557:40
[INFO] [stdout]   28:     0x6515e0c696a7 - std::panicking::try::h3824d23db772a716
[INFO] [stdout]                                at /rustc/df4ca44d3fbc9301ee17f30f4d474e6ae4b05252/library/std/src/panicking.rs:520:19
[INFO] [stdout]   29:     0x6515e0c696a7 - std::panic::catch_unwind::h5afd514605fde46b
[INFO] [stdout]                                at /rustc/df4ca44d3fbc9301ee17f30f4d474e6ae4b05252/library/std/src/panic.rs:358:14
[INFO] [stdout]   30:     0x6515e0c696a7 - test::run_test_in_process::h0d5cbfa7067d1720
[INFO] [stdout]                                at /rustc/df4ca44d3fbc9301ee17f30f4d474e6ae4b05252/library/test/src/lib.rs:644:27
[INFO] [stdout]   31:     0x6515e0c696a7 - test::run_test::{{closure}}::h708eb8872708115d
[INFO] [stdout]                                at /rustc/df4ca44d3fbc9301ee17f30f4d474e6ae4b05252/library/test/src/lib.rs:565:43
[INFO] [stdout]   32:     0x6515e0c2cdc4 - test::run_test::{{closure}}::h392c51cee94713ab
[INFO] [stdout]                                at /rustc/df4ca44d3fbc9301ee17f30f4d474e6ae4b05252/library/test/src/lib.rs:595:41
[INFO] [stdout]   33:     0x6515e0c2cdc4 - std::sys::backtrace::__rust_begin_short_backtrace::h2f40290710935a8b
[INFO] [stdout]                                at /rustc/df4ca44d3fbc9301ee17f30f4d474e6ae4b05252/library/std/src/sys/backtrace.rs:154:18
[INFO] [stdout]   34:     0x6515e0c3056e - std::thread::Builder::spawn_unchecked_::{{closure}}::{{closure}}::h3fd968d89053a903
[INFO] [stdout]                                at /rustc/df4ca44d3fbc9301ee17f30f4d474e6ae4b05252/library/std/src/thread/mod.rs:541:17
[INFO] [stdout]   35:     0x6515e0c3056e - <core::panic::unwind_safe::AssertUnwindSafe<F> as core::ops::function::FnOnce<()>>::call_once::h743f637ba4229880
[INFO] [stdout]                                at /rustc/df4ca44d3fbc9301ee17f30f4d474e6ae4b05252/library/core/src/panic/unwind_safe.rs:272:9
[INFO] [stdout]   36:     0x6515e0c3056e - std::panicking::try::do_call::h07440897322525a6
[INFO] [stdout]                                at /rustc/df4ca44d3fbc9301ee17f30f4d474e6ae4b05252/library/std/src/panicking.rs:557:40
[INFO] [stdout]   37:     0x6515e0c3056e - std::panicking::try::he5a2e00188156637
[INFO] [stdout]                                at /rustc/df4ca44d3fbc9301ee17f30f4d474e6ae4b05252/library/std/src/panicking.rs:520:19
[INFO] [stdout]   38:     0x6515e0c3056e - std::panic::catch_unwind::hbaf3cae49b3c6433
[INFO] [stdout]                                at /rustc/df4ca44d3fbc9301ee17f30f4d474e6ae4b05252/library/std/src/panic.rs:358:14
[INFO] [stdout]   39:     0x6515e0c3056e - std::thread::Builder::spawn_unchecked_::{{closure}}::h8e141ea224820bce
[INFO] [stdout]                                at /rustc/df4ca44d3fbc9301ee17f30f4d474e6ae4b05252/library/std/src/thread/mod.rs:540:30
[INFO] [stdout]   40:     0x6515e0c3056e - core::ops::function::FnOnce::call_once{{vtable.shim}}::h90d312fedd7b8ea8
[INFO] [stdout]                                at /rustc/df4ca44d3fbc9301ee17f30f4d474e6ae4b05252/library/core/src/ops/function.rs:250:5
[INFO] [stdout]   41:     0x6515e0ca079b - <alloc::boxed::Box<F,A> as core::ops::function::FnOnce<Args>>::call_once::h69aa08ddb6adb8b6
[INFO] [stdout]                                at /rustc/df4ca44d3fbc9301ee17f30f4d474e6ae4b05252/library/alloc/src/boxed.rs:2454:9
[INFO] [stdout]   42:     0x6515e0ca079b - <alloc::boxed::Box<F,A> as core::ops::function::FnOnce<Args>>::call_once::h5aa36efdb79c806f
[INFO] [stdout]                                at /rustc/df4ca44d3fbc9301ee17f30f4d474e6ae4b05252/library/alloc/src/boxed.rs:2454:9
[INFO] [stdout]   43:     0x6515e0ca079b - std::sys::pal::unix::thread::Thread::new::thread_start::h6cd80a1b4be5158d
[INFO] [stdout]                                at /rustc/df4ca44d3fbc9301ee17f30f4d474e6ae4b05252/library/std/src/sys/pal/unix/thread.rs:105:17
[INFO] [stdout]   44:     0x7f01b5698ac3 - <unknown>
[INFO] [stdout]   45:     0x7f01b5729a04 - clone
[INFO] [stdout]   46:                0x0 - <unknown>
[INFO] [stdout] 
[INFO] [stdout] 
[INFO] [stdout] failures:
[INFO] [stdout]     test::test_add
[INFO] [stdout] 
[INFO] [stdout] test result: FAILED. 0 passed; 1 failed; 0 ignored; 0 measured; 0 filtered out; finished in 0.01s
[INFO] [stdout] 
[INFO] [stderr] error: test failed, to rerun pass `--bin app`
[INFO] running `Command { std: "docker" "inspect" "bc3104e9fd8b75425654f800ab8446cdb2a3e22f214275c9bbd7d2fca01336f5", kill_on_drop: false }`
[INFO] running `Command { std: "docker" "rm" "-f" "bc3104e9fd8b75425654f800ab8446cdb2a3e22f214275c9bbd7d2fca01336f5", kill_on_drop: false }`
[INFO] [stdout] bc3104e9fd8b75425654f800ab8446cdb2a3e22f214275c9bbd7d2fca01336f5
