[INFO] cloning repository https://github.com/Alexandre-Sage/surf-forecast
[INFO] running `Command { std: "git" "-c" "credential.helper=" "-c" "credential.helper=/workspace/cargo-home/bin/git-credential-null" "clone" "--bare" "https://github.com/Alexandre-Sage/surf-forecast" "/workspace/cache/git-repos/https%3A%2F%2Fgithub.com%2FAlexandre-Sage%2Fsurf-forecast", kill_on_drop: false }`
[INFO] [stderr] Cloning into bare repository '/workspace/cache/git-repos/https%3A%2F%2Fgithub.com%2FAlexandre-Sage%2Fsurf-forecast'...
[INFO] running `Command { std: "git" "rev-parse" "HEAD", kill_on_drop: false }`
[INFO] [stdout] 3816fb02317885495cc48f01e505c4c63832ed99
[INFO] testing Alexandre-Sage/surf-forecast/3816fb02317885495cc48f01e505c4c63832ed99 against nightly-2024-10-28+rustflags=-Zrandomize-layout for randomize-layout
[INFO] running `Command { std: "git" "clone" "/workspace/cache/git-repos/https%3A%2F%2Fgithub.com%2FAlexandre-Sage%2Fsurf-forecast" "/workspace/builds/worker-4-tc2/source", kill_on_drop: false }`
[INFO] [stderr] Cloning into '/workspace/builds/worker-4-tc2/source'...
[INFO] [stderr] done.
[INFO] validating manifest of git repo https://github.com/Alexandre-Sage/surf-forecast on toolchain nightly-2024-10-28
[INFO] running `Command { std: CARGO_HOME="/workspace/cargo-home" RUSTUP_HOME="/workspace/rustup-home" "/workspace/cargo-home/bin/cargo" "+nightly-2024-10-28" "metadata" "--manifest-path" "Cargo.toml" "--no-deps", kill_on_drop: false }`
[INFO] started tweaking git repo https://github.com/Alexandre-Sage/surf-forecast
[INFO] finished tweaking git repo https://github.com/Alexandre-Sage/surf-forecast
[INFO] tweaked toml for git repo https://github.com/Alexandre-Sage/surf-forecast written to /workspace/builds/worker-4-tc2/source/Cargo.toml
[INFO] crate git repo https://github.com/Alexandre-Sage/surf-forecast already has a lockfile, it will not be regenerated
[INFO] running `Command { std: CARGO_HOME="/workspace/cargo-home" RUSTUP_HOME="/workspace/rustup-home" "/workspace/cargo-home/bin/cargo" "+nightly-2024-10-28" "fetch" "--manifest-path" "Cargo.toml", kill_on_drop: false }`
[INFO] [stderr] warning: virtual workspace defaulting to `resolver = "1"` despite one or more workspace members being on edition 2021 which implies `resolver = "2"`
[INFO] [stderr] note: to keep the current resolver, specify `workspace.resolver = "1"` in the workspace root's manifest
[INFO] [stderr] note: to use the edition 2021 resolver, specify `workspace.resolver = "2"` in the workspace root's manifest
[INFO] [stderr] note: for more details see https://doc.rust-lang.org/cargo/reference/resolver.html#resolver-versions
[INFO] running `Command { std: "docker" "create" "-v" "/var/lib/crater-agent-workspace/builds/worker-4-tc2/target:/opt/rustwide/target:rw,Z" "-v" "/var/lib/crater-agent-workspace/builds/worker-4-tc2/source:/opt/rustwide/workdir:ro,Z" "-v" "/var/lib/crater-agent-workspace/cargo-home:/opt/rustwide/cargo-home:ro,Z" "-v" "/var/lib/crater-agent-workspace/rustup-home:/opt/rustwide/rustup-home:ro,Z" "-e" "SOURCE_DIR=/opt/rustwide/workdir" "-e" "CARGO_TARGET_DIR=/opt/rustwide/target" "-e" "CARGO_HOME=/opt/rustwide/cargo-home" "-e" "RUSTUP_HOME=/opt/rustwide/rustup-home" "-w" "/opt/rustwide/workdir" "-m" "1610612736" "--user" "0:0" "--network" "none" "ghcr.io/rust-lang/crates-build-env/linux@sha256:4a844ea9eb2546a2d2c7022eacef16ef2e8229c7fbb2c7d4d55a9ceca922f72d" "/opt/rustwide/cargo-home/bin/cargo" "+nightly-2024-10-28" "metadata" "--no-deps" "--format-version=1", kill_on_drop: false }`
[INFO] [stdout] 02832139907c04a7357ba073417d00e56babb6829655952d8c8ae6bc7a5acedd
[INFO] running `Command { std: "docker" "start" "-a" "02832139907c04a7357ba073417d00e56babb6829655952d8c8ae6bc7a5acedd", kill_on_drop: false }`
[INFO] running `Command { std: "docker" "inspect" "02832139907c04a7357ba073417d00e56babb6829655952d8c8ae6bc7a5acedd", kill_on_drop: false }`
[INFO] running `Command { std: "docker" "rm" "-f" "02832139907c04a7357ba073417d00e56babb6829655952d8c8ae6bc7a5acedd", kill_on_drop: false }`
[INFO] [stdout] 02832139907c04a7357ba073417d00e56babb6829655952d8c8ae6bc7a5acedd
[INFO] running `Command { std: "docker" "create" "-v" "/var/lib/crater-agent-workspace/builds/worker-4-tc2/target:/opt/rustwide/target:rw,Z" "-v" "/var/lib/crater-agent-workspace/builds/worker-4-tc2/source:/opt/rustwide/workdir:ro,Z" "-v" "/var/lib/crater-agent-workspace/cargo-home:/opt/rustwide/cargo-home:ro,Z" "-v" "/var/lib/crater-agent-workspace/rustup-home:/opt/rustwide/rustup-home:ro,Z" "-e" "SOURCE_DIR=/opt/rustwide/workdir" "-e" "CARGO_TARGET_DIR=/opt/rustwide/target" "-e" "CARGO_INCREMENTAL=0" "-e" "RUST_BACKTRACE=full" "-e" "RUSTFLAGS=--cap-lints=forbid -Zrandomize-layout" "-e" "RUSTDOCFLAGS=--cap-lints=forbid" "-e" "CARGO_HOME=/opt/rustwide/cargo-home" "-e" "RUSTUP_HOME=/opt/rustwide/rustup-home" "-w" "/opt/rustwide/workdir" "-m" "1610612736" "--user" "0:0" "--network" "none" "ghcr.io/rust-lang/crates-build-env/linux@sha256:4a844ea9eb2546a2d2c7022eacef16ef2e8229c7fbb2c7d4d55a9ceca922f72d" "/opt/rustwide/cargo-home/bin/cargo" "+nightly-2024-10-28" "build" "--frozen" "--message-format=json", kill_on_drop: false }`
[INFO] [stdout] a479a30c4e63c0d3f580d0ba36ac2e0bb66ececfcca86f4396364ceed25ef6cb
[INFO] running `Command { std: "docker" "start" "-a" "a479a30c4e63c0d3f580d0ba36ac2e0bb66ececfcca86f4396364ceed25ef6cb", kill_on_drop: false }`
[INFO] [stderr] warning: virtual workspace defaulting to `resolver = "1"` despite one or more workspace members being on edition 2021 which implies `resolver = "2"`
[INFO] [stderr] note: to keep the current resolver, specify `workspace.resolver = "1"` in the workspace root's manifest
[INFO] [stderr] note: to use the edition 2021 resolver, specify `workspace.resolver = "2"` in the workspace root's manifest
[INFO] [stderr] note: for more details see https://doc.rust-lang.org/cargo/reference/resolver.html#resolver-versions
[INFO] [stderr]    Compiling proc-macro2 v1.0.86
[INFO] [stderr]    Compiling unicode-ident v1.0.12
[INFO] [stderr]    Compiling libc v0.2.155
[INFO] [stderr]    Compiling cfg-if v1.0.0
[INFO] [stderr]    Compiling version_check v0.9.4
[INFO] [stderr]    Compiling autocfg v1.3.0
[INFO] [stderr]    Compiling bytes v1.6.0
[INFO] [stderr]    Compiling memchr v2.7.4
[INFO] [stderr]    Compiling pin-project-lite v0.2.14
[INFO] [stderr]    Compiling smallvec v1.13.2
[INFO] [stderr]    Compiling itoa v1.0.11
[INFO] [stderr]    Compiling parking_lot_core v0.9.10
[INFO] [stderr]    Compiling futures-core v0.3.30
[INFO] [stderr]    Compiling serde v1.0.203
[INFO] [stderr]    Compiling once_cell v1.19.0
[INFO] [stderr]    Compiling scopeguard v1.2.0
[INFO] [stderr]    Compiling futures-sink v0.3.30
[INFO] [stderr]    Compiling lock_api v0.4.12
[INFO] [stderr]    Compiling slab v0.4.9
[INFO] [stderr]    Compiling fnv v1.0.7
[INFO] [stderr]    Compiling log v0.4.22
[INFO] [stderr]    Compiling futures-channel v0.3.30
[INFO] [stderr]    Compiling pin-utils v0.1.0
[INFO] [stderr]    Compiling futures-task v0.3.30
[INFO] [stderr]    Compiling quote v1.0.36
[INFO] [stderr]    Compiling futures-io v0.3.30
[INFO] [stderr]    Compiling ahash v0.8.11
[INFO] [stderr]    Compiling syn v2.0.68
[INFO] [stderr]    Compiling subtle v2.6.1
[INFO] [stderr]    Compiling cc v1.0.104
[INFO] [stderr]    Compiling zerocopy v0.7.34
[INFO] [stderr]    Compiling allocator-api2 v0.2.18
[INFO] [stderr]    Compiling spin v0.9.8
[INFO] [stderr]    Compiling tracing-core v0.1.32
[INFO] [stderr]    Compiling tinyvec_macros v0.1.1
[INFO] [stderr]    Compiling untrusted v0.9.0
[INFO] [stderr]    Compiling tinyvec v1.6.1
[INFO] [stderr]    Compiling typenum v1.17.0
[INFO] [stderr]    Compiling generic-array v0.14.7
[INFO] [stderr]    Compiling unicode-bidi v0.3.15
[INFO] [stderr]    Compiling equivalent v1.0.1
[INFO] [stderr]    Compiling thiserror v1.0.61
[INFO] [stderr]    Compiling libm v0.2.8
[INFO] [stderr]    Compiling percent-encoding v2.3.1
[INFO] [stderr]    Compiling ppv-lite86 v0.2.17
[INFO] [stderr]    Compiling getrandom v0.2.15
[INFO] [stderr]    Compiling signal-hook-registry v1.4.2
[INFO] [stderr]    Compiling parking_lot v0.12.3
[INFO] [stderr]    Compiling num_cpus v1.16.0
[INFO] [stderr]    Compiling socket2 v0.5.7
[INFO] [stderr]    Compiling mio v0.8.11
[INFO] [stderr]    Compiling unicode-normalization v0.1.23
[INFO] [stderr]    Compiling hashbrown v0.14.5
[INFO] [stderr]    Compiling rand_core v0.6.4
[INFO] [stderr]    Compiling ring v0.17.8
[INFO] [stderr]    Compiling rand_chacha v0.3.1
[INFO] [stderr]    Compiling form_urlencoded v1.2.1
[INFO] [stderr]    Compiling num-traits v0.2.19
[INFO] [stderr]    Compiling rand v0.8.5
[INFO] [stderr]    Compiling indexmap v2.2.6
[INFO] [stderr]    Compiling idna v0.5.0
[INFO] [stderr]    Compiling crypto-common v0.1.6
[INFO] [stderr]    Compiling block-buffer v0.10.4
[INFO] [stderr]    Compiling serde_json v1.0.119
[INFO] [stderr]    Compiling httparse v1.9.4
[INFO] [stderr]    Compiling ryu v1.0.18
[INFO] [stderr]    Compiling digest v0.10.7
[INFO] [stderr]    Compiling http v1.1.0
[INFO] [stderr]    Compiling byteorder v1.5.0
[INFO] [stderr]    Compiling rustls-pki-types v1.7.0
[INFO] [stderr]    Compiling unicode-segmentation v1.11.0
[INFO] [stderr]    Compiling cpufeatures v0.2.12
[INFO] [stderr]    Compiling base64 v0.21.7
[INFO] [stderr]    Compiling try-lock v0.2.5
[INFO] [stderr]    Compiling tower-service v0.3.2
[INFO] [stderr]    Compiling zeroize v1.8.1
[INFO] [stderr]    Compiling hex v0.4.3
[INFO] [stderr]    Compiling want v0.3.1
[INFO] [stderr]    Compiling heck v0.4.1
[INFO] [stderr]    Compiling http-body v1.0.0
[INFO] [stderr]    Compiling atomic-waker v1.1.2
[INFO] [stderr]    Compiling syn v1.0.109
[INFO] [stderr]    Compiling ident_case v1.0.1
[INFO] [stderr]    Compiling powerfmt v0.2.0
[INFO] [stderr]    Compiling tower-layer v0.3.2
[INFO] [stderr]    Compiling num-conv v0.1.0
[INFO] [stderr]    Compiling time-core v0.1.2
[INFO] [stderr]    Compiling crossbeam-utils v0.8.20
[INFO] [stderr]    Compiling strsim v0.11.1
[INFO] [stderr]    Compiling time-macros v0.2.18
[INFO] [stderr]    Compiling deranged v0.3.11
[INFO] [stderr]    Compiling darling_core v0.20.9
[INFO] [stderr]    Compiling aho-corasick v1.1.3
[INFO] [stderr]    Compiling regex-syntax v0.8.4
[INFO] [stderr]    Compiling base64 v0.22.1
[INFO] [stderr]    Compiling paste v1.0.15
[INFO] [stderr]    Compiling iana-time-zone v0.1.60
[INFO] [stderr]    Compiling rustls v0.21.12
[INFO] [stderr]    Compiling rustls-webpki v0.102.5
[INFO] [stderr]    Compiling home v0.5.9
[INFO] [stderr]    Compiling serde_derive v1.0.203
[INFO] [stderr]    Compiling tokio-macros v2.3.0
[INFO] [stderr]    Compiling tokio v1.38.0
[INFO] [stderr]    Compiling futures-macro v0.3.30
[INFO] [stderr]    Compiling tracing-attributes v0.1.27
[INFO] [stderr]    Compiling thiserror-impl v1.0.61
[INFO] [stderr]    Compiling pin-project-internal v1.1.5
[INFO] [stderr]    Compiling futures-util v0.3.30
[INFO] [stderr]    Compiling tracing v0.1.40
[INFO] [stderr]    Compiling minimal-lexical v0.2.1
[INFO] [stderr]    Compiling data-encoding v2.6.0
[INFO] [stderr]    Compiling nom v7.1.3
[INFO] [stderr]    Compiling darling_macro v0.20.9
[INFO] [stderr]    Compiling pin-project v1.1.5
[INFO] [stderr]    Compiling regex-automata v0.4.7
[INFO] [stderr]    Compiling sct v0.7.1
[INFO] [stderr]    Compiling rustls-webpki v0.101.7
[INFO] [stderr]    Compiling time v0.3.36
[INFO] [stderr]    Compiling rustls-pemfile v2.1.2
[INFO] [stderr]    Compiling http v0.2.12
[INFO] [stderr]    Compiling openssl-probe v0.1.5
[INFO] [stderr]    Compiling rustls v0.23.10
[INFO] [stderr]    Compiling rustix v0.38.34
[INFO] [stderr]    Compiling crc-catalog v2.4.0
[INFO] [stderr]    Compiling mime v0.3.17
[INFO] [stderr]    Compiling bitflags v2.6.0
[INFO] [stderr]    Compiling unicode_categories v0.1.1
[INFO] [stderr]    Compiling rustls v0.22.4
[INFO] [stderr]    Compiling regex v1.10.5
[INFO] [stderr]    Compiling sqlformat v0.2.4
[INFO] [stderr]    Compiling crc v3.2.1
[INFO] [stderr]    Compiling rustls-native-certs v0.7.1
[INFO] [stderr]    Compiling tokio-util v0.7.11
[INFO] [stderr]    Compiling tower v0.4.13
[INFO] [stderr]    Compiling tokio-stream v0.1.15
[INFO] [stderr]    Compiling h2 v0.4.5
[INFO] [stderr]    Compiling crossbeam-queue v0.3.11
[INFO] [stderr]    Compiling darling v0.20.9
[INFO] [stderr]    Compiling rustls-pemfile v1.0.4
[INFO] [stderr]    Compiling url v2.5.2
[INFO] [stderr]    Compiling either v1.13.0
[INFO] [stderr]    Compiling uuid v1.9.1
[INFO] [stderr]    Compiling chrono v0.4.38
[INFO] [stderr]    Compiling sha2 v0.10.8
[INFO] [stderr]    Compiling atoi v2.0.0
[INFO] [stderr]    Compiling hmac v0.12.1
[INFO] [stderr]    Compiling hashlink v0.8.4
[INFO] [stderr]    Compiling idna v0.4.0
[INFO] [stderr]    Compiling futures-intrusive v0.5.0
[INFO] [stderr]    Compiling unicase v2.7.0
[INFO] [stderr]    Compiling event-listener v2.5.3
[INFO] [stderr]    Compiling match_cfg v0.1.0
[INFO] [stderr]    Compiling webpki-roots v0.25.4
[INFO] [stderr]    Compiling linux-raw-sys v0.4.14
[INFO] [stderr]    Compiling unicode-properties v0.1.1
[INFO] [stderr]    Compiling stringprep v0.1.5
[INFO] [stderr]    Compiling sqlx-core v0.7.4
[INFO] [stderr]    Compiling hostname v0.3.1
[INFO] [stderr]    Compiling hkdf v0.12.4
[INFO] [stderr]    Compiling serde_urlencoded v0.7.1
[INFO] [stderr]    Compiling serde_with_macros v3.8.2
[INFO] [stderr]    Compiling http-body-util v0.1.2
[INFO] [stderr]    Compiling hyper v1.4.0
[INFO] [stderr]    Compiling enum-as-inner v0.6.0
[INFO] [stderr]    Compiling hyper-util v0.1.6
[INFO] [stderr]    Compiling structmeta-derive v0.3.0
[INFO] [stderr]    Compiling async-trait v0.1.80
[INFO] [stderr]    Compiling md-5 v0.10.6
[INFO] [stderr]    Compiling encoding_rs v0.8.34
[INFO] [stderr]    Compiling fastrand v2.1.0
[INFO] [stderr]    Compiling quick-error v1.2.3
[INFO] [stderr]    Compiling dotenvy v0.15.7
[INFO] [stderr]    Compiling whoami v1.5.1
[INFO] [stderr]    Compiling ipnet v2.9.0
[INFO] [stderr]    Compiling linked-hash-map v0.5.6
[INFO] [stderr]    Compiling sqlx-postgres v0.7.4
[INFO] [stderr]    Compiling hickory-proto v0.24.1
[INFO] [stderr]    Compiling lru-cache v0.1.2
[INFO] [stderr]    Compiling tempfile v3.10.1
[INFO] [stderr]    Compiling tokio-rustls v0.26.0
[INFO] [stderr]    Compiling structmeta v0.3.0
[INFO] [stderr]    Compiling resolv-conf v0.7.0
[INFO] [stderr]    Compiling tokio-rustls v0.25.0
[INFO] [stderr]    Compiling serde_with v3.8.2
[INFO] [stderr]    Compiling serde_repr v0.1.19
[INFO] [stderr]    Compiling sha1 v0.10.6
[INFO] [stderr]    Compiling webpki-roots v0.26.3
[INFO] [stderr]    Compiling option-ext v0.2.0
[INFO] [stderr]    Compiling hyper-rustls v0.27.2
[INFO] [stderr]    Compiling dirs-sys v0.4.1
[INFO] [stderr]    Compiling mime_guess v2.0.5
[INFO] [stderr]    Compiling hyper-rustls v0.26.0
[INFO] [stderr]    Compiling parse-display-derive v0.9.1
[INFO] [stderr]    Compiling hyperlocal-next v0.9.0
[INFO] [stderr]    Compiling futures-executor v0.3.30
[INFO] [stderr]    Compiling multer v2.1.0
[INFO] [stderr]    Compiling bollard-stubs v1.44.0-rc.2
[INFO] [stderr]    Compiling httpdate v1.0.3
[INFO] [stderr]    Compiling sync_wrapper v1.0.1
[INFO] [stderr]    Compiling utf-8 v0.7.6
[INFO] [stderr]    Compiling hickory-resolver v0.24.1
[INFO] [stderr]    Compiling tungstenite v0.21.0
[INFO] [stderr]    Compiling futures v0.3.30
[INFO] [stderr]    Compiling dirs v5.0.1
[INFO] [stderr]    Compiling docker_credential v1.3.1
[INFO] [stderr]    Compiling sqlx-macros-core v0.7.4
[INFO] [stderr]    Compiling parse-display v0.9.1
[INFO] [stderr]    Compiling reqwest v0.12.5
[INFO] [stderr]    Compiling h2 v0.3.26
[INFO] [stderr]    Compiling http-body v0.4.6
[INFO] [stderr]    Compiling headers-core v0.2.0
[INFO] [stderr]    Compiling sea-query-derive v0.4.1
[INFO] [stderr]    Compiling inherent v1.0.11
[INFO] [stderr]    Compiling heapless v0.8.0
[INFO] [stderr]    Compiling sea-query v0.30.7
[INFO] [stderr]    Compiling headers v0.3.9
[INFO] [stderr]    Compiling tokio-tungstenite v0.21.0
[INFO] [stderr]    Compiling hash32 v0.3.1
[INFO] [stderr]    Compiling proc-macro-error-attr v1.0.4
[INFO] [stderr]    Compiling stable_deref_trait v1.2.0
[INFO] [stderr]    Compiling rustversion v1.0.17
[INFO] [stderr]    Compiling scoped-tls v1.0.1
[INFO] [stderr]    Compiling proc-macro-error v1.0.4
[INFO] [stderr]    Compiling rstar v0.12.0
[INFO] [stderr]    Compiling itertools v0.11.0
[INFO] [stderr]    Compiling approx v0.5.1
[INFO] [stderr]    Compiling heck v0.5.0
[INFO] [stderr]    Compiling hyper v0.14.29
[INFO] [stderr]    Compiling sqlx-macros v0.7.4
[INFO] [stderr]    Compiling robust v1.1.0
[INFO] [stderr]    Compiling spade v2.9.0
[INFO] [stderr]    Compiling earcutr v0.4.3
[INFO] [stderr]    Compiling strum_macros v0.26.4
[INFO] [stderr]    Compiling geo-types v0.7.13
[INFO] [stderr]    Compiling validator_types v0.16.0
[INFO] [stderr]    Compiling geographiclib-rs v0.2.4
[INFO] [stderr]    Compiling sqlx v0.7.4
[INFO] [stderr]    Compiling lazy_static v1.5.0
[INFO] [stderr]    Compiling float_next_after v1.0.0
[INFO] [stderr]    Compiling if_chain v1.0.2
[INFO] [stderr]    Compiling validator_derive v0.16.0
[INFO] [stderr]    Compiling deunicode v1.6.0
[INFO] [stderr]    Compiling sea-query-binder v0.5.0
[INFO] [stderr]    Compiling geo v0.28.0
[INFO] [stderr]    Compiling fake v2.9.2
[INFO] [stderr]    Compiling strum v0.26.3
[INFO] [stderr]    Compiling bollard v0.16.1
[INFO] [stderr]    Compiling validator v0.16.1
[INFO] [stderr]    Compiling warp v0.3.7
[INFO] [stderr]    Compiling testcontainers v0.19.0
[INFO] [stderr]    Compiling testcontainers-modules v0.7.1
[INFO] [stderr]    Compiling internal-lib v0.1.0 (/opt/rustwide/workdir/internal-lib)
[INFO] [stdout] warning: unused import: `std::time::Instant`
[INFO] [stdout]  --> internal-lib/src/warp_helpers/filters.rs:6:5
[INFO] [stdout]   |
[INFO] [stdout] 6 | use std::time::Instant;
[INFO] [stdout]   |     ^^^^^^^^^^^^^^^^^^
[INFO] [stdout]   |
[INFO] [stdout]   = note: `#[warn(unused_imports)]` on by default
[INFO] [stdout] 
[INFO] [stdout] 
[INFO] [stdout] warning: unused imports: `Info` and `Log`
[INFO] [stdout]  --> internal-lib/src/warp_helpers/filters.rs:7:26
[INFO] [stdout]   |
[INFO] [stdout] 7 | use warp::filters::log::{Info, Log};
[INFO] [stdout]   |                          ^^^^  ^^^
[INFO] [stdout] 
[INFO] [stdout] 
[INFO] [stdout] warning: unused import: `warp::filters::path::FullPath`
[INFO] [stdout]  --> internal-lib/src/warp_helpers/filters.rs:8:5
[INFO] [stdout]   |
[INFO] [stdout] 8 | use warp::filters::path::FullPath;
[INFO] [stdout]   |     ^^^^^^^^^^^^^^^^^^^^^^^^^^^^^
[INFO] [stdout] 
[INFO] [stdout] 
[INFO] [stdout] warning: unused import: `Error`
[INFO] [stdout]  --> internal-lib/src/warp_helpers/filters.rs:9:12
[INFO] [stdout]   |
[INFO] [stdout] 9 | use warp::{Error, Filter};
[INFO] [stdout]   |            ^^^^^
[INFO] [stdout] 
[INFO] [stdout] 
[INFO] [stdout] warning: unused import: `Acquire`
[INFO] [stdout]  --> internal-lib/src/database/connection.rs:2:55
[INFO] [stdout]   |
[INFO] [stdout] 2 |     pool::PoolConnection, postgres::PgConnectOptions, Acquire, Connection, PgConnection, PgPool,
[INFO] [stdout]   |                                                       ^^^^^^^
[INFO] [stdout] 
[INFO] [stdout] 
[INFO] [stderr]    Compiling migrations v0.1.0 (/opt/rustwide/workdir/auth-server/migrations)
[INFO] [stderr]    Compiling spot-migrations v0.1.0 (/opt/rustwide/workdir/spot-server/spot-migrations)
[INFO] [stdout] warning: unused import: `std::env::current_exe`
[INFO] [stdout]  --> auth-server/migrations/src/lib.rs:1:5
[INFO] [stdout]   |
[INFO] [stdout] 1 | use std::env::current_exe;
[INFO] [stdout]   |     ^^^^^^^^^^^^^^^^^^^^^
[INFO] [stdout]   |
[INFO] [stdout]   = note: `#[warn(unused_imports)]` on by default
[INFO] [stdout] 
[INFO] [stdout] 
[INFO] [stdout] warning: unused import: `traits::migration::Migration`
[INFO] [stdout]  --> auth-server/migrations/src/lib.rs:3:60
[INFO] [stdout]   |
[INFO] [stdout] 3 | use internal_lib::{database::migrator::build_up_migration, traits::migration::Migration};
[INFO] [stdout]   |                                                            ^^^^^^^^^^^^^^^^^^^^^^^^^^^^
[INFO] [stdout] 
[INFO] [stdout] 
[INFO] [stdout] warning: unused import: `Migration`
[INFO] [stdout]  --> spot-server/spot-migrations/src/migrations/windguru_spots.rs:6:39
[INFO] [stdout]   |
[INFO] [stdout] 6 | use internal_lib::traits::migration::{Migration, Seed};
[INFO] [stdout]   |                                       ^^^^^^^^^
[INFO] [stdout]   |
[INFO] [stdout]   = note: `#[warn(unused_imports)]` on by default
[INFO] [stdout] 
[INFO] [stdout] 
[INFO] [stdout] warning: unused imports: `ColumnDef` and `Table`
[INFO] [stdout]  --> spot-server/spot-migrations/src/migrations/windguru_spots.rs:7:17
[INFO] [stdout]   |
[INFO] [stdout] 7 | use sea_query::{ColumnDef, ConditionalStatement, Expr, Query, SimpleExpr, Table};
[INFO] [stdout]   |                 ^^^^^^^^^                                                 ^^^^^
[INFO] [stdout] 
[INFO] [stdout] 
[INFO] [stdout] warning: unused import: `ConditionalStatement`
[INFO] [stdout]  --> spot-server/spot-migrations/src/migrations/windguru_spots.rs:7:28
[INFO] [stdout]   |
[INFO] [stdout] 7 | use sea_query::{ColumnDef, ConditionalStatement, Expr, Query, SimpleExpr, Table};
[INFO] [stdout]   |                            ^^^^^^^^^^^^^^^^^^^^
[INFO] [stdout] 
[INFO] [stdout] 
[INFO] [stdout] warning: function `users_down` is never used
[INFO] [stdout]   --> spot-server/spot-migrations/src/migrations/spot.rs:42:8
[INFO] [stdout]    |
[INFO] [stdout] 42 | pub fn users_down() -> sea_query::TableDropStatement {
[INFO] [stdout]    |        ^^^^^^^^^^
[INFO] [stdout]    |
[INFO] [stdout]    = note: `#[warn(dead_code)]` on by default
[INFO] [stdout] 
[INFO] [stdout] 
[INFO] [stdout] warning: function `t` is never used
[INFO] [stdout]   --> spot-server/spot-migrations/src/migrations/windguru_spots.rs:23:4
[INFO] [stdout]    |
[INFO] [stdout] 23 | fn t() {
[INFO] [stdout]    |    ^
[INFO] [stdout] 
[INFO] [stdout] 
[INFO] [stderr]    Compiling auth-server v0.1.0 (/opt/rustwide/workdir/auth-server)
[INFO] [stderr]    Compiling spot-server v0.1.0 (/opt/rustwide/workdir/spot-server)
[INFO] [stdout] warning: unused import: `internal_lib::warp_helpers::reply::warp_json_reply`
[INFO] [stdout]  --> spot-server/src/app/filters/mod.rs:3:5
[INFO] [stdout]   |
[INFO] [stdout] 3 | use internal_lib::warp_helpers::reply::warp_json_reply;
[INFO] [stdout]   |     ^^^^^^^^^^^^^^^^^^^^^^^^^^^^^^^^^^^^^^^^^^^^^^^^^^
[INFO] [stdout]   |
[INFO] [stdout]   = note: `#[warn(unused_imports)]` on by default
[INFO] [stdout] 
[INFO] [stdout] 
[INFO] [stdout] warning: unused imports: `Pool` and `migrate::Migrator`
[INFO] [stdout]  --> spot-server/src/app/filters/mod.rs:5:12
[INFO] [stdout]   |
[INFO] [stdout] 5 | use sqlx::{migrate::Migrator, Pool, Postgres};
[INFO] [stdout]   |            ^^^^^^^^^^^^^^^^^  ^^^^
[INFO] [stdout] 
[INFO] [stdout] 
[INFO] [stdout] warning: unused import: `WithStatus`
[INFO] [stdout]  --> spot-server/src/app/filters/mod.rs:8:19
[INFO] [stdout]   |
[INFO] [stdout] 8 |     reply::{Json, WithStatus},
[INFO] [stdout]   |                   ^^^^^^^^^^
[INFO] [stdout] 
[INFO] [stdout] 
[INFO] [stdout] warning: unused imports: `ops::Deref`, `path::PathBuf`, and `str::FromStr`
[INFO] [stdout]   --> spot-server/src/app/filters/mod.rs:12:11
[INFO] [stdout]    |
[INFO] [stdout] 12 | use std::{ops::Deref, path::PathBuf, str::FromStr, sync::Arc};
[INFO] [stdout]    |           ^^^^^^^^^^  ^^^^^^^^^^^^^  ^^^^^^^^^^^^
[INFO] [stdout] 
[INFO] [stdout] 
[INFO] [stdout] warning: unused import: `Postgres`
[INFO] [stdout]  --> spot-server/src/structs/spot.rs:7:38
[INFO] [stdout]   |
[INFO] [stdout] 7 | use sqlx::{postgres::PgRow, FromRow, Postgres, Row};
[INFO] [stdout]   |                                      ^^^^^^^^
[INFO] [stdout] 
[INFO] [stdout] 
[INFO] [stdout] warning: unused import: `env::current_dir`
[INFO] [stdout]  --> spot-server/src/main.rs:4:11
[INFO] [stdout]   |
[INFO] [stdout] 4 | use std::{env::current_dir, ops::Deref, path::PathBuf, str::FromStr};
[INFO] [stdout]   |           ^^^^^^^^^^^^^^^^
[INFO] [stdout] 
[INFO] [stdout] 
[INFO] [stdout] warning: unused import: `std::convert::Infallible`
[INFO] [stdout]  --> auth-server/src/app/filters/pg.rs:1:5
[INFO] [stdout]   |
[INFO] [stdout] 1 | use std::convert::Infallible;
[INFO] [stdout]   |     ^^^^^^^^^^^^^^^^^^^^^^^^
[INFO] [stdout]   |
[INFO] [stdout]   = note: `#[warn(unused_imports)]` on by default
[INFO] [stdout] 
[INFO] [stdout] 
[INFO] [stdout] warning: unused import: `internal_lib::warp_helpers::filters::aquire_pool_conn_filter`
[INFO] [stdout]  --> auth-server/src/app/filters/pg.rs:3:5
[INFO] [stdout]   |
[INFO] [stdout] 3 | use internal_lib::warp_helpers::filters::aquire_pool_conn_filter;
[INFO] [stdout]   |     ^^^^^^^^^^^^^^^^^^^^^^^^^^^^^^^^^^^^^^^^^^^^^^^^^^^^^^^^^^^^
[INFO] [stdout] 
[INFO] [stdout] 
[INFO] [stdout] warning: unused imports: `Postgres` and `pool::PoolConnection`
[INFO] [stdout]  --> auth-server/src/app/filters/pg.rs:4:12
[INFO] [stdout]   |
[INFO] [stdout] 4 | use sqlx::{pool::PoolConnection, Postgres};
[INFO] [stdout]   |            ^^^^^^^^^^^^^^^^^^^^  ^^^^^^^^
[INFO] [stdout] 
[INFO] [stdout] 
[INFO] [stdout] warning: unused import: `warp::Filter`
[INFO] [stdout]  --> auth-server/src/app/filters/pg.rs:5:5
[INFO] [stdout]   |
[INFO] [stdout] 5 | use warp::Filter;
[INFO] [stdout]   |     ^^^^^^^^^^^^
[INFO] [stdout] 
[INFO] [stdout] 
[INFO] [stdout] warning: unused import: `ConditionalStatement`
[INFO] [stdout]  --> auth-server/src/app/queries/user.rs:2:17
[INFO] [stdout]   |
[INFO] [stdout] 2 | use sea_query::{ConditionalStatement, Expr, Query, SimpleExpr};
[INFO] [stdout]   |                 ^^^^^^^^^^^^^^^^^^^^
[INFO] [stdout] 
[INFO] [stdout] 
[INFO] [stdout] warning: unused import: `futures::TryFutureExt`
[INFO] [stdout]  --> auth-server/src/app/resolver/user.rs:3:5
[INFO] [stdout]   |
[INFO] [stdout] 3 | use futures::TryFutureExt;
[INFO] [stdout]   |     ^^^^^^^^^^^^^^^^^^^^^
[INFO] [stdout] 
[INFO] [stdout] 
[INFO] [stdout] warning: unused import: `Row`
[INFO] [stdout]  --> auth-server/src/structs/user.rs:5:30
[INFO] [stdout]   |
[INFO] [stdout] 5 | use sqlx::{prelude::FromRow, Row};
[INFO] [stdout]   |                              ^^^
[INFO] [stdout] 
[INFO] [stdout] 
[INFO] [stderr]     Finished `dev` profile [unoptimized + debuginfo] target(s) in 52.26s
[INFO] running `Command { std: "docker" "inspect" "a479a30c4e63c0d3f580d0ba36ac2e0bb66ececfcca86f4396364ceed25ef6cb", kill_on_drop: false }`
[INFO] running `Command { std: "docker" "rm" "-f" "a479a30c4e63c0d3f580d0ba36ac2e0bb66ececfcca86f4396364ceed25ef6cb", kill_on_drop: false }`
[INFO] [stdout] a479a30c4e63c0d3f580d0ba36ac2e0bb66ececfcca86f4396364ceed25ef6cb
[INFO] running `Command { std: "docker" "create" "-v" "/var/lib/crater-agent-workspace/builds/worker-4-tc2/target:/opt/rustwide/target:rw,Z" "-v" "/var/lib/crater-agent-workspace/builds/worker-4-tc2/source:/opt/rustwide/workdir:ro,Z" "-v" "/var/lib/crater-agent-workspace/cargo-home:/opt/rustwide/cargo-home:ro,Z" "-v" "/var/lib/crater-agent-workspace/rustup-home:/opt/rustwide/rustup-home:ro,Z" "-e" "SOURCE_DIR=/opt/rustwide/workdir" "-e" "CARGO_TARGET_DIR=/opt/rustwide/target" "-e" "CARGO_INCREMENTAL=0" "-e" "RUST_BACKTRACE=full" "-e" "RUSTFLAGS=--cap-lints=forbid -Zrandomize-layout" "-e" "RUSTDOCFLAGS=--cap-lints=forbid" "-e" "CARGO_HOME=/opt/rustwide/cargo-home" "-e" "RUSTUP_HOME=/opt/rustwide/rustup-home" "-w" "/opt/rustwide/workdir" "-m" "1610612736" "--user" "0:0" "--network" "none" "ghcr.io/rust-lang/crates-build-env/linux@sha256:4a844ea9eb2546a2d2c7022eacef16ef2e8229c7fbb2c7d4d55a9ceca922f72d" "/opt/rustwide/cargo-home/bin/cargo" "+nightly-2024-10-28" "test" "--frozen" "--no-run" "--message-format=json", kill_on_drop: false }`
[INFO] [stdout] d9891817e39f9a3545e5ddc043f1107caf37e7e10f06f19364b5fe4c62336540
[INFO] running `Command { std: "docker" "start" "-a" "d9891817e39f9a3545e5ddc043f1107caf37e7e10f06f19364b5fe4c62336540", kill_on_drop: false }`
[INFO] [stderr] warning: virtual workspace defaulting to `resolver = "1"` despite one or more workspace members being on edition 2021 which implies `resolver = "2"`
[INFO] [stderr] note: to keep the current resolver, specify `workspace.resolver = "1"` in the workspace root's manifest
[INFO] [stderr] note: to use the edition 2021 resolver, specify `workspace.resolver = "2"` in the workspace root's manifest
[INFO] [stderr] note: for more details see https://doc.rust-lang.org/cargo/reference/resolver.html#resolver-versions
[INFO] [stdout] warning: unused import: `std::time::Instant`
[INFO] [stdout]  --> internal-lib/src/warp_helpers/filters.rs:6:5
[INFO] [stdout]   |
[INFO] [stdout] 6 | use std::time::Instant;
[INFO] [stdout]   |     ^^^^^^^^^^^^^^^^^^
[INFO] [stdout]   |
[INFO] [stdout]   = note: `#[warn(unused_imports)]` on by default
[INFO] [stdout] 
[INFO] [stdout] 
[INFO] [stdout] warning: unused imports: `Info` and `Log`
[INFO] [stdout]  --> internal-lib/src/warp_helpers/filters.rs:7:26
[INFO] [stdout]   |
[INFO] [stdout] 7 | use warp::filters::log::{Info, Log};
[INFO] [stdout]   |                          ^^^^  ^^^
[INFO] [stdout] 
[INFO] [stdout] 
[INFO] [stdout] warning: unused import: `warp::filters::path::FullPath`
[INFO] [stdout]  --> internal-lib/src/warp_helpers/filters.rs:8:5
[INFO] [stdout]   |
[INFO] [stdout] 8 | use warp::filters::path::FullPath;
[INFO] [stdout]   |     ^^^^^^^^^^^^^^^^^^^^^^^^^^^^^
[INFO] [stdout] 
[INFO] [stdout] 
[INFO] [stdout] warning: unused import: `Error`
[INFO] [stdout]  --> internal-lib/src/warp_helpers/filters.rs:9:12
[INFO] [stdout]   |
[INFO] [stdout] 9 | use warp::{Error, Filter};
[INFO] [stdout]   |            ^^^^^
[INFO] [stdout] 
[INFO] [stdout] 
[INFO] [stdout] warning: unused import: `Acquire`
[INFO] [stdout]  --> internal-lib/src/database/connection.rs:2:55
[INFO] [stdout]   |
[INFO] [stdout] 2 |     pool::PoolConnection, postgres::PgConnectOptions, Acquire, Connection, PgConnection, PgPool,
[INFO] [stdout]   |                                                       ^^^^^^^
[INFO] [stdout] 
[INFO] [stdout] 
[INFO] [stdout] warning: unused import: `std::env::current_exe`
[INFO] [stdout]  --> auth-server/migrations/src/lib.rs:1:5
[INFO] [stdout]   |
[INFO] [stdout] 1 | use std::env::current_exe;
[INFO] [stdout]   |     ^^^^^^^^^^^^^^^^^^^^^
[INFO] [stdout]   |
[INFO] [stdout]   = note: `#[warn(unused_imports)]` on by default
[INFO] [stdout] 
[INFO] [stdout] 
[INFO] [stderr]    Compiling migrations v0.1.0 (/opt/rustwide/workdir/auth-server/migrations)
[INFO] [stdout] warning: unused import: `traits::migration::Migration`
[INFO] [stdout]  --> auth-server/migrations/src/lib.rs:3:60
[INFO] [stdout]   |
[INFO] [stdout] 3 | use internal_lib::{database::migrator::build_up_migration, traits::migration::Migration};
[INFO] [stdout]   |                                                            ^^^^^^^^^^^^^^^^^^^^^^^^^^^^
[INFO] [stdout] 
[INFO] [stdout] 
[INFO] [stderr]    Compiling internal-lib v0.1.0 (/opt/rustwide/workdir/internal-lib)
[INFO] [stdout] warning: unused import: `Migration`
[INFO] [stdout]  --> spot-server/spot-migrations/src/migrations/windguru_spots.rs:6:39
[INFO] [stdout]   |
[INFO] [stdout] 6 | use internal_lib::traits::migration::{Migration, Seed};
[INFO] [stdout]   |                                       ^^^^^^^^^
[INFO] [stdout]   |
[INFO] [stdout]   = note: `#[warn(unused_imports)]` on by default
[INFO] [stdout] 
[INFO] [stdout] 
[INFO] [stdout] warning: unused imports: `ColumnDef` and `Table`
[INFO] [stdout]  --> spot-server/spot-migrations/src/migrations/windguru_spots.rs:7:17
[INFO] [stdout]   |
[INFO] [stdout] 7 | use sea_query::{ColumnDef, ConditionalStatement, Expr, Query, SimpleExpr, Table};
[INFO] [stdout]   |                 ^^^^^^^^^                                                 ^^^^^
[INFO] [stdout] 
[INFO] [stdout] 
[INFO] [stdout] warning: unused import: `ConditionalStatement`
[INFO] [stdout]  --> spot-server/spot-migrations/src/migrations/windguru_spots.rs:7:28
[INFO] [stdout]   |
[INFO] [stdout] 7 | use sea_query::{ColumnDef, ConditionalStatement, Expr, Query, SimpleExpr, Table};
[INFO] [stdout]   |                            ^^^^^^^^^^^^^^^^^^^^
[INFO] [stdout] 
[INFO] [stdout] 
[INFO] [stdout] warning: function `users_down` is never used
[INFO] [stdout]   --> spot-server/spot-migrations/src/migrations/spot.rs:42:8
[INFO] [stdout]    |
[INFO] [stdout] 42 | pub fn users_down() -> sea_query::TableDropStatement {
[INFO] [stdout]    |        ^^^^^^^^^^
[INFO] [stdout]    |
[INFO] [stdout]    = note: `#[warn(dead_code)]` on by default
[INFO] [stdout] 
[INFO] [stdout] 
[INFO] [stdout] warning: function `t` is never used
[INFO] [stdout]   --> spot-server/spot-migrations/src/migrations/windguru_spots.rs:23:4
[INFO] [stdout]    |
[INFO] [stdout] 23 | fn t() {
[INFO] [stdout]    |    ^
[INFO] [stdout] 
[INFO] [stdout] 
[INFO] [stderr]    Compiling spot-migrations v0.1.0 (/opt/rustwide/workdir/spot-server/spot-migrations)
[INFO] [stderr]    Compiling spot-server v0.1.0 (/opt/rustwide/workdir/spot-server)
[INFO] [stderr]    Compiling auth-server v0.1.0 (/opt/rustwide/workdir/auth-server)
[INFO] [stdout] warning: unused import: `std::time::Instant`
[INFO] [stdout]  --> internal-lib/src/warp_helpers/filters.rs:6:5
[INFO] [stdout]   |
[INFO] [stdout] 6 | use std::time::Instant;
[INFO] [stdout]   |     ^^^^^^^^^^^^^^^^^^
[INFO] [stdout]   |
[INFO] [stdout]   = note: `#[warn(unused_imports)]` on by default
[INFO] [stdout] 
[INFO] [stdout] 
[INFO] [stdout] warning: unused imports: `Info` and `Log`
[INFO] [stdout]  --> internal-lib/src/warp_helpers/filters.rs:7:26
[INFO] [stdout]   |
[INFO] [stdout] 7 | use warp::filters::log::{Info, Log};
[INFO] [stdout]   |                          ^^^^  ^^^
[INFO] [stdout] 
[INFO] [stdout] 
[INFO] [stdout] warning: unused import: `warp::filters::path::FullPath`
[INFO] [stdout]  --> internal-lib/src/warp_helpers/filters.rs:8:5
[INFO] [stdout]   |
[INFO] [stdout] 8 | use warp::filters::path::FullPath;
[INFO] [stdout]   |     ^^^^^^^^^^^^^^^^^^^^^^^^^^^^^
[INFO] [stdout] 
[INFO] [stdout] 
[INFO] [stdout] warning: unused import: `Error`
[INFO] [stdout]  --> internal-lib/src/warp_helpers/filters.rs:9:12
[INFO] [stdout]   |
[INFO] [stdout] 9 | use warp::{Error, Filter};
[INFO] [stdout]   |            ^^^^^
[INFO] [stdout] 
[INFO] [stdout] 
[INFO] [stdout] warning: unused import: `std::env::current_exe`
[INFO] [stdout]  --> auth-server/migrations/src/lib.rs:1:5
[INFO] [stdout]   |
[INFO] [stdout] 1 | use std::env::current_exe;
[INFO] [stdout]   |     ^^^^^^^^^^^^^^^^^^^^^
[INFO] [stdout]   |
[INFO] [stdout]   = note: `#[warn(unused_imports)]` on by default
[INFO] [stdout] 
[INFO] [stdout] 
[INFO] [stdout] warning: unused import: `traits::migration::Migration`
[INFO] [stdout]  --> auth-server/migrations/src/lib.rs:3:60
[INFO] [stdout]   |
[INFO] [stdout] 3 | use internal_lib::{database::migrator::build_up_migration, traits::migration::Migration};
[INFO] [stdout]   |                                                            ^^^^^^^^^^^^^^^^^^^^^^^^^^^^
[INFO] [stdout] 
[INFO] [stdout] 
[INFO] [stdout] warning: unused import: `Migration`
[INFO] [stdout]  --> spot-server/spot-migrations/src/migrations/windguru_spots.rs:6:39
[INFO] [stdout]   |
[INFO] [stdout] 6 | use internal_lib::traits::migration::{Migration, Seed};
[INFO] [stdout]   |                                       ^^^^^^^^^
[INFO] [stdout]   |
[INFO] [stdout]   = note: `#[warn(unused_imports)]` on by default
[INFO] [stdout] 
[INFO] [stdout] 
[INFO] [stdout] warning: unused imports: `ColumnDef` and `Table`
[INFO] [stdout]  --> spot-server/spot-migrations/src/migrations/windguru_spots.rs:7:17
[INFO] [stdout]   |
[INFO] [stdout] 7 | use sea_query::{ColumnDef, ConditionalStatement, Expr, Query, SimpleExpr, Table};
[INFO] [stdout]   |                 ^^^^^^^^^                                                 ^^^^^
[INFO] [stdout] 
[INFO] [stdout] 
[INFO] [stdout] warning: unused import: `std::convert::Infallible`
[INFO] [stdout]  --> auth-server/src/app/filters/pg.rs:1:5
[INFO] [stdout]   |
[INFO] [stdout] 1 | use std::convert::Infallible;
[INFO] [stdout]   |     ^^^^^^^^^^^^^^^^^^^^^^^^
[INFO] [stdout]   |
[INFO] [stdout]   = note: `#[warn(unused_imports)]` on by default
[INFO] [stdout] 
[INFO] [stdout] 
[INFO] [stdout] warning: unused import: `internal_lib::warp_helpers::filters::aquire_pool_conn_filter`
[INFO] [stdout]  --> auth-server/src/app/filters/pg.rs:3:5
[INFO] [stdout]   |
[INFO] [stdout] 3 | use internal_lib::warp_helpers::filters::aquire_pool_conn_filter;
[INFO] [stdout]   |     ^^^^^^^^^^^^^^^^^^^^^^^^^^^^^^^^^^^^^^^^^^^^^^^^^^^^^^^^^^^^
[INFO] [stdout] 
[INFO] [stdout] 
[INFO] [stdout] warning: unused imports: `Postgres` and `pool::PoolConnection`
[INFO] [stdout]  --> auth-server/src/app/filters/pg.rs:4:12
[INFO] [stdout]   |
[INFO] [stdout] 4 | use sqlx::{pool::PoolConnection, Postgres};
[INFO] [stdout]   |            ^^^^^^^^^^^^^^^^^^^^  ^^^^^^^^
[INFO] [stdout] 
[INFO] [stdout] 
[INFO] [stdout] warning: unused import: `warp::Filter`
[INFO] [stdout]  --> auth-server/src/app/filters/pg.rs:5:5
[INFO] [stdout]   |
[INFO] [stdout] 5 | use warp::Filter;
[INFO] [stdout]   |     ^^^^^^^^^^^^
[INFO] [stdout] 
[INFO] [stdout] 
[INFO] [stdout] warning: unused import: `internal_lib::warp_helpers::reply::warp_json_reply`
[INFO] [stdout]  --> spot-server/src/app/filters/mod.rs:3:5
[INFO] [stdout]   |
[INFO] [stdout] 3 | use internal_lib::warp_helpers::reply::warp_json_reply;
[INFO] [stdout]   |     ^^^^^^^^^^^^^^^^^^^^^^^^^^^^^^^^^^^^^^^^^^^^^^^^^^
[INFO] [stdout]   |
[INFO] [stdout]   = note: `#[warn(unused_imports)]` on by default
[INFO] [stdout] 
[INFO] [stdout] 
[INFO] [stdout] warning: unused imports: `Pool` and `migrate::Migrator`
[INFO] [stdout]  --> spot-server/src/app/filters/mod.rs:5:12
[INFO] [stdout]   |
[INFO] [stdout] 5 | use sqlx::{migrate::Migrator, Pool, Postgres};
[INFO] [stdout]   |            ^^^^^^^^^^^^^^^^^  ^^^^
[INFO] [stdout] 
[INFO] [stdout] 
[INFO] [stdout] warning: unused import: `WithStatus`
[INFO] [stdout]  --> spot-server/src/app/filters/mod.rs:8:19
[INFO] [stdout]   |
[INFO] [stdout] 8 |     reply::{Json, WithStatus},
[INFO] [stdout]   |                   ^^^^^^^^^^
[INFO] [stdout] 
[INFO] [stdout] 
[INFO] [stdout] warning: unused imports: `ops::Deref`, `path::PathBuf`, and `str::FromStr`
[INFO] [stdout]   --> spot-server/src/app/filters/mod.rs:12:11
[INFO] [stdout]    |
[INFO] [stdout] 12 | use std::{ops::Deref, path::PathBuf, str::FromStr, sync::Arc};
[INFO] [stdout]    |           ^^^^^^^^^^  ^^^^^^^^^^^^^  ^^^^^^^^^^^^
[INFO] [stdout] 
[INFO] [stdout] 
[INFO] [stdout] warning: unused import: `Postgres`
[INFO] [stdout]  --> spot-server/src/structs/spot.rs:7:38
[INFO] [stdout]   |
[INFO] [stdout] 7 | use sqlx::{postgres::PgRow, FromRow, Postgres, Row};
[INFO] [stdout]   |                                      ^^^^^^^^
[INFO] [stdout] 
[INFO] [stdout] 
[INFO] [stdout] warning: unused import: `env::current_dir`
[INFO] [stdout]  --> spot-server/src/main.rs:4:11
[INFO] [stdout]   |
[INFO] [stdout] 4 | use std::{env::current_dir, ops::Deref, path::PathBuf, str::FromStr};
[INFO] [stdout]   |           ^^^^^^^^^^^^^^^^
[INFO] [stdout] 
[INFO] [stdout] 
[INFO] [stdout] warning: unused import: `ConditionalStatement`
[INFO] [stdout]  --> spot-server/spot-migrations/src/migrations/windguru_spots.rs:7:28
[INFO] [stdout]   |
[INFO] [stdout] 7 | use sea_query::{ColumnDef, ConditionalStatement, Expr, Query, SimpleExpr, Table};
[INFO] [stdout]   |                            ^^^^^^^^^^^^^^^^^^^^
[INFO] [stdout] 
[INFO] [stdout] 
[INFO] [stdout] warning: function `users_down` is never used
[INFO] [stdout]   --> spot-server/spot-migrations/src/migrations/spot.rs:42:8
[INFO] [stdout]    |
[INFO] [stdout] 42 | pub fn users_down() -> sea_query::TableDropStatement {
[INFO] [stdout]    |        ^^^^^^^^^^
[INFO] [stdout]    |
[INFO] [stdout]    = note: `#[warn(dead_code)]` on by default
[INFO] [stdout] 
[INFO] [stdout] 
[INFO] [stdout] warning: function `t` is never used
[INFO] [stdout]   --> spot-server/spot-migrations/src/migrations/windguru_spots.rs:23:4
[INFO] [stdout]    |
[INFO] [stdout] 23 | fn t() {
[INFO] [stdout]    |    ^
[INFO] [stdout] 
[INFO] [stdout] 
[INFO] [stdout] warning: unused import: `Acquire`
[INFO] [stdout]  --> internal-lib/src/database/connection.rs:2:55
[INFO] [stdout]   |
[INFO] [stdout] 2 |     pool::PoolConnection, postgres::PgConnectOptions, Acquire, Connection, PgConnection, PgPool,
[INFO] [stdout]   |                                                       ^^^^^^^
[INFO] [stdout] 
[INFO] [stdout] 
[INFO] [stdout] warning: unused import: `ConditionalStatement`
[INFO] [stdout]  --> auth-server/src/app/queries/user.rs:2:17
[INFO] [stdout]   |
[INFO] [stdout] 2 | use sea_query::{ConditionalStatement, Expr, Query, SimpleExpr};
[INFO] [stdout]   |                 ^^^^^^^^^^^^^^^^^^^^
[INFO] [stdout] 
[INFO] [stdout] 
[INFO] [stdout] warning: unused import: `futures::TryFutureExt`
[INFO] [stdout]  --> auth-server/src/app/resolver/user.rs:3:5
[INFO] [stdout]   |
[INFO] [stdout] 3 | use futures::TryFutureExt;
[INFO] [stdout]   |     ^^^^^^^^^^^^^^^^^^^^^
[INFO] [stdout] 
[INFO] [stdout] 
[INFO] [stdout] warning: unused import: `Row`
[INFO] [stdout]  --> auth-server/src/structs/user.rs:5:30
[INFO] [stdout]   |
[INFO] [stdout] 5 | use sqlx::{prelude::FromRow, Row};
[INFO] [stdout]   |                              ^^^
[INFO] [stdout] 
[INFO] [stdout] 
[INFO] [stderr]     Finished `test` profile [unoptimized + debuginfo] target(s) in 4.19s
[INFO] running `Command { std: "docker" "inspect" "d9891817e39f9a3545e5ddc043f1107caf37e7e10f06f19364b5fe4c62336540", kill_on_drop: false }`
[INFO] running `Command { std: "docker" "rm" "-f" "d9891817e39f9a3545e5ddc043f1107caf37e7e10f06f19364b5fe4c62336540", kill_on_drop: false }`
[INFO] [stdout] d9891817e39f9a3545e5ddc043f1107caf37e7e10f06f19364b5fe4c62336540
[INFO] running `Command { std: "docker" "create" "-v" "/var/lib/crater-agent-workspace/builds/worker-4-tc2/target:/opt/rustwide/target:rw,Z" "-v" "/var/lib/crater-agent-workspace/builds/worker-4-tc2/source:/opt/rustwide/workdir:ro,Z" "-v" "/var/lib/crater-agent-workspace/cargo-home:/opt/rustwide/cargo-home:ro,Z" "-v" "/var/lib/crater-agent-workspace/rustup-home:/opt/rustwide/rustup-home:ro,Z" "-e" "SOURCE_DIR=/opt/rustwide/workdir" "-e" "CARGO_TARGET_DIR=/opt/rustwide/target" "-e" "CARGO_INCREMENTAL=0" "-e" "RUST_BACKTRACE=full" "-e" "RUSTFLAGS=--cap-lints=forbid -Zrandomize-layout" "-e" "RUSTDOCFLAGS=--cap-lints=forbid" "-e" "CARGO_HOME=/opt/rustwide/cargo-home" "-e" "RUSTUP_HOME=/opt/rustwide/rustup-home" "-w" "/opt/rustwide/workdir" "-m" "1610612736" "--user" "0:0" "--network" "none" "ghcr.io/rust-lang/crates-build-env/linux@sha256:4a844ea9eb2546a2d2c7022eacef16ef2e8229c7fbb2c7d4d55a9ceca922f72d" "/opt/rustwide/cargo-home/bin/cargo" "+nightly-2024-10-28" "test" "--frozen", kill_on_drop: false }`
[INFO] [stdout] 458af10ff69701a9b2484982a6eb2e14a0f38f2e326b4450b28b4121a8e2062d
[INFO] running `Command { std: "docker" "start" "-a" "458af10ff69701a9b2484982a6eb2e14a0f38f2e326b4450b28b4121a8e2062d", kill_on_drop: false }`
[INFO] [stderr] warning: virtual workspace defaulting to `resolver = "1"` despite one or more workspace members being on edition 2021 which implies `resolver = "2"`
[INFO] [stderr] note: to keep the current resolver, specify `workspace.resolver = "1"` in the workspace root's manifest
[INFO] [stderr] note: to use the edition 2021 resolver, specify `workspace.resolver = "2"` in the workspace root's manifest
[INFO] [stderr] note: for more details see https://doc.rust-lang.org/cargo/reference/resolver.html#resolver-versions
[INFO] [stderr] warning: unused import: `std::time::Instant`
[INFO] [stderr]  --> internal-lib/src/warp_helpers/filters.rs:6:5
[INFO] [stderr]   |
[INFO] [stderr] 6 | use std::time::Instant;
[INFO] [stderr]   |     ^^^^^^^^^^^^^^^^^^
[INFO] [stderr]   |
[INFO] [stderr]   = note: `#[warn(unused_imports)]` on by default
[INFO] [stderr] 
[INFO] [stderr] warning: unused imports: `Info` and `Log`
[INFO] [stderr]  --> internal-lib/src/warp_helpers/filters.rs:7:26
[INFO] [stderr]   |
[INFO] [stderr] 7 | use warp::filters::log::{Info, Log};
[INFO] [stderr]   |                          ^^^^  ^^^
[INFO] [stderr] 
[INFO] [stderr] warning: unused import: `warp::filters::path::FullPath`
[INFO] [stderr]  --> internal-lib/src/warp_helpers/filters.rs:8:5
[INFO] [stderr]   |
[INFO] [stderr] 8 | use warp::filters::path::FullPath;
[INFO] [stderr]   |     ^^^^^^^^^^^^^^^^^^^^^^^^^^^^^
[INFO] [stderr] 
[INFO] [stderr] warning: unused import: `Error`
[INFO] [stderr]  --> internal-lib/src/warp_helpers/filters.rs:9:12
[INFO] [stderr]   |
[INFO] [stderr] 9 | use warp::{Error, Filter};
[INFO] [stderr]   |            ^^^^^
[INFO] [stderr] 
[INFO] [stderr] warning: unused import: `Acquire`
[INFO] [stderr]  --> internal-lib/src/database/connection.rs:2:55
[INFO] [stderr]   |
[INFO] [stderr] 2 |     pool::PoolConnection, postgres::PgConnectOptions, Acquire, Connection, PgConnection, PgPool,
[INFO] [stderr]   |                                                       ^^^^^^^
[INFO] [stderr] 
[INFO] [stderr] warning: `internal-lib` (lib) generated 5 warnings (run `cargo fix --lib -p internal-lib` to apply 4 suggestions)
[INFO] [stderr] warning: unused import: `std::env::current_exe`
[INFO] [stderr]  --> auth-server/migrations/src/lib.rs:1:5
[INFO] [stderr]   |
[INFO] [stderr] 1 | use std::env::current_exe;
[INFO] [stderr]   |     ^^^^^^^^^^^^^^^^^^^^^
[INFO] [stderr]   |
[INFO] [stderr]   = note: `#[warn(unused_imports)]` on by default
[INFO] [stderr] 
[INFO] [stderr] warning: unused import: `traits::migration::Migration`
[INFO] [stderr]  --> auth-server/migrations/src/lib.rs:3:60
[INFO] [stderr]   |
[INFO] [stderr] 3 | use internal_lib::{database::migrator::build_up_migration, traits::migration::Migration};
[INFO] [stderr]   |                                                            ^^^^^^^^^^^^^^^^^^^^^^^^^^^^
[INFO] [stderr] 
[INFO] [stderr] warning: `migrations` (lib) generated 2 warnings (run `cargo fix --lib -p migrations` to apply 2 suggestions)
[INFO] [stderr] warning: `migrations` (lib test) generated 2 warnings (2 duplicates)
[INFO] [stderr] warning: `internal-lib` (lib test) generated 5 warnings (5 duplicates)
[INFO] [stderr] warning: unused import: `Migration`
[INFO] [stderr]  --> spot-server/spot-migrations/src/migrations/windguru_spots.rs:6:39
[INFO] [stderr]   |
[INFO] [stderr] 6 | use internal_lib::traits::migration::{Migration, Seed};
[INFO] [stderr]   |                                       ^^^^^^^^^
[INFO] [stderr]   |
[INFO] [stderr]   = note: `#[warn(unused_imports)]` on by default
[INFO] [stderr] 
[INFO] [stderr] warning: unused imports: `ColumnDef` and `Table`
[INFO] [stderr]  --> spot-server/spot-migrations/src/migrations/windguru_spots.rs:7:17
[INFO] [stderr]   |
[INFO] [stderr] 7 | use sea_query::{ColumnDef, ConditionalStatement, Expr, Query, SimpleExpr, Table};
[INFO] [stderr]   |                 ^^^^^^^^^                                                 ^^^^^
[INFO] [stderr] 
[INFO] [stderr] warning: unused import: `ConditionalStatement`
[INFO] [stderr]  --> spot-server/spot-migrations/src/migrations/windguru_spots.rs:7:28
[INFO] [stderr]   |
[INFO] [stderr] 7 | use sea_query::{ColumnDef, ConditionalStatement, Expr, Query, SimpleExpr, Table};
[INFO] [stderr]   |                            ^^^^^^^^^^^^^^^^^^^^
[INFO] [stderr] 
[INFO] [stderr] warning: function `users_down` is never used
[INFO] [stderr]   --> spot-server/spot-migrations/src/migrations/spot.rs:42:8
[INFO] [stderr]    |
[INFO] [stderr] 42 | pub fn users_down() -> sea_query::TableDropStatement {
[INFO] [stderr]    |        ^^^^^^^^^^
[INFO] [stderr]    |
[INFO] [stderr]    = note: `#[warn(dead_code)]` on by default
[INFO] [stderr] 
[INFO] [stderr] warning: function `t` is never used
[INFO] [stderr]   --> spot-server/spot-migrations/src/migrations/windguru_spots.rs:23:4
[INFO] [stderr]    |
[INFO] [stderr] 23 | fn t() {
[INFO] [stderr]    |    ^
[INFO] [stderr] 
[INFO] [stderr] warning: `spot-migrations` (lib) generated 5 warnings (run `cargo fix --lib -p spot-migrations` to apply 2 suggestions)
[INFO] [stderr] warning: `spot-migrations` (lib test) generated 5 warnings (5 duplicates)
[INFO] [stderr] warning: unused import: `internal_lib::warp_helpers::reply::warp_json_reply`
[INFO] [stderr]  --> spot-server/src/app/filters/mod.rs:3:5
[INFO] [stderr]   |
[INFO] [stderr] 3 | use internal_lib::warp_helpers::reply::warp_json_reply;
[INFO] [stderr]   |     ^^^^^^^^^^^^^^^^^^^^^^^^^^^^^^^^^^^^^^^^^^^^^^^^^^
[INFO] [stderr]   |
[INFO] [stderr]   = note: `#[warn(unused_imports)]` on by default
[INFO] [stderr] 
[INFO] [stderr] warning: unused imports: `Pool` and `migrate::Migrator`
[INFO] [stderr]  --> spot-server/src/app/filters/mod.rs:5:12
[INFO] [stderr]   |
[INFO] [stderr] 5 | use sqlx::{migrate::Migrator, Pool, Postgres};
[INFO] [stderr]   |            ^^^^^^^^^^^^^^^^^  ^^^^
[INFO] [stderr] 
[INFO] [stderr] warning: unused import: `WithStatus`
[INFO] [stderr]  --> spot-server/src/app/filters/mod.rs:8:19
[INFO] [stderr]   |
[INFO] [stderr] 8 |     reply::{Json, WithStatus},
[INFO] [stderr]   |                   ^^^^^^^^^^
[INFO] [stderr] 
[INFO] [stderr] warning: unused imports: `ops::Deref`, `path::PathBuf`, and `str::FromStr`
[INFO] [stderr]   --> spot-server/src/app/filters/mod.rs:12:11
[INFO] [stderr]    |
[INFO] [stderr] 12 | use std::{ops::Deref, path::PathBuf, str::FromStr, sync::Arc};
[INFO] [stderr]    |           ^^^^^^^^^^  ^^^^^^^^^^^^^  ^^^^^^^^^^^^
[INFO] [stderr] 
[INFO] [stderr] warning: unused import: `Postgres`
[INFO] [stderr]  --> spot-server/src/structs/spot.rs:7:38
[INFO] [stderr]   |
[INFO] [stderr] 7 | use sqlx::{postgres::PgRow, FromRow, Postgres, Row};
[INFO] [stderr]   |                                      ^^^^^^^^
[INFO] [stderr] 
[INFO] [stderr] warning: unused import: `env::current_dir`
[INFO] [stderr]  --> spot-server/src/main.rs:4:11
[INFO] [stderr]   |
[INFO] [stderr] 4 | use std::{env::current_dir, ops::Deref, path::PathBuf, str::FromStr};
[INFO] [stderr]   |           ^^^^^^^^^^^^^^^^
[INFO] [stderr] 
[INFO] [stderr] warning: `spot-server` (bin "spot-server" test) generated 6 warnings (run `cargo fix --bin "spot-server" --tests` to apply 6 suggestions)
[INFO] [stderr] warning: unused import: `std::convert::Infallible`
[INFO] [stderr]  --> auth-server/src/app/filters/pg.rs:1:5
[INFO] [stderr]   |
[INFO] [stderr] 1 | use std::convert::Infallible;
[INFO] [stderr]   |     ^^^^^^^^^^^^^^^^^^^^^^^^
[INFO] [stderr]   |
[INFO] [stderr]   = note: `#[warn(unused_imports)]` on by default
[INFO] [stderr] 
[INFO] [stderr] warning: unused import: `internal_lib::warp_helpers::filters::aquire_pool_conn_filter`
[INFO] [stderr]  --> auth-server/src/app/filters/pg.rs:3:5
[INFO] [stderr]   |
[INFO] [stderr] 3 | use internal_lib::warp_helpers::filters::aquire_pool_conn_filter;
[INFO] [stderr]   |     ^^^^^^^^^^^^^^^^^^^^^^^^^^^^^^^^^^^^^^^^^^^^^^^^^^^^^^^^^^^^
[INFO] [stderr] 
[INFO] [stderr] warning: unused imports: `Postgres` and `pool::PoolConnection`
[INFO] [stderr]  --> auth-server/src/app/filters/pg.rs:4:12
[INFO] [stderr]   |
[INFO] [stderr] 4 | use sqlx::{pool::PoolConnection, Postgres};
[INFO] [stderr]   |            ^^^^^^^^^^^^^^^^^^^^  ^^^^^^^^
[INFO] [stderr] 
[INFO] [stderr] warning: unused import: `warp::Filter`
[INFO] [stderr]  --> auth-server/src/app/filters/pg.rs:5:5
[INFO] [stderr]   |
[INFO] [stderr] 5 | use warp::Filter;
[INFO] [stderr]   |     ^^^^^^^^^^^^
[INFO] [stderr] 
[INFO] [stderr] warning: unused import: `ConditionalStatement`
[INFO] [stderr]  --> auth-server/src/app/queries/user.rs:2:17
[INFO] [stderr]   |
[INFO] [stderr] 2 | use sea_query::{ConditionalStatement, Expr, Query, SimpleExpr};
[INFO] [stderr]   |                 ^^^^^^^^^^^^^^^^^^^^
[INFO] [stderr] 
[INFO] [stderr] warning: unused import: `futures::TryFutureExt`
[INFO] [stderr]  --> auth-server/src/app/resolver/user.rs:3:5
[INFO] [stderr]   |
[INFO] [stderr] 3 | use futures::TryFutureExt;
[INFO] [stderr]   |     ^^^^^^^^^^^^^^^^^^^^^
[INFO] [stderr] 
[INFO] [stderr] warning: unused import: `Row`
[INFO] [stderr]  --> auth-server/src/structs/user.rs:5:30
[INFO] [stderr]   |
[INFO] [stderr] 5 | use sqlx::{prelude::FromRow, Row};
[INFO] [stderr]   |                              ^^^
[INFO] [stderr] 
[INFO] [stderr] warning: `auth-server` (bin "auth-server" test) generated 7 warnings (run `cargo fix --bin "auth-server" --tests` to apply 4 suggestions)
[INFO] [stderr]     Finished `test` profile [unoptimized + debuginfo] target(s) in 0.18s
[INFO] [stderr]      Running unittests src/main.rs (/opt/rustwide/target/debug/deps/auth_server-7763177a026a3dd2)
[INFO] [stdout] 
[INFO] [stdout] running 4 tests
[INFO] [stdout] test app::filters::tests::user::create_user_duplicate_email_and_username ... FAILED
[INFO] [stdout] test app::filters::tests::user::get_user ... FAILED
[INFO] [stdout] test app::filters::tests::user::create_user_success ... FAILED
[INFO] [stdout] test app::filters::tests::user::get_users ... FAILED
[INFO] [stdout] 
[INFO] [stdout] failures:
[INFO] [stdout] 
[INFO] [stdout] ---- app::filters::tests::user::create_user_duplicate_email_and_username stdout ----
[INFO] [stdout] thread 'app::filters::tests::user::create_user_duplicate_email_and_username' panicked at /opt/rustwide/workdir/internal-lib/src/tests/mod.rs:5:32:
[INFO] [stdout] called `Result::unwrap()` on an `Err` value: Client(CreateContainer(HyperLegacyError { err: hyper_util::client::legacy::Error(Connect, Os { code: 2, kind: NotFound, message: "No such file or directory" }) }))
[INFO] [stdout] stack backtrace:
[INFO] [stdout]    0:     0x59bf1a6deeda - std::backtrace_rs::backtrace::libunwind::trace::h207520d6e9873551
[INFO] [stdout]                                at /rustc/df4ca44d3fbc9301ee17f30f4d474e6ae4b05252/library/std/src/../../backtrace/src/backtrace/libunwind.rs:116:5
[INFO] [stdout]    1:     0x59bf1a6deeda - std::backtrace_rs::backtrace::trace_unsynchronized::h2ed7433f370e3eca
[INFO] [stdout]                                at /rustc/df4ca44d3fbc9301ee17f30f4d474e6ae4b05252/library/std/src/../../backtrace/src/backtrace/mod.rs:66:5
[INFO] [stdout]    2:     0x59bf1a6deeda - std::sys::backtrace::_print_fmt::h916fac51166b18d7
[INFO] [stdout]                                at /rustc/df4ca44d3fbc9301ee17f30f4d474e6ae4b05252/library/std/src/sys/backtrace.rs:66:9
[INFO] [stdout]    3:     0x59bf1a6deeda - <std::sys::backtrace::BacktraceLock::print::DisplayBacktrace as core::fmt::Display>::fmt::ha0a4c9b8ce3802e6
[INFO] [stdout]                                at /rustc/df4ca44d3fbc9301ee17f30f4d474e6ae4b05252/library/std/src/sys/backtrace.rs:39:26
[INFO] [stdout]    4:     0x59bf1a70bcf3 - core::fmt::rt::Argument::fmt::h4cfc8587d52b3eb5
[INFO] [stdout]                                at /rustc/df4ca44d3fbc9301ee17f30f4d474e6ae4b05252/library/core/src/fmt/rt.rs:177:76
[INFO] [stdout]    5:     0x59bf1a70bcf3 - core::fmt::write::h522cc39e5b36ae9f
[INFO] [stdout]                                at /rustc/df4ca44d3fbc9301ee17f30f4d474e6ae4b05252/library/core/src/fmt/mod.rs:1190:21
[INFO] [stdout]    6:     0x59bf1a6daa83 - std::io::Write::write_fmt::h7d3c26752da97734
[INFO] [stdout]                                at /rustc/df4ca44d3fbc9301ee17f30f4d474e6ae4b05252/library/std/src/io/mod.rs:1839:15
[INFO] [stdout]    7:     0x59bf1a6ded22 - std::sys::backtrace::BacktraceLock::print::h4b9e00b29e9c0942
[INFO] [stdout]                                at /rustc/df4ca44d3fbc9301ee17f30f4d474e6ae4b05252/library/std/src/sys/backtrace.rs:42:9
[INFO] [stdout]    8:     0x59bf1a6e036a - std::panicking::default_hook::{{closure}}::hb59b88280d0324d9
[INFO] [stdout]                                at /rustc/df4ca44d3fbc9301ee17f30f4d474e6ae4b05252/library/std/src/panicking.rs:268:22
[INFO] [stdout]    9:     0x59bf1a6e0174 - std::panicking::default_hook::he1dd496665be4a29
[INFO] [stdout]                                at /rustc/df4ca44d3fbc9301ee17f30f4d474e6ae4b05252/library/std/src/panicking.rs:292:9
[INFO] [stdout]   10:     0x59bf194c69c9 - <alloc::boxed::Box<F,A> as core::ops::function::Fn<Args>>::call::h4ff71de18744e1dc
[INFO] [stdout]                                at /rustc/df4ca44d3fbc9301ee17f30f4d474e6ae4b05252/library/alloc/src/boxed.rs:2468:9
[INFO] [stdout]   11:     0x59bf194c69c9 - test::test_main::{{closure}}::hcf7c055ce117aa81
[INFO] [stdout]                                at /rustc/df4ca44d3fbc9301ee17f30f4d474e6ae4b05252/library/test/src/lib.rs:133:21
[INFO] [stdout]   12:     0x59bf1a6e0a68 - <alloc::boxed::Box<F,A> as core::ops::function::Fn<Args>>::call::h1d66c6bbd60c9692
[INFO] [stdout]                                at /rustc/df4ca44d3fbc9301ee17f30f4d474e6ae4b05252/library/alloc/src/boxed.rs:2468:9
[INFO] [stdout]   13:     0x59bf1a6e0a68 - std::panicking::rust_panic_with_hook::h2ff17fe8f26dfcf8
[INFO] [stdout]                                at /rustc/df4ca44d3fbc9301ee17f30f4d474e6ae4b05252/library/std/src/panicking.rs:809:13
[INFO] [stdout]   14:     0x59bf1a6e082a - std::panicking::begin_panic_handler::{{closure}}::h4fad77951c07e101
[INFO] [stdout]                                at /rustc/df4ca44d3fbc9301ee17f30f4d474e6ae4b05252/library/std/src/panicking.rs:674:13
[INFO] [stdout]   15:     0x59bf1a6df3b9 - std::sys::backtrace::__rust_end_short_backtrace::hb1a25b3da5d0ea08
[INFO] [stdout]                                at /rustc/df4ca44d3fbc9301ee17f30f4d474e6ae4b05252/library/std/src/sys/backtrace.rs:170:18
[INFO] [stdout]   16:     0x59bf1a6e04bc - rust_begin_unwind
[INFO] [stdout]                                at /rustc/df4ca44d3fbc9301ee17f30f4d474e6ae4b05252/library/std/src/panicking.rs:665:5
[INFO] [stdout]   17:     0x59bf1a708f70 - core::panicking::panic_fmt::ha9db07b529f9b256
[INFO] [stdout]                                at /rustc/df4ca44d3fbc9301ee17f30f4d474e6ae4b05252/library/core/src/panicking.rs:75:14
[INFO] [stdout]   18:     0x59bf1a709456 - core::result::unwrap_failed::h5e8218e4d4338b8a
[INFO] [stdout]                                at /rustc/df4ca44d3fbc9301ee17f30f4d474e6ae4b05252/library/core/src/result.rs:1698:5
[INFO] [stdout]   19:     0x59bf1944cd5c - core::result::Result<T,E>::unwrap::h445a36efd75ff1cf
[INFO] [stdout]                                at /rustc/df4ca44d3fbc9301ee17f30f4d474e6ae4b05252/library/core/src/result.rs:1103:23
[INFO] [stdout]   20:     0x59bf1944cd5c - internal_lib::tests::start_container::{{closure}}::h6890f6af5eda23d1
[INFO] [stdout]                                at /opt/rustwide/workdir/internal-lib/src/tests/mod.rs:5:5
[INFO] [stdout]   21:     0x59bf193f5201 - auth_server::app::filters::tests::helpers::pg_test_container::{{closure}}::hc01ab98a46c2922f
[INFO] [stdout]                                at /opt/rustwide/workdir/auth-server/src/app/filters/tests/helpers.rs:18:85
[INFO] [stdout]   22:     0x59bf193fa11c - auth_server::app::filters::tests::user::create_user_duplicate_email_and_username::{{closure}}::h62d243ffeec7ee26
[INFO] [stdout]                                at /opt/rustwide/workdir/auth-server/src/app/filters/tests/user.rs:51:61
[INFO] [stdout]   23:     0x59bf19425e92 - <core::pin::Pin<P> as core::future::future::Future>::poll::h91c757612bedab3f
[INFO] [stdout]                                at /rustc/df4ca44d3fbc9301ee17f30f4d474e6ae4b05252/library/core/src/future/future.rs:123:9
[INFO] [stdout]   24:     0x59bf19425dcd - <core::pin::Pin<P> as core::future::future::Future>::poll::h2bd6fbf0edc5fc3b
[INFO] [stdout]                                at /rustc/df4ca44d3fbc9301ee17f30f4d474e6ae4b05252/library/core/src/future/future.rs:123:9
[INFO] [stdout]   25:     0x59bf1941882f - tokio::runtime::scheduler::current_thread::CoreGuard::block_on::{{closure}}::{{closure}}::{{closure}}::h44012e3565800ac9
[INFO] [stdout]                                at /opt/rustwide/cargo-home/registry/src/index.crates.io-6f17d22bba15001f/tokio-1.38.0/src/runtime/scheduler/current_thread/mod.rs:659:57
[INFO] [stdout]   26:     0x59bf19418775 - tokio::runtime::coop::with_budget::h47075c51ef155660
[INFO] [stdout]                                at /opt/rustwide/cargo-home/registry/src/index.crates.io-6f17d22bba15001f/tokio-1.38.0/src/runtime/coop.rs:107:5
[INFO] [stdout]   27:     0x59bf19418775 - tokio::runtime::coop::budget::h44f5002fd365f8c9
[INFO] [stdout]                                at /opt/rustwide/cargo-home/registry/src/index.crates.io-6f17d22bba15001f/tokio-1.38.0/src/runtime/coop.rs:73:5
[INFO] [stdout]   28:     0x59bf19418775 - tokio::runtime::scheduler::current_thread::CoreGuard::block_on::{{closure}}::{{closure}}::h88655b09b57c27a8
[INFO] [stdout]                                at /opt/rustwide/cargo-home/registry/src/index.crates.io-6f17d22bba15001f/tokio-1.38.0/src/runtime/scheduler/current_thread/mod.rs:659:25
[INFO] [stdout]   29:     0x59bf19417520 - tokio::runtime::scheduler::current_thread::Context::enter::hd23a23f127fcf246
[INFO] [stdout]                                at /opt/rustwide/cargo-home/registry/src/index.crates.io-6f17d22bba15001f/tokio-1.38.0/src/runtime/scheduler/current_thread/mod.rs:404:19
[INFO] [stdout]   30:     0x59bf19417fdb - tokio::runtime::scheduler::current_thread::CoreGuard::block_on::{{closure}}::ha89de17beab83975
[INFO] [stdout]                                at /opt/rustwide/cargo-home/registry/src/index.crates.io-6f17d22bba15001f/tokio-1.38.0/src/runtime/scheduler/current_thread/mod.rs:658:36
[INFO] [stdout]   31:     0x59bf19417d54 - tokio::runtime::scheduler::current_thread::CoreGuard::enter::{{closure}}::h3ef651e526a77bcf
[INFO] [stdout]                                at /opt/rustwide/cargo-home/registry/src/index.crates.io-6f17d22bba15001f/tokio-1.38.0/src/runtime/scheduler/current_thread/mod.rs:737:68
[INFO] [stdout]   32:     0x59bf1941639b - tokio::runtime::context::scoped::Scoped<T>::set::hc4871e051053b8be
[INFO] [stdout]                                at /opt/rustwide/cargo-home/registry/src/index.crates.io-6f17d22bba15001f/tokio-1.38.0/src/runtime/context/scoped.rs:40:9
[INFO] [stdout]   33:     0x59bf1939a7c9 - tokio::runtime::context::set_scheduler::{{closure}}::h75110560d907d2db
[INFO] [stdout]                                at /opt/rustwide/cargo-home/registry/src/index.crates.io-6f17d22bba15001f/tokio-1.38.0/src/runtime/context.rs:180:26
[INFO] [stdout]   34:     0x59bf1946269d - std::thread::local::LocalKey<T>::try_with::h6b882012c1f4a9d5
[INFO] [stdout]                                at /rustc/df4ca44d3fbc9301ee17f30f4d474e6ae4b05252/library/std/src/thread/local.rs:283:12
[INFO] [stdout]   35:     0x59bf19461cfa - std::thread::local::LocalKey<T>::with::h4bdd77e8d8339876
[INFO] [stdout]                                at /rustc/df4ca44d3fbc9301ee17f30f4d474e6ae4b05252/library/std/src/thread/local.rs:260:9
[INFO] [stdout]   36:     0x59bf1939a77d - tokio::runtime::context::set_scheduler::h498ab7cba2ef285d
[INFO] [stdout]                                at /opt/rustwide/cargo-home/registry/src/index.crates.io-6f17d22bba15001f/tokio-1.38.0/src/runtime/context.rs:180:9
[INFO] [stdout]   37:     0x59bf19417b08 - tokio::runtime::scheduler::current_thread::CoreGuard::enter::h4eeeed765e854472
[INFO] [stdout]                                at /opt/rustwide/cargo-home/registry/src/index.crates.io-6f17d22bba15001f/tokio-1.38.0/src/runtime/scheduler/current_thread/mod.rs:737:27
[INFO] [stdout]   38:     0x59bf19417d73 - tokio::runtime::scheduler::current_thread::CoreGuard::block_on::hdadef5a1b476ae32
[INFO] [stdout]                                at /opt/rustwide/cargo-home/registry/src/index.crates.io-6f17d22bba15001f/tokio-1.38.0/src/runtime/scheduler/current_thread/mod.rs:646:19
[INFO] [stdout]   39:     0x59bf1941683d - tokio::runtime::scheduler::current_thread::CurrentThread::block_on::{{closure}}::h65a2823658e63dab
[INFO] [stdout]                                at /opt/rustwide/cargo-home/registry/src/index.crates.io-6f17d22bba15001f/tokio-1.38.0/src/runtime/scheduler/current_thread/mod.rs:175:28
[INFO] [stdout]   40:     0x59bf19425256 - tokio::runtime::context::runtime::enter_runtime::h8609a4aca8f9c208
[INFO] [stdout]                                at /opt/rustwide/cargo-home/registry/src/index.crates.io-6f17d22bba15001f/tokio-1.38.0/src/runtime/context/runtime.rs:65:16
[INFO] [stdout]   41:     0x59bf19416751 - tokio::runtime::scheduler::current_thread::CurrentThread::block_on::hf372945143248db8
[INFO] [stdout]                                at /opt/rustwide/cargo-home/registry/src/index.crates.io-6f17d22bba15001f/tokio-1.38.0/src/runtime/scheduler/current_thread/mod.rs:167:9
[INFO] [stdout]   42:     0x59bf1938a3b2 - tokio::runtime::runtime::Runtime::block_on::ha8f8bdcb4b6b5a88
[INFO] [stdout]                                at /opt/rustwide/cargo-home/registry/src/index.crates.io-6f17d22bba15001f/tokio-1.38.0/src/runtime/runtime.rs:347:47
[INFO] [stdout]   43:     0x59bf193f9ea2 - auth_server::app::filters::tests::user::create_user_duplicate_email_and_username::hd0358d23b39523db
[INFO] [stdout]                                at /opt/rustwide/workdir/auth-server/src/app/filters/tests/user.rs:67:5
[INFO] [stdout]   44:     0x59bf193f9d17 - auth_server::app::filters::tests::user::create_user_duplicate_email_and_username::{{closure}}::hb80dbf43aec93245
[INFO] [stdout]                                at /opt/rustwide/workdir/auth-server/src/app/filters/tests/user.rs:50:56
[INFO] [stdout]   45:     0x59bf1933f8e6 - core::ops::function::FnOnce::call_once::h88794227655debef
[INFO] [stdout]                                at /rustc/df4ca44d3fbc9301ee17f30f4d474e6ae4b05252/library/core/src/ops/function.rs:250:5
[INFO] [stdout]   46:     0x59bf194cb29b - core::ops::function::FnOnce::call_once::h22c3ba5715e93f05
[INFO] [stdout]                                at /rustc/df4ca44d3fbc9301ee17f30f4d474e6ae4b05252/library/core/src/ops/function.rs:250:5
[INFO] [stdout]   47:     0x59bf194cb29b - test::__rust_begin_short_backtrace::h8e82d8113d0da17f
[INFO] [stdout]                                at /rustc/df4ca44d3fbc9301ee17f30f4d474e6ae4b05252/library/test/src/lib.rs:621:18
[INFO] [stdout]   48:     0x59bf194cac17 - test::run_test_in_process::{{closure}}::h33235f4f20b7b7c7
[INFO] [stdout]                                at /rustc/df4ca44d3fbc9301ee17f30f4d474e6ae4b05252/library/test/src/lib.rs:644:60
[INFO] [stdout]   49:     0x59bf194cac17 - <core::panic::unwind_safe::AssertUnwindSafe<F> as core::ops::function::FnOnce<()>>::call_once::hb5043206310c586f
[INFO] [stdout]                                at /rustc/df4ca44d3fbc9301ee17f30f4d474e6ae4b05252/library/core/src/panic/unwind_safe.rs:272:9
[INFO] [stdout]   50:     0x59bf194cac17 - std::panicking::try::do_call::h9ad4731a60ab23e2
[INFO] [stdout]                                at /rustc/df4ca44d3fbc9301ee17f30f4d474e6ae4b05252/library/std/src/panicking.rs:557:40
[INFO] [stdout]   51:     0x59bf194cac17 - std::panicking::try::h3824d23db772a716
[INFO] [stdout]                                at /rustc/df4ca44d3fbc9301ee17f30f4d474e6ae4b05252/library/std/src/panicking.rs:520:19
[INFO] [stdout]   52:     0x59bf194cac17 - std::panic::catch_unwind::h5afd514605fde46b
[INFO] [stdout]                                at /rustc/df4ca44d3fbc9301ee17f30f4d474e6ae4b05252/library/std/src/panic.rs:358:14
[INFO] [stdout]   53:     0x59bf194cac17 - test::run_test_in_process::h0d5cbfa7067d1720
[INFO] [stdout]                                at /rustc/df4ca44d3fbc9301ee17f30f4d474e6ae4b05252/library/test/src/lib.rs:644:27
[INFO] [stdout]   54:     0x59bf194cac17 - test::run_test::{{closure}}::h708eb8872708115d
[INFO] [stdout]                                at /rustc/df4ca44d3fbc9301ee17f30f4d474e6ae4b05252/library/test/src/lib.rs:565:43
[INFO] [stdout]   55:     0x59bf1948e334 - test::run_test::{{closure}}::h392c51cee94713ab
[INFO] [stdout]                                at /rustc/df4ca44d3fbc9301ee17f30f4d474e6ae4b05252/library/test/src/lib.rs:595:41
[INFO] [stdout]   56:     0x59bf1948e334 - std::sys::backtrace::__rust_begin_short_backtrace::h2f40290710935a8b
[INFO] [stdout]                                at /rustc/df4ca44d3fbc9301ee17f30f4d474e6ae4b05252/library/std/src/sys/backtrace.rs:154:18
[INFO] [stdout]   57:     0x59bf19491ade - std::thread::Builder::spawn_unchecked_::{{closure}}::{{closure}}::h3fd968d89053a903
[INFO] [stdout]                                at /rustc/df4ca44d3fbc9301ee17f30f4d474e6ae4b05252/library/std/src/thread/mod.rs:541:17
[INFO] [stdout]   58:     0x59bf19491ade - <core::panic::unwind_safe::AssertUnwindSafe<F> as core::ops::function::FnOnce<()>>::call_once::h743f637ba4229880
[INFO] [stdout]                                at /rustc/df4ca44d3fbc9301ee17f30f4d474e6ae4b05252/library/core/src/panic/unwind_safe.rs:272:9
[INFO] [stdout]   59:     0x59bf19491ade - std::panicking::try::do_call::h07440897322525a6
[INFO] [stdout]                                at /rustc/df4ca44d3fbc9301ee17f30f4d474e6ae4b05252/library/std/src/panicking.rs:557:40
[INFO] [stdout]   60:     0x59bf19491ade - std::panicking::try::he5a2e00188156637
[INFO] [stdout]                                at /rustc/df4ca44d3fbc9301ee17f30f4d474e6ae4b05252/library/std/src/panicking.rs:520:19
[INFO] [stdout]   61:     0x59bf19491ade - std::panic::catch_unwind::hbaf3cae49b3c6433
[INFO] [stdout]                                at /rustc/df4ca44d3fbc9301ee17f30f4d474e6ae4b05252/library/std/src/panic.rs:358:14
[INFO] [stdout]   62:     0x59bf19491ade - std::thread::Builder::spawn_unchecked_::{{closure}}::h8e141ea224820bce
[INFO] [stdout]                                at /rustc/df4ca44d3fbc9301ee17f30f4d474e6ae4b05252/library/std/src/thread/mod.rs:540:30
[INFO] [stdout]   63:     0x59bf19491ade - core::ops::function::FnOnce::call_once{{vtable.shim}}::h90d312fedd7b8ea8
[INFO] [stdout]                                at /rustc/df4ca44d3fbc9301ee17f30f4d474e6ae4b05252/library/core/src/ops/function.rs:250:5
[INFO] [stdout]   64:     0x59bf1a6e526b - <alloc::boxed::Box<F,A> as core::ops::function::FnOnce<Args>>::call_once::h69aa08ddb6adb8b6
[INFO] [stdout]                                at /rustc/df4ca44d3fbc9301ee17f30f4d474e6ae4b05252/library/alloc/src/boxed.rs:2454:9
[INFO] [stdout]   65:     0x59bf1a6e526b - <alloc::boxed::Box<F,A> as core::ops::function::FnOnce<Args>>::call_once::h5aa36efdb79c806f
[INFO] [stdout]                                at /rustc/df4ca44d3fbc9301ee17f30f4d474e6ae4b05252/library/alloc/src/boxed.rs:2454:9
[INFO] [stdout]   66:     0x59bf1a6e526b - std::sys::pal::unix::thread::Thread::new::thread_start::h6cd80a1b4be5158d
[INFO] [stdout]                                at /rustc/df4ca44d3fbc9301ee17f30f4d474e6ae4b05252/library/std/src/sys/pal/unix/thread.rs:105:17
[INFO] [stdout]   67:     0x7f26cfa83ac3 - <unknown>
[INFO] [stdout]   68:     0x7f26cfb14a04 - clone
[INFO] [stdout]   69:                0x0 - <unknown>
[INFO] [stdout] 
[INFO] [stdout] ---- app::filters::tests::user::get_user stdout ----
[INFO] [stdout] thread 'app::filters::tests::user::get_user' panicked at /opt/rustwide/workdir/internal-lib/src/tests/mod.rs:5:32:
[INFO] [stdout] called `Result::unwrap()` on an `Err` value: Client(CreateContainer(HyperLegacyError { err: hyper_util::client::legacy::Error(Connect, Os { code: 2, kind: NotFound, message: "No such file or directory" }) }))
[INFO] [stdout] stack backtrace:
[INFO] [stdout]    0:     0x59bf1a6deeda - std::backtrace_rs::backtrace::libunwind::trace::h207520d6e9873551
[INFO] [stdout]                                at /rustc/df4ca44d3fbc9301ee17f30f4d474e6ae4b05252/library/std/src/../../backtrace/src/backtrace/libunwind.rs:116:5
[INFO] [stdout]    1:     0x59bf1a6deeda - std::backtrace_rs::backtrace::trace_unsynchronized::h2ed7433f370e3eca
[INFO] [stdout]                                at /rustc/df4ca44d3fbc9301ee17f30f4d474e6ae4b05252/library/std/src/../../backtrace/src/backtrace/mod.rs:66:5
[INFO] [stdout]    2:     0x59bf1a6deeda - std::sys::backtrace::_print_fmt::h916fac51166b18d7
[INFO] [stdout]                                at /rustc/df4ca44d3fbc9301ee17f30f4d474e6ae4b05252/library/std/src/sys/backtrace.rs:66:9
[INFO] [stdout]    3:     0x59bf1a6deeda - <std::sys::backtrace::BacktraceLock::print::DisplayBacktrace as core::fmt::Display>::fmt::ha0a4c9b8ce3802e6
[INFO] [stdout]                                at /rustc/df4ca44d3fbc9301ee17f30f4d474e6ae4b05252/library/std/src/sys/backtrace.rs:39:26
[INFO] [stdout]    4:     0x59bf1a70bcf3 - core::fmt::rt::Argument::fmt::h4cfc8587d52b3eb5
[INFO] [stdout]                                at /rustc/df4ca44d3fbc9301ee17f30f4d474e6ae4b05252/library/core/src/fmt/rt.rs:177:76
[INFO] [stdout]    5:     0x59bf1a70bcf3 - core::fmt::write::h522cc39e5b36ae9f
[INFO] [stdout]                                at /rustc/df4ca44d3fbc9301ee17f30f4d474e6ae4b05252/library/core/src/fmt/mod.rs:1190:21
[INFO] [stdout]    6:     0x59bf1a6daa83 - std::io::Write::write_fmt::h7d3c26752da97734
[INFO] [stdout]                                at /rustc/df4ca44d3fbc9301ee17f30f4d474e6ae4b05252/library/std/src/io/mod.rs:1839:15
[INFO] [stdout]    7:     0x59bf1a6ded22 - std::sys::backtrace::BacktraceLock::print::h4b9e00b29e9c0942
[INFO] [stdout]                                at /rustc/df4ca44d3fbc9301ee17f30f4d474e6ae4b05252/library/std/src/sys/backtrace.rs:42:9
[INFO] [stdout]    8:     0x59bf1a6e036a - std::panicking::default_hook::{{closure}}::hb59b88280d0324d9
[INFO] [stdout]                                at /rustc/df4ca44d3fbc9301ee17f30f4d474e6ae4b05252/library/std/src/panicking.rs:268:22
[INFO] [stdout]    9:     0x59bf1a6e0174 - std::panicking::default_hook::he1dd496665be4a29
[INFO] [stdout]                                at /rustc/df4ca44d3fbc9301ee17f30f4d474e6ae4b05252/library/std/src/panicking.rs:292:9
[INFO] [stdout]   10:     0x59bf194c69c9 - <alloc::boxed::Box<F,A> as core::ops::function::Fn<Args>>::call::h4ff71de18744e1dc
[INFO] [stdout]                                at /rustc/df4ca44d3fbc9301ee17f30f4d474e6ae4b05252/library/alloc/src/boxed.rs:2468:9
[INFO] [stdout]   11:     0x59bf194c69c9 - test::test_main::{{closure}}::hcf7c055ce117aa81
[INFO] [stdout]                                at /rustc/df4ca44d3fbc9301ee17f30f4d474e6ae4b05252/library/test/src/lib.rs:133:21
[INFO] [stdout]   12:     0x59bf1a6e0a68 - <alloc::boxed::Box<F,A> as core::ops::function::Fn<Args>>::call::h1d66c6bbd60c9692
[INFO] [stdout]                                at /rustc/df4ca44d3fbc9301ee17f30f4d474e6ae4b05252/library/alloc/src/boxed.rs:2468:9
[INFO] [stdout]   13:     0x59bf1a6e0a68 - std::panicking::rust_panic_with_hook::h2ff17fe8f26dfcf8
[INFO] [stdout]                                at /rustc/df4ca44d3fbc9301ee17f30f4d474e6ae4b05252/library/std/src/panicking.rs:809:13
[INFO] [stdout]   14:     0x59bf1a6e082a - std::panicking::begin_panic_handler::{{closure}}::h4fad77951c07e101
[INFO] [stdout]                                at /rustc/df4ca44d3fbc9301ee17f30f4d474e6ae4b05252/library/std/src/panicking.rs:674:13
[INFO] [stdout]   15:     0x59bf1a6df3b9 - std::sys::backtrace::__rust_end_short_backtrace::hb1a25b3da5d0ea08
[INFO] [stdout]                                at /rustc/df4ca44d3fbc9301ee17f30f4d474e6ae4b05252/library/std/src/sys/backtrace.rs:170:18
[INFO] [stdout]   16:     0x59bf1a6e04bc - rust_begin_unwind
[INFO] [stdout]                                at /rustc/df4ca44d3fbc9301ee17f30f4d474e6ae4b05252/library/std/src/panicking.rs:665:5
[INFO] [stdout]   17:     0x59bf1a708f70 - core::panicking::panic_fmt::ha9db07b529f9b256
[INFO] [stdout]                                at /rustc/df4ca44d3fbc9301ee17f30f4d474e6ae4b05252/library/core/src/panicking.rs:75:14
[INFO] [stdout]   18:     0x59bf1a709456 - core::result::unwrap_failed::h5e8218e4d4338b8a
[INFO] [stdout]                                at /rustc/df4ca44d3fbc9301ee17f30f4d474e6ae4b05252/library/core/src/result.rs:1698:5
[INFO] [stdout]   19:     0x59bf1944cd5c - core::result::Result<T,E>::unwrap::h445a36efd75ff1cf
[INFO] [stdout]                                at /rustc/df4ca44d3fbc9301ee17f30f4d474e6ae4b05252/library/core/src/result.rs:1103:23
[INFO] [stdout]   20:     0x59bf1944cd5c - internal_lib::tests::start_container::{{closure}}::h6890f6af5eda23d1
[INFO] [stdout]                                at /opt/rustwide/workdir/internal-lib/src/tests/mod.rs:5:5
[INFO] [stdout]   21:     0x59bf193f5201 - auth_server::app::filters::tests::helpers::pg_test_container::{{closure}}::hc01ab98a46c2922f
[INFO] [stdout]                                at /opt/rustwide/workdir/auth-server/src/app/filters/tests/helpers.rs:18:85
[INFO] [stdout]   22:     0x59bf193fb04b - auth_server::app::filters::tests::user::get_user::{{closure}}::h2342df7535075640
[INFO] [stdout]                                at /opt/rustwide/workdir/auth-server/src/app/filters/tests/user.rs:71:61
[INFO] [stdout]   23:     0x59bf19425e92 - <core::pin::Pin<P> as core::future::future::Future>::poll::h91c757612bedab3f
[INFO] [stdout]                                at /rustc/df4ca44d3fbc9301ee17f30f4d474e6ae4b05252/library/core/src/future/future.rs:123:9
[INFO] [stdout]   24:     0x59bf19425dcd - <core::pin::Pin<P> as core::future::future::Future>::poll::h2bd6fbf0edc5fc3b
[INFO] [stdout]                                at /rustc/df4ca44d3fbc9301ee17f30f4d474e6ae4b05252/library/core/src/future/future.rs:123:9
[INFO] [stdout]   25:     0x59bf1941882f - tokio::runtime::scheduler::current_thread::CoreGuard::block_on::{{closure}}::{{closure}}::{{closure}}::h44012e3565800ac9
[INFO] [stdout]                                at /opt/rustwide/cargo-home/registry/src/index.crates.io-6f17d22bba15001f/tokio-1.38.0/src/runtime/scheduler/current_thread/mod.rs:659:57
[INFO] [stdout]   26:     0x59bf19418775 - tokio::runtime::coop::with_budget::h47075c51ef155660
[INFO] [stdout]                                at /opt/rustwide/cargo-home/registry/src/index.crates.io-6f17d22bba15001f/tokio-1.38.0/src/runtime/coop.rs:107:5
[INFO] [stdout]   27:     0x59bf19418775 - tokio::runtime::coop::budget::h44f5002fd365f8c9
[INFO] [stdout]                                at /opt/rustwide/cargo-home/registry/src/index.crates.io-6f17d22bba15001f/tokio-1.38.0/src/runtime/coop.rs:73:5
[INFO] [stdout]   28:     0x59bf19418775 - tokio::runtime::scheduler::current_thread::CoreGuard::block_on::{{closure}}::{{closure}}::h88655b09b57c27a8
[INFO] [stdout]                                at /opt/rustwide/cargo-home/registry/src/index.crates.io-6f17d22bba15001f/tokio-1.38.0/src/runtime/scheduler/current_thread/mod.rs:659:25
[INFO] [stdout]   29:     0x59bf19417520 - tokio::runtime::scheduler::current_thread::Context::enter::hd23a23f127fcf246
[INFO] [stdout]                                at /opt/rustwide/cargo-home/registry/src/index.crates.io-6f17d22bba15001f/tokio-1.38.0/src/runtime/scheduler/current_thread/mod.rs:404:19
[INFO] [stdout]   30:     0x59bf19417fdb - tokio::runtime::scheduler::current_thread::CoreGuard::block_on::{{closure}}::ha89de17beab83975
[INFO] [stdout]                                at /opt/rustwide/cargo-home/registry/src/index.crates.io-6f17d22bba15001f/tokio-1.38.0/src/runtime/scheduler/current_thread/mod.rs:658:36
[INFO] [stdout]   31:     0x59bf19417d54 - tokio::runtime::scheduler::current_thread::CoreGuard::enter::{{closure}}::h3ef651e526a77bcf
[INFO] [stdout]                                at /opt/rustwide/cargo-home/registry/src/index.crates.io-6f17d22bba15001f/tokio-1.38.0/src/runtime/scheduler/current_thread/mod.rs:737:68
[INFO] [stdout]   32:     0x59bf1941639b - tokio::runtime::context::scoped::Scoped<T>::set::hc4871e051053b8be
[INFO] [stdout]                                at /opt/rustwide/cargo-home/registry/src/index.crates.io-6f17d22bba15001f/tokio-1.38.0/src/runtime/context/scoped.rs:40:9
[INFO] [stdout]   33:     0x59bf1939a7c9 - tokio::runtime::context::set_scheduler::{{closure}}::h75110560d907d2db
[INFO] [stdout]                                at /opt/rustwide/cargo-home/registry/src/index.crates.io-6f17d22bba15001f/tokio-1.38.0/src/runtime/context.rs:180:26
[INFO] [stdout]   34:     0x59bf1946269d - std::thread::local::LocalKey<T>::try_with::h6b882012c1f4a9d5
[INFO] [stdout]                                at /rustc/df4ca44d3fbc9301ee17f30f4d474e6ae4b05252/library/std/src/thread/local.rs:283:12
[INFO] [stdout]   35:     0x59bf19461cfa - std::thread::local::LocalKey<T>::with::h4bdd77e8d8339876
[INFO] [stdout]                                at /rustc/df4ca44d3fbc9301ee17f30f4d474e6ae4b05252/library/std/src/thread/local.rs:260:9
[INFO] [stdout]   36:     0x59bf1939a77d - tokio::runtime::context::set_scheduler::h498ab7cba2ef285d
[INFO] [stdout]                                at /opt/rustwide/cargo-home/registry/src/index.crates.io-6f17d22bba15001f/tokio-1.38.0/src/runtime/context.rs:180:9
[INFO] [stdout]   37:     0x59bf19417b08 - tokio::runtime::scheduler::current_thread::CoreGuard::enter::h4eeeed765e854472
[INFO] [stdout]                                at /opt/rustwide/cargo-home/registry/src/index.crates.io-6f17d22bba15001f/tokio-1.38.0/src/runtime/scheduler/current_thread/mod.rs:737:27
[INFO] [stdout]   38:     0x59bf19417d73 - tokio::runtime::scheduler::current_thread::CoreGuard::block_on::hdadef5a1b476ae32
[INFO] [stdout]                                at /opt/rustwide/cargo-home/registry/src/index.crates.io-6f17d22bba15001f/tokio-1.38.0/src/runtime/scheduler/current_thread/mod.rs:646:19
[INFO] [stdout]   39:     0x59bf1941683d - tokio::runtime::scheduler::current_thread::CurrentThread::block_on::{{closure}}::h65a2823658e63dab
[INFO] [stdout]                                at /opt/rustwide/cargo-home/registry/src/index.crates.io-6f17d22bba15001f/tokio-1.38.0/src/runtime/scheduler/current_thread/mod.rs:175:28
[INFO] [stdout]   40:     0x59bf19425256 - tokio::runtime::context::runtime::enter_runtime::h8609a4aca8f9c208
[INFO] [stdout]                                at /opt/rustwide/cargo-home/registry/src/index.crates.io-6f17d22bba15001f/tokio-1.38.0/src/runtime/context/runtime.rs:65:16
[INFO] [stdout]   41:     0x59bf19416751 - tokio::runtime::scheduler::current_thread::CurrentThread::block_on::hf372945143248db8
[INFO] [stdout]                                at /opt/rustwide/cargo-home/registry/src/index.crates.io-6f17d22bba15001f/tokio-1.38.0/src/runtime/scheduler/current_thread/mod.rs:167:9
[INFO] [stdout]   42:     0x59bf1938a3b2 - tokio::runtime::runtime::Runtime::block_on::ha8f8bdcb4b6b5a88
[INFO] [stdout]                                at /opt/rustwide/cargo-home/registry/src/index.crates.io-6f17d22bba15001f/tokio-1.38.0/src/runtime/runtime.rs:347:47
[INFO] [stdout]   43:     0x59bf193fada2 - auth_server::app::filters::tests::user::get_user::h1cfa85ba3b33cd6f
[INFO] [stdout]                                at /opt/rustwide/workdir/auth-server/src/app/filters/tests/user.rs:87:5
[INFO] [stdout]   44:     0x59bf193fac17 - auth_server::app::filters::tests::user::get_user::{{closure}}::h9410d7d5d859e685
[INFO] [stdout]                                at /opt/rustwide/workdir/auth-server/src/app/filters/tests/user.rs:70:20
[INFO] [stdout]   45:     0x59bf1933f766 - core::ops::function::FnOnce::call_once::h7f460d47d4a0d97d
[INFO] [stdout]                                at /rustc/df4ca44d3fbc9301ee17f30f4d474e6ae4b05252/library/core/src/ops/function.rs:250:5
[INFO] [stdout]   46:     0x59bf194cb29b - core::ops::function::FnOnce::call_once::h22c3ba5715e93f05
[INFO] [stdout]                                at /rustc/df4ca44d3fbc9301ee17f30f4d474e6ae4b05252/library/core/src/ops/function.rs:250:5
[INFO] [stdout]   47:     0x59bf194cb29b - test::__rust_begin_short_backtrace::h8e82d8113d0da17f
[INFO] [stdout]                                at /rustc/df4ca44d3fbc9301ee17f30f4d474e6ae4b05252/library/test/src/lib.rs:621:18
[INFO] [stdout]   48:     0x59bf194cac17 - test::run_test_in_process::{{closure}}::h33235f4f20b7b7c7
[INFO] [stdout]                                at /rustc/df4ca44d3fbc9301ee17f30f4d474e6ae4b05252/library/test/src/lib.rs:644:60
[INFO] [stdout]   49:     0x59bf194cac17 - <core::panic::unwind_safe::AssertUnwindSafe<F> as core::ops::function::FnOnce<()>>::call_once::hb5043206310c586f
[INFO] [stdout]                                at /rustc/df4ca44d3fbc9301ee17f30f4d474e6ae4b05252/library/core/src/panic/unwind_safe.rs:272:9
[INFO] [stdout]   50:     0x59bf194cac17 - std::panicking::try::do_call::h9ad4731a60ab23e2
[INFO] [stdout]                                at /rustc/df4ca44d3fbc9301ee17f30f4d474e6ae4b05252/library/std/src/panicking.rs:557:40
[INFO] [stdout]   51:     0x59bf194cac17 - std::panicking::try::h3824d23db772a716
[INFO] [stdout]                                at /rustc/df4ca44d3fbc9301ee17f30f4d474e6ae4b05252/library/std/src/panicking.rs:520:19
[INFO] [stdout]   52:     0x59bf194cac17 - std::panic::catch_unwind::h5afd514605fde46b
[INFO] [stdout]                                at /rustc/df4ca44d3fbc9301ee17f30f4d474e6ae4b05252/library/std/src/panic.rs:358:14
[INFO] [stdout]   53:     0x59bf194cac17 - test::run_test_in_process::h0d5cbfa7067d1720
[INFO] [stdout]                                at /rustc/df4ca44d3fbc9301ee17f30f4d474e6ae4b05252/library/test/src/lib.rs:644:27
[INFO] [stdout]   54:     0x59bf194cac17 - test::run_test::{{closure}}::h708eb8872708115d
[INFO] [stdout]                                at /rustc/df4ca44d3fbc9301ee17f30f4d474e6ae4b05252/library/test/src/lib.rs:565:43
[INFO] [stdout]   55:     0x59bf1948e334 - test::run_test::{{closure}}::h392c51cee94713ab
[INFO] [stdout]                                at /rustc/df4ca44d3fbc9301ee17f30f4d474e6ae4b05252/library/test/src/lib.rs:595:41
[INFO] [stdout]   56:     0x59bf1948e334 - std::sys::backtrace::__rust_begin_short_backtrace::h2f40290710935a8b
[INFO] [stdout]                                at /rustc/df4ca44d3fbc9301ee17f30f4d474e6ae4b05252/library/std/src/sys/backtrace.rs:154:18
[INFO] [stdout]   57:     0x59bf19491ade - std::thread::Builder::spawn_unchecked_::{{closure}}::{{closure}}::h3fd968d89053a903
[INFO] [stdout]                                at /rustc/df4ca44d3fbc9301ee17f30f4d474e6ae4b05252/library/std/src/thread/mod.rs:541:17
[INFO] [stdout]   58:     0x59bf19491ade - <core::panic::unwind_safe::AssertUnwindSafe<F> as core::ops::function::FnOnce<()>>::call_once::h743f637ba4229880
[INFO] [stdout]                                at /rustc/df4ca44d3fbc9301ee17f30f4d474e6ae4b05252/library/core/src/panic/unwind_safe.rs:272:9
[INFO] [stdout]   59:     0x59bf19491ade - std::panicking::try::do_call::h07440897322525a6
[INFO] [stdout]                                at /rustc/df4ca44d3fbc9301ee17f30f4d474e6ae4b05252/library/std/src/panicking.rs:557:40
[INFO] [stdout]   60:     0x59bf19491ade - std::panicking::try::he5a2e00188156637
[INFO] [stdout]                                at /rustc/df4ca44d3fbc9301ee17f30f4d474e6ae4b05252/library/std/src/panicking.rs:520:19
[INFO] [stdout]   61:     0x59bf19491ade - std::panic::catch_unwind::hbaf3cae49b3c6433
[INFO] [stdout]                                at /rustc/df4ca44d3fbc9301ee17f30f4d474e6ae4b05252/library/std/src/panic.rs:358:14
[INFO] [stdout]   62:     0x59bf19491ade - std::thread::Builder::spawn_unchecked_::{{closure}}::h8e141ea224820bce
[INFO] [stdout]                                at /rustc/df4ca44d3fbc9301ee17f30f4d474e6ae4b05252/library/std/src/thread/mod.rs:540:30
[INFO] [stdout]   63:     0x59bf19491ade - core::ops::function::FnOnce::call_once{{vtable.shim}}::h90d312fedd7b8ea8
[INFO] [stdout]                                at /rustc/df4ca44d3fbc9301ee17f30f4d474e6ae4b05252/library/core/src/ops/function.rs:250:5
[INFO] [stdout]   64:     0x59bf1a6e526b - <alloc::boxed::Box<F,A> as core::ops::function::FnOnce<Args>>::call_once::h69aa08ddb6adb8b6
[INFO] [stdout]                                at /rustc/df4ca44d3fbc9301ee17f30f4d474e6ae4b05252/library/alloc/src/boxed.rs:2454:9
[INFO] [stdout]   65:     0x59bf1a6e526b - <alloc::boxed::Box<F,A> as core::ops::function::FnOnce<Args>>::call_once::h5aa36efdb79c806f
[INFO] [stdout]                                at /rustc/df4ca44d3fbc9301ee17f30f4d474e6ae4b05252/library/alloc/src/boxed.rs:2454:9
[INFO] [stdout]   66:     0x59bf1a6e526b - std::sys::pal::unix::thread::Thread::new::thread_start::h6cd80a1b4be5158d
[INFO] [stdout]                                at /rustc/df4ca44d3fbc9301ee17f30f4d474e6ae4b05252/library/std/src/sys/pal/unix/thread.rs:105:17
[INFO] [stdout]   67:     0x7f26cfa83ac3 - <unknown>
[INFO] [stdout]   68:     0x7f26cfb14a04 - clone
[INFO] [stdout]   69:                0x0 - <unknown>
[INFO] [stdout] 
[INFO] [stdout] ---- app::filters::tests::user::create_user_success stdout ----
[INFO] [stdout] thread 'app::filters::tests::user::create_user_success' panicked at /opt/rustwide/workdir/internal-lib/src/tests/mod.rs:5:32:
[INFO] [stdout] called `Result::unwrap()` on an `Err` value: Client(CreateContainer(HyperLegacyError { err: hyper_util::client::legacy::Error(Connect, Os { code: 2, kind: NotFound, message: "No such file or directory" }) }))
[INFO] [stdout] stack backtrace:
[INFO] [stdout]    0:     0x59bf1a6deeda - std::backtrace_rs::backtrace::libunwind::trace::h207520d6e9873551
[INFO] [stdout]                                at /rustc/df4ca44d3fbc9301ee17f30f4d474e6ae4b05252/library/std/src/../../backtrace/src/backtrace/libunwind.rs:116:5
[INFO] [stdout]    1:     0x59bf1a6deeda - std::backtrace_rs::backtrace::trace_unsynchronized::h2ed7433f370e3eca
[INFO] [stdout]                                at /rustc/df4ca44d3fbc9301ee17f30f4d474e6ae4b05252/library/std/src/../../backtrace/src/backtrace/mod.rs:66:5
[INFO] [stdout]    2:     0x59bf1a6deeda - std::sys::backtrace::_print_fmt::h916fac51166b18d7
[INFO] [stdout]                                at /rustc/df4ca44d3fbc9301ee17f30f4d474e6ae4b05252/library/std/src/sys/backtrace.rs:66:9
[INFO] [stdout]    3:     0x59bf1a6deeda - <std::sys::backtrace::BacktraceLock::print::DisplayBacktrace as core::fmt::Display>::fmt::ha0a4c9b8ce3802e6
[INFO] [stdout]                                at /rustc/df4ca44d3fbc9301ee17f30f4d474e6ae4b05252/library/std/src/sys/backtrace.rs:39:26
[INFO] [stdout]    4:     0x59bf1a70bcf3 - core::fmt::rt::Argument::fmt::h4cfc8587d52b3eb5
[INFO] [stdout]                                at /rustc/df4ca44d3fbc9301ee17f30f4d474e6ae4b05252/library/core/src/fmt/rt.rs:177:76
[INFO] [stdout]    5:     0x59bf1a70bcf3 - core::fmt::write::h522cc39e5b36ae9f
[INFO] [stdout]                                at /rustc/df4ca44d3fbc9301ee17f30f4d474e6ae4b05252/library/core/src/fmt/mod.rs:1190:21
[INFO] [stdout]    6:     0x59bf1a6daa83 - std::io::Write::write_fmt::h7d3c26752da97734
[INFO] [stdout]                                at /rustc/df4ca44d3fbc9301ee17f30f4d474e6ae4b05252/library/std/src/io/mod.rs:1839:15
[INFO] [stdout]    7:     0x59bf1a6ded22 - std::sys::backtrace::BacktraceLock::print::h4b9e00b29e9c0942
[INFO] [stdout]                                at /rustc/df4ca44d3fbc9301ee17f30f4d474e6ae4b05252/library/std/src/sys/backtrace.rs:42:9
[INFO] [stdout]    8:     0x59bf1a6e036a - std::panicking::default_hook::{{closure}}::hb59b88280d0324d9
[INFO] [stdout]                                at /rustc/df4ca44d3fbc9301ee17f30f4d474e6ae4b05252/library/std/src/panicking.rs:268:22
[INFO] [stdout]    9:     0x59bf1a6e0174 - std::panicking::default_hook::he1dd496665be4a29
[INFO] [stdout]                                at /rustc/df4ca44d3fbc9301ee17f30f4d474e6ae4b05252/library/std/src/panicking.rs:292:9
[INFO] [stdout]   10:     0x59bf194c69c9 - <alloc::boxed::Box<F,A> as core::ops::function::Fn<Args>>::call::h4ff71de18744e1dc
[INFO] [stdout]                                at /rustc/df4ca44d3fbc9301ee17f30f4d474e6ae4b05252/library/alloc/src/boxed.rs:2468:9
[INFO] [stdout]   11:     0x59bf194c69c9 - test::test_main::{{closure}}::hcf7c055ce117aa81
[INFO] [stdout]                                at /rustc/df4ca44d3fbc9301ee17f30f4d474e6ae4b05252/library/test/src/lib.rs:133:21
[INFO] [stdout]   12:     0x59bf1a6e0a68 - <alloc::boxed::Box<F,A> as core::ops::function::Fn<Args>>::call::h1d66c6bbd60c9692
[INFO] [stdout]                                at /rustc/df4ca44d3fbc9301ee17f30f4d474e6ae4b05252/library/alloc/src/boxed.rs:2468:9
[INFO] [stdout]   13:     0x59bf1a6e0a68 - std::panicking::rust_panic_with_hook::h2ff17fe8f26dfcf8
[INFO] [stdout]                                at /rustc/df4ca44d3fbc9301ee17f30f4d474e6ae4b05252/library/std/src/panicking.rs:809:13
[INFO] [stdout]   14:     0x59bf1a6e082a - std::panicking::begin_panic_handler::{{closure}}::h4fad77951c07e101
[INFO] [stdout]                                at /rustc/df4ca44d3fbc9301ee17f30f4d474e6ae4b05252/library/std/src/panicking.rs:674:13
[INFO] [stdout]   15:     0x59bf1a6df3b9 - std::sys::backtrace::__rust_end_short_backtrace::hb1a25b3da5d0ea08
[INFO] [stdout]                                at /rustc/df4ca44d3fbc9301ee17f30f4d474e6ae4b05252/library/std/src/sys/backtrace.rs:170:18
[INFO] [stdout]   16:     0x59bf1a6e04bc - rust_begin_unwind
[INFO] [stdout]                                at /rustc/df4ca44d3fbc9301ee17f30f4d474e6ae4b05252/library/std/src/panicking.rs:665:5
[INFO] [stdout]   17:     0x59bf1a708f70 - core::panicking::panic_fmt::ha9db07b529f9b256
[INFO] [stdout]                                at /rustc/df4ca44d3fbc9301ee17f30f4d474e6ae4b05252/library/core/src/panicking.rs:75:14
[INFO] [stdout]   18:     0x59bf1a709456 - core::result::unwrap_failed::h5e8218e4d4338b8a
[INFO] [stdout]                                at /rustc/df4ca44d3fbc9301ee17f30f4d474e6ae4b05252/library/core/src/result.rs:1698:5
[INFO] [stdout]   19:     0x59bf1944cd5c - core::result::Result<T,E>::unwrap::h445a36efd75ff1cf
[INFO] [stdout]                                at /rustc/df4ca44d3fbc9301ee17f30f4d474e6ae4b05252/library/core/src/result.rs:1103:23
[INFO] [stdout]   20:     0x59bf1944cd5c - internal_lib::tests::start_container::{{closure}}::h6890f6af5eda23d1
[INFO] [stdout]                                at /opt/rustwide/workdir/internal-lib/src/tests/mod.rs:5:5
[INFO] [stdout]   21:     0x59bf193f5201 - auth_server::app::filters::tests::helpers::pg_test_container::{{closure}}::hc01ab98a46c2922f
[INFO] [stdout]                                at /opt/rustwide/workdir/auth-server/src/app/filters/tests/helpers.rs:18:85
[INFO] [stdout]   22:     0x59bf193f8a80 - auth_server::app::filters::tests::user::create_user_success::{{closure}}::hb1c5234bc180690a
[INFO] [stdout]                                at /opt/rustwide/workdir/auth-server/src/app/filters/tests/user.rs:26:61
[INFO] [stdout]   23:     0x59bf19425e92 - <core::pin::Pin<P> as core::future::future::Future>::poll::h91c757612bedab3f
[INFO] [stdout]                                at /rustc/df4ca44d3fbc9301ee17f30f4d474e6ae4b05252/library/core/src/future/future.rs:123:9
[INFO] [stdout]   24:     0x59bf19425dcd - <core::pin::Pin<P> as core::future::future::Future>::poll::h2bd6fbf0edc5fc3b
[INFO] [stdout]                                at /rustc/df4ca44d3fbc9301ee17f30f4d474e6ae4b05252/library/core/src/future/future.rs:123:9
[INFO] [stdout]   25:     0x59bf1941882f - tokio::runtime::scheduler::current_thread::CoreGuard::block_on::{{closure}}::{{closure}}::{{closure}}::h44012e3565800ac9
[INFO] [stdout]                                at /opt/rustwide/cargo-home/registry/src/index.crates.io-6f17d22bba15001f/tokio-1.38.0/src/runtime/scheduler/current_thread/mod.rs:659:57
[INFO] [stdout]   26:     0x59bf19418775 - tokio::runtime::coop::with_budget::h47075c51ef155660
[INFO] [stdout]                                at /opt/rustwide/cargo-home/registry/src/index.crates.io-6f17d22bba15001f/tokio-1.38.0/src/runtime/coop.rs:107:5
[INFO] [stdout]   27:     0x59bf19418775 - tokio::runtime::coop::budget::h44f5002fd365f8c9
[INFO] [stdout]                                at /opt/rustwide/cargo-home/registry/src/index.crates.io-6f17d22bba15001f/tokio-1.38.0/src/runtime/coop.rs:73:5
[INFO] [stdout]   28:     0x59bf19418775 - tokio::runtime::scheduler::current_thread::CoreGuard::block_on::{{closure}}::{{closure}}::h88655b09b57c27a8
[INFO] [stdout]                                at /opt/rustwide/cargo-home/registry/src/index.crates.io-6f17d22bba15001f/tokio-1.38.0/src/runtime/scheduler/current_thread/mod.rs:659:25
[INFO] [stdout]   29:     0x59bf19417520 - tokio::runtime::scheduler::current_thread::Context::enter::hd23a23f127fcf246
[INFO] [stdout]                                at /opt/rustwide/cargo-home/registry/src/index.crates.io-6f17d22bba15001f/tokio-1.38.0/src/runtime/scheduler/current_thread/mod.rs:404:19
[INFO] [stdout]   30:     0x59bf19417fdb - tokio::runtime::scheduler::current_thread::CoreGuard::block_on::{{closure}}::ha89de17beab83975
[INFO] [stdout]                                at /opt/rustwide/cargo-home/registry/src/index.crates.io-6f17d22bba15001f/tokio-1.38.0/src/runtime/scheduler/current_thread/mod.rs:658:36
[INFO] [stdout]   31:     0x59bf19417d54 - tokio::runtime::scheduler::current_thread::CoreGuard::enter::{{closure}}::h3ef651e526a77bcf
[INFO] [stdout]                                at /opt/rustwide/cargo-home/registry/src/index.crates.io-6f17d22bba15001f/tokio-1.38.0/src/runtime/scheduler/current_thread/mod.rs:737:68
[INFO] [stdout]   32:     0x59bf1941639b - tokio::runtime::context::scoped::Scoped<T>::set::hc4871e051053b8be
[INFO] [stdout]                                at /opt/rustwide/cargo-home/registry/src/index.crates.io-6f17d22bba15001f/tokio-1.38.0/src/runtime/context/scoped.rs:40:9
[INFO] [stdout]   33:     0x59bf1939a7c9 - tokio::runtime::context::set_scheduler::{{closure}}::h75110560d907d2db
[INFO] [stdout]                                at /opt/rustwide/cargo-home/registry/src/index.crates.io-6f17d22bba15001f/tokio-1.38.0/src/runtime/context.rs:180:26
[INFO] [stdout]   34:     0x59bf1946269d - std::thread::local::LocalKey<T>::try_with::h6b882012c1f4a9d5
[INFO] [stdout]                                at /rustc/df4ca44d3fbc9301ee17f30f4d474e6ae4b05252/library/std/src/thread/local.rs:283:12
[INFO] [stdout]   35:     0x59bf19461cfa - std::thread::local::LocalKey<T>::with::h4bdd77e8d8339876
[INFO] [stdout]                                at /rustc/df4ca44d3fbc9301ee17f30f4d474e6ae4b05252/library/std/src/thread/local.rs:260:9
[INFO] [stdout]   36:     0x59bf1939a77d - tokio::runtime::context::set_scheduler::h498ab7cba2ef285d
[INFO] [stdout]                                at /opt/rustwide/cargo-home/registry/src/index.crates.io-6f17d22bba15001f/tokio-1.38.0/src/runtime/context.rs:180:9
[INFO] [stdout]   37:     0x59bf19417b08 - tokio::runtime::scheduler::current_thread::CoreGuard::enter::h4eeeed765e854472
[INFO] [stdout]                                at /opt/rustwide/cargo-home/registry/src/index.crates.io-6f17d22bba15001f/tokio-1.38.0/src/runtime/scheduler/current_thread/mod.rs:737:27
[INFO] [stdout]   38:     0x59bf19417d73 - tokio::runtime::scheduler::current_thread::CoreGuard::block_on::hdadef5a1b476ae32
[INFO] [stdout]                                at /opt/rustwide/cargo-home/registry/src/index.crates.io-6f17d22bba15001f/tokio-1.38.0/src/runtime/scheduler/current_thread/mod.rs:646:19
[INFO] [stdout]   39:     0x59bf1941683d - tokio::runtime::scheduler::current_thread::CurrentThread::block_on::{{closure}}::h65a2823658e63dab
[INFO] [stdout]                                at /opt/rustwide/cargo-home/registry/src/index.crates.io-6f17d22bba15001f/tokio-1.38.0/src/runtime/scheduler/current_thread/mod.rs:175:28
[INFO] [stdout]   40:     0x59bf19425256 - tokio::runtime::context::runtime::enter_runtime::h8609a4aca8f9c208
[INFO] [stdout]                                at /opt/rustwide/cargo-home/registry/src/index.crates.io-6f17d22bba15001f/tokio-1.38.0/src/runtime/context/runtime.rs:65:16
[INFO] [stdout]   41:     0x59bf19416751 - tokio::runtime::scheduler::current_thread::CurrentThread::block_on::hf372945143248db8
[INFO] [stdout]                                at /opt/rustwide/cargo-home/registry/src/index.crates.io-6f17d22bba15001f/tokio-1.38.0/src/runtime/scheduler/current_thread/mod.rs:167:9
[INFO] [stdout]   42:     0x59bf1938a3b2 - tokio::runtime::runtime::Runtime::block_on::ha8f8bdcb4b6b5a88
[INFO] [stdout]                                at /opt/rustwide/cargo-home/registry/src/index.crates.io-6f17d22bba15001f/tokio-1.38.0/src/runtime/runtime.rs:347:47
[INFO] [stdout]   43:     0x59bf193f87d2 - auth_server::app::filters::tests::user::create_user_success::h639d2920fc5f4679
[INFO] [stdout]                                at /opt/rustwide/workdir/auth-server/src/app/filters/tests/user.rs:46:5
[INFO] [stdout]   44:     0x59bf193f8647 - auth_server::app::filters::tests::user::create_user_success::{{closure}}::hd737ce93ff512cf6
[INFO] [stdout]                                at /opt/rustwide/workdir/auth-server/src/app/filters/tests/user.rs:25:35
[INFO] [stdout]   45:     0x59bf19340106 - core::ops::function::FnOnce::call_once::hc290592a751218d2
[INFO] [stdout]                                at /rustc/df4ca44d3fbc9301ee17f30f4d474e6ae4b05252/library/core/src/ops/function.rs:250:5
[INFO] [stdout]   46:     0x59bf194cb29b - core::ops::function::FnOnce::call_once::h22c3ba5715e93f05
[INFO] [stdout]                                at /rustc/df4ca44d3fbc9301ee17f30f4d474e6ae4b05252/library/core/src/ops/function.rs:250:5
[INFO] [stdout]   47:     0x59bf194cb29b - test::__rust_begin_short_backtrace::h8e82d8113d0da17f
[INFO] [stdout]                                at /rustc/df4ca44d3fbc9301ee17f30f4d474e6ae4b05252/library/test/src/lib.rs:621:18
[INFO] [stdout]   48:     0x59bf194cac17 - test::run_test_in_process::{{closure}}::h33235f4f20b7b7c7
[INFO] [stdout]                                at /rustc/df4ca44d3fbc9301ee17f30f4d474e6ae4b05252/library/test/src/lib.rs:644:60
[INFO] [stdout]   49:     0x59bf194cac17 - <core::panic::unwind_safe::AssertUnwindSafe<F> as core::ops::function::FnOnce<()>>::call_once::hb5043206310c586f
[INFO] [stdout]                                at /rustc/df4ca44d3fbc9301ee17f30f4d474e6ae4b05252/library/core/src/panic/unwind_safe.rs:272:9
[INFO] [stdout]   50:     0x59bf194cac17 - std::panicking::try::do_call::h9ad4731a60ab23e2
[INFO] [stdout]                                at /rustc/df4ca44d3fbc9301ee17f30f4d474e6ae4b05252/library/std/src/panicking.rs:557:40
[INFO] [stdout]   51:     0x59bf194cac17 - std::panicking::try::h3824d23db772a716
[INFO] [stdout]                                at /rustc/df4ca44d3fbc9301ee17f30f4d474e6ae4b05252/library/std/src/panicking.rs:520:19
[INFO] [stdout]   52:     0x59bf194cac17 - std::panic::catch_unwind::h5afd514605fde46b
[INFO] [stdout]                                at /rustc/df4ca44d3fbc9301ee17f30f4d474e6ae4b05252/library/std/src/panic.rs:358:14
[INFO] [stdout]   53:     0x59bf194cac17 - test::run_test_in_process::h0d5cbfa7067d1720
[INFO] [stdout]                                at /rustc/df4ca44d3fbc9301ee17f30f4d474e6ae4b05252/library/test/src/lib.rs:644:27
[INFO] [stdout]   54:     0x59bf194cac17 - test::run_test::{{closure}}::h708eb8872708115d
[INFO] [stdout]                                at /rustc/df4ca44d3fbc9301ee17f30f4d474e6ae4b05252/library/test/src/lib.rs:565:43
[INFO] [stdout]   55:     0x59bf1948e334 - test::run_test::{{closure}}::h392c51cee94713ab
[INFO] [stdout]                                at /rustc/df4ca44d3fbc9301ee17f30f4d474e6ae4b05252/library/test/src/lib.rs:595:41
[INFO] [stdout]   56:     0x59bf1948e334 - std::sys::backtrace::__rust_begin_short_backtrace::h2f40290710935a8b
[INFO] [stdout]                                at /rustc/df4ca44d3fbc9301ee17f30f4d474e6ae4b05252/library/std/src/sys/backtrace.rs:154:18
[INFO] [stdout]   57:     0x59bf19491ade - std::thread::Builder::spawn_unchecked_::{{closure}}::{{closure}}::h3fd968d89053a903
[INFO] [stdout]                                at /rustc/df4ca44d3fbc9301ee17f30f4d474e6ae4b05252/library/std/src/thread/mod.rs:541:17
[INFO] [stdout]   58:     0x59bf19491ade - <core::panic::unwind_safe::AssertUnwindSafe<F> as core::ops::function::FnOnce<()>>::call_once::h743f637ba4229880
[INFO] [stdout]                                at /rustc/df4ca44d3fbc9301ee17f30f4d474e6ae4b05252/library/core/src/panic/unwind_safe.rs:272:9
[INFO] [stdout]   59:     0x59bf19491ade - std::panicking::try::do_call::h07440897322525a6
[INFO] [stdout]                                at /rustc/df4ca44d3fbc9301ee17f30f4d474e6ae4b05252/library/std/src/panicking.rs:557:40
[INFO] [stdout]   60:     0x59bf19491ade - std::panicking::try::he5a2e00188156637
[INFO] [stdout]                                at /rustc/df4ca44d3fbc9301ee17f30f4d474e6ae4b05252/library/std/src/panicking.rs:520:19
[INFO] [stdout]   61:     0x59bf19491ade - std::panic::catch_unwind::hbaf3cae49b3c6433
[INFO] [stdout]                                at /rustc/df4ca44d3fbc9301ee17f30f4d474e6ae4b05252/library/std/src/panic.rs:358:14
[INFO] [stdout]   62:     0x59bf19491ade - std::thread::Builder::spawn_unchecked_::{{closure}}::h8e141ea224820bce
[INFO] [stdout]                                at /rustc/df4ca44d3fbc9301ee17f30f4d474e6ae4b05252/library/std/src/thread/mod.rs:540:30
[INFO] [stdout]   63:     0x59bf19491ade - core::ops::function::FnOnce::call_once{{vtable.shim}}::h90d312fedd7b8ea8
[INFO] [stdout]                                at /rustc/df4ca44d3fbc9301ee17f30f4d474e6ae4b05252/library/core/src/ops/function.rs:250:5
[INFO] [stdout]   64:     0x59bf1a6e526b - <alloc::boxed::Box<F,A> as core::ops::function::FnOnce<Args>>::call_once::h69aa08ddb6adb8b6
[INFO] [stdout]                                at /rustc/df4ca44d3fbc9301ee17f30f4d474e6ae4b05252/library/alloc/src/boxed.rs:2454:9
[INFO] [stdout]   65:     0x59bf1a6e526b - <alloc::boxed::Box<F,A> as core::ops::function::FnOnce<Args>>::call_once::h5aa36efdb79c806f
[INFO] [stdout]                                at /rustc/df4ca44d3fbc9301ee17f30f4d474e6ae4b05252/library/alloc/src/boxed.rs:2454:9
[INFO] [stdout]   66:     0x59bf1a6e526b - std::sys::pal::unix::thread::Thread::new::thread_start::h6cd80a1b4be5158d
[INFO] [stdout]                                at /rustc/df4ca44d3fbc9301ee17f30f4d474e6ae4b05252/library/std/src/sys/pal/unix/thread.rs:105:17
[INFO] [stdout]   67:     0x7f26cfa83ac3 - <unknown>
[INFO] [stdout]   68:     0x7f26cfb14a04 - clone
[INFO] [stdout]   69:                0x0 - <unknown>
[INFO] [stdout] 
[INFO] [stdout] ---- app::filters::tests::user::get_users stdout ----
[INFO] [stdout] thread 'app::filters::tests::user::get_users' panicked at /opt/rustwide/workdir/internal-lib/src/tests/mod.rs:5:32:
[INFO] [stdout] called `Result::unwrap()` on an `Err` value: Client(CreateContainer(HyperLegacyError { err: hyper_util::client::legacy::Error(Connect, Os { code: 2, kind: NotFound, message: "No such file or directory" }) }))
[INFO] [stdout] stack backtrace:
[INFO] [stdout]    0:     0x59bf1a6deeda - std::backtrace_rs::backtrace::libunwind::trace::h207520d6e9873551
[INFO] [stdout]                                at /rustc/df4ca44d3fbc9301ee17f30f4d474e6ae4b05252/library/std/src/../../backtrace/src/backtrace/libunwind.rs:116:5
[INFO] [stdout]    1:     0x59bf1a6deeda - std::backtrace_rs::backtrace::trace_unsynchronized::h2ed7433f370e3eca
[INFO] [stdout]                                at /rustc/df4ca44d3fbc9301ee17f30f4d474e6ae4b05252/library/std/src/../../backtrace/src/backtrace/mod.rs:66:5
[INFO] [stdout]    2:     0x59bf1a6deeda - std::sys::backtrace::_print_fmt::h916fac51166b18d7
[INFO] [stdout]                                at /rustc/df4ca44d3fbc9301ee17f30f4d474e6ae4b05252/library/std/src/sys/backtrace.rs:66:9
[INFO] [stdout]    3:     0x59bf1a6deeda - <std::sys::backtrace::BacktraceLock::print::DisplayBacktrace as core::fmt::Display>::fmt::ha0a4c9b8ce3802e6
[INFO] [stdout]                                at /rustc/df4ca44d3fbc9301ee17f30f4d474e6ae4b05252/library/std/src/sys/backtrace.rs:39:26
[INFO] [stdout]    4:     0x59bf1a70bcf3 - core::fmt::rt::Argument::fmt::h4cfc8587d52b3eb5
[INFO] [stdout]                                at /rustc/df4ca44d3fbc9301ee17f30f4d474e6ae4b05252/library/core/src/fmt/rt.rs:177:76
[INFO] [stdout]    5:     0x59bf1a70bcf3 - core::fmt::write::h522cc39e5b36ae9f
[INFO] [stdout]                                at /rustc/df4ca44d3fbc9301ee17f30f4d474e6ae4b05252/library/core/src/fmt/mod.rs:1190:21
[INFO] [stdout]    6:     0x59bf1a6daa83 - std::io::Write::write_fmt::h7d3c26752da97734
[INFO] [stdout]                                at /rustc/df4ca44d3fbc9301ee17f30f4d474e6ae4b05252/library/std/src/io/mod.rs:1839:15
[INFO] [stdout]    7:     0x59bf1a6ded22 - std::sys::backtrace::BacktraceLock::print::h4b9e00b29e9c0942
[INFO] [stdout]                                at /rustc/df4ca44d3fbc9301ee17f30f4d474e6ae4b05252/library/std/src/sys/backtrace.rs:42:9
[INFO] [stdout]    8:     0x59bf1a6e036a - std::panicking::default_hook::{{closure}}::hb59b88280d0324d9
[INFO] [stdout]                                at /rustc/df4ca44d3fbc9301ee17f30f4d474e6ae4b05252/library/std/src/panicking.rs:268:22
[INFO] [stdout]    9:     0x59bf1a6e0174 - std::panicking::default_hook::he1dd496665be4a29
[INFO] [stdout]                                at /rustc/df4ca44d3fbc9301ee17f30f4d474e6ae4b05252/library/std/src/panicking.rs:292:9
[INFO] [stdout]   10:     0x59bf194c69c9 - <alloc::boxed::Box<F,A> as core::ops::function::Fn<Args>>::call::h4ff71de18744e1dc
[INFO] [stdout]                                at /rustc/df4ca44d3fbc9301ee17f30f4d474e6ae4b05252/library/alloc/src/boxed.rs:2468:9
[INFO] [stdout]   11:     0x59bf194c69c9 - test::test_main::{{closure}}::hcf7c055ce117aa81
[INFO] [stdout]                                at /rustc/df4ca44d3fbc9301ee17f30f4d474e6ae4b05252/library/test/src/lib.rs:133:21
[INFO] [stdout]   12:     0x59bf1a6e0a68 - <alloc::boxed::Box<F,A> as core::ops::function::Fn<Args>>::call::h1d66c6bbd60c9692
[INFO] [stdout]                                at /rustc/df4ca44d3fbc9301ee17f30f4d474e6ae4b05252/library/alloc/src/boxed.rs:2468:9
[INFO] [stdout]   13:     0x59bf1a6e0a68 - std::panicking::rust_panic_with_hook::h2ff17fe8f26dfcf8
[INFO] [stdout]                                at /rustc/df4ca44d3fbc9301ee17f30f4d474e6ae4b05252/library/std/src/panicking.rs:809:13
[INFO] [stdout]   14:     0x59bf1a6e082a - std::panicking::begin_panic_handler::{{closure}}::h4fad77951c07e101
[INFO] [stdout]                                at /rustc/df4ca44d3fbc9301ee17f30f4d474e6ae4b05252/library/std/src/panicking.rs:674:13
[INFO] [stdout]   15:     0x59bf1a6df3b9 - std::sys::backtrace::__rust_end_short_backtrace::hb1a25b3da5d0ea08
[INFO] [stdout]                                at /rustc/df4ca44d3fbc9301ee17f30f4d474e6ae4b05252/library/std/src/sys/backtrace.rs:170:18
[INFO] [stdout]   16:     0x59bf1a6e04bc - rust_begin_unwind
[INFO] [stdout]                                at /rustc/df4ca44d3fbc9301ee17f30f4d474e6ae4b05252/library/std/src/panicking.rs:665:5
[INFO] [stdout]   17:     0x59bf1a708f70 - core::panicking::panic_fmt::ha9db07b529f9b256
[INFO] [stdout]                                at /rustc/df4ca44d3fbc9301ee17f30f4d474e6ae4b05252/library/core/src/panicking.rs:75:14
[INFO] [stdout]   18:     0x59bf1a709456 - core::result::unwrap_failed::h5e8218e4d4338b8a
[INFO] [stdout]                                at /rustc/df4ca44d3fbc9301ee17f30f4d474e6ae4b05252/library/core/src/result.rs:1698:5
[INFO] [stdout]   19:     0x59bf1944cd5c - core::result::Result<T,E>::unwrap::h445a36efd75ff1cf
[INFO] [stdout]                                at /rustc/df4ca44d3fbc9301ee17f30f4d474e6ae4b05252/library/core/src/result.rs:1103:23
[INFO] [stdout]   20:     0x59bf1944cd5c - internal_lib::tests::start_container::{{closure}}::h6890f6af5eda23d1
[INFO] [stdout]                                at /opt/rustwide/workdir/internal-lib/src/tests/mod.rs:5:5
[INFO] [stdout]   21:     0x59bf193f5201 - auth_server::app::filters::tests::helpers::pg_test_container::{{closure}}::hc01ab98a46c2922f
[INFO] [stdout]                                at /opt/rustwide/workdir/auth-server/src/app/filters/tests/helpers.rs:18:85
[INFO] [stdout]   22:     0x59bf193fc573 - auth_server::app::filters::tests::user::get_users::{{closure}}::hf414d320248f365a
[INFO] [stdout]                                at /opt/rustwide/workdir/auth-server/src/app/filters/tests/user.rs:92:61
[INFO] [stdout]   23:     0x59bf19425e92 - <core::pin::Pin<P> as core::future::future::Future>::poll::h91c757612bedab3f
[INFO] [stdout]                                at /rustc/df4ca44d3fbc9301ee17f30f4d474e6ae4b05252/library/core/src/future/future.rs:123:9
[INFO] [stdout]   24:     0x59bf19425dcd - <core::pin::Pin<P> as core::future::future::Future>::poll::h2bd6fbf0edc5fc3b
[INFO] [stdout]                                at /rustc/df4ca44d3fbc9301ee17f30f4d474e6ae4b05252/library/core/src/future/future.rs:123:9
[INFO] [stdout]   25:     0x59bf1941882f - tokio::runtime::scheduler::current_thread::CoreGuard::block_on::{{closure}}::{{closure}}::{{closure}}::h44012e3565800ac9
[INFO] [stdout]                                at /opt/rustwide/cargo-home/registry/src/index.crates.io-6f17d22bba15001f/tokio-1.38.0/src/runtime/scheduler/current_thread/mod.rs:659:57
[INFO] [stdout]   26:     0x59bf19418775 - tokio::runtime::coop::with_budget::h47075c51ef155660
[INFO] [stdout]                                at /opt/rustwide/cargo-home/registry/src/index.crates.io-6f17d22bba15001f/tokio-1.38.0/src/runtime/coop.rs:107:5
[INFO] [stdout]   27:     0x59bf19418775 - tokio::runtime::coop::budget::h44f5002fd365f8c9
[INFO] [stdout]                                at /opt/rustwide/cargo-home/registry/src/index.crates.io-6f17d22bba15001f/tokio-1.38.0/src/runtime/coop.rs:73:5
[INFO] [stdout]   28:     0x59bf19418775 - tokio::runtime::scheduler::current_thread::CoreGuard::block_on::{{closure}}::{{closure}}::h88655b09b57c27a8
[INFO] [stdout]                                at /opt/rustwide/cargo-home/registry/src/index.crates.io-6f17d22bba15001f/tokio-1.38.0/src/runtime/scheduler/current_thread/mod.rs:659:25
[INFO] [stdout]   29:     0x59bf19417520 - tokio::runtime::scheduler::current_thread::Context::enter::hd23a23f127fcf246
[INFO] [stdout]                                at /opt/rustwide/cargo-home/registry/src/index.crates.io-6f17d22bba15001f/tokio-1.38.0/src/runtime/scheduler/current_thread/mod.rs:404:19
[INFO] [stdout]   30:     0x59bf19417fdb - tokio::runtime::scheduler::current_thread::CoreGuard::block_on::{{closure}}::ha89de17beab83975
[INFO] [stdout]                                at /opt/rustwide/cargo-home/registry/src/index.crates.io-6f17d22bba15001f/tokio-1.38.0/src/runtime/scheduler/current_thread/mod.rs:658:36
[INFO] [stdout]   31:     0x59bf19417d54 - tokio::runtime::scheduler::current_thread::CoreGuard::enter::{{closure}}::h3ef651e526a77bcf
[INFO] [stdout]                                at /opt/rustwide/cargo-home/registry/src/index.crates.io-6f17d22bba15001f/tokio-1.38.0/src/runtime/scheduler/current_thread/mod.rs:737:68
[INFO] [stdout]   32:     0x59bf1941639b - tokio::runtime::context::scoped::Scoped<T>::set::hc4871e051053b8be
[INFO] [stdout]                                at /opt/rustwide/cargo-home/registry/src/index.crates.io-6f17d22bba15001f/tokio-1.38.0/src/runtime/context/scoped.rs:40:9
[INFO] [stdout]   33:     0x59bf1939a7c9 - tokio::runtime::context::set_scheduler::{{closure}}::h75110560d907d2db
[INFO] [stdout]                                at /opt/rustwide/cargo-home/registry/src/index.crates.io-6f17d22bba15001f/tokio-1.38.0/src/runtime/context.rs:180:26
[INFO] [stdout]   34:     0x59bf1946269d - std::thread::local::LocalKey<T>::try_with::h6b882012c1f4a9d5
[INFO] [stdout]                                at /rustc/df4ca44d3fbc9301ee17f30f4d474e6ae4b05252/library/std/src/thread/local.rs:283:12
[INFO] [stdout]   35:     0x59bf19461cfa - std::thread::local::LocalKey<T>::with::h4bdd77e8d8339876
[INFO] [stdout]                                at /rustc/df4ca44d3fbc9301ee17f30f4d474e6ae4b05252/library/std/src/thread/local.rs:260:9
[INFO] [stdout]   36:     0x59bf1939a77d - tokio::runtime::context::set_scheduler::h498ab7cba2ef285d
[INFO] [stdout]                                at /opt/rustwide/cargo-home/registry/src/index.crates.io-6f17d22bba15001f/tokio-1.38.0/src/runtime/context.rs:180:9
[INFO] [stdout]   37:     0x59bf19417b08 - tokio::runtime::scheduler::current_thread::CoreGuard::enter::h4eeeed765e854472
[INFO] [stdout]                                at /opt/rustwide/cargo-home/registry/src/index.crates.io-6f17d22bba15001f/tokio-1.38.0/src/runtime/scheduler/current_thread/mod.rs:737:27
[INFO] [stdout]   38:     0x59bf19417d73 - tokio::runtime::scheduler::current_thread::CoreGuard::block_on::hdadef5a1b476ae32
[INFO] [stdout]                                at /opt/rustwide/cargo-home/registry/src/index.crates.io-6f17d22bba15001f/tokio-1.38.0/src/runtime/scheduler/current_thread/mod.rs:646:19
[INFO] [stdout]   39:     0x59bf1941683d - tokio::runtime::scheduler::current_thread::CurrentThread::block_on::{{closure}}::h65a2823658e63dab
[INFO] [stdout]                                at /opt/rustwide/cargo-home/registry/src/index.crates.io-6f17d22bba15001f/tokio-1.38.0/src/runtime/scheduler/current_thread/mod.rs:175:28
[INFO] [stdout]   40:     0x59bf19425256 - tokio::runtime::context::runtime::enter_runtime::h8609a4aca8f9c208
[INFO] [stdout]                                at /opt/rustwide/cargo-home/registry/src/index.crates.io-6f17d22bba15001f/tokio-1.38.0/src/runtime/context/runtime.rs:65:16
[INFO] [stdout]   41:     0x59bf19416751 - tokio::runtime::scheduler::current_thread::CurrentThread::block_on::hf372945143248db8
[INFO] [stdout]                                at /opt/rustwide/cargo-home/registry/src/index.crates.io-6f17d22bba15001f/tokio-1.38.0/src/runtime/scheduler/current_thread/mod.rs:167:9
[INFO] [stdout]   42:     0x59bf1938a3b2 - tokio::runtime::runtime::Runtime::block_on::ha8f8bdcb4b6b5a88
[INFO] [stdout]                                at /opt/rustwide/cargo-home/registry/src/index.crates.io-6f17d22bba15001f/tokio-1.38.0/src/runtime/runtime.rs:347:47
[INFO] [stdout]   43:     0x59bf193fc2d2 - auth_server::app::filters::tests::user::get_users::h49f8bfe8966b0c76
[INFO] [stdout]                                at /opt/rustwide/workdir/auth-server/src/app/filters/tests/user.rs:114:5
[INFO] [stdout]   44:     0x59bf193fc147 - auth_server::app::filters::tests::user::get_users::{{closure}}::h36980265fb7b86b1
[INFO] [stdout]                                at /opt/rustwide/workdir/auth-server/src/app/filters/tests/user.rs:91:21
[INFO] [stdout]   45:     0x59bf1933fa96 - core::ops::function::FnOnce::call_once::h8fc95b6fb9a4f2f1
[INFO] [stdout]                                at /rustc/df4ca44d3fbc9301ee17f30f4d474e6ae4b05252/library/core/src/ops/function.rs:250:5
[INFO] [stdout]   46:     0x59bf194cb29b - core::ops::function::FnOnce::call_once::h22c3ba5715e93f05
[INFO] [stdout]                                at /rustc/df4ca44d3fbc9301ee17f30f4d474e6ae4b05252/library/core/src/ops/function.rs:250:5
[INFO] [stdout]   47:     0x59bf194cb29b - test::__rust_begin_short_backtrace::h8e82d8113d0da17f
[INFO] [stdout]                                at /rustc/df4ca44d3fbc9301ee17f30f4d474e6ae4b05252/library/test/src/lib.rs:621:18
[INFO] [stdout]   48:     0x59bf194cac17 - test::run_test_in_process::{{closure}}::h33235f4f20b7b7c7
[INFO] [stdout]                                at /rustc/df4ca44d3fbc9301ee17f30f4d474e6ae4b05252/library/test/src/lib.rs:644:60
[INFO] [stdout]   49:     0x59bf194cac17 - <core::panic::unwind_safe::AssertUnwindSafe<F> as core::ops::function::FnOnce<()>>::call_once::hb5043206310c586f
[INFO] [stdout]                                at /rustc/df4ca44d3fbc9301ee17f30f4d474e6ae4b05252/library/core/src/panic/unwind_safe.rs:272:9
[INFO] [stdout]   50:     0x59bf194cac17 - std::panicking::try::do_call::h9ad4731a60ab23e2
[INFO] [stdout]                                at /rustc/df4ca44d3fbc9301ee17f30f4d474e6ae4b05252/library/std/src/panicking.rs:557:40
[INFO] [stdout]   51:     0x59bf194cac17 - std::panicking::try::h3824d23db772a716
[INFO] [stdout]                                at /rustc/df4ca44d3fbc9301ee17f30f4d474e6ae4b05252/library/std/src/panicking.rs:520:19
[INFO] [stdout]   52:     0x59bf194cac17 - std::panic::catch_unwind::h5afd514605fde46b
[INFO] [stdout]                                at /rustc/df4ca44d3fbc9301ee17f30f4d474e6ae4b05252/library/std/src/panic.rs:358:14
[INFO] [stdout]   53:     0x59bf194cac17 - test::run_test_in_process::h0d5cbfa7067d1720
[INFO] [stdout]                                at /rustc/df4ca44d3fbc9301ee17f30f4d474e6ae4b05252/library/test/src/lib.rs:644:27
[INFO] [stdout]   54:     0x59bf194cac17 - test::run_test::{{closure}}::h708eb8872708115d
[INFO] [stdout]                                at /rustc/df4ca44d3fbc9301ee17f30f4d474e6ae4b05252/library/test/src/lib.rs:565:43
[INFO] [stdout]   55:     0x59bf1948e334 - test::run_test::{{closure}}::h392c51cee94713ab
[INFO] [stdout]                                at /rustc/df4ca44d3fbc9301ee17f30f4d474e6ae4b05252/library/test/src/lib.rs:595:41
[INFO] [stdout]   56:     0x59bf1948e334 - std::sys::backtrace::__rust_begin_short_backtrace::h2f40290710935a8b
[INFO] [stdout]                                at /rustc/df4ca44d3fbc9301ee17f30f4d474e6ae4b05252/library/std/src/sys/backtrace.rs:154:18
[INFO] [stdout]   57:     0x59bf19491ade - std::thread::Builder::spawn_unchecked_::{{closure}}::{{closure}}::h3fd968d89053a903
[INFO] [stdout]                                at /rustc/df4ca44d3fbc9301ee17f30f4d474e6ae4b05252/library/std/src/thread/mod.rs:541:17
[INFO] [stdout]   58:     0x59bf19491ade - <core::panic::unwind_safe::AssertUnwindSafe<F> as core::ops::function::FnOnce<()>>::call_once::h743f637ba4229880
[INFO] [stdout]                                at /rustc/df4ca44d3fbc9301ee17f30f4d474e6ae4b05252/library/core/src/panic/unwind_safe.rs:272:9
[INFO] [stdout]   59:     0x59bf19491ade - std::panicking::try::do_call::h07440897322525a6
[INFO] [stdout]                                at /rustc/df4ca44d3fbc9301ee17f30f4d474e6ae4b05252/library/std/src/panicking.rs:557:40
[INFO] [stdout]   60:     0x59bf19491ade - std::panicking::try::he5a2e00188156637
[INFO] [stdout]                                at /rustc/df4ca44d3fbc9301ee17f30f4d474e6ae4b05252/library/std/src/panicking.rs:520:19
[INFO] [stdout]   61:     0x59bf19491ade - std::panic::catch_unwind::hbaf3cae49b3c6433
[INFO] [stdout]                                at /rustc/df4ca44d3fbc9301ee17f30f4d474e6ae4b05252/library/std/src/panic.rs:358:14
[INFO] [stdout]   62:     0x59bf19491ade - std::thread::Builder::spawn_unchecked_::{{closure}}::h8e141ea224820bce
[INFO] [stdout]                                at /rustc/df4ca44d3fbc9301ee17f30f4d474e6ae4b05252/library/std/src/thread/mod.rs:540:30
[INFO] [stdout]   63:     0x59bf19491ade - core::ops::function::FnOnce::call_once{{vtable.shim}}::h90d312fedd7b8ea8
[INFO] [stdout]                                at /rustc/df4ca44d3fbc9301ee17f30f4d474e6ae4b05252/library/core/src/ops/function.rs:250:5
[INFO] [stdout]   64:     0x59bf1a6e526b - <alloc::boxed::Box<F,A> as core::ops::function::FnOnce<Args>>::call_once::h69aa08ddb6adb8b6
[INFO] [stdout]                                at /rustc/df4ca44d3fbc9301ee17f30f4d474e6ae4b05252/library/alloc/src/boxed.rs:2454:9
[INFO] [stdout]   65:     0x59bf1a6e526b - <alloc::boxed::Box<F,A> as core::ops::function::FnOnce<Args>>::call_once::h5aa36efdb79c806f
[INFO] [stdout]                                at /rustc/df4ca44d3fbc9301ee17f30f4d474e6ae4b05252/library/alloc/src/boxed.rs:2454:9
[INFO] [stdout]   66:     0x59bf1a6e526b - std::sys::pal::unix::thread::Thread::new::thread_start::h6cd80a1b4be5158d
[INFO] [stdout]                                at /rustc/df4ca44d3fbc9301ee17f30f4d474e6ae4b05252/library/std/src/sys/pal/unix/thread.rs:105:17
[INFO] [stdout]   67:     0x7f26cfa83ac3 - <unknown>
[INFO] [stdout]   68:     0x7f26cfb14a04 - clone
[INFO] [stdout]   69:                0x0 - <unknown>
[INFO] [stdout] 
[INFO] [stdout] 
[INFO] [stdout] failures:
[INFO] [stdout]     app::filters::tests::user::create_user_duplicate_email_and_username
[INFO] [stdout]     app::filters::tests::user::create_user_success
[INFO] [stdout]     app::filters::tests::user::get_user
[INFO] [stdout]     app::filters::tests::user::get_users
[INFO] [stdout] 
[INFO] [stdout] test result: FAILED. 0 passed; 4 failed; 0 ignored; 0 measured; 0 filtered out; finished in 0.05s
[INFO] [stdout] 
[INFO] [stderr] error: test failed, to rerun pass `-p auth-server --bin auth-server`
[INFO] running `Command { std: "docker" "inspect" "458af10ff69701a9b2484982a6eb2e14a0f38f2e326b4450b28b4121a8e2062d", kill_on_drop: false }`
[INFO] running `Command { std: "docker" "rm" "-f" "458af10ff69701a9b2484982a6eb2e14a0f38f2e326b4450b28b4121a8e2062d", kill_on_drop: false }`
[INFO] [stdout] 458af10ff69701a9b2484982a6eb2e14a0f38f2e326b4450b28b4121a8e2062d
