[INFO] cloning repository https://github.com/AdrianoAla/PixelPerfectCanvas
[INFO] running `Command { std: "git" "-c" "credential.helper=" "-c" "credential.helper=/workspace/cargo-home/bin/git-credential-null" "clone" "--bare" "https://github.com/AdrianoAla/PixelPerfectCanvas" "/workspace/cache/git-repos/https%3A%2F%2Fgithub.com%2FAdrianoAla%2FPixelPerfectCanvas", kill_on_drop: false }`
[INFO] [stderr] Cloning into bare repository '/workspace/cache/git-repos/https%3A%2F%2Fgithub.com%2FAdrianoAla%2FPixelPerfectCanvas'...
[INFO] running `Command { std: "git" "rev-parse" "HEAD", kill_on_drop: false }`
[INFO] [stdout] 6e86e57fa79aaed44c680e429343d4bce5be1c49
[INFO] testing AdrianoAla/PixelPerfectCanvas/6e86e57fa79aaed44c680e429343d4bce5be1c49 against nightly-2024-10-28 for randomize-layout
[INFO] running `Command { std: "git" "clone" "/workspace/cache/git-repos/https%3A%2F%2Fgithub.com%2FAdrianoAla%2FPixelPerfectCanvas" "/workspace/builds/worker-2-tc1/source", kill_on_drop: false }`
[INFO] [stderr] Cloning into '/workspace/builds/worker-2-tc1/source'...
[INFO] [stderr] done.
[INFO] validating manifest of git repo https://github.com/AdrianoAla/PixelPerfectCanvas on toolchain nightly-2024-10-28
[INFO] running `Command { std: CARGO_HOME="/workspace/cargo-home" RUSTUP_HOME="/workspace/rustup-home" "/workspace/cargo-home/bin/cargo" "+nightly-2024-10-28" "metadata" "--manifest-path" "Cargo.toml" "--no-deps", kill_on_drop: false }`
[INFO] started tweaking git repo https://github.com/AdrianoAla/PixelPerfectCanvas
[INFO] removed 0 missing examples
[INFO] finished tweaking git repo https://github.com/AdrianoAla/PixelPerfectCanvas
[INFO] tweaked toml for git repo https://github.com/AdrianoAla/PixelPerfectCanvas written to /workspace/builds/worker-2-tc1/source/Cargo.toml
[INFO] crate git repo https://github.com/AdrianoAla/PixelPerfectCanvas already has a lockfile, it will not be regenerated
[INFO] running `Command { std: CARGO_HOME="/workspace/cargo-home" RUSTUP_HOME="/workspace/rustup-home" "/workspace/cargo-home/bin/cargo" "+nightly-2024-10-28" "fetch" "--manifest-path" "Cargo.toml", kill_on_drop: false }`
[INFO] [stderr]  Downloading crates ...
[INFO] [stderr]   Downloaded miniquad v0.4.0
[INFO] [stderr]   Downloaded macroquad v0.4.5
[INFO] running `Command { std: "docker" "create" "-v" "/var/lib/crater-agent-workspace/builds/worker-2-tc1/target:/opt/rustwide/target:rw,Z" "-v" "/var/lib/crater-agent-workspace/builds/worker-2-tc1/source:/opt/rustwide/workdir:ro,Z" "-v" "/var/lib/crater-agent-workspace/cargo-home:/opt/rustwide/cargo-home:ro,Z" "-v" "/var/lib/crater-agent-workspace/rustup-home:/opt/rustwide/rustup-home:ro,Z" "-e" "SOURCE_DIR=/opt/rustwide/workdir" "-e" "CARGO_TARGET_DIR=/opt/rustwide/target" "-e" "CARGO_HOME=/opt/rustwide/cargo-home" "-e" "RUSTUP_HOME=/opt/rustwide/rustup-home" "-w" "/opt/rustwide/workdir" "-m" "1610612736" "--user" "0:0" "--network" "none" "ghcr.io/rust-lang/crates-build-env/linux@sha256:4a844ea9eb2546a2d2c7022eacef16ef2e8229c7fbb2c7d4d55a9ceca922f72d" "/opt/rustwide/cargo-home/bin/cargo" "+nightly-2024-10-28" "metadata" "--no-deps" "--format-version=1", kill_on_drop: false }`
[INFO] [stdout] c0c8cd3631774ff05aa198872442cb5397f7cb0327fa952f1e56f8e7bfc68eb4
[INFO] running `Command { std: "docker" "start" "-a" "c0c8cd3631774ff05aa198872442cb5397f7cb0327fa952f1e56f8e7bfc68eb4", kill_on_drop: false }`
[INFO] running `Command { std: "docker" "inspect" "c0c8cd3631774ff05aa198872442cb5397f7cb0327fa952f1e56f8e7bfc68eb4", kill_on_drop: false }`
[INFO] running `Command { std: "docker" "rm" "-f" "c0c8cd3631774ff05aa198872442cb5397f7cb0327fa952f1e56f8e7bfc68eb4", kill_on_drop: false }`
[INFO] [stdout] c0c8cd3631774ff05aa198872442cb5397f7cb0327fa952f1e56f8e7bfc68eb4
[INFO] running `Command { std: "docker" "create" "-v" "/var/lib/crater-agent-workspace/builds/worker-2-tc1/target:/opt/rustwide/target:rw,Z" "-v" "/var/lib/crater-agent-workspace/builds/worker-2-tc1/source:/opt/rustwide/workdir:ro,Z" "-v" "/var/lib/crater-agent-workspace/cargo-home:/opt/rustwide/cargo-home:ro,Z" "-v" "/var/lib/crater-agent-workspace/rustup-home:/opt/rustwide/rustup-home:ro,Z" "-e" "SOURCE_DIR=/opt/rustwide/workdir" "-e" "CARGO_TARGET_DIR=/opt/rustwide/target" "-e" "CARGO_INCREMENTAL=0" "-e" "RUST_BACKTRACE=full" "-e" "RUSTFLAGS=--cap-lints=forbid" "-e" "RUSTDOCFLAGS=--cap-lints=forbid" "-e" "CARGO_HOME=/opt/rustwide/cargo-home" "-e" "RUSTUP_HOME=/opt/rustwide/rustup-home" "-w" "/opt/rustwide/workdir" "-m" "1610612736" "--user" "0:0" "--network" "none" "ghcr.io/rust-lang/crates-build-env/linux@sha256:4a844ea9eb2546a2d2c7022eacef16ef2e8229c7fbb2c7d4d55a9ceca922f72d" "/opt/rustwide/cargo-home/bin/cargo" "+nightly-2024-10-28" "build" "--frozen" "--message-format=json", kill_on_drop: false }`
[INFO] [stdout] 9f096894c0f82608a1d81a41db296b5085ce9456438f6dcaef3b09ed60870375
[INFO] running `Command { std: "docker" "start" "-a" "9f096894c0f82608a1d81a41db296b5085ce9456438f6dcaef3b09ed60870375", kill_on_drop: false }`
[INFO] [stderr]    Compiling version_check v0.9.4
[INFO] [stderr]    Compiling cfg-if v1.0.0
[INFO] [stderr]    Compiling simd-adler32 v0.3.7
[INFO] [stderr]    Compiling crc32fast v1.4.0
[INFO] [stderr]    Compiling autocfg v1.1.0
[INFO] [stderr]    Compiling adler v1.0.2
[INFO] [stderr]    Compiling libc v0.2.153
[INFO] [stderr]    Compiling once_cell v1.19.0
[INFO] [stderr]    Compiling zerocopy v0.7.32
[INFO] [stderr]    Compiling bitflags v1.3.2
[INFO] [stderr]    Compiling miniquad v0.4.0
[INFO] [stderr]    Compiling bytemuck v1.14.3
[INFO] [stderr]    Compiling color_quant v1.1.0
[INFO] [stderr]    Compiling byteorder v1.5.0
[INFO] [stderr]    Compiling ttf-parser v0.15.2
[INFO] [stderr]    Compiling macroquad_macro v0.1.7
[INFO] [stderr]    Compiling bumpalo v3.15.4
[INFO] [stderr]    Compiling glam v0.21.3
[INFO] [stderr]    Compiling quad-rand v0.2.1
[INFO] [stderr]    Compiling miniz_oxide v0.7.2
[INFO] [stderr]    Compiling fdeflate v0.3.4
[INFO] [stderr]    Compiling ahash v0.8.11
[INFO] [stderr]    Compiling slotmap v1.0.7
[INFO] [stderr]    Compiling num-traits v0.2.18
[INFO] [stderr]    Compiling hashbrown v0.13.2
[INFO] [stderr]    Compiling flate2 v1.0.28
[INFO] [stderr]    Compiling png v0.17.13
[INFO] [stderr]    Compiling fontdue v0.7.3
[INFO] [stderr]    Compiling image v0.24.9
[INFO] [stderr]    Compiling macroquad v0.4.5
[INFO] [stderr]    Compiling macroquad-canvas v0.4.1 (/opt/rustwide/workdir)
[INFO] [stderr]     Finished `dev` profile [unoptimized + debuginfo] target(s) in 3.81s
[INFO] running `Command { std: "docker" "inspect" "9f096894c0f82608a1d81a41db296b5085ce9456438f6dcaef3b09ed60870375", kill_on_drop: false }`
[INFO] running `Command { std: "docker" "rm" "-f" "9f096894c0f82608a1d81a41db296b5085ce9456438f6dcaef3b09ed60870375", kill_on_drop: false }`
[INFO] [stdout] 9f096894c0f82608a1d81a41db296b5085ce9456438f6dcaef3b09ed60870375
[INFO] running `Command { std: "docker" "create" "-v" "/var/lib/crater-agent-workspace/builds/worker-2-tc1/target:/opt/rustwide/target:rw,Z" "-v" "/var/lib/crater-agent-workspace/builds/worker-2-tc1/source:/opt/rustwide/workdir:ro,Z" "-v" "/var/lib/crater-agent-workspace/cargo-home:/opt/rustwide/cargo-home:ro,Z" "-v" "/var/lib/crater-agent-workspace/rustup-home:/opt/rustwide/rustup-home:ro,Z" "-e" "SOURCE_DIR=/opt/rustwide/workdir" "-e" "CARGO_TARGET_DIR=/opt/rustwide/target" "-e" "CARGO_INCREMENTAL=0" "-e" "RUST_BACKTRACE=full" "-e" "RUSTFLAGS=--cap-lints=forbid" "-e" "RUSTDOCFLAGS=--cap-lints=forbid" "-e" "CARGO_HOME=/opt/rustwide/cargo-home" "-e" "RUSTUP_HOME=/opt/rustwide/rustup-home" "-w" "/opt/rustwide/workdir" "-m" "1610612736" "--user" "0:0" "--network" "none" "ghcr.io/rust-lang/crates-build-env/linux@sha256:4a844ea9eb2546a2d2c7022eacef16ef2e8229c7fbb2c7d4d55a9ceca922f72d" "/opt/rustwide/cargo-home/bin/cargo" "+nightly-2024-10-28" "test" "--frozen" "--no-run" "--message-format=json", kill_on_drop: false }`
[INFO] [stdout] fc68b07bd00759ce4f65d25f19e696761d62622c63e9530586b029c67de180bd
[INFO] running `Command { std: "docker" "start" "-a" "fc68b07bd00759ce4f65d25f19e696761d62622c63e9530586b029c67de180bd", kill_on_drop: false }`
[INFO] [stderr]    Compiling macroquad-canvas v0.4.1 (/opt/rustwide/workdir)
[INFO] [stderr]     Finished `test` profile [unoptimized + debuginfo] target(s) in 0.32s
[INFO] running `Command { std: "docker" "inspect" "fc68b07bd00759ce4f65d25f19e696761d62622c63e9530586b029c67de180bd", kill_on_drop: false }`
[INFO] running `Command { std: "docker" "rm" "-f" "fc68b07bd00759ce4f65d25f19e696761d62622c63e9530586b029c67de180bd", kill_on_drop: false }`
[INFO] [stdout] fc68b07bd00759ce4f65d25f19e696761d62622c63e9530586b029c67de180bd
[INFO] running `Command { std: "docker" "create" "-v" "/var/lib/crater-agent-workspace/builds/worker-2-tc1/target:/opt/rustwide/target:rw,Z" "-v" "/var/lib/crater-agent-workspace/builds/worker-2-tc1/source:/opt/rustwide/workdir:ro,Z" "-v" "/var/lib/crater-agent-workspace/cargo-home:/opt/rustwide/cargo-home:ro,Z" "-v" "/var/lib/crater-agent-workspace/rustup-home:/opt/rustwide/rustup-home:ro,Z" "-e" "SOURCE_DIR=/opt/rustwide/workdir" "-e" "CARGO_TARGET_DIR=/opt/rustwide/target" "-e" "CARGO_INCREMENTAL=0" "-e" "RUST_BACKTRACE=full" "-e" "RUSTFLAGS=--cap-lints=forbid" "-e" "RUSTDOCFLAGS=--cap-lints=forbid" "-e" "CARGO_HOME=/opt/rustwide/cargo-home" "-e" "RUSTUP_HOME=/opt/rustwide/rustup-home" "-w" "/opt/rustwide/workdir" "-m" "1610612736" "--user" "0:0" "--network" "none" "ghcr.io/rust-lang/crates-build-env/linux@sha256:4a844ea9eb2546a2d2c7022eacef16ef2e8229c7fbb2c7d4d55a9ceca922f72d" "/opt/rustwide/cargo-home/bin/cargo" "+nightly-2024-10-28" "test" "--frozen", kill_on_drop: false }`
[INFO] [stdout] 639d69082ff31e24ed8b7e950372b920a1b02b7155e6c1b023232ac986e3f2a0
[INFO] running `Command { std: "docker" "start" "-a" "639d69082ff31e24ed8b7e950372b920a1b02b7155e6c1b023232ac986e3f2a0", kill_on_drop: false }`
[INFO] [stderr]     Finished `test` profile [unoptimized + debuginfo] target(s) in 0.02s
[INFO] [stderr]      Running unittests src/lib.rs (/opt/rustwide/target/debug/deps/macroquad_canvas-cd8f30653c90f480)
[INFO] [stdout] 
[INFO] [stdout] running 0 tests
[INFO] [stdout] 
[INFO] [stdout] test result: ok. 0 passed; 0 failed; 0 ignored; 0 measured; 0 filtered out; finished in 0.00s
[INFO] [stdout] 
[INFO] [stderr]    Doc-tests macroquad_canvas
[INFO] [stdout] 
[INFO] [stdout] running 4 tests
[INFO] [stdout] test src/lib.rs - Canvas2D (line 36) - compile ... ok
[INFO] [stdout] test src/../README.md - (line 28) ... FAILED
[INFO] [stdout] test src/../README.md - (line 22) ... FAILED
[INFO] [stdout] test src/../README.md - (line 16) ... ok
[INFO] [stdout] 
[INFO] [stdout] failures:
[INFO] [stdout] 
[INFO] [stdout] ---- src/../README.md - (line 28) stdout ----
[INFO] [stdout] error[E0425]: cannot find function `set_camera` in this scope
[INFO] [stdout]  --> src/../README.md:30:5
[INFO] [stdout]   |
[INFO] [stdout] 4 |     set_camera(&canvas.camera);
[INFO] [stdout]   |     ^^^^^^^^^^ not found in this scope
[INFO] [stdout]   |
[INFO] [stdout] help: consider importing one of these functions
[INFO] [stdout]   |
[INFO] [stdout] 2 + use macroquad::prelude::scene::set_camera;
[INFO] [stdout]   |
[INFO] [stdout] 2 + use macroquad::prelude::set_camera;
[INFO] [stdout]   |
[INFO] [stdout] 
[INFO] [stdout] error[E0425]: cannot find value `canvas` in this scope
[INFO] [stdout]  --> src/../README.md:30:17
[INFO] [stdout]   |
[INFO] [stdout] 4 |     set_camera(&canvas.camera);
[INFO] [stdout]   |                 ^^^^^^ not found in this scope
[INFO] [stdout] 
[INFO] [stdout] error[E0425]: cannot find function `set_default_camera` in this scope
[INFO] [stdout]  --> src/../README.md:34:5
[INFO] [stdout]   |
[INFO] [stdout] 8 |     set_default_camera();
[INFO] [stdout]   |     ^^^^^^^^^^^^^^^^^^ not found in this scope
[INFO] [stdout]   |
[INFO] [stdout] help: consider importing this function
[INFO] [stdout]   |
[INFO] [stdout] 2 + use macroquad::prelude::set_default_camera;
[INFO] [stdout]   |
[INFO] [stdout] 
[INFO] [stdout] error[E0425]: cannot find value `canvas` in this scope
[INFO] [stdout]   --> src/../README.md:36:5
[INFO] [stdout]    |
[INFO] [stdout] 10 |     canvas.draw();
[INFO] [stdout]    |     ^^^^^^ not found in this scope
[INFO] [stdout] 
[INFO] [stdout] error[E0425]: cannot find function `next_frame` in this scope
[INFO] [stdout]   --> src/../README.md:38:5
[INFO] [stdout]    |
[INFO] [stdout] 12 |     next_frame().await
[INFO] [stdout]    |     ^^^^^^^^^^ not found in this scope
[INFO] [stdout]    |
[INFO] [stdout] help: consider importing this function
[INFO] [stdout]    |
[INFO] [stdout] 2  + use macroquad::prelude::next_frame;
[INFO] [stdout]    |
[INFO] [stdout] 
[INFO] [stdout] error[E0728]: `await` is only allowed inside `async` functions and blocks
[INFO] [stdout]   --> src/../README.md:38:18
[INFO] [stdout]    |
[INFO] [stdout] 2  | fn main() { #[allow(non_snake_case)] fn _doctest_main_src____README_md_28_0() {
[INFO] [stdout]    |                                      ---------------------------------------- this is not `async`
[INFO] [stdout] ...
[INFO] [stdout] 12 |     next_frame().await
[INFO] [stdout]    |                  ^^^^^ only allowed inside `async` functions and blocks
[INFO] [stdout] 
[INFO] [stdout] error: aborting due to 6 previous errors
[INFO] [stdout] 
[INFO] [stdout] Some errors have detailed explanations: E0425, E0728.
[INFO] [stdout] For more information about an error, try `rustc --explain E0425`.
[INFO] [stdout] Couldn't compile the test.
[INFO] [stdout] ---- src/../README.md - (line 22) stdout ----
[INFO] [stdout] error[E0433]: failed to resolve: use of undeclared type `Canvas2D`
[INFO] [stdout]  --> src/../README.md:23:14
[INFO] [stdout]   |
[INFO] [stdout] 3 | let canvas = Canvas2D::new(800_f32, 600_f32);
[INFO] [stdout]   |              ^^^^^^^^ use of undeclared type `Canvas2D`
[INFO] [stdout]   |
[INFO] [stdout] help: consider importing this struct
[INFO] [stdout]   |
[INFO] [stdout] 2 + use macroquad_canvas::Canvas2D;
[INFO] [stdout]   |
[INFO] [stdout] 
[INFO] [stdout] error: aborting due to 1 previous error
[INFO] [stdout] 
[INFO] [stdout] For more information about this error, try `rustc --explain E0433`.
[INFO] [stdout] Couldn't compile the test.
[INFO] [stdout] 
[INFO] [stdout] failures:
[INFO] [stdout]     src/../README.md - (line 22)
[INFO] [stdout]     src/../README.md - (line 28)
[INFO] [stdout] 
[INFO] [stdout] test result: FAILED. 2 passed; 2 failed; 0 ignored; 0 measured; 0 filtered out; finished in 0.12s
[INFO] [stdout] 
[INFO] [stderr] error: doctest failed, to rerun pass `--doc`
[INFO] running `Command { std: "docker" "inspect" "639d69082ff31e24ed8b7e950372b920a1b02b7155e6c1b023232ac986e3f2a0", kill_on_drop: false }`
[INFO] running `Command { std: "docker" "rm" "-f" "639d69082ff31e24ed8b7e950372b920a1b02b7155e6c1b023232ac986e3f2a0", kill_on_drop: false }`
[INFO] [stdout] 639d69082ff31e24ed8b7e950372b920a1b02b7155e6c1b023232ac986e3f2a0
