[INFO] cloning repository https://github.com/Ad-Bean/mini-lsm
[INFO] running `Command { std: "git" "-c" "credential.helper=" "-c" "credential.helper=/workspace/cargo-home/bin/git-credential-null" "clone" "--bare" "https://github.com/Ad-Bean/mini-lsm" "/workspace/cache/git-repos/https%3A%2F%2Fgithub.com%2FAd-Bean%2Fmini-lsm", kill_on_drop: false }`
[INFO] [stderr] Cloning into bare repository '/workspace/cache/git-repos/https%3A%2F%2Fgithub.com%2FAd-Bean%2Fmini-lsm'...
[INFO] running `Command { std: "git" "rev-parse" "HEAD", kill_on_drop: false }`
[INFO] [stdout] 4a475dd932d1b0eb73e9e82464e951bdd27fe3d3
[INFO] testing Ad-Bean/mini-lsm/4a475dd932d1b0eb73e9e82464e951bdd27fe3d3 against nightly-2024-10-28+rustflags=-Zrandomize-layout for randomize-layout
[INFO] running `Command { std: "git" "clone" "/workspace/cache/git-repos/https%3A%2F%2Fgithub.com%2FAd-Bean%2Fmini-lsm" "/workspace/builds/worker-1-tc2/source", kill_on_drop: false }`
[INFO] [stderr] Cloning into '/workspace/builds/worker-1-tc2/source'...
[INFO] [stderr] done.
[INFO] validating manifest of git repo https://github.com/Ad-Bean/mini-lsm on toolchain nightly-2024-10-28
[INFO] running `Command { std: CARGO_HOME="/workspace/cargo-home" RUSTUP_HOME="/workspace/rustup-home" "/workspace/cargo-home/bin/cargo" "+nightly-2024-10-28" "metadata" "--manifest-path" "Cargo.toml" "--no-deps", kill_on_drop: false }`
[INFO] removed /workspace/builds/worker-1-tc2/source/.cargo/config.toml
[INFO] removed /workspace/builds/worker-1-tc2/source/rust-toolchain.toml
[INFO] started tweaking git repo https://github.com/Ad-Bean/mini-lsm
[INFO] finished tweaking git repo https://github.com/Ad-Bean/mini-lsm
[INFO] tweaked toml for git repo https://github.com/Ad-Bean/mini-lsm written to /workspace/builds/worker-1-tc2/source/Cargo.toml
[INFO] crate git repo https://github.com/Ad-Bean/mini-lsm already has a lockfile, it will not be regenerated
[INFO] running `Command { std: CARGO_HOME="/workspace/cargo-home" RUSTUP_HOME="/workspace/rustup-home" "/workspace/cargo-home/bin/cargo" "+nightly-2024-10-28" "fetch" "--manifest-path" "Cargo.toml", kill_on_drop: false }`
[INFO] running `Command { std: "docker" "create" "-v" "/var/lib/crater-agent-workspace/builds/worker-1-tc2/target:/opt/rustwide/target:rw,Z" "-v" "/var/lib/crater-agent-workspace/builds/worker-1-tc2/source:/opt/rustwide/workdir:ro,Z" "-v" "/var/lib/crater-agent-workspace/cargo-home:/opt/rustwide/cargo-home:ro,Z" "-v" "/var/lib/crater-agent-workspace/rustup-home:/opt/rustwide/rustup-home:ro,Z" "-e" "SOURCE_DIR=/opt/rustwide/workdir" "-e" "CARGO_TARGET_DIR=/opt/rustwide/target" "-e" "CARGO_HOME=/opt/rustwide/cargo-home" "-e" "RUSTUP_HOME=/opt/rustwide/rustup-home" "-w" "/opt/rustwide/workdir" "-m" "1610612736" "--user" "0:0" "--network" "none" "ghcr.io/rust-lang/crates-build-env/linux@sha256:4a844ea9eb2546a2d2c7022eacef16ef2e8229c7fbb2c7d4d55a9ceca922f72d" "/opt/rustwide/cargo-home/bin/cargo" "+nightly-2024-10-28" "metadata" "--no-deps" "--format-version=1", kill_on_drop: false }`
[INFO] [stdout] 5e2f7e6a52ff3a1bcfa31dbbd68aa64c95a95d6a461ab1b65182b6050e90ea77
[INFO] running `Command { std: "docker" "start" "-a" "5e2f7e6a52ff3a1bcfa31dbbd68aa64c95a95d6a461ab1b65182b6050e90ea77", kill_on_drop: false }`
[INFO] running `Command { std: "docker" "inspect" "5e2f7e6a52ff3a1bcfa31dbbd68aa64c95a95d6a461ab1b65182b6050e90ea77", kill_on_drop: false }`
[INFO] running `Command { std: "docker" "rm" "-f" "5e2f7e6a52ff3a1bcfa31dbbd68aa64c95a95d6a461ab1b65182b6050e90ea77", kill_on_drop: false }`
[INFO] [stdout] 5e2f7e6a52ff3a1bcfa31dbbd68aa64c95a95d6a461ab1b65182b6050e90ea77
[INFO] running `Command { std: "docker" "create" "-v" "/var/lib/crater-agent-workspace/builds/worker-1-tc2/target:/opt/rustwide/target:rw,Z" "-v" "/var/lib/crater-agent-workspace/builds/worker-1-tc2/source:/opt/rustwide/workdir:ro,Z" "-v" "/var/lib/crater-agent-workspace/cargo-home:/opt/rustwide/cargo-home:ro,Z" "-v" "/var/lib/crater-agent-workspace/rustup-home:/opt/rustwide/rustup-home:ro,Z" "-e" "SOURCE_DIR=/opt/rustwide/workdir" "-e" "CARGO_TARGET_DIR=/opt/rustwide/target" "-e" "CARGO_INCREMENTAL=0" "-e" "RUST_BACKTRACE=full" "-e" "RUSTFLAGS=--cap-lints=forbid -Zrandomize-layout" "-e" "RUSTDOCFLAGS=--cap-lints=forbid" "-e" "CARGO_HOME=/opt/rustwide/cargo-home" "-e" "RUSTUP_HOME=/opt/rustwide/rustup-home" "-w" "/opt/rustwide/workdir" "-m" "1610612736" "--user" "0:0" "--network" "none" "ghcr.io/rust-lang/crates-build-env/linux@sha256:4a844ea9eb2546a2d2c7022eacef16ef2e8229c7fbb2c7d4d55a9ceca922f72d" "/opt/rustwide/cargo-home/bin/cargo" "+nightly-2024-10-28" "build" "--frozen" "--message-format=json", kill_on_drop: false }`
[INFO] [stdout] 775566f9e067d2879128523eb2d1a60497cc7e025af9409889c731202c7705e5
[INFO] running `Command { std: "docker" "start" "-a" "775566f9e067d2879128523eb2d1a60497cc7e025af9409889c731202c7705e5", kill_on_drop: false }`
[INFO] [stderr]    Compiling libc v0.2.155
[INFO] [stderr]    Compiling smallvec v1.13.2
[INFO] [stderr]    Compiling crossbeam-utils v0.8.20
[INFO] [stderr]    Compiling autocfg v1.3.0
[INFO] [stderr]    Compiling version_check v0.9.5
[INFO] [stderr]    Compiling parking_lot_core v0.9.10
[INFO] [stderr]    Compiling bitflags v2.6.0
[INFO] [stderr]    Compiling zerocopy-derive v0.7.35
[INFO] [stderr]    Compiling byteorder v1.5.0
[INFO] [stderr]    Compiling rustix v0.38.34
[INFO] [stderr]    Compiling scopeguard v1.2.0
[INFO] [stderr]    Compiling yansi v1.0.1
[INFO] [stderr]    Compiling proc-macro2-diagnostics v0.10.1
[INFO] [stderr]    Compiling memchr v2.7.4
[INFO] [stderr]    Compiling lock_api v0.4.12
[INFO] [stderr]    Compiling anyhow v1.0.86
[INFO] [stderr]    Compiling serde v1.0.204
[INFO] [stderr]    Compiling unicode-width v0.1.13
[INFO] [stderr]    Compiling thiserror v1.0.63
[INFO] [stderr]    Compiling linux-raw-sys v0.4.14
[INFO] [stderr]    Compiling either v1.13.0
[INFO] [stderr]    Compiling clap_derive v4.5.13
[INFO] [stderr]    Compiling itertools v0.12.1
[INFO] [stderr]    Compiling crossbeam-epoch v0.9.18
[INFO] [stderr]    Compiling zerocopy v0.7.35
[INFO] [stderr]    Compiling clap_builder v4.5.13
[INFO] [stderr]    Compiling raw-cpuid v10.7.0
[INFO] [stderr]    Compiling nibble_vec v0.1.0
[INFO] [stderr]    Compiling thiserror-impl v1.0.63
[INFO] [stderr]    Compiling ppv-lite86 v0.2.20
[INFO] [stderr]    Compiling getrandom v0.2.15
[INFO] [stderr]    Compiling rand_core v0.6.4
[INFO] [stderr]    Compiling parking_lot v0.12.3
[INFO] [stderr]    Compiling serde_derive v1.0.204
[INFO] [stderr]    Compiling moka v0.9.9
[INFO] [stderr]    Compiling endian-type v0.1.2
[INFO] [stderr]    Compiling serde_json v1.0.122
[INFO] [stderr]    Compiling heck v0.4.1
[INFO] [stderr]    Compiling radix_trie v0.2.1
[INFO] [stderr]    Compiling scheduled-thread-pool v0.2.7
[INFO] [stderr]    Compiling quanta v0.11.1
[INFO] [stderr]    Compiling ouroboros_macro v0.18.4
[INFO] [stderr]    Compiling fd-lock v4.0.2
[INFO] [stderr]    Compiling rand_chacha v0.3.1
[INFO] [stderr]    Compiling uuid v1.10.0
[INFO] [stderr]    Compiling num_cpus v1.16.0
[INFO] [stderr]    Compiling nix v0.27.1
[INFO] [stderr]    Compiling clap v4.5.13
[INFO] [stderr]    Compiling crossbeam-channel v0.5.13
[INFO] [stderr]    Compiling log v0.4.22
[INFO] [stderr]    Compiling aliasable v0.1.3
[INFO] [stderr]    Compiling static_assertions v1.1.0
[INFO] [stderr]    Compiling unicode-segmentation v1.11.0
[INFO] [stderr]    Compiling minimal-lexical v0.2.1
[INFO] [stderr]    Compiling tagptr v0.2.0
[INFO] [stderr]    Compiling ryu v1.0.18
[INFO] [stderr]    Compiling triomphe v0.1.13
[INFO] [stderr]    Compiling home v0.5.9
[INFO] [stderr]    Compiling nom v7.1.3
[INFO] [stderr]    Compiling rand v0.8.5
[INFO] [stderr]    Compiling crossbeam-skiplist v0.1.3
[INFO] [stderr]    Compiling ouroboros v0.18.4
[INFO] [stderr]    Compiling arc-swap v1.7.1
[INFO] [stderr]    Compiling bytes v1.7.1
[INFO] [stderr]    Compiling farmhash v1.1.5
[INFO] [stderr]    Compiling rustyline v13.0.0
[INFO] [stderr]    Compiling crc32fast v1.4.2
[INFO] [stderr]    Compiling os_pipe v1.2.1
[INFO] [stderr]    Compiling shared_child v1.0.1
[INFO] [stderr]    Compiling lazy_static v1.5.0
[INFO] [stderr]    Compiling console v0.15.8
[INFO] [stderr]    Compiling duct v0.13.7
[INFO] [stderr]    Compiling mini-lsm-xtask v0.2.0 (/opt/rustwide/workdir/xtask)
[INFO] [stderr]    Compiling mini-lsm v0.2.0 (/opt/rustwide/workdir/mini-lsm)
[INFO] [stderr]    Compiling mini-lsm-mvcc v0.2.0 (/opt/rustwide/workdir/mini-lsm-mvcc)
[INFO] [stderr]    Compiling mini-lsm-starter v0.2.0 (/opt/rustwide/workdir/mini-lsm-starter)
[INFO] [stderr]     Finished `dev` profile [unoptimized + debuginfo] target(s) in 10.71s
[INFO] running `Command { std: "docker" "inspect" "775566f9e067d2879128523eb2d1a60497cc7e025af9409889c731202c7705e5", kill_on_drop: false }`
[INFO] running `Command { std: "docker" "rm" "-f" "775566f9e067d2879128523eb2d1a60497cc7e025af9409889c731202c7705e5", kill_on_drop: false }`
[INFO] [stdout] 775566f9e067d2879128523eb2d1a60497cc7e025af9409889c731202c7705e5
[INFO] running `Command { std: "docker" "create" "-v" "/var/lib/crater-agent-workspace/builds/worker-1-tc2/target:/opt/rustwide/target:rw,Z" "-v" "/var/lib/crater-agent-workspace/builds/worker-1-tc2/source:/opt/rustwide/workdir:ro,Z" "-v" "/var/lib/crater-agent-workspace/cargo-home:/opt/rustwide/cargo-home:ro,Z" "-v" "/var/lib/crater-agent-workspace/rustup-home:/opt/rustwide/rustup-home:ro,Z" "-e" "SOURCE_DIR=/opt/rustwide/workdir" "-e" "CARGO_TARGET_DIR=/opt/rustwide/target" "-e" "CARGO_INCREMENTAL=0" "-e" "RUST_BACKTRACE=full" "-e" "RUSTFLAGS=--cap-lints=forbid -Zrandomize-layout" "-e" "RUSTDOCFLAGS=--cap-lints=forbid" "-e" "CARGO_HOME=/opt/rustwide/cargo-home" "-e" "RUSTUP_HOME=/opt/rustwide/rustup-home" "-w" "/opt/rustwide/workdir" "-m" "1610612736" "--user" "0:0" "--network" "none" "ghcr.io/rust-lang/crates-build-env/linux@sha256:4a844ea9eb2546a2d2c7022eacef16ef2e8229c7fbb2c7d4d55a9ceca922f72d" "/opt/rustwide/cargo-home/bin/cargo" "+nightly-2024-10-28" "test" "--frozen" "--no-run" "--message-format=json", kill_on_drop: false }`
[INFO] [stdout] 62831401678f28d31614b1d59fc0024aa1dc4ca6ec2a0dffba75e7b4ebb90333
[INFO] running `Command { std: "docker" "start" "-a" "62831401678f28d31614b1d59fc0024aa1dc4ca6ec2a0dffba75e7b4ebb90333", kill_on_drop: false }`
[INFO] [stderr]    Compiling fastrand v2.1.0
[INFO] [stderr]    Compiling mini-lsm-xtask v0.2.0 (/opt/rustwide/workdir/xtask)
[INFO] [stderr]    Compiling tempfile v3.12.0
[INFO] [stderr]    Compiling mini-lsm-mvcc v0.2.0 (/opt/rustwide/workdir/mini-lsm-mvcc)
[INFO] [stderr]    Compiling mini-lsm v0.2.0 (/opt/rustwide/workdir/mini-lsm)
[INFO] [stderr]    Compiling mini-lsm-starter v0.2.0 (/opt/rustwide/workdir/mini-lsm-starter)
[INFO] [stdout] warning: unused import: `core::str`
[INFO] [stdout]  --> mini-lsm-starter/src/tests/week1_day3.rs:1:5
[INFO] [stdout]   |
[INFO] [stdout] 1 | use core::str;
[INFO] [stdout]   |     ^^^^^^^^^
[INFO] [stdout]   |
[INFO] [stdout]   = note: `#[warn(unused_imports)]` on by default
[INFO] [stdout] 
[INFO] [stdout] 
[INFO] [stdout] warning: function `generate_sst` is never used
[INFO] [stdout]    --> mini-lsm-starter/src/tests/harness.rs:183:8
[INFO] [stdout]     |
[INFO] [stdout] 183 | pub fn generate_sst(
[INFO] [stdout]     |        ^^^^^^^^^^^^
[INFO] [stdout]     |
[INFO] [stdout]     = note: `#[warn(dead_code)]` on by default
[INFO] [stdout] 
[INFO] [stdout] 
[INFO] [stdout] warning: function `sync` is never used
[INFO] [stdout]    --> mini-lsm-starter/src/tests/harness.rs:213:8
[INFO] [stdout]     |
[INFO] [stdout] 213 | pub fn sync(storage: &LsmStorageInner) {
[INFO] [stdout]     |        ^^^^
[INFO] [stdout] 
[INFO] [stdout] 
[INFO] [stdout] warning: function `compaction_bench` is never used
[INFO] [stdout]    --> mini-lsm-starter/src/tests/harness.rs:220:8
[INFO] [stdout]     |
[INFO] [stdout] 220 | pub fn compaction_bench(storage: Arc<MiniLsm>) {
[INFO] [stdout]     |        ^^^^^^^^^^^^^^^^
[INFO] [stdout] 
[INFO] [stdout] 
[INFO] [stdout] warning: function `check_compaction_ratio` is never used
[INFO] [stdout]    --> mini-lsm-starter/src/tests/harness.rs:282:8
[INFO] [stdout]     |
[INFO] [stdout] 282 | pub fn check_compaction_ratio(storage: Arc<MiniLsm>) {
[INFO] [stdout]     |        ^^^^^^^^^^^^^^^^^^^^^^
[INFO] [stdout] 
[INFO] [stdout] 
[INFO] [stdout] warning: function `dump_files_in_dir` is never used
[INFO] [stdout]    --> mini-lsm-starter/src/tests/harness.rs:411:8
[INFO] [stdout]     |
[INFO] [stdout] 411 | pub fn dump_files_in_dir(path: impl AsRef<Path>) {
[INFO] [stdout]     |        ^^^^^^^^^^^^^^^^^
[INFO] [stdout] 
[INFO] [stdout] 
[INFO] [stdout] warning: function `construct_merge_iterator_over_storage` is never used
[INFO] [stdout]    --> mini-lsm-starter/src/tests/harness.rs:423:8
[INFO] [stdout]     |
[INFO] [stdout] 423 | pub fn construct_merge_iterator_over_storage(
[INFO] [stdout]     |        ^^^^^^^^^^^^^^^^^^^^^^^^^^^^^^^^^^^^^
[INFO] [stdout] 
[INFO] [stdout] 
[INFO] [stderr]     Finished `test` profile [unoptimized + debuginfo] target(s) in 3.14s
[INFO] running `Command { std: "docker" "inspect" "62831401678f28d31614b1d59fc0024aa1dc4ca6ec2a0dffba75e7b4ebb90333", kill_on_drop: false }`
[INFO] running `Command { std: "docker" "rm" "-f" "62831401678f28d31614b1d59fc0024aa1dc4ca6ec2a0dffba75e7b4ebb90333", kill_on_drop: false }`
[INFO] [stdout] 62831401678f28d31614b1d59fc0024aa1dc4ca6ec2a0dffba75e7b4ebb90333
[INFO] running `Command { std: "docker" "create" "-v" "/var/lib/crater-agent-workspace/builds/worker-1-tc2/target:/opt/rustwide/target:rw,Z" "-v" "/var/lib/crater-agent-workspace/builds/worker-1-tc2/source:/opt/rustwide/workdir:ro,Z" "-v" "/var/lib/crater-agent-workspace/cargo-home:/opt/rustwide/cargo-home:ro,Z" "-v" "/var/lib/crater-agent-workspace/rustup-home:/opt/rustwide/rustup-home:ro,Z" "-e" "SOURCE_DIR=/opt/rustwide/workdir" "-e" "CARGO_TARGET_DIR=/opt/rustwide/target" "-e" "CARGO_INCREMENTAL=0" "-e" "RUST_BACKTRACE=full" "-e" "RUSTFLAGS=--cap-lints=forbid -Zrandomize-layout" "-e" "RUSTDOCFLAGS=--cap-lints=forbid" "-e" "CARGO_HOME=/opt/rustwide/cargo-home" "-e" "RUSTUP_HOME=/opt/rustwide/rustup-home" "-w" "/opt/rustwide/workdir" "-m" "1610612736" "--user" "0:0" "--network" "none" "ghcr.io/rust-lang/crates-build-env/linux@sha256:4a844ea9eb2546a2d2c7022eacef16ef2e8229c7fbb2c7d4d55a9ceca922f72d" "/opt/rustwide/cargo-home/bin/cargo" "+nightly-2024-10-28" "test" "--frozen", kill_on_drop: false }`
[INFO] [stdout] fa54cefad3539f8ef7913e23c880b3daab2e1e47ca6bafe8b2f29d08fd9d8956
[INFO] running `Command { std: "docker" "start" "-a" "fa54cefad3539f8ef7913e23c880b3daab2e1e47ca6bafe8b2f29d08fd9d8956", kill_on_drop: false }`
[INFO] [stderr] warning: unused import: `core::str`
[INFO] [stderr]  --> mini-lsm-starter/src/tests/week1_day3.rs:1:5
[INFO] [stderr]   |
[INFO] [stderr] 1 | use core::str;
[INFO] [stderr]   |     ^^^^^^^^^
[INFO] [stderr]   |
[INFO] [stderr]   = note: `#[warn(unused_imports)]` on by default
[INFO] [stderr] 
[INFO] [stderr] warning: function `generate_sst` is never used
[INFO] [stderr]    --> mini-lsm-starter/src/tests/harness.rs:183:8
[INFO] [stderr]     |
[INFO] [stderr] 183 | pub fn generate_sst(
[INFO] [stderr]     |        ^^^^^^^^^^^^
[INFO] [stderr]     |
[INFO] [stderr]     = note: `#[warn(dead_code)]` on by default
[INFO] [stderr] 
[INFO] [stderr] warning: function `sync` is never used
[INFO] [stderr]    --> mini-lsm-starter/src/tests/harness.rs:213:8
[INFO] [stderr]     |
[INFO] [stderr] 213 | pub fn sync(storage: &LsmStorageInner) {
[INFO] [stderr]     |        ^^^^
[INFO] [stderr] 
[INFO] [stderr] warning: function `compaction_bench` is never used
[INFO] [stderr]    --> mini-lsm-starter/src/tests/harness.rs:220:8
[INFO] [stderr]     |
[INFO] [stderr] 220 | pub fn compaction_bench(storage: Arc<MiniLsm>) {
[INFO] [stderr]     |        ^^^^^^^^^^^^^^^^
[INFO] [stderr] 
[INFO] [stderr] warning: function `check_compaction_ratio` is never used
[INFO] [stderr]    --> mini-lsm-starter/src/tests/harness.rs:282:8
[INFO] [stderr]     |
[INFO] [stderr] 282 | pub fn check_compaction_ratio(storage: Arc<MiniLsm>) {
[INFO] [stderr]     |        ^^^^^^^^^^^^^^^^^^^^^^
[INFO] [stderr] 
[INFO] [stderr] warning: function `dump_files_in_dir` is never used
[INFO] [stderr]    --> mini-lsm-starter/src/tests/harness.rs:411:8
[INFO] [stderr]     |
[INFO] [stderr] 411 | pub fn dump_files_in_dir(path: impl AsRef<Path>) {
[INFO] [stderr]     |        ^^^^^^^^^^^^^^^^^
[INFO] [stderr] 
[INFO] [stderr] warning: function `construct_merge_iterator_over_storage` is never used
[INFO] [stderr]    --> mini-lsm-starter/src/tests/harness.rs:423:8
[INFO] [stderr]     |
[INFO] [stderr] 423 | pub fn construct_merge_iterator_over_storage(
[INFO] [stderr]     |        ^^^^^^^^^^^^^^^^^^^^^^^^^^^^^^^^^^^^^
[INFO] [stderr] 
[INFO] [stderr] warning: `mini-lsm-starter` (lib test) generated 7 warnings (run `cargo fix --lib -p mini-lsm-starter --tests` to apply 1 suggestion)
[INFO] [stderr]     Finished `test` profile [unoptimized + debuginfo] target(s) in 0.07s
[INFO] [stderr]      Running unittests src/lib.rs (/opt/rustwide/target/debug/deps/mini_lsm-0240b246ad80cabc)
[INFO] [stdout] 
[INFO] [stdout] running 55 tests
[INFO] [stdout] test tests::week1_day1::test_task1_memtable_get ... ok
[INFO] [stdout] test tests::week1_day1::test_task1_memtable_overwrite ... ok
[INFO] [stdout] test tests::week1_day2::test_task1_empty_memtable_iter ... ok
[INFO] [stdout] test tests::week1_day2::test_task1_memtable_iter ... ok
[INFO] [stdout] test tests::week1_day2::test_task2_merge_2 ... ok
[INFO] [stdout] test tests::week1_day2::test_task2_merge_empty ... ok
[INFO] [stdout] test tests::week1_day2::test_task2_merge_1 ... ok
[INFO] [stdout] test tests::week1_day2::test_task3_fused_iterator ... ok
[INFO] [stdout] test tests::week1_day2::test_task2_merge_error ... ok
[INFO] [stdout] test tests::week1_day3::test_block_build_full ... ok
[INFO] [stdout] test tests::week1_day3::test_block_build_large_1 ... ok
[INFO] [stdout] test tests::week1_day3::test_block_build_all ... ok
[INFO] [stdout] test tests::week1_day3::test_block_build_large_2 ... ok
[INFO] [stdout] test tests::week1_day3::test_block_build_single_key ... ok
[INFO] [stdout] test tests::week1_day3::test_block_decode ... ok
[INFO] [stdout] test tests::week1_day3::test_block_encode ... ok
[INFO] [stdout] test tests::week1_day3::test_block_iterator ... ok
[INFO] [stdout] test tests::week1_day3::test_block_seek_key ... ok
[INFO] [stdout] test tests::week1_day1::test_task2_storage_integration ... ok
[INFO] [stdout] test tests::week1_day4::test_sst_build_two_blocks ... ok
[INFO] [stdout] test tests::week1_day4::test_sst_build_all ... ok
[INFO] [stdout] test tests::week1_day4::test_sst_build_single_key ... ok
[INFO] [stdout] test tests::week1_day5::test_task1_merge_1 ... ok
[INFO] [stdout] test tests::week1_day5::test_task1_merge_2 ... ok
[INFO] [stdout] test tests::week1_day5::test_task1_merge_3 ... ok
[INFO] [stdout] test tests::week1_day5::test_task1_merge_4 ... ok
[INFO] [stdout] test tests::week1_day5::test_task1_merge_5 ... ok
[INFO] [stdout] test tests::week1_day4::test_sst_decode ... ok
[INFO] [stdout] test tests::week1_day4::test_sst_iterator ... ok
[INFO] [stdout] test tests::week1_day1::test_task4_storage_integration ... ok
[INFO] [stdout] test tests::week1_day2::test_task4_integration ... ok
[INFO] [stdout] test tests::week1_day4::test_sst_seek_key ... ok
[INFO] [stdout] test tests::week1_day1::test_task3_storage_integration ... ok
[INFO] [stdout] test tests::week1_day7::test_task1_bloom_filter ... ok
[INFO] [stdout] test tests::week1_day7::test_task2_sst_decode ... ok
[INFO] [stdout] test tests::week1_day7::test_task3_block_key_compression ... ok
[INFO] [stdout] test tests::week1_day5::test_task2_storage_scan ... ok
[INFO] [stdout] test tests::week1_day5::test_task3_storage_get ... ok
[INFO] [stdout] test tests::week1_day1::test_task3_freeze_on_capacity ... ok
[INFO] [stdout] test tests::week1_day6::test_task1_storage_get ... ok
[INFO] [stdout] test tests::week1_day6::test_task1_storage_scan ... ok
[INFO] [stdout] test tests::week2_day1::test_task2_concat_iterator ... ok
[INFO] [stdout] test tests::week2_day1::test_task3_integration ... ok
[INFO] [stdout] test tests::week2_day1::test_task1_full_compaction ... ok
[INFO] [stdout] test tests::week1_day6::test_task3_sst_filter ... ok
[INFO] [stdout] test tests::week2_day5::test_integration_leveled ... ok
[INFO] [stdout] test tests::week2_day5::test_integration_tiered ... ok
[INFO] [stdout] test tests::week2_day5::test_integration_simple ... ok
[INFO] [stdout] test tests::week2_day6::test_integration_leveled ... ok
[INFO] [stdout] test tests::week2_day6::test_integration_simple ... ok
[INFO] [stdout] test tests::week2_day6::test_integration_tiered ... ok
[INFO] [stdout] test tests::week1_day6::test_task2_auto_flush ... ok
[INFO] [stdout] test tests::week2_day3::test_integration ... ok
[INFO] [stdout] test tests::week2_day4::test_integration ... ok
[INFO] [stdout] test tests::week2_day2::test_integration ... ok
[INFO] [stdout] 
[INFO] [stdout] test result: ok. 55 passed; 0 failed; 0 ignored; 0 measured; 0 filtered out; finished in 6.09s
[INFO] [stdout] 
[INFO] [stderr]      Running unittests src/bin/compaction-simulator.rs (/opt/rustwide/target/debug/deps/compaction_simulator_ref-9d5cbab8ee720722)
[INFO] [stdout] 
[INFO] [stdout] running 0 tests
[INFO] [stdout] 
[INFO] [stdout] test result: ok. 0 passed; 0 failed; 0 ignored; 0 measured; 0 filtered out; finished in 0.00s
[INFO] [stdout] 
[INFO] [stderr]      Running unittests src/bin/mini-lsm-cli.rs (/opt/rustwide/target/debug/deps/mini_lsm_cli_ref-fa767f1cb1416c97)
[INFO] [stdout] 
[INFO] [stdout] running 0 tests
[INFO] [stdout] 
[INFO] [stdout] test result: ok. 0 passed; 0 failed; 0 ignored; 0 measured; 0 filtered out; finished in 0.00s
[INFO] [stdout] 
[INFO] [stderr]      Running unittests src/bin/wrapper.rs (/opt/rustwide/target/debug/deps/mini_lsm_wrapper_ref-815c9b31f09d2387)
[INFO] [stdout] 
[INFO] [stdout] running 0 tests
[INFO] [stdout] 
[INFO] [stdout] test result: ok. 0 passed; 0 failed; 0 ignored; 0 measured; 0 filtered out; finished in 0.00s
[INFO] [stdout] 
[INFO] [stderr]      Running unittests src/lib.rs (/opt/rustwide/target/debug/deps/mini_lsm_mvcc-7bf1cac6ac986e85)
[INFO] [stdout] 
[INFO] [stdout] running 71 tests
[INFO] [stdout] test tests::week1_day1::test_task1_memtable_get ... ok
[INFO] [stdout] test tests::week1_day1::test_task1_memtable_overwrite ... ok
[INFO] [stdout] test tests::week1_day2::test_task1_empty_memtable_iter ... ok
[INFO] [stdout] test tests::week1_day2::test_task1_memtable_iter ... ok
[INFO] [stdout] test tests::week1_day2::test_task2_merge_empty ... ok
[INFO] [stdout] test tests::week1_day2::test_task2_merge_1 ... ok
[INFO] [stdout] test tests::week1_day2::test_task2_merge_2 ... ok
[INFO] [stdout] test tests::week1_day2::test_task2_merge_error ... ok
[INFO] [stdout] test tests::week1_day2::test_task3_fused_iterator ... ok
[INFO] [stdout] test tests::week1_day3::test_block_build_large_1 ... ok
[INFO] [stdout] test tests::week1_day3::test_block_build_all ... ok
[INFO] [stdout] test tests::week1_day3::test_block_build_large_2 ... ok
[INFO] [stdout] test tests::week1_day3::test_block_build_full ... ok
[INFO] [stdout] test tests::week1_day3::test_block_build_single_key ... ok
[INFO] [stdout] test tests::week1_day3::test_block_decode ... ok
[INFO] [stdout] test tests::week1_day3::test_block_encode ... ok
[INFO] [stdout] test tests::week1_day3::test_block_iterator ... ok
[INFO] [stdout] test tests::week1_day3::test_block_seek_key ... ok
[INFO] [stdout] test tests::week1_day4::test_sst_build_single_key ... ok
[INFO] [stdout] test tests::week1_day4::test_sst_build_all ... ok
[INFO] [stdout] test tests::week1_day4::test_sst_build_two_blocks ... ok
[INFO] [stdout] test tests::week1_day1::test_task2_storage_integration ... ok
[INFO] [stdout] test tests::week1_day5::test_task1_merge_1 ... ok
[INFO] [stdout] test tests::week1_day5::test_task1_merge_2 ... ok
[INFO] [stdout] test tests::week1_day5::test_task1_merge_3 ... ok
[INFO] [stdout] test tests::week1_day5::test_task1_merge_4 ... ok
[INFO] [stdout] test tests::week1_day5::test_task1_merge_5 ... ok
[INFO] [stdout] test tests::week1_day4::test_sst_decode ... ok
[INFO] [stdout] test tests::week1_day4::test_sst_iterator ... ok
[INFO] [stdout] test tests::week1_day1::test_task4_storage_integration ... ok
[INFO] [stdout] test tests::week1_day1::test_task3_storage_integration ... ok
[INFO] [stdout] test tests::week1_day2::test_task4_integration ... ok
[INFO] [stdout] test tests::week1_day4::test_sst_seek_key ... ok
[INFO] [stdout] test tests::week1_day7::test_task1_bloom_filter ... ok
[INFO] [stdout] test tests::week1_day7::test_task2_sst_decode ... ok
[INFO] [stdout] test tests::week1_day7::test_task3_block_key_compression ... ok
[INFO] [stdout] test tests::week1_day5::test_task3_storage_get ... ok
[INFO] [stdout] test tests::week1_day5::test_task2_storage_scan ... ok
[INFO] [stdout] test tests::week1_day6::test_task1_storage_get ... ok
[INFO] [stdout] test tests::week1_day6::test_task1_storage_scan ... ok
[INFO] [stdout] test tests::week2_day1::test_task2_concat_iterator ... ok
[INFO] [stdout] test tests::week2_day1::test_task3_integration ... ok
[INFO] [stdout] test tests::week1_day1::test_task3_freeze_on_capacity ... ok
[INFO] [stdout] test tests::week2_day1::test_task1_full_compaction ... ok
[INFO] [stdout] test tests::week1_day6::test_task3_sst_filter ... ok
[INFO] [stdout] test tests::week2_day5::test_integration_leveled ... ok
[INFO] [stdout] test tests::week2_day5::test_integration_tiered ... ok
[INFO] [stdout] test tests::week2_day5::test_integration_simple ... ok
[INFO] [stdout] test tests::week3_day1::test_sst_build_multi_version_hard ... ok
[INFO] [stdout] test tests::week3_day1::test_sst_build_multi_version_simple ... ok
[INFO] [stdout] test tests::week2_day6::test_integration_leveled ... ok
[INFO] [stdout] test tests::week3_day3::test_task2_lsm_iterator_mvcc ... ok
[INFO] [stdout] test tests::week3_day3::test_task2_memtable_mvcc ... ok
[INFO] [stdout] test tests::week3_day3::test_task3_sst_ts ... ok
[INFO] [stdout] test tests::week3_day4::test_task1_watermark ... ok
[INFO] [stdout] test tests::week3_day4::test_task2_snapshot_watermark ... ok
[INFO] [stdout] test tests::week2_day6::test_integration_simple ... ok
[INFO] [stdout] test tests::week3_day4::test_task3_mvcc_compaction ... ok
[INFO] [stdout] test tests::week3_day5::test_txn_integration ... ok
[INFO] [stdout] test tests::week2_day6::test_integration_tiered ... ok
[INFO] [stdout] test tests::week3_day6::test_serializable_2 ... ok
[INFO] [stdout] test tests::week3_day6::test_serializable_1 ... ok
[INFO] [stdout] test tests::week3_day6::test_serializable_4_scan ... ok
[INFO] [stdout] test tests::week3_day6::test_serializable_3_ts_range ... ok
[INFO] [stdout] test tests::week3_day6::test_serializable_5_read_only ... ok
[INFO] [stdout] test tests::week3_day7::test_task3_mvcc_compaction ... ok
[INFO] [stdout] test tests::week1_day6::test_task2_auto_flush ... ok
[INFO] [stdout] test tests::week2_day4::test_integration ... ok
[INFO] [stdout] test tests::week2_day2::test_integration ... ok
[INFO] [stdout] test tests::week2_day3::test_integration ... ok
[INFO] [stdout] test tests::week3_day2::test_task3_compaction_integration ... ok
[INFO] [stdout] 
[INFO] [stdout] test result: ok. 71 passed; 0 failed; 0 ignored; 0 measured; 0 filtered out; finished in 7.37s
[INFO] [stdout] 
[INFO] [stderr]      Running unittests src/bin/compaction-simulator.rs (/opt/rustwide/target/debug/deps/compaction_simulator_mvcc_ref-9067c63083fe8ad0)
[INFO] [stdout] 
[INFO] [stdout] running 0 tests
[INFO] [stdout] 
[INFO] [stdout] test result: ok. 0 passed; 0 failed; 0 ignored; 0 measured; 0 filtered out; finished in 0.00s
[INFO] [stdout] 
[INFO] [stderr]      Running unittests src/bin/mini-lsm-cli.rs (/opt/rustwide/target/debug/deps/mini_lsm_cli_mvcc_ref-629ef8a7ea93c983)
[INFO] [stdout] 
[INFO] [stdout] running 0 tests
[INFO] [stdout] 
[INFO] [stdout] test result: ok. 0 passed; 0 failed; 0 ignored; 0 measured; 0 filtered out; finished in 0.00s
[INFO] [stdout] 
[INFO] [stderr]      Running unittests src/bin/wrapper.rs (/opt/rustwide/target/debug/deps/mini_lsm_wrapper_mvcc_ref-1fcaac3313281d1d)
[INFO] [stdout] 
[INFO] [stdout] running 0 tests
[INFO] [stdout] 
[INFO] [stdout] test result: ok. 0 passed; 0 failed; 0 ignored; 0 measured; 0 filtered out; finished in 0.00s
[INFO] [stdout] 
[INFO] [stderr]      Running unittests src/lib.rs (/opt/rustwide/target/debug/deps/mini_lsm_starter-0d847328f7bec96f)
[INFO] [stdout] 
[INFO] [stdout] running 23 tests
[INFO] [stdout] test tests::week1_day1::test_task1_memtable_get ... ok
[INFO] [stdout] test tests::week1_day1::test_task1_memtable_overwrite ... ok
[INFO] [stdout] test tests::week1_day2::test_task1_empty_memtable_iter ... ok
[INFO] [stdout] test tests::week1_day2::test_task1_memtable_iter ... ok
[INFO] [stdout] test tests::week1_day2::test_task2_merge_1 ... ok
[INFO] [stdout] test tests::week1_day2::test_task2_merge_empty ... ok
[INFO] [stdout] test tests::week1_day2::test_task2_merge_2 ... ok
[INFO] [stdout] test tests::week1_day2::test_task2_merge_error ... ok
[INFO] [stdout] test tests::week1_day2::test_task3_fused_iterator ... ok
[INFO] [stdout] test tests::week1_day3::test_block_build_all ... ok
[INFO] [stdout] test tests::week1_day3::test_block_build_full ... ok
[INFO] [stdout] test tests::week1_day3::test_block_build_large_2 ... ok
[INFO] [stdout] test tests::week1_day3::test_block_build_large_1 ... ok
[INFO] [stdout] test tests::week1_day3::test_block_build_single_key ... ok
[INFO] [stdout] test tests::week1_day3::test_block_decode ... ok
[INFO] [stdout] test tests::week1_day3::test_block_encode ... ok
[INFO] [stdout] test tests::week1_day1::test_task2_storage_integration ... ok
[INFO] [stdout] test tests::week1_day1::test_task4_storage_integration ... ok
[INFO] [stdout] test tests::week1_day2::test_task4_integration ... ok
[INFO] [stdout] test tests::week1_day1::test_task3_storage_integration ... ok
[INFO] [stdout] test tests::week1_day1::test_task3_freeze_on_capacity ... ok
[INFO] [stdout] test tests::week1_day3::test_block_iterator ... FAILED
[INFO] [stdout] test tests::week1_day3::test_block_seek_key ... FAILED
[INFO] [stdout] 
[INFO] [stdout] failures:
[INFO] [stdout] 
[INFO] [stdout] ---- tests::week1_day3::test_block_iterator stdout ----
[INFO] [stdout] thread 'tests::week1_day3::test_block_iterator' panicked at mini-lsm-starter/src/tests/week1_day3.rs:105:13:
[INFO] [stdout] assertion `left == right` failed: expected key: b"key_000", actual key: b"key_005"
[INFO] [stdout]   left: [107, 101, 121, 95, 48, 48, 53]
[INFO] [stdout]  right: [107, 101, 121, 95, 48, 48, 48]
[INFO] [stdout] stack backtrace:
[INFO] [stdout]    0:     0x60b144e4cc2a - std::backtrace_rs::backtrace::libunwind::trace::h207520d6e9873551
[INFO] [stdout]                                at /rustc/df4ca44d3fbc9301ee17f30f4d474e6ae4b05252/library/std/src/../../backtrace/src/backtrace/libunwind.rs:116:5
[INFO] [stdout]    1:     0x60b144e4cc2a - std::backtrace_rs::backtrace::trace_unsynchronized::h2ed7433f370e3eca
[INFO] [stdout]                                at /rustc/df4ca44d3fbc9301ee17f30f4d474e6ae4b05252/library/std/src/../../backtrace/src/backtrace/mod.rs:66:5
[INFO] [stdout]    2:     0x60b144e4cc2a - std::sys::backtrace::_print_fmt::h916fac51166b18d7
[INFO] [stdout]                                at /rustc/df4ca44d3fbc9301ee17f30f4d474e6ae4b05252/library/std/src/sys/backtrace.rs:66:9
[INFO] [stdout]    3:     0x60b144e4cc2a - <std::sys::backtrace::BacktraceLock::print::DisplayBacktrace as core::fmt::Display>::fmt::ha0a4c9b8ce3802e6
[INFO] [stdout]                                at /rustc/df4ca44d3fbc9301ee17f30f4d474e6ae4b05252/library/std/src/sys/backtrace.rs:39:26
[INFO] [stdout]    4:     0x60b144e73f23 - core::fmt::rt::Argument::fmt::h4cfc8587d52b3eb5
[INFO] [stdout]                                at /rustc/df4ca44d3fbc9301ee17f30f4d474e6ae4b05252/library/core/src/fmt/rt.rs:177:76
[INFO] [stdout]    5:     0x60b144e73f23 - core::fmt::write::h522cc39e5b36ae9f
[INFO] [stdout]                                at /rustc/df4ca44d3fbc9301ee17f30f4d474e6ae4b05252/library/core/src/fmt/mod.rs:1190:21
[INFO] [stdout]    6:     0x60b144e49453 - std::io::Write::write_fmt::h7d3c26752da97734
[INFO] [stdout]                                at /rustc/df4ca44d3fbc9301ee17f30f4d474e6ae4b05252/library/std/src/io/mod.rs:1839:15
[INFO] [stdout]    7:     0x60b144e4ca72 - std::sys::backtrace::BacktraceLock::print::h4b9e00b29e9c0942
[INFO] [stdout]                                at /rustc/df4ca44d3fbc9301ee17f30f4d474e6ae4b05252/library/std/src/sys/backtrace.rs:42:9
[INFO] [stdout]    8:     0x60b144e4e0ba - std::panicking::default_hook::{{closure}}::hb59b88280d0324d9
[INFO] [stdout]                                at /rustc/df4ca44d3fbc9301ee17f30f4d474e6ae4b05252/library/std/src/panicking.rs:268:22
[INFO] [stdout]    9:     0x60b144e4dec4 - std::panicking::default_hook::he1dd496665be4a29
[INFO] [stdout]                                at /rustc/df4ca44d3fbc9301ee17f30f4d474e6ae4b05252/library/std/src/panicking.rs:292:9
[INFO] [stdout]   10:     0x60b144dd01b9 - <alloc::boxed::Box<F,A> as core::ops::function::Fn<Args>>::call::h4ff71de18744e1dc
[INFO] [stdout]                                at /rustc/df4ca44d3fbc9301ee17f30f4d474e6ae4b05252/library/alloc/src/boxed.rs:2468:9
[INFO] [stdout]   11:     0x60b144dd01b9 - test::test_main::{{closure}}::hcf7c055ce117aa81
[INFO] [stdout]                                at /rustc/df4ca44d3fbc9301ee17f30f4d474e6ae4b05252/library/test/src/lib.rs:133:21
[INFO] [stdout]   12:     0x60b144e4e7b8 - <alloc::boxed::Box<F,A> as core::ops::function::Fn<Args>>::call::h1d66c6bbd60c9692
[INFO] [stdout]                                at /rustc/df4ca44d3fbc9301ee17f30f4d474e6ae4b05252/library/alloc/src/boxed.rs:2468:9
[INFO] [stdout]   13:     0x60b144e4e7b8 - std::panicking::rust_panic_with_hook::h2ff17fe8f26dfcf8
[INFO] [stdout]                                at /rustc/df4ca44d3fbc9301ee17f30f4d474e6ae4b05252/library/std/src/panicking.rs:809:13
[INFO] [stdout]   14:     0x60b144e4e57a - std::panicking::begin_panic_handler::{{closure}}::h4fad77951c07e101
[INFO] [stdout]                                at /rustc/df4ca44d3fbc9301ee17f30f4d474e6ae4b05252/library/std/src/panicking.rs:674:13
[INFO] [stdout]   15:     0x60b144e4d109 - std::sys::backtrace::__rust_end_short_backtrace::hb1a25b3da5d0ea08
[INFO] [stdout]                                at /rustc/df4ca44d3fbc9301ee17f30f4d474e6ae4b05252/library/std/src/sys/backtrace.rs:170:18
[INFO] [stdout]   16:     0x60b144e4e20c - rust_begin_unwind
[INFO] [stdout]                                at /rustc/df4ca44d3fbc9301ee17f30f4d474e6ae4b05252/library/std/src/panicking.rs:665:5
[INFO] [stdout]   17:     0x60b144e72920 - core::panicking::panic_fmt::ha9db07b529f9b256
[INFO] [stdout]                                at /rustc/df4ca44d3fbc9301ee17f30f4d474e6ae4b05252/library/core/src/panicking.rs:75:14
[INFO] [stdout]   18:     0x60b144e72ceb - core::panicking::assert_failed_inner::h04f38944d74a80a8
[INFO] [stdout]   19:     0x60b144d012e9 - core::panicking::assert_failed::h26a6458f15107aaa
[INFO] [stdout]                                at /rustc/df4ca44d3fbc9301ee17f30f4d474e6ae4b05252/library/core/src/panicking.rs:377:5
[INFO] [stdout]   20:     0x60b144d3d5a1 - mini_lsm_starter::tests::week1_day3::test_block_iterator::hd847704228f4e0aa
[INFO] [stdout]                                at /opt/rustwide/workdir/mini-lsm-starter/src/tests/week1_day3.rs:105:13
[INFO] [stdout]   21:     0x60b144d3cfb7 - mini_lsm_starter::tests::week1_day3::test_block_iterator::{{closure}}::hb7e2bc1c64254c94
[INFO] [stdout]                                at /opt/rustwide/workdir/mini-lsm-starter/src/tests/week1_day3.rs:98:25
[INFO] [stdout]   22:     0x60b144d03bd6 - core::ops::function::FnOnce::call_once::h455aea8d5e44fd4d
[INFO] [stdout]                                at /rustc/df4ca44d3fbc9301ee17f30f4d474e6ae4b05252/library/core/src/ops/function.rs:250:5
[INFO] [stdout]   23:     0x60b144dd4a8b - core::ops::function::FnOnce::call_once::h22c3ba5715e93f05
[INFO] [stdout]                                at /rustc/df4ca44d3fbc9301ee17f30f4d474e6ae4b05252/library/core/src/ops/function.rs:250:5
[INFO] [stdout]   24:     0x60b144dd4a8b - test::__rust_begin_short_backtrace::h8e82d8113d0da17f
[INFO] [stdout]                                at /rustc/df4ca44d3fbc9301ee17f30f4d474e6ae4b05252/library/test/src/lib.rs:621:18
[INFO] [stdout]   25:     0x60b144dd4407 - test::run_test_in_process::{{closure}}::h33235f4f20b7b7c7
[INFO] [stdout]                                at /rustc/df4ca44d3fbc9301ee17f30f4d474e6ae4b05252/library/test/src/lib.rs:644:60
[INFO] [stdout]   26:     0x60b144dd4407 - <core::panic::unwind_safe::AssertUnwindSafe<F> as core::ops::function::FnOnce<()>>::call_once::hb5043206310c586f
[INFO] [stdout]                                at /rustc/df4ca44d3fbc9301ee17f30f4d474e6ae4b05252/library/core/src/panic/unwind_safe.rs:272:9
[INFO] [stdout]   27:     0x60b144dd4407 - std::panicking::try::do_call::h9ad4731a60ab23e2
[INFO] [stdout]                                at /rustc/df4ca44d3fbc9301ee17f30f4d474e6ae4b05252/library/std/src/panicking.rs:557:40
[INFO] [stdout]   28:     0x60b144dd4407 - std::panicking::try::h3824d23db772a716
[INFO] [stdout]                                at /rustc/df4ca44d3fbc9301ee17f30f4d474e6ae4b05252/library/std/src/panicking.rs:520:19
[INFO] [stdout]   29:     0x60b144dd4407 - std::panic::catch_unwind::h5afd514605fde46b
[INFO] [stdout]                                at /rustc/df4ca44d3fbc9301ee17f30f4d474e6ae4b05252/library/std/src/panic.rs:358:14
[INFO] [stdout]   30:     0x60b144dd4407 - test::run_test_in_process::h0d5cbfa7067d1720
[INFO] [stdout]                                at /rustc/df4ca44d3fbc9301ee17f30f4d474e6ae4b05252/library/test/src/lib.rs:644:27
[INFO] [stdout]   31:     0x60b144dd4407 - test::run_test::{{closure}}::h708eb8872708115d
[INFO] [stdout]                                at /rustc/df4ca44d3fbc9301ee17f30f4d474e6ae4b05252/library/test/src/lib.rs:565:43
[INFO] [stdout]   32:     0x60b144d97b24 - test::run_test::{{closure}}::h392c51cee94713ab
[INFO] [stdout]                                at /rustc/df4ca44d3fbc9301ee17f30f4d474e6ae4b05252/library/test/src/lib.rs:595:41
[INFO] [stdout]   33:     0x60b144d97b24 - std::sys::backtrace::__rust_begin_short_backtrace::h2f40290710935a8b
[INFO] [stdout]                                at /rustc/df4ca44d3fbc9301ee17f30f4d474e6ae4b05252/library/std/src/sys/backtrace.rs:154:18
[INFO] [stdout]   34:     0x60b144d9b2ce - std::thread::Builder::spawn_unchecked_::{{closure}}::{{closure}}::h3fd968d89053a903
[INFO] [stdout]                                at /rustc/df4ca44d3fbc9301ee17f30f4d474e6ae4b05252/library/std/src/thread/mod.rs:541:17
[INFO] [stdout]   35:     0x60b144d9b2ce - <core::panic::unwind_safe::AssertUnwindSafe<F> as core::ops::function::FnOnce<()>>::call_once::h743f637ba4229880
[INFO] [stdout]                                at /rustc/df4ca44d3fbc9301ee17f30f4d474e6ae4b05252/library/core/src/panic/unwind_safe.rs:272:9
[INFO] [stdout]   36:     0x60b144d9b2ce - std::panicking::try::do_call::h07440897322525a6
[INFO] [stdout]                                at /rustc/df4ca44d3fbc9301ee17f30f4d474e6ae4b05252/library/std/src/panicking.rs:557:40
[INFO] [stdout]   37:     0x60b144d9b2ce - std::panicking::try::he5a2e00188156637
[INFO] [stdout]                                at /rustc/df4ca44d3fbc9301ee17f30f4d474e6ae4b05252/library/std/src/panicking.rs:520:19
[INFO] [stdout]   38:     0x60b144d9b2ce - std::panic::catch_unwind::hbaf3cae49b3c6433
[INFO] [stdout]                                at /rustc/df4ca44d3fbc9301ee17f30f4d474e6ae4b05252/library/std/src/panic.rs:358:14
[INFO] [stdout]   39:     0x60b144d9b2ce - std::thread::Builder::spawn_unchecked_::{{closure}}::h8e141ea224820bce
[INFO] [stdout]                                at /rustc/df4ca44d3fbc9301ee17f30f4d474e6ae4b05252/library/std/src/thread/mod.rs:540:30
[INFO] [stdout]   40:     0x60b144d9b2ce - core::ops::function::FnOnce::call_once{{vtable.shim}}::h90d312fedd7b8ea8
[INFO] [stdout]                                at /rustc/df4ca44d3fbc9301ee17f30f4d474e6ae4b05252/library/core/src/ops/function.rs:250:5
[INFO] [stdout]   41:     0x60b144e5304b - <alloc::boxed::Box<F,A> as core::ops::function::FnOnce<Args>>::call_once::h69aa08ddb6adb8b6
[INFO] [stdout]                                at /rustc/df4ca44d3fbc9301ee17f30f4d474e6ae4b05252/library/alloc/src/boxed.rs:2454:9
[INFO] [stdout]   42:     0x60b144e5304b - <alloc::boxed::Box<F,A> as core::ops::function::FnOnce<Args>>::call_once::h5aa36efdb79c806f
[INFO] [stdout]                                at /rustc/df4ca44d3fbc9301ee17f30f4d474e6ae4b05252/library/alloc/src/boxed.rs:2454:9
[INFO] [stdout]   43:     0x60b144e5304b - std::sys::pal::unix::thread::Thread::new::thread_start::h6cd80a1b4be5158d
[INFO] [stdout]                                at /rustc/df4ca44d3fbc9301ee17f30f4d474e6ae4b05252/library/std/src/sys/pal/unix/thread.rs:105:17
[INFO] [stdout]   44:     0x7ef930506ac3 - <unknown>
[INFO] [stdout]   45:     0x7ef930597a04 - clone
[INFO] [stdout]   46:                0x0 - <unknown>
[INFO] [stdout] 
[INFO] [stdout] ---- tests::week1_day3::test_block_seek_key stdout ----
[INFO] [stdout] l: 0, r: 0
[INFO] [stdout] thread 'tests::week1_day3::test_block_seek_key' panicked at mini-lsm-starter/src/tests/week1_day3.rs:135:13:
[INFO] [stdout] assertion `left == right` failed: expected key: b"key_000", actual key: b"key_005"
[INFO] [stdout]   left: [107, 101, 121, 95, 48, 48, 53]
[INFO] [stdout]  right: [107, 101, 121, 95, 48, 48, 48]
[INFO] [stdout] stack backtrace:
[INFO] [stdout]    0:     0x60b144e4cc2a - std::backtrace_rs::backtrace::libunwind::trace::h207520d6e9873551
[INFO] [stdout]                                at /rustc/df4ca44d3fbc9301ee17f30f4d474e6ae4b05252/library/std/src/../../backtrace/src/backtrace/libunwind.rs:116:5
[INFO] [stdout]    1:     0x60b144e4cc2a - std::backtrace_rs::backtrace::trace_unsynchronized::h2ed7433f370e3eca
[INFO] [stdout]                                at /rustc/df4ca44d3fbc9301ee17f30f4d474e6ae4b05252/library/std/src/../../backtrace/src/backtrace/mod.rs:66:5
[INFO] [stdout]    2:     0x60b144e4cc2a - std::sys::backtrace::_print_fmt::h916fac51166b18d7
[INFO] [stdout]                                at /rustc/df4ca44d3fbc9301ee17f30f4d474e6ae4b05252/library/std/src/sys/backtrace.rs:66:9
[INFO] [stdout]    3:     0x60b144e4cc2a - <std::sys::backtrace::BacktraceLock::print::DisplayBacktrace as core::fmt::Display>::fmt::ha0a4c9b8ce3802e6
[INFO] [stdout]                                at /rustc/df4ca44d3fbc9301ee17f30f4d474e6ae4b05252/library/std/src/sys/backtrace.rs:39:26
[INFO] [stdout]    4:     0x60b144e73f23 - core::fmt::rt::Argument::fmt::h4cfc8587d52b3eb5
[INFO] [stdout]                                at /rustc/df4ca44d3fbc9301ee17f30f4d474e6ae4b05252/library/core/src/fmt/rt.rs:177:76
[INFO] [stdout]    5:     0x60b144e73f23 - core::fmt::write::h522cc39e5b36ae9f
[INFO] [stdout]                                at /rustc/df4ca44d3fbc9301ee17f30f4d474e6ae4b05252/library/core/src/fmt/mod.rs:1190:21
[INFO] [stdout]    6:     0x60b144e49453 - std::io::Write::write_fmt::h7d3c26752da97734
[INFO] [stdout]                                at /rustc/df4ca44d3fbc9301ee17f30f4d474e6ae4b05252/library/std/src/io/mod.rs:1839:15
[INFO] [stdout]    7:     0x60b144e4ca72 - std::sys::backtrace::BacktraceLock::print::h4b9e00b29e9c0942
[INFO] [stdout]                                at /rustc/df4ca44d3fbc9301ee17f30f4d474e6ae4b05252/library/std/src/sys/backtrace.rs:42:9
[INFO] [stdout]    8:     0x60b144e4e0ba - std::panicking::default_hook::{{closure}}::hb59b88280d0324d9
[INFO] [stdout]                                at /rustc/df4ca44d3fbc9301ee17f30f4d474e6ae4b05252/library/std/src/panicking.rs:268:22
[INFO] [stdout]    9:     0x60b144e4dec4 - std::panicking::default_hook::he1dd496665be4a29
[INFO] [stdout]                                at /rustc/df4ca44d3fbc9301ee17f30f4d474e6ae4b05252/library/std/src/panicking.rs:292:9
[INFO] [stdout]   10:     0x60b144dd01b9 - <alloc::boxed::Box<F,A> as core::ops::function::Fn<Args>>::call::h4ff71de18744e1dc
[INFO] [stdout]                                at /rustc/df4ca44d3fbc9301ee17f30f4d474e6ae4b05252/library/alloc/src/boxed.rs:2468:9
[INFO] [stdout]   11:     0x60b144dd01b9 - test::test_main::{{closure}}::hcf7c055ce117aa81
[INFO] [stdout]                                at /rustc/df4ca44d3fbc9301ee17f30f4d474e6ae4b05252/library/test/src/lib.rs:133:21
[INFO] [stdout]   12:     0x60b144e4e7b8 - <alloc::boxed::Box<F,A> as core::ops::function::Fn<Args>>::call::h1d66c6bbd60c9692
[INFO] [stdout]                                at /rustc/df4ca44d3fbc9301ee17f30f4d474e6ae4b05252/library/alloc/src/boxed.rs:2468:9
[INFO] [stdout]   13:     0x60b144e4e7b8 - std::panicking::rust_panic_with_hook::h2ff17fe8f26dfcf8
[INFO] [stdout]                                at /rustc/df4ca44d3fbc9301ee17f30f4d474e6ae4b05252/library/std/src/panicking.rs:809:13
[INFO] [stdout]   14:     0x60b144e4e57a - std::panicking::begin_panic_handler::{{closure}}::h4fad77951c07e101
[INFO] [stdout]                                at /rustc/df4ca44d3fbc9301ee17f30f4d474e6ae4b05252/library/std/src/panicking.rs:674:13
[INFO] [stdout]   15:     0x60b144e4d109 - std::sys::backtrace::__rust_end_short_backtrace::hb1a25b3da5d0ea08
[INFO] [stdout]                                at /rustc/df4ca44d3fbc9301ee17f30f4d474e6ae4b05252/library/std/src/sys/backtrace.rs:170:18
[INFO] [stdout]   16:     0x60b144e4e20c - rust_begin_unwind
[INFO] [stdout]                                at /rustc/df4ca44d3fbc9301ee17f30f4d474e6ae4b05252/library/std/src/panicking.rs:665:5
[INFO] [stdout]   17:     0x60b144e72920 - core::panicking::panic_fmt::ha9db07b529f9b256
[INFO] [stdout]                                at /rustc/df4ca44d3fbc9301ee17f30f4d474e6ae4b05252/library/core/src/panicking.rs:75:14
[INFO] [stdout]   18:     0x60b144e72ceb - core::panicking::assert_failed_inner::h04f38944d74a80a8
[INFO] [stdout]   19:     0x60b144d012e9 - core::panicking::assert_failed::h26a6458f15107aaa
[INFO] [stdout]                                at /rustc/df4ca44d3fbc9301ee17f30f4d474e6ae4b05252/library/core/src/panicking.rs:377:5
[INFO] [stdout]   20:     0x60b144d3e04b - mini_lsm_starter::tests::week1_day3::test_block_seek_key::heaecec30974f80fc
[INFO] [stdout]                                at /opt/rustwide/workdir/mini-lsm-starter/src/tests/week1_day3.rs:135:13
[INFO] [stdout]   21:     0x60b144d3d8f7 - mini_lsm_starter::tests::week1_day3::test_block_seek_key::{{closure}}::hc4dcd783c467fe0a
[INFO] [stdout]                                at /opt/rustwide/workdir/mini-lsm-starter/src/tests/week1_day3.rs:126:25
[INFO] [stdout]   22:     0x60b144d04076 - core::ops::function::FnOnce::call_once::hc87a20d087341e8f
[INFO] [stdout]                                at /rustc/df4ca44d3fbc9301ee17f30f4d474e6ae4b05252/library/core/src/ops/function.rs:250:5
[INFO] [stdout]   23:     0x60b144dd4a8b - core::ops::function::FnOnce::call_once::h22c3ba5715e93f05
[INFO] [stdout]                                at /rustc/df4ca44d3fbc9301ee17f30f4d474e6ae4b05252/library/core/src/ops/function.rs:250:5
[INFO] [stdout]   24:     0x60b144dd4a8b - test::__rust_begin_short_backtrace::h8e82d8113d0da17f
[INFO] [stdout]                                at /rustc/df4ca44d3fbc9301ee17f30f4d474e6ae4b05252/library/test/src/lib.rs:621:18
[INFO] [stdout]   25:     0x60b144dd4407 - test::run_test_in_process::{{closure}}::h33235f4f20b7b7c7
[INFO] [stdout]                                at /rustc/df4ca44d3fbc9301ee17f30f4d474e6ae4b05252/library/test/src/lib.rs:644:60
[INFO] [stdout]   26:     0x60b144dd4407 - <core::panic::unwind_safe::AssertUnwindSafe<F> as core::ops::function::FnOnce<()>>::call_once::hb5043206310c586f
[INFO] [stdout]                                at /rustc/df4ca44d3fbc9301ee17f30f4d474e6ae4b05252/library/core/src/panic/unwind_safe.rs:272:9
[INFO] [stdout]   27:     0x60b144dd4407 - std::panicking::try::do_call::h9ad4731a60ab23e2
[INFO] [stdout]                                at /rustc/df4ca44d3fbc9301ee17f30f4d474e6ae4b05252/library/std/src/panicking.rs:557:40
[INFO] [stdout]   28:     0x60b144dd4407 - std::panicking::try::h3824d23db772a716
[INFO] [stdout]                                at /rustc/df4ca44d3fbc9301ee17f30f4d474e6ae4b05252/library/std/src/panicking.rs:520:19
[INFO] [stdout]   29:     0x60b144dd4407 - std::panic::catch_unwind::h5afd514605fde46b
[INFO] [stdout]                                at /rustc/df4ca44d3fbc9301ee17f30f4d474e6ae4b05252/library/std/src/panic.rs:358:14
[INFO] [stdout]   30:     0x60b144dd4407 - test::run_test_in_process::h0d5cbfa7067d1720
[INFO] [stdout]                                at /rustc/df4ca44d3fbc9301ee17f30f4d474e6ae4b05252/library/test/src/lib.rs:644:27
[INFO] [stdout]   31:     0x60b144dd4407 - test::run_test::{{closure}}::h708eb8872708115d
[INFO] [stdout]                                at /rustc/df4ca44d3fbc9301ee17f30f4d474e6ae4b05252/library/test/src/lib.rs:565:43
[INFO] [stdout]   32:     0x60b144d97b24 - test::run_test::{{closure}}::h392c51cee94713ab
[INFO] [stdout]                                at /rustc/df4ca44d3fbc9301ee17f30f4d474e6ae4b05252/library/test/src/lib.rs:595:41
[INFO] [stdout]   33:     0x60b144d97b24 - std::sys::backtrace::__rust_begin_short_backtrace::h2f40290710935a8b
[INFO] [stdout]                                at /rustc/df4ca44d3fbc9301ee17f30f4d474e6ae4b05252/library/std/src/sys/backtrace.rs:154:18
[INFO] [stdout]   34:     0x60b144d9b2ce - std::thread::Builder::spawn_unchecked_::{{closure}}::{{closure}}::h3fd968d89053a903
[INFO] [stdout]                                at /rustc/df4ca44d3fbc9301ee17f30f4d474e6ae4b05252/library/std/src/thread/mod.rs:541:17
[INFO] [stdout]   35:     0x60b144d9b2ce - <core::panic::unwind_safe::AssertUnwindSafe<F> as core::ops::function::FnOnce<()>>::call_once::h743f637ba4229880
[INFO] [stdout]                                at /rustc/df4ca44d3fbc9301ee17f30f4d474e6ae4b05252/library/core/src/panic/unwind_safe.rs:272:9
[INFO] [stdout]   36:     0x60b144d9b2ce - std::panicking::try::do_call::h07440897322525a6
[INFO] [stdout]                                at /rustc/df4ca44d3fbc9301ee17f30f4d474e6ae4b05252/library/std/src/panicking.rs:557:40
[INFO] [stdout]   37:     0x60b144d9b2ce - std::panicking::try::he5a2e00188156637
[INFO] [stdout]                                at /rustc/df4ca44d3fbc9301ee17f30f4d474e6ae4b05252/library/std/src/panicking.rs:520:19
[INFO] [stdout]   38:     0x60b144d9b2ce - std::panic::catch_unwind::hbaf3cae49b3c6433
[INFO] [stdout]                                at /rustc/df4ca44d3fbc9301ee17f30f4d474e6ae4b05252/library/std/src/panic.rs:358:14
[INFO] [stdout]   39:     0x60b144d9b2ce - std::thread::Builder::spawn_unchecked_::{{closure}}::h8e141ea224820bce
[INFO] [stdout]                                at /rustc/df4ca44d3fbc9301ee17f30f4d474e6ae4b05252/library/std/src/thread/mod.rs:540:30
[INFO] [stdout]   40:     0x60b144d9b2ce - core::ops::function::FnOnce::call_once{{vtable.shim}}::h90d312fedd7b8ea8
[INFO] [stdout]                                at /rustc/df4ca44d3fbc9301ee17f30f4d474e6ae4b05252/library/core/src/ops/function.rs:250:5
[INFO] [stdout]   41:     0x60b144e5304b - <alloc::boxed::Box<F,A> as core::ops::function::FnOnce<Args>>::call_once::h69aa08ddb6adb8b6
[INFO] [stdout]                                at /rustc/df4ca44d3fbc9301ee17f30f4d474e6ae4b05252/library/alloc/src/boxed.rs:2454:9
[INFO] [stdout]   42:     0x60b144e5304b - <alloc::boxed::Box<F,A> as core::ops::function::FnOnce<Args>>::call_once::h5aa36efdb79c806f
[INFO] [stdout]                                at /rustc/df4ca44d3fbc9301ee17f30f4d474e6ae4b05252/library/alloc/src/boxed.rs:2454:9
[INFO] [stdout]   43:     0x60b144e5304b - std::sys::pal::unix::thread::Thread::new::thread_start::h6cd80a1b4be5158d
[INFO] [stdout]                                at /rustc/df4ca44d3fbc9301ee17f30f4d474e6ae4b05252/library/std/src/sys/pal/unix/thread.rs:105:17
[INFO] [stdout]   44:     0x7ef930506ac3 - <unknown>
[INFO] [stdout]   45:     0x7ef930597a04 - clone
[INFO] [stdout]   46:                0x0 - <unknown>
[INFO] [stdout] 
[INFO] [stdout] 
[INFO] [stdout] failures:
[INFO] [stdout]     tests::week1_day3::test_block_iterator
[INFO] [stdout]     tests::week1_day3::test_block_seek_key
[INFO] [stdout] 
[INFO] [stdout] test result: FAILED. 21 passed; 2 failed; 0 ignored; 0 measured; 0 filtered out; finished in 0.02s
[INFO] [stdout] 
[INFO] [stderr] error: test failed, to rerun pass `-p mini-lsm-starter --lib`
[INFO] running `Command { std: "docker" "inspect" "fa54cefad3539f8ef7913e23c880b3daab2e1e47ca6bafe8b2f29d08fd9d8956", kill_on_drop: false }`
[INFO] running `Command { std: "docker" "rm" "-f" "fa54cefad3539f8ef7913e23c880b3daab2e1e47ca6bafe8b2f29d08fd9d8956", kill_on_drop: false }`
[INFO] [stdout] fa54cefad3539f8ef7913e23c880b3daab2e1e47ca6bafe8b2f29d08fd9d8956
