[INFO] cloning repository https://github.com/AOSC-Dev/distinst-squashfs
[INFO] running `Command { std: "git" "-c" "credential.helper=" "-c" "credential.helper=/workspace/cargo-home/bin/git-credential-null" "clone" "--bare" "https://github.com/AOSC-Dev/distinst-squashfs" "/workspace/cache/git-repos/https%3A%2F%2Fgithub.com%2FAOSC-Dev%2Fdistinst-squashfs", kill_on_drop: false }`
[INFO] [stderr] Cloning into bare repository '/workspace/cache/git-repos/https%3A%2F%2Fgithub.com%2FAOSC-Dev%2Fdistinst-squashfs'...
[INFO] running `Command { std: "git" "rev-parse" "HEAD", kill_on_drop: false }`
[INFO] [stdout] a73185b0385f29da4b9eb33e7b78641b325319f6
[INFO] testing AOSC-Dev/distinst-squashfs/a73185b0385f29da4b9eb33e7b78641b325319f6 against nightly-2024-10-28+rustflags=-Zrandomize-layout for randomize-layout
[INFO] running `Command { std: "git" "clone" "/workspace/cache/git-repos/https%3A%2F%2Fgithub.com%2FAOSC-Dev%2Fdistinst-squashfs" "/workspace/builds/worker-2-tc2/source", kill_on_drop: false }`
[INFO] [stderr] Cloning into '/workspace/builds/worker-2-tc2/source'...
[INFO] [stderr] done.
[INFO] validating manifest of git repo https://github.com/AOSC-Dev/distinst-squashfs on toolchain nightly-2024-10-28
[INFO] running `Command { std: CARGO_HOME="/workspace/cargo-home" RUSTUP_HOME="/workspace/rustup-home" "/workspace/cargo-home/bin/cargo" "+nightly-2024-10-28" "metadata" "--manifest-path" "Cargo.toml" "--no-deps", kill_on_drop: false }`
[INFO] started tweaking git repo https://github.com/AOSC-Dev/distinst-squashfs
[INFO] finished tweaking git repo https://github.com/AOSC-Dev/distinst-squashfs
[INFO] tweaked toml for git repo https://github.com/AOSC-Dev/distinst-squashfs written to /workspace/builds/worker-2-tc2/source/Cargo.toml
[INFO] crate git repo https://github.com/AOSC-Dev/distinst-squashfs already has a lockfile, it will not be regenerated
[INFO] running `Command { std: CARGO_HOME="/workspace/cargo-home" RUSTUP_HOME="/workspace/rustup-home" "/workspace/cargo-home/bin/cargo" "+nightly-2024-10-28" "fetch" "--manifest-path" "Cargo.toml", kill_on_drop: false }`
[INFO] running `Command { std: "docker" "create" "-v" "/var/lib/crater-agent-workspace/builds/worker-2-tc2/target:/opt/rustwide/target:rw,Z" "-v" "/var/lib/crater-agent-workspace/builds/worker-2-tc2/source:/opt/rustwide/workdir:ro,Z" "-v" "/var/lib/crater-agent-workspace/cargo-home:/opt/rustwide/cargo-home:ro,Z" "-v" "/var/lib/crater-agent-workspace/rustup-home:/opt/rustwide/rustup-home:ro,Z" "-e" "SOURCE_DIR=/opt/rustwide/workdir" "-e" "CARGO_TARGET_DIR=/opt/rustwide/target" "-e" "CARGO_HOME=/opt/rustwide/cargo-home" "-e" "RUSTUP_HOME=/opt/rustwide/rustup-home" "-w" "/opt/rustwide/workdir" "-m" "1610612736" "--user" "0:0" "--network" "none" "ghcr.io/rust-lang/crates-build-env/linux@sha256:4a844ea9eb2546a2d2c7022eacef16ef2e8229c7fbb2c7d4d55a9ceca922f72d" "/opt/rustwide/cargo-home/bin/cargo" "+nightly-2024-10-28" "metadata" "--no-deps" "--format-version=1", kill_on_drop: false }`
[INFO] [stdout] e1b5787db0fa0724b483d11defbd99eaa10915283eadbd85fc16bfec48bc56c6
[INFO] running `Command { std: "docker" "start" "-a" "e1b5787db0fa0724b483d11defbd99eaa10915283eadbd85fc16bfec48bc56c6", kill_on_drop: false }`
[INFO] running `Command { std: "docker" "inspect" "e1b5787db0fa0724b483d11defbd99eaa10915283eadbd85fc16bfec48bc56c6", kill_on_drop: false }`
[INFO] running `Command { std: "docker" "rm" "-f" "e1b5787db0fa0724b483d11defbd99eaa10915283eadbd85fc16bfec48bc56c6", kill_on_drop: false }`
[INFO] [stdout] e1b5787db0fa0724b483d11defbd99eaa10915283eadbd85fc16bfec48bc56c6
[INFO] running `Command { std: "docker" "create" "-v" "/var/lib/crater-agent-workspace/builds/worker-2-tc2/target:/opt/rustwide/target:rw,Z" "-v" "/var/lib/crater-agent-workspace/builds/worker-2-tc2/source:/opt/rustwide/workdir:ro,Z" "-v" "/var/lib/crater-agent-workspace/cargo-home:/opt/rustwide/cargo-home:ro,Z" "-v" "/var/lib/crater-agent-workspace/rustup-home:/opt/rustwide/rustup-home:ro,Z" "-e" "SOURCE_DIR=/opt/rustwide/workdir" "-e" "CARGO_TARGET_DIR=/opt/rustwide/target" "-e" "CARGO_INCREMENTAL=0" "-e" "RUST_BACKTRACE=full" "-e" "RUSTFLAGS=--cap-lints=forbid -Zrandomize-layout" "-e" "RUSTDOCFLAGS=--cap-lints=forbid" "-e" "CARGO_HOME=/opt/rustwide/cargo-home" "-e" "RUSTUP_HOME=/opt/rustwide/rustup-home" "-w" "/opt/rustwide/workdir" "-m" "1610612736" "--user" "0:0" "--network" "none" "ghcr.io/rust-lang/crates-build-env/linux@sha256:4a844ea9eb2546a2d2c7022eacef16ef2e8229c7fbb2c7d4d55a9ceca922f72d" "/opt/rustwide/cargo-home/bin/cargo" "+nightly-2024-10-28" "build" "--frozen" "--message-format=json", kill_on_drop: false }`
[INFO] [stdout] cefb2f59f2aeada487a3d49a32e0c3a07d75142632097673036a4669c675b141
[INFO] running `Command { std: "docker" "start" "-a" "cefb2f59f2aeada487a3d49a32e0c3a07d75142632097673036a4669c675b141", kill_on_drop: false }`
[INFO] [stderr]    Compiling proc-macro2 v1.0.79
[INFO] [stderr]    Compiling rustix v0.38.31
[INFO] [stderr]    Compiling linux-raw-sys v0.4.13
[INFO] [stderr]    Compiling once_cell v1.18.0
[INFO] [stderr]    Compiling bitflags v2.4.2
[INFO] [stderr]    Compiling libc v0.2.153
[INFO] [stderr]    Compiling either v1.10.0
[INFO] [stderr]    Compiling home v0.5.9
[INFO] [stderr]    Compiling tracing-core v0.1.32
[INFO] [stderr]    Compiling quote v1.0.35
[INFO] [stderr]    Compiling syn v2.0.53
[INFO] [stderr]    Compiling which v6.0.0
[INFO] [stderr]    Compiling tracing-attributes v0.1.27
[INFO] [stderr]    Compiling tracing v0.1.40
[INFO] [stderr]    Compiling unsquashfs-wrapper v0.2.1 (/opt/rustwide/workdir)
[INFO] [stderr]     Finished `dev` profile [unoptimized + debuginfo] target(s) in 3.89s
[INFO] running `Command { std: "docker" "inspect" "cefb2f59f2aeada487a3d49a32e0c3a07d75142632097673036a4669c675b141", kill_on_drop: false }`
[INFO] running `Command { std: "docker" "rm" "-f" "cefb2f59f2aeada487a3d49a32e0c3a07d75142632097673036a4669c675b141", kill_on_drop: false }`
[INFO] [stdout] cefb2f59f2aeada487a3d49a32e0c3a07d75142632097673036a4669c675b141
[INFO] running `Command { std: "docker" "create" "-v" "/var/lib/crater-agent-workspace/builds/worker-2-tc2/target:/opt/rustwide/target:rw,Z" "-v" "/var/lib/crater-agent-workspace/builds/worker-2-tc2/source:/opt/rustwide/workdir:ro,Z" "-v" "/var/lib/crater-agent-workspace/cargo-home:/opt/rustwide/cargo-home:ro,Z" "-v" "/var/lib/crater-agent-workspace/rustup-home:/opt/rustwide/rustup-home:ro,Z" "-e" "SOURCE_DIR=/opt/rustwide/workdir" "-e" "CARGO_TARGET_DIR=/opt/rustwide/target" "-e" "CARGO_INCREMENTAL=0" "-e" "RUST_BACKTRACE=full" "-e" "RUSTFLAGS=--cap-lints=forbid -Zrandomize-layout" "-e" "RUSTDOCFLAGS=--cap-lints=forbid" "-e" "CARGO_HOME=/opt/rustwide/cargo-home" "-e" "RUSTUP_HOME=/opt/rustwide/rustup-home" "-w" "/opt/rustwide/workdir" "-m" "1610612736" "--user" "0:0" "--network" "none" "ghcr.io/rust-lang/crates-build-env/linux@sha256:4a844ea9eb2546a2d2c7022eacef16ef2e8229c7fbb2c7d4d55a9ceca922f72d" "/opt/rustwide/cargo-home/bin/cargo" "+nightly-2024-10-28" "test" "--frozen" "--no-run" "--message-format=json", kill_on_drop: false }`
[INFO] [stdout] 2d8b424400f92f23172f70052974ea4b8630cff4766384faca9c21dd38f2d6ac
[INFO] running `Command { std: "docker" "start" "-a" "2d8b424400f92f23172f70052974ea4b8630cff4766384faca9c21dd38f2d6ac", kill_on_drop: false }`
[INFO] [stderr]    Compiling unsquashfs-wrapper v0.2.1 (/opt/rustwide/workdir)
[INFO] [stderr]     Finished `test` profile [unoptimized + debuginfo] target(s) in 0.26s
[INFO] running `Command { std: "docker" "inspect" "2d8b424400f92f23172f70052974ea4b8630cff4766384faca9c21dd38f2d6ac", kill_on_drop: false }`
[INFO] running `Command { std: "docker" "rm" "-f" "2d8b424400f92f23172f70052974ea4b8630cff4766384faca9c21dd38f2d6ac", kill_on_drop: false }`
[INFO] [stdout] 2d8b424400f92f23172f70052974ea4b8630cff4766384faca9c21dd38f2d6ac
[INFO] running `Command { std: "docker" "create" "-v" "/var/lib/crater-agent-workspace/builds/worker-2-tc2/target:/opt/rustwide/target:rw,Z" "-v" "/var/lib/crater-agent-workspace/builds/worker-2-tc2/source:/opt/rustwide/workdir:ro,Z" "-v" "/var/lib/crater-agent-workspace/cargo-home:/opt/rustwide/cargo-home:ro,Z" "-v" "/var/lib/crater-agent-workspace/rustup-home:/opt/rustwide/rustup-home:ro,Z" "-e" "SOURCE_DIR=/opt/rustwide/workdir" "-e" "CARGO_TARGET_DIR=/opt/rustwide/target" "-e" "CARGO_INCREMENTAL=0" "-e" "RUST_BACKTRACE=full" "-e" "RUSTFLAGS=--cap-lints=forbid -Zrandomize-layout" "-e" "RUSTDOCFLAGS=--cap-lints=forbid" "-e" "CARGO_HOME=/opt/rustwide/cargo-home" "-e" "RUSTUP_HOME=/opt/rustwide/rustup-home" "-w" "/opt/rustwide/workdir" "-m" "1610612736" "--user" "0:0" "--network" "none" "ghcr.io/rust-lang/crates-build-env/linux@sha256:4a844ea9eb2546a2d2c7022eacef16ef2e8229c7fbb2c7d4d55a9ceca922f72d" "/opt/rustwide/cargo-home/bin/cargo" "+nightly-2024-10-28" "test" "--frozen", kill_on_drop: false }`
[INFO] [stdout] 9c8782611377e2ec939583c2d7cd01d103132c118591afb18c1c285f9a35f21c
[INFO] running `Command { std: "docker" "start" "-a" "9c8782611377e2ec939583c2d7cd01d103132c118591afb18c1c285f9a35f21c", kill_on_drop: false }`
[INFO] [stderr]     Finished `test` profile [unoptimized + debuginfo] target(s) in 0.02s
[INFO] [stderr]      Running unittests src/lib.rs (/opt/rustwide/target/debug/deps/unsquashfs_wrapper-944fcd125ef062f8)
[INFO] [stdout] 
[INFO] [stdout] running 0 tests
[INFO] [stdout] 
[INFO] [stdout] test result: ok. 0 passed; 0 failed; 0 ignored; 0 measured; 0 filtered out; finished in 0.00s
[INFO] [stdout] 
[INFO] [stderr]    Doc-tests unsquashfs_wrapper
[INFO] [stdout] 
[INFO] [stdout] running 1 test
[INFO] [stdout] test src/lib.rs - extract (line 132) ... FAILED
[INFO] [stdout] 
[INFO] [stdout] failures:
[INFO] [stdout] 
[INFO] [stdout] ---- src/lib.rs - extract (line 132) stdout ----
[INFO] [stdout] error[E0061]: this function takes 5 arguments but 4 arguments were supplied
[INFO] [stdout]    --> src/lib.rs:135:5
[INFO] [stdout]     |
[INFO] [stdout] 5   |       unsquashfs_wrapper::extract(
[INFO] [stdout]     |  _____^^^^^^^^^^^^^^^^^^^^^^^^^^^-
[INFO] [stdout] 6   | |         "/home/saki/aosc-os_base_20230322_amd64.squashfs",
[INFO] [stdout] 7   | |         "/tmp/test",
[INFO] [stdout] 8   | |         None,
[INFO] [stdout] ...   |
[INFO] [stdout] 11  | |         },
[INFO] [stdout] 12  | |     )
[INFO] [stdout]     | |_____- argument #5 of type `Arc<AtomicBool>` is missing
[INFO] [stdout]     |
[INFO] [stdout] note: function defined here
[INFO] [stdout]    --> /opt/rustwide/workdir/src/lib.rs:145:8
[INFO] [stdout]     |
[INFO] [stdout] 145 | pub fn extract<P: AsRef<Path>, Q: AsRef<Path>, F: FnMut(i32)>(
[INFO] [stdout]     |        ^^^^^^^
[INFO] [stdout] help: provide the argument
[INFO] [stdout]     |
[INFO] [stdout] 5   ~     unsquashfs_wrapper::extract("/home/saki/aosc-os_base_20230322_amd64.squashfs", "/tmp/test", None, move |c| {
[INFO] [stdout] 6   +             dbg!(c);
[INFO] [stdout] 7   +         }, /* Arc<AtomicBool> */)
[INFO] [stdout]     |
[INFO] [stdout] 
[INFO] [stdout] error: aborting due to 1 previous error
[INFO] [stdout] 
[INFO] [stdout] For more information about this error, try `rustc --explain E0061`.
[INFO] [stdout] Couldn't compile the test.
[INFO] [stdout] 
[INFO] [stdout] failures:
[INFO] [stdout]     src/lib.rs - extract (line 132)
[INFO] [stdout] 
[INFO] [stdout] test result: FAILED. 0 passed; 1 failed; 0 ignored; 0 measured; 0 filtered out; finished in 0.04s
[INFO] [stdout] 
[INFO] [stderr] error: doctest failed, to rerun pass `--doc`
[INFO] running `Command { std: "docker" "inspect" "9c8782611377e2ec939583c2d7cd01d103132c118591afb18c1c285f9a35f21c", kill_on_drop: false }`
[INFO] running `Command { std: "docker" "rm" "-f" "9c8782611377e2ec939583c2d7cd01d103132c118591afb18c1c285f9a35f21c", kill_on_drop: false }`
[INFO] [stdout] 9c8782611377e2ec939583c2d7cd01d103132c118591afb18c1c285f9a35f21c
