[INFO] cloning repository https://github.com/AIDXNZ/pentest
[INFO] running `Command { std: "git" "-c" "credential.helper=" "-c" "credential.helper=/workspace/cargo-home/bin/git-credential-null" "clone" "--bare" "https://github.com/AIDXNZ/pentest" "/workspace/cache/git-repos/https%3A%2F%2Fgithub.com%2FAIDXNZ%2Fpentest", kill_on_drop: false }`
[INFO] [stderr] Cloning into bare repository '/workspace/cache/git-repos/https%3A%2F%2Fgithub.com%2FAIDXNZ%2Fpentest'...
[INFO] running `Command { std: "git" "rev-parse" "HEAD", kill_on_drop: false }`
[INFO] [stdout] e30fbc7df5a9b1a2628c1ed6b95332a3ff065774
[INFO] testing AIDXNZ/pentest/e30fbc7df5a9b1a2628c1ed6b95332a3ff065774 against nightly-2024-10-28 for randomize-layout
[INFO] running `Command { std: "git" "clone" "/workspace/cache/git-repos/https%3A%2F%2Fgithub.com%2FAIDXNZ%2Fpentest" "/workspace/builds/worker-2-tc1/source", kill_on_drop: false }`
[INFO] [stderr] Cloning into '/workspace/builds/worker-2-tc1/source'...
[INFO] [stderr] done.
[INFO] validating manifest of git repo https://github.com/AIDXNZ/pentest on toolchain nightly-2024-10-28
[INFO] running `Command { std: CARGO_HOME="/workspace/cargo-home" RUSTUP_HOME="/workspace/rustup-home" "/workspace/cargo-home/bin/cargo" "+nightly-2024-10-28" "metadata" "--manifest-path" "Cargo.toml" "--no-deps", kill_on_drop: false }`
[INFO] started tweaking git repo https://github.com/AIDXNZ/pentest
[INFO] finished tweaking git repo https://github.com/AIDXNZ/pentest
[INFO] tweaked toml for git repo https://github.com/AIDXNZ/pentest written to /workspace/builds/worker-2-tc1/source/Cargo.toml
[INFO] crate git repo https://github.com/AIDXNZ/pentest already has a lockfile, it will not be regenerated
[INFO] running `Command { std: CARGO_HOME="/workspace/cargo-home" RUSTUP_HOME="/workspace/rustup-home" "/workspace/cargo-home/bin/cargo" "+nightly-2024-10-28" "fetch" "--manifest-path" "Cargo.toml", kill_on_drop: false }`
[INFO] [stderr]     Updating crates.io index
[INFO] [stderr]  Downloading crates ...
[INFO] [stderr]   Downloaded serde_spanned v0.6.7
[INFO] [stderr]   Downloaded toml v0.8.19
[INFO] [stderr]   Downloaded sync_wrapper v0.1.2
[INFO] [stderr]   Downloaded error-code v2.3.1
[INFO] [stderr]   Downloaded malloc_buf v0.0.6
[INFO] [stderr]   Downloaded derive-new v0.5.9
[INFO] [stderr]   Downloaded wayland-sys v0.29.5
[INFO] [stderr]   Downloaded tokio-native-tls v0.3.1
[INFO] [stderr]   Downloaded winapi-util v0.1.9
[INFO] [stderr]   Downloaded indexmap v2.2.6
[INFO] [stderr]   Downloaded clap_derive v3.2.25
[INFO] [stderr]   Downloaded hyper-tls v0.6.0
[INFO] [stderr]   Downloaded http v1.1.0
[INFO] [stderr]   Downloaded rust-ini v0.19.0
[INFO] [stderr]   Downloaded str-buf v1.0.6
[INFO] [stderr]   Downloaded clap_lex v0.2.4
[INFO] [stderr]   Downloaded os_str_bytes v6.6.1
[INFO] [stderr]   Downloaded wayland-client v0.29.5
[INFO] [stderr]   Downloaded hyper v1.2.0
[INFO] [stderr]   Downloaded unicode-segmentation v1.11.0
[INFO] [stderr]   Downloaded pest v2.7.11
[INFO] [stderr]   Downloaded rayon v1.10.0
[INFO] [stderr]   Downloaded wayland-protocols v0.29.5
[INFO] [stderr]   Downloaded h2 v0.4.4
[INFO] [stderr]   Downloaded x11rb v0.10.1
[INFO] [stderr]   Downloaded openssl v0.10.64
[INFO] [stderr]   Downloaded clap v3.2.25
[INFO] [stderr]   Downloaded wasm-bindgen v0.2.92
[INFO] [stderr]   Downloaded reqwest v0.12.3
[INFO] [stderr]   Downloaded x11rb-protocol v0.10.0
[INFO] [stderr]   Downloaded serde_json v1.0.127
[INFO] [stderr]   Downloaded syn v2.0.48
[INFO] [stderr]   Downloaded xml-rs v0.8.22
[INFO] [stderr]   Downloaded ron v0.8.1
[INFO] [stderr]   Downloaded unicode-normalization v0.1.23
[INFO] [stderr]   Downloaded textwrap v0.16.1
[INFO] [stderr]   Downloaded downcast-rs v1.2.1
[INFO] [stderr]   Downloaded wl-clipboard-rs v0.7.0
[INFO] [stderr]   Downloaded async-trait v0.1.81
[INFO] [stderr]   Downloaded bumpalo v3.15.4
[INFO] [stderr]   Downloaded objc-foundation v0.1.1
[INFO] [stderr]   Downloaded objc v0.2.7
[INFO] [stderr]   Downloaded os_pipe v1.2.0
[INFO] [stderr]   Downloaded wayland-commons v0.29.5
[INFO] [stderr]   Downloaded memoffset v0.6.5
[INFO] [stderr]   Downloaded web-sys v0.3.69
[INFO] [stderr]   Downloaded tokio v1.35.1
[INFO] [stderr]   Downloaded libc v0.2.152
[INFO] [stderr]   Downloaded x11-clipboard v0.7.1
[INFO] [stderr]   Downloaded petgraph v0.6.5
[INFO] [stderr]   Downloaded pest_generator v2.7.11
[INFO] [stderr]   Downloaded pest_derive v2.7.11
[INFO] [stderr]   Downloaded pathdiff v0.2.1
[INFO] [stderr]   Downloaded dlv-list v0.5.2
[INFO] [stderr]   Downloaded ordered-multimap v0.6.0
[INFO] [stderr]   Downloaded hyper-util v0.1.3
[INFO] [stderr]   Downloaded security-framework v2.10.0
[INFO] [stderr]   Downloaded winnow v0.6.18
[INFO] [stderr]   Downloaded block v0.1.6
[INFO] [stderr]   Downloaded objc_id v0.1.1
[INFO] [stderr]   Downloaded const-random v0.1.18
[INFO] [stderr]   Downloaded config v0.14.0
[INFO] [stderr]   Downloaded indicatif v0.17.8
[INFO] [stderr]   Downloaded base64 v0.22.0
[INFO] [stderr]   Downloaded pin-project v1.1.5
[INFO] [stderr]   Downloaded openssl-sys v0.9.102
[INFO] [stderr]   Downloaded fastrand v2.0.2
[INFO] [stderr]   Downloaded bitflags v2.5.0
[INFO] [stderr]   Downloaded tempfile v3.10.1
[INFO] [stderr]   Downloaded native-tls v0.2.11
[INFO] [stderr]   Downloaded winreg v0.52.0
[INFO] [stderr]   Downloaded wasm-bindgen-futures v0.4.42
[INFO] [stderr]   Downloaded log v0.4.21
[INFO] [stderr]   Downloaded js-sys v0.3.69
[INFO] [stderr]   Downloaded wasm-bindgen-shared v0.2.92
[INFO] [stderr]   Downloaded wasm-bindgen-macro-support v0.2.92
[INFO] [stderr]   Downloaded hermit-abi v0.3.4
[INFO] [stderr]   Downloaded toml_edit v0.22.20
[INFO] [stderr]   Downloaded pest_meta v2.7.11
[INFO] [stderr]   Downloaded getrandom v0.2.14
[INFO] [stderr]   Downloaded yaml-rust v0.4.5
[INFO] [stderr]   Downloaded http-body v1.0.0
[INFO] [stderr]   Downloaded ryu v1.0.17
[INFO] [stderr]   Downloaded clipboard-win v4.5.0
[INFO] [stderr]   Downloaded tree_magic_mini v3.1.5
[INFO] [stderr]   Downloaded wayland-scanner v0.29.5
[INFO] [stderr]   Downloaded cli-clipboard v0.4.0
[INFO] [stderr]   Downloaded convert_case v0.6.0
[INFO] [stderr]   Downloaded json5 v0.4.1
[INFO] [stderr]   Downloaded either v1.10.0
[INFO] [stderr]   Downloaded http-body-util v0.1.1
[INFO] [stderr]   Downloaded pin-project-internal v1.1.5
[INFO] [stderr]   Downloaded security-framework-sys v2.10.0
[INFO] [stderr]   Downloaded wasm-bindgen-backend v0.2.92
[INFO] [stderr]   Downloaded wasm-bindgen-macro v0.2.92
[INFO] [stderr]   Downloaded toml_datetime v0.6.8
[INFO] [stderr]   Downloaded winapi-wsapoll v0.1.2
[INFO] [stderr]   Downloaded pkg-config v0.3.30
[INFO] running `Command { std: "docker" "create" "-v" "/var/lib/crater-agent-workspace/builds/worker-2-tc1/target:/opt/rustwide/target:rw,Z" "-v" "/var/lib/crater-agent-workspace/builds/worker-2-tc1/source:/opt/rustwide/workdir:ro,Z" "-v" "/var/lib/crater-agent-workspace/cargo-home:/opt/rustwide/cargo-home:ro,Z" "-v" "/var/lib/crater-agent-workspace/rustup-home:/opt/rustwide/rustup-home:ro,Z" "-e" "SOURCE_DIR=/opt/rustwide/workdir" "-e" "CARGO_TARGET_DIR=/opt/rustwide/target" "-e" "CARGO_HOME=/opt/rustwide/cargo-home" "-e" "RUSTUP_HOME=/opt/rustwide/rustup-home" "-w" "/opt/rustwide/workdir" "-m" "1610612736" "--user" "0:0" "--network" "none" "ghcr.io/rust-lang/crates-build-env/linux@sha256:4a844ea9eb2546a2d2c7022eacef16ef2e8229c7fbb2c7d4d55a9ceca922f72d" "/opt/rustwide/cargo-home/bin/cargo" "+nightly-2024-10-28" "metadata" "--no-deps" "--format-version=1", kill_on_drop: false }`
[INFO] [stdout] 6c0b444f155b92b7c358e85d6ae1a98f48db7529002ab627be5c3c465969544a
[INFO] running `Command { std: "docker" "start" "-a" "6c0b444f155b92b7c358e85d6ae1a98f48db7529002ab627be5c3c465969544a", kill_on_drop: false }`
[INFO] running `Command { std: "docker" "inspect" "6c0b444f155b92b7c358e85d6ae1a98f48db7529002ab627be5c3c465969544a", kill_on_drop: false }`
[INFO] running `Command { std: "docker" "rm" "-f" "6c0b444f155b92b7c358e85d6ae1a98f48db7529002ab627be5c3c465969544a", kill_on_drop: false }`
[INFO] [stdout] 6c0b444f155b92b7c358e85d6ae1a98f48db7529002ab627be5c3c465969544a
[INFO] running `Command { std: "docker" "create" "-v" "/var/lib/crater-agent-workspace/builds/worker-2-tc1/target:/opt/rustwide/target:rw,Z" "-v" "/var/lib/crater-agent-workspace/builds/worker-2-tc1/source:/opt/rustwide/workdir:ro,Z" "-v" "/var/lib/crater-agent-workspace/cargo-home:/opt/rustwide/cargo-home:ro,Z" "-v" "/var/lib/crater-agent-workspace/rustup-home:/opt/rustwide/rustup-home:ro,Z" "-e" "SOURCE_DIR=/opt/rustwide/workdir" "-e" "CARGO_TARGET_DIR=/opt/rustwide/target" "-e" "CARGO_INCREMENTAL=0" "-e" "RUST_BACKTRACE=full" "-e" "RUSTFLAGS=--cap-lints=forbid" "-e" "RUSTDOCFLAGS=--cap-lints=forbid" "-e" "CARGO_HOME=/opt/rustwide/cargo-home" "-e" "RUSTUP_HOME=/opt/rustwide/rustup-home" "-w" "/opt/rustwide/workdir" "-m" "1610612736" "--user" "0:0" "--network" "none" "ghcr.io/rust-lang/crates-build-env/linux@sha256:4a844ea9eb2546a2d2c7022eacef16ef2e8229c7fbb2c7d4d55a9ceca922f72d" "/opt/rustwide/cargo-home/bin/cargo" "+nightly-2024-10-28" "build" "--frozen" "--message-format=json", kill_on_drop: false }`
[INFO] [stdout] 9fe380f1243c3954bd4a5b32ad9a920ef5d0d1f0a744bf3229e1f523e255f966
[INFO] running `Command { std: "docker" "start" "-a" "9fe380f1243c3954bd4a5b32ad9a920ef5d0d1f0a744bf3229e1f523e255f966", kill_on_drop: false }`
[INFO] [stderr]    Compiling proc-macro2 v1.0.78
[INFO] [stderr]    Compiling unicode-ident v1.0.12
[INFO] [stderr]    Compiling libc v0.2.152
[INFO] [stderr]    Compiling autocfg v1.1.0
[INFO] [stderr]    Compiling cfg-if v1.0.0
[INFO] [stderr]    Compiling once_cell v1.19.0
[INFO] [stderr]    Compiling serde v1.0.197
[INFO] [stderr]    Compiling memchr v2.7.1
[INFO] [stderr]    Compiling pkg-config v0.3.30
[INFO] [stderr]    Compiling smallvec v1.13.1
[INFO] [stderr]    Compiling hashbrown v0.14.3
[INFO] [stderr]    Compiling equivalent v1.0.1
[INFO] [stderr]    Compiling parking_lot_core v0.9.9
[INFO] [stderr]    Compiling log v0.4.21
[INFO] [stderr]    Compiling pin-project-lite v0.2.13
[INFO] [stderr]    Compiling bytes v1.5.0
[INFO] [stderr]    Compiling fnv v1.0.7
[INFO] [stderr]    Compiling itoa v1.0.11
[INFO] [stderr]    Compiling scopeguard v1.2.0
[INFO] [stderr]    Compiling futures-core v0.3.30
[INFO] [stderr]    Compiling thiserror v1.0.63
[INFO] [stderr]    Compiling bitflags v1.3.2
[INFO] [stderr]    Compiling vcpkg v0.2.15
[INFO] [stderr]    Compiling xml-rs v0.8.22
[INFO] [stderr]    Compiling futures-sink v0.3.30
[INFO] [stderr]    Compiling crunchy v0.2.2
[INFO] [stderr]    Compiling tracing-core v0.1.32
[INFO] [stderr]    Compiling tiny-keccak v2.0.2
[INFO] [stderr]    Compiling version_check v0.9.5
[INFO] [stderr]    Compiling syn v1.0.109
[INFO] [stderr]    Compiling lock_api v0.4.11
[INFO] [stderr]    Compiling memoffset v0.6.5
[INFO] [stderr]    Compiling slab v0.4.9
[INFO] [stderr]    Compiling http v1.1.0
[INFO] [stderr]    Compiling pin-utils v0.1.0
[INFO] [stderr]    Compiling futures-task v0.3.30
[INFO] [stderr]    Compiling futures-io v0.3.30
[INFO] [stderr]    Compiling quote v1.0.35
[INFO] [stderr]    Compiling indexmap v2.2.6
[INFO] [stderr]    Compiling wayland-sys v0.29.5
[INFO] [stderr]    Compiling futures-util v0.3.30
[INFO] [stderr]    Compiling openssl v0.10.64
[INFO] [stderr]    Compiling httparse v1.8.0
[INFO] [stderr]    Compiling foreign-types-shared v0.1.1
[INFO] [stderr]    Compiling tracing v0.1.40
[INFO] [stderr]    Compiling syn v2.0.48
[INFO] [stderr]    Compiling wayland-scanner v0.29.5
[INFO] [stderr]    Compiling crossbeam-utils v0.8.19
[INFO] [stderr]    Compiling ucd-trie v0.1.6
[INFO] [stderr]    Compiling foreign-types v0.3.2
[INFO] [stderr]    Compiling proc-macro-error-attr v1.0.4
[INFO] [stderr]    Compiling tinyvec_macros v0.1.1
[INFO] [stderr]    Compiling native-tls v0.2.11
[INFO] [stderr]    Compiling try-lock v0.2.5
[INFO] [stderr]    Compiling minimal-lexical v0.2.1
[INFO] [stderr]    Compiling cc v1.0.83
[INFO] [stderr]    Compiling getrandom v0.2.14
[INFO] [stderr]    Compiling rustix v0.38.31
[INFO] [stderr]    Compiling http-body v1.0.0
[INFO] [stderr]    Compiling want v0.3.1
[INFO] [stderr]    Compiling nom v7.1.3
[INFO] [stderr]    Compiling tinyvec v1.6.0
[INFO] [stderr]    Compiling const-random-macro v0.1.16
[INFO] [stderr]    Compiling proc-macro-error v1.0.4
[INFO] [stderr]    Compiling futures-channel v0.3.30
[INFO] [stderr]    Compiling openssl-probe v0.1.5
[INFO] [stderr]    Compiling fixedbitset v0.4.2
[INFO] [stderr]    Compiling percent-encoding v2.3.1
[INFO] [stderr]    Compiling tower-service v0.3.2
[INFO] [stderr]    Compiling serde_json v1.0.127
[INFO] [stderr]    Compiling base64 v0.21.7
[INFO] [stderr]    Compiling downcast-rs v1.2.1
[INFO] [stderr]    Compiling linux-raw-sys v0.4.13
[INFO] [stderr]    Compiling const-random v0.1.18
[INFO] [stderr]    Compiling num_cpus v1.16.0
[INFO] [stderr]    Compiling signal-hook-registry v1.4.1
[INFO] [stderr]    Compiling socket2 v0.5.5
[INFO] [stderr]    Compiling mio v0.8.10
[INFO] [stderr]    Compiling nix v0.24.3
[INFO] [stderr]    Compiling parking_lot v0.12.1
[INFO] [stderr]    Compiling wayland-client v0.29.5
[INFO] [stderr]    Compiling wayland-protocols v0.29.5
[INFO] [stderr]    Compiling ryu v1.0.17
[INFO] [stderr]    Compiling tower-layer v0.3.2
[INFO] [stderr]    Compiling unicode-normalization v0.1.23
[INFO] [stderr]    Compiling openssl-sys v0.9.102
[INFO] [stderr]    Compiling petgraph v0.6.5
[INFO] [stderr]    Compiling dlv-list v0.5.2
[INFO] [stderr]    Compiling gethostname v0.2.3
[INFO] [stderr]    Compiling form_urlencoded v1.2.1
[INFO] [stderr]    Compiling crossbeam-epoch v0.9.18
[INFO] [stderr]    Compiling indexmap v1.9.3
[INFO] [stderr]    Compiling hashbrown v0.13.2
[INFO] [stderr]    Compiling winnow v0.6.18
[INFO] [stderr]    Compiling rayon-core v1.12.1
[INFO] [stderr]    Compiling home v0.5.9
[INFO] [stderr]    Compiling portable-atomic v1.6.0
[INFO] [stderr]    Compiling lazy_static v1.4.0
[INFO] [stderr]    Compiling unicode-bidi v0.3.15
[INFO] [stderr]    Compiling fastrand v2.0.2
[INFO] [stderr]    Compiling crossbeam-deque v0.8.5
[INFO] [stderr]    Compiling os_pipe v1.2.0
[INFO] [stderr]    Compiling http-body-util v0.1.1
[INFO] [stderr]    Compiling rustls-pki-types v1.4.1
[INFO] [stderr]    Compiling unicode-width v0.1.11
[INFO] [stderr]    Compiling os_str_bytes v6.6.1
[INFO] [stderr]    Compiling hashbrown v0.12.3
[INFO] [stderr]    Compiling idna v0.5.0
[INFO] [stderr]    Compiling linked-hash-map v0.5.6
[INFO] [stderr]    Compiling ordered-multimap v0.6.0
[INFO] [stderr]    Compiling unicode-segmentation v1.11.0
[INFO] [stderr]    Compiling heck v0.4.1
[INFO] [stderr]    Compiling rust-ini v0.19.0
[INFO] [stderr]    Compiling yaml-rust v0.4.5
[INFO] [stderr]    Compiling clap_lex v0.2.4
[INFO] [stderr]    Compiling rustls-pemfile v2.1.1
[INFO] [stderr]    Compiling convert_case v0.6.0
[INFO] [stderr]    Compiling url v2.5.0
[INFO] [stderr]    Compiling console v0.15.8
[INFO] [stderr]    Compiling atty v0.2.14
[INFO] [stderr]    Compiling encoding_rs v0.8.33
[INFO] [stderr]    Compiling sync_wrapper v0.1.2
[INFO] [stderr]    Compiling textwrap v0.16.1
[INFO] [stderr]    Compiling ipnet v2.9.0
[INFO] [stderr]    Compiling mime v0.3.17
[INFO] [stderr]    Compiling tree_magic_mini v3.1.5
[INFO] [stderr]    Compiling strsim v0.10.0
[INFO] [stderr]    Compiling base64 v0.22.0
[INFO] [stderr]    Compiling either v1.10.0
[INFO] [stderr]    Compiling termcolor v1.4.1
[INFO] [stderr]    Compiling number_prefix v0.4.0
[INFO] [stderr]    Compiling pathdiff v0.2.1
[INFO] [stderr]    Compiling rayon v1.10.0
[INFO] [stderr]    Compiling indicatif v0.17.8
[INFO] [stderr]    Compiling serde_derive v1.0.197
[INFO] [stderr]    Compiling thiserror-impl v1.0.63
[INFO] [stderr]    Compiling tokio-macros v2.2.0
[INFO] [stderr]    Compiling openssl-macros v0.1.1
[INFO] [stderr]    Compiling pin-project-internal v1.1.5
[INFO] [stderr]    Compiling async-trait v0.1.81
[INFO] [stderr]    Compiling derive-new v0.5.9
[INFO] [stderr]    Compiling clap_derive v3.2.25
[INFO] [stderr]    Compiling wayland-commons v0.29.5
[INFO] [stderr]    Compiling x11rb-protocol v0.10.0
[INFO] [stderr]    Compiling tokio v1.35.1
[INFO] [stderr]    Compiling pin-project v1.1.5
[INFO] [stderr]    Compiling pest v2.7.11
[INFO] [stderr]    Compiling clap v3.2.25
[INFO] [stderr]    Compiling pest_meta v2.7.11
[INFO] [stderr]    Compiling pest_generator v2.7.11
[INFO] [stderr]    Compiling pest_derive v2.7.11
[INFO] [stderr]    Compiling tokio-util v0.7.10
[INFO] [stderr]    Compiling tower v0.4.13
[INFO] [stderr]    Compiling bitflags v2.5.0
[INFO] [stderr]    Compiling serde_spanned v0.6.7
[INFO] [stderr]    Compiling toml_datetime v0.6.8
[INFO] [stderr]    Compiling json5 v0.4.1
[INFO] [stderr]    Compiling serde_urlencoded v0.7.1
[INFO] [stderr]    Compiling toml_edit v0.22.20
[INFO] [stderr]    Compiling ron v0.8.1
[INFO] [stderr]    Compiling h2 v0.4.4
[INFO] [stderr]    Compiling tempfile v3.10.1
[INFO] [stderr]    Compiling toml v0.8.19
[INFO] [stderr]    Compiling x11rb v0.10.1
[INFO] [stderr]    Compiling config v0.14.0
[INFO] [stderr]    Compiling x11-clipboard v0.7.1
[INFO] [stderr]    Compiling tokio-native-tls v0.3.1
[INFO] [stderr]    Compiling hyper v1.2.0
[INFO] [stderr]    Compiling hyper-util v0.1.3
[INFO] [stderr]    Compiling hyper-tls v0.6.0
[INFO] [stderr]    Compiling reqwest v0.12.3
[INFO] [stderr]    Compiling wl-clipboard-rs v0.7.0
[INFO] [stderr]    Compiling cli-clipboard v0.4.0
[INFO] [stderr]    Compiling pentest v0.1.0 (/opt/rustwide/workdir)
[INFO] [stdout] warning: unused import: `std::fs::OpenOptions`
[INFO] [stdout]  --> src/kronos.rs:4:5
[INFO] [stdout]   |
[INFO] [stdout] 4 | use std::fs::OpenOptions;
[INFO] [stdout]   |     ^^^^^^^^^^^^^^^^^^^^
[INFO] [stdout]   |
[INFO] [stdout]   = note: `#[warn(unused_imports)]` on by default
[INFO] [stdout] 
[INFO] [stdout] 
[INFO] [stdout] warning: unused import: `std::io::Write`
[INFO] [stdout]  --> src/kronos.rs:5:5
[INFO] [stdout]   |
[INFO] [stdout] 5 | use std::io::Write;
[INFO] [stdout]   |     ^^^^^^^^^^^^^^
[INFO] [stdout] 
[INFO] [stdout] 
[INFO] [stdout] warning: unused import: `default`
[INFO] [stdout]  --> src/zap.rs:3:11
[INFO] [stdout]   |
[INFO] [stdout] 3 | use std::{default, env, thread};
[INFO] [stdout]   |           ^^^^^^^
[INFO] [stdout] 
[INFO] [stdout] 
[INFO] [stdout] warning: unused import: `serde::de::value::Error`
[INFO] [stdout]  --> src/main.rs:7:5
[INFO] [stdout]   |
[INFO] [stdout] 7 | use serde::de::value::Error;
[INFO] [stdout]   |     ^^^^^^^^^^^^^^^^^^^^^^^
[INFO] [stdout] 
[INFO] [stdout] 
[INFO] [stdout] warning: unused import: `std::env`
[INFO] [stdout]  --> src/main.rs:8:5
[INFO] [stdout]   |
[INFO] [stdout] 8 | use std::env;
[INFO] [stdout]   |     ^^^^^^^^
[INFO] [stdout] 
[INFO] [stdout] 
[INFO] [stdout] warning: unused import: `tokio::fs`
[INFO] [stdout]   --> src/main.rs:12:5
[INFO] [stdout]    |
[INFO] [stdout] 12 | use tokio::fs;
[INFO] [stdout]    |     ^^^^^^^^^
[INFO] [stdout] 
[INFO] [stdout] 
[INFO] [stdout] warning: unused import: `utils::Config`
[INFO] [stdout]   --> src/main.rs:13:5
[INFO] [stdout]    |
[INFO] [stdout] 13 | use utils::Config;
[INFO] [stdout]    |     ^^^^^^^^^^^^^
[INFO] [stdout] 
[INFO] [stdout] 
[INFO] [stdout] warning: unreachable expression
[INFO] [stdout]   --> src/main.rs:55:5
[INFO] [stdout]    |
[INFO] [stdout] 54 |     loop {}
[INFO] [stdout]    |     ------- any code following this expression is unreachable
[INFO] [stdout] 55 |     Ok(())
[INFO] [stdout]    |     ^^^^^^ unreachable expression
[INFO] [stdout]    |
[INFO] [stdout]    = note: `#[warn(unreachable_code)]` on by default
[INFO] [stdout] 
[INFO] [stdout] 
[INFO] [stdout] warning: unused import: `clap::Parser`
[INFO] [stdout]  --> src/kronos.rs:8:5
[INFO] [stdout]   |
[INFO] [stdout] 8 | use clap::Parser;
[INFO] [stdout]   |     ^^^^^^^^^^^^
[INFO] [stdout] 
[INFO] [stdout] 
[INFO] [stdout] warning: unused variable: `is_ftp`
[INFO] [stdout]   --> src/main.rs:61:9
[INFO] [stdout]    |
[INFO] [stdout] 61 |     let is_ftp = results.contains("20") | results.contains("21");
[INFO] [stdout]    |         ^^^^^^ help: if this is intentional, prefix it with an underscore: `_is_ftp`
[INFO] [stdout]    |
[INFO] [stdout]    = note: `#[warn(unused_variables)]` on by default
[INFO] [stdout] 
[INFO] [stdout] 
[INFO] [stdout] warning: function `fuzz` is never used
[INFO] [stdout]  --> src/fuzzing.rs:3:21
[INFO] [stdout]   |
[INFO] [stdout] 3 | pub(crate) async fn fuzz(url: String) {
[INFO] [stdout]   |                     ^^^^
[INFO] [stdout]   |
[INFO] [stdout]   = note: `#[warn(dead_code)]` on by default
[INFO] [stdout] 
[INFO] [stdout] 
[INFO] [stdout] warning: constant `TARGET_PHRASE` is never used
[INFO] [stdout]   --> src/kronos.rs:10:7
[INFO] [stdout]    |
[INFO] [stdout] 10 | const TARGET_PHRASE: &str = "27b47455f301788ebf9f85d0d1aa90d5";
[INFO] [stdout]    |       ^^^^^^^^^^^^^
[INFO] [stdout] 
[INFO] [stdout] 
[INFO] [stdout] warning: constant `API_URL` is never used
[INFO] [stdout]   --> src/kronos.rs:17:7
[INFO] [stdout]    |
[INFO] [stdout] 17 | const API_URL: &str = "https://labs.hackthebox.com/";
[INFO] [stdout]    |       ^^^^^^^
[INFO] [stdout] 
[INFO] [stdout] 
[INFO] [stdout] warning: function `start_daemon` is never used
[INFO] [stdout]   --> src/kronos.rs:21:14
[INFO] [stdout]    |
[INFO] [stdout] 21 | pub async fn start_daemon() {
[INFO] [stdout]    |              ^^^^^^^^^^^^
[INFO] [stdout] 
[INFO] [stdout] 
[INFO] [stdout] warning: function `is_valid_hex` is never used
[INFO] [stdout]   --> src/kronos.rs:64:4
[INFO] [stdout]    |
[INFO] [stdout] 64 | fn is_valid_hex(s: &str) -> bool {
[INFO] [stdout]    |    ^^^^^^^^^^^^
[INFO] [stdout] 
[INFO] [stdout] 
[INFO] [stdout] warning: function `submit_flag` is never used
[INFO] [stdout]   --> src/kronos.rs:75:10
[INFO] [stdout]    |
[INFO] [stdout] 75 | async fn submit_flag(flag: &str) -> bool {
[INFO] [stdout]    |          ^^^^^^^^^^^
[INFO] [stdout] 
[INFO] [stdout] 
[INFO] [stdout] warning: function `nmap_scan` is never used
[INFO] [stdout]  --> src/nmap.rs:5:21
[INFO] [stdout]   |
[INFO] [stdout] 5 | pub(crate) async fn nmap_scan(ip: String) {
[INFO] [stdout]   |                     ^^^^^^^^^
[INFO] [stdout] 
[INFO] [stdout] 
[INFO] [stdout] warning: function `process_nmap_result` is never used
[INFO] [stdout]   --> src/nmap.rs:23:4
[INFO] [stdout]    |
[INFO] [stdout] 23 | fn process_nmap_result(res: String)  {
[INFO] [stdout]    |    ^^^^^^^^^^^^^^^^^^^
[INFO] [stdout] 
[INFO] [stdout] 
[INFO] [stdout] warning: fields `wordlist`, `zap`, and `htb` are never read
[INFO] [stdout]  --> src/utils.rs:7:9
[INFO] [stdout]   |
[INFO] [stdout] 6 | pub struct Config {
[INFO] [stdout]   |            ------ fields in this struct
[INFO] [stdout] 7 |     pub wordlist: HashMap<String, String>,
[INFO] [stdout]   |         ^^^^^^^^
[INFO] [stdout] 8 |     pub zap: HashMap<String, String>,
[INFO] [stdout]   |         ^^^
[INFO] [stdout] 9 |     pub htb: HashMap<String, String>
[INFO] [stdout]   |         ^^^
[INFO] [stdout] 
[INFO] [stdout] 
[INFO] [stdout] warning: fields `zap_api_url` and `api_key` are never read
[INFO] [stdout]   --> src/zap.rs:9:9
[INFO] [stdout]    |
[INFO] [stdout] 8  | pub struct ZapConfig {
[INFO] [stdout]    |            --------- fields in this struct
[INFO] [stdout] 9  |     pub zap_api_url: String,
[INFO] [stdout]    |         ^^^^^^^^^^^
[INFO] [stdout] 10 |     pub api_key: String,
[INFO] [stdout]    |         ^^^^^^^
[INFO] [stdout]    |
[INFO] [stdout]    = note: `ZapConfig` has a derived impl for the trait `Debug`, but this is intentionally ignored during dead code analysis
[INFO] [stdout] 
[INFO] [stdout] 
[INFO] [stdout] warning: associated functions `new` and `from_env` are never used
[INFO] [stdout]   --> src/zap.rs:14:12
[INFO] [stdout]    |
[INFO] [stdout] 13 | impl ZapConfig {
[INFO] [stdout]    | -------------- associated functions in this implementation
[INFO] [stdout] 14 |     pub fn new() -> Self {
[INFO] [stdout]    |            ^^^
[INFO] [stdout] ...
[INFO] [stdout] 19 |     pub fn from_env() -> Result<Self, Box<dyn std::error::Error>> {
[INFO] [stdout]    |            ^^^^^^^^
[INFO] [stdout] 
[INFO] [stdout] 
[INFO] [stdout] warning: struct `ZapScanner` is never constructed
[INFO] [stdout]   --> src/zap.rs:30:12
[INFO] [stdout]    |
[INFO] [stdout] 30 | pub struct ZapScanner {
[INFO] [stdout]    |            ^^^^^^^^^^
[INFO] [stdout] 
[INFO] [stdout] 
[INFO] [stdout] warning: multiple associated items are never used
[INFO] [stdout]    --> src/zap.rs:36:12
[INFO] [stdout]     |
[INFO] [stdout] 35  | impl ZapScanner {
[INFO] [stdout]     | --------------- associated items in this implementation
[INFO] [stdout] 36  |     pub fn new(zap_api_url: String, api_key: String) -> Self {
[INFO] [stdout]     |            ^^^
[INFO] [stdout] ...
[INFO] [stdout] 45  |     pub async fn scan_target(&self, target_url: &str) -> Result<String, Box<dyn std::error::Error>> {
[INFO] [stdout]     |                  ^^^^^^^^^^^
[INFO] [stdout] ...
[INFO] [stdout] 65  |     async fn start_spider(&self, target_url: &str) -> Result<String, reqwest::Error> {
[INFO] [stdout]     |              ^^^^^^^^^^^^
[INFO] [stdout] ...
[INFO] [stdout] 71  |     async fn wait_for_spider_completion(&self, scan_id: &str) -> Result<(), reqwest::Error> {
[INFO] [stdout]     |              ^^^^^^^^^^^^^^^^^^^^^^^^^^
[INFO] [stdout] ...
[INFO] [stdout] 84  |     async fn start_active_scan(&self, target_url: &str) -> Result<String, reqwest::Error> {
[INFO] [stdout]     |              ^^^^^^^^^^^^^^^^^
[INFO] [stdout] ...
[INFO] [stdout] 90  |     async fn wait_for_active_scan_completion(&self, scan_id: &str) -> Result<(), reqwest::Error> {
[INFO] [stdout]     |              ^^^^^^^^^^^^^^^^^^^^^^^^^^^^^^^
[INFO] [stdout] ...
[INFO] [stdout] 103 |     async fn get_alerts(&self, target_url: &str) -> Result<String, reqwest::Error> {
[INFO] [stdout]     |              ^^^^^^^^^^
[INFO] [stdout] 
[INFO] [stdout] 
[INFO] [stderr]     Finished `dev` profile [unoptimized + debuginfo] target(s) in 48.62s
[INFO] running `Command { std: "docker" "inspect" "9fe380f1243c3954bd4a5b32ad9a920ef5d0d1f0a744bf3229e1f523e255f966", kill_on_drop: false }`
[INFO] running `Command { std: "docker" "rm" "-f" "9fe380f1243c3954bd4a5b32ad9a920ef5d0d1f0a744bf3229e1f523e255f966", kill_on_drop: false }`
[INFO] [stdout] 9fe380f1243c3954bd4a5b32ad9a920ef5d0d1f0a744bf3229e1f523e255f966
[INFO] running `Command { std: "docker" "create" "-v" "/var/lib/crater-agent-workspace/builds/worker-2-tc1/target:/opt/rustwide/target:rw,Z" "-v" "/var/lib/crater-agent-workspace/builds/worker-2-tc1/source:/opt/rustwide/workdir:ro,Z" "-v" "/var/lib/crater-agent-workspace/cargo-home:/opt/rustwide/cargo-home:ro,Z" "-v" "/var/lib/crater-agent-workspace/rustup-home:/opt/rustwide/rustup-home:ro,Z" "-e" "SOURCE_DIR=/opt/rustwide/workdir" "-e" "CARGO_TARGET_DIR=/opt/rustwide/target" "-e" "CARGO_INCREMENTAL=0" "-e" "RUST_BACKTRACE=full" "-e" "RUSTFLAGS=--cap-lints=forbid" "-e" "RUSTDOCFLAGS=--cap-lints=forbid" "-e" "CARGO_HOME=/opt/rustwide/cargo-home" "-e" "RUSTUP_HOME=/opt/rustwide/rustup-home" "-w" "/opt/rustwide/workdir" "-m" "1610612736" "--user" "0:0" "--network" "none" "ghcr.io/rust-lang/crates-build-env/linux@sha256:4a844ea9eb2546a2d2c7022eacef16ef2e8229c7fbb2c7d4d55a9ceca922f72d" "/opt/rustwide/cargo-home/bin/cargo" "+nightly-2024-10-28" "test" "--frozen" "--no-run" "--message-format=json", kill_on_drop: false }`
[INFO] [stdout] edcad8565637d287f200270f5c17a75eb009578eca3fe19f1a78927d3e9f9a3f
[INFO] running `Command { std: "docker" "start" "-a" "edcad8565637d287f200270f5c17a75eb009578eca3fe19f1a78927d3e9f9a3f", kill_on_drop: false }`
[INFO] [stderr]    Compiling pentest v0.1.0 (/opt/rustwide/workdir)
[INFO] [stdout] warning: unused import: `std::fs::OpenOptions`
[INFO] [stdout]  --> src/kronos.rs:4:5
[INFO] [stdout]   |
[INFO] [stdout] 4 | use std::fs::OpenOptions;
[INFO] [stdout]   |     ^^^^^^^^^^^^^^^^^^^^
[INFO] [stdout]   |
[INFO] [stdout]   = note: `#[warn(unused_imports)]` on by default
[INFO] [stdout] 
[INFO] [stdout] 
[INFO] [stdout] warning: unused import: `std::io::Write`
[INFO] [stdout]  --> src/kronos.rs:5:5
[INFO] [stdout]   |
[INFO] [stdout] 5 | use std::io::Write;
[INFO] [stdout]   |     ^^^^^^^^^^^^^^
[INFO] [stdout] 
[INFO] [stdout] 
[INFO] [stdout] warning: unused import: `default`
[INFO] [stdout]  --> src/zap.rs:3:11
[INFO] [stdout]   |
[INFO] [stdout] 3 | use std::{default, env, thread};
[INFO] [stdout]   |           ^^^^^^^
[INFO] [stdout] 
[INFO] [stdout] 
[INFO] [stdout] warning: unused import: `serde::de::value::Error`
[INFO] [stdout]  --> src/main.rs:7:5
[INFO] [stdout]   |
[INFO] [stdout] 7 | use serde::de::value::Error;
[INFO] [stdout]   |     ^^^^^^^^^^^^^^^^^^^^^^^
[INFO] [stdout] 
[INFO] [stdout] 
[INFO] [stdout] warning: unused import: `std::env`
[INFO] [stdout]  --> src/main.rs:8:5
[INFO] [stdout]   |
[INFO] [stdout] 8 | use std::env;
[INFO] [stdout]   |     ^^^^^^^^
[INFO] [stdout] 
[INFO] [stdout] 
[INFO] [stdout] warning: unused import: `tokio::fs`
[INFO] [stdout]   --> src/main.rs:12:5
[INFO] [stdout]    |
[INFO] [stdout] 12 | use tokio::fs;
[INFO] [stdout]    |     ^^^^^^^^^
[INFO] [stdout] 
[INFO] [stdout] 
[INFO] [stdout] warning: unused import: `utils::Config`
[INFO] [stdout]   --> src/main.rs:13:5
[INFO] [stdout]    |
[INFO] [stdout] 13 | use utils::Config;
[INFO] [stdout]    |     ^^^^^^^^^^^^^
[INFO] [stdout] 
[INFO] [stdout] 
[INFO] [stdout] warning: unused import: `crate::utils`
[INFO] [stdout]    --> src/main.rs:175:9
[INFO] [stdout]     |
[INFO] [stdout] 175 |     use crate::utils;
[INFO] [stdout]     |         ^^^^^^^^^^^^
[INFO] [stdout] 
[INFO] [stdout] 
[INFO] [stdout] warning: unreachable expression
[INFO] [stdout]   --> src/main.rs:55:5
[INFO] [stdout]    |
[INFO] [stdout] 54 |     loop {}
[INFO] [stdout]    |     ------- any code following this expression is unreachable
[INFO] [stdout] 55 |     Ok(())
[INFO] [stdout]    |     ^^^^^^ unreachable expression
[INFO] [stdout]    |
[INFO] [stdout]    = note: `#[warn(unreachable_code)]` on by default
[INFO] [stdout] 
[INFO] [stdout] 
[INFO] [stdout] warning: unused import: `clap::Parser`
[INFO] [stdout]  --> src/kronos.rs:8:5
[INFO] [stdout]   |
[INFO] [stdout] 8 | use clap::Parser;
[INFO] [stdout]   |     ^^^^^^^^^^^^
[INFO] [stdout] 
[INFO] [stdout] 
[INFO] [stdout] warning: unused variable: `is_ftp`
[INFO] [stdout]   --> src/main.rs:61:9
[INFO] [stdout]    |
[INFO] [stdout] 61 |     let is_ftp = results.contains("20") | results.contains("21");
[INFO] [stdout]    |         ^^^^^^ help: if this is intentional, prefix it with an underscore: `_is_ftp`
[INFO] [stdout]    |
[INFO] [stdout]    = note: `#[warn(unused_variables)]` on by default
[INFO] [stdout] 
[INFO] [stdout] 
[INFO] [stdout] warning: constant `TARGET_PHRASE` is never used
[INFO] [stdout]   --> src/kronos.rs:10:7
[INFO] [stdout]    |
[INFO] [stdout] 10 | const TARGET_PHRASE: &str = "27b47455f301788ebf9f85d0d1aa90d5";
[INFO] [stdout]    |       ^^^^^^^^^^^^^
[INFO] [stdout]    |
[INFO] [stdout]    = note: `#[warn(dead_code)]` on by default
[INFO] [stdout] 
[INFO] [stdout] 
[INFO] [stdout] warning: constant `API_URL` is never used
[INFO] [stdout]   --> src/kronos.rs:17:7
[INFO] [stdout]    |
[INFO] [stdout] 17 | const API_URL: &str = "https://labs.hackthebox.com/";
[INFO] [stdout]    |       ^^^^^^^
[INFO] [stdout] 
[INFO] [stdout] 
[INFO] [stdout] warning: function `start_daemon` is never used
[INFO] [stdout]   --> src/kronos.rs:21:14
[INFO] [stdout]    |
[INFO] [stdout] 21 | pub async fn start_daemon() {
[INFO] [stdout]    |              ^^^^^^^^^^^^
[INFO] [stdout] 
[INFO] [stdout] 
[INFO] [stdout] warning: function `is_valid_hex` is never used
[INFO] [stdout]   --> src/kronos.rs:64:4
[INFO] [stdout]    |
[INFO] [stdout] 64 | fn is_valid_hex(s: &str) -> bool {
[INFO] [stdout]    |    ^^^^^^^^^^^^
[INFO] [stdout] 
[INFO] [stdout] 
[INFO] [stdout] warning: function `submit_flag` is never used
[INFO] [stdout]   --> src/kronos.rs:75:10
[INFO] [stdout]    |
[INFO] [stdout] 75 | async fn submit_flag(flag: &str) -> bool {
[INFO] [stdout]    |          ^^^^^^^^^^^
[INFO] [stdout] 
[INFO] [stdout] 
[INFO] [stdout] warning: function `process_nmap_result` is never used
[INFO] [stdout]   --> src/nmap.rs:23:4
[INFO] [stdout]    |
[INFO] [stdout] 23 | fn process_nmap_result(res: String)  {
[INFO] [stdout]    |    ^^^^^^^^^^^^^^^^^^^
[INFO] [stdout] 
[INFO] [stdout] 
[INFO] [stdout] warning: fields `wordlist`, `zap`, and `htb` are never read
[INFO] [stdout]  --> src/utils.rs:7:9
[INFO] [stdout]   |
[INFO] [stdout] 6 | pub struct Config {
[INFO] [stdout]   |            ------ fields in this struct
[INFO] [stdout] 7 |     pub wordlist: HashMap<String, String>,
[INFO] [stdout]   |         ^^^^^^^^
[INFO] [stdout] 8 |     pub zap: HashMap<String, String>,
[INFO] [stdout]   |         ^^^
[INFO] [stdout] 9 |     pub htb: HashMap<String, String>
[INFO] [stdout]   |         ^^^
[INFO] [stdout] 
[INFO] [stdout] 
[INFO] [stdout] warning: fields `zap_api_url` and `api_key` are never read
[INFO] [stdout]   --> src/zap.rs:9:9
[INFO] [stdout]    |
[INFO] [stdout] 8  | pub struct ZapConfig {
[INFO] [stdout]    |            --------- fields in this struct
[INFO] [stdout] 9  |     pub zap_api_url: String,
[INFO] [stdout]    |         ^^^^^^^^^^^
[INFO] [stdout] 10 |     pub api_key: String,
[INFO] [stdout]    |         ^^^^^^^
[INFO] [stdout]    |
[INFO] [stdout]    = note: `ZapConfig` has a derived impl for the trait `Debug`, but this is intentionally ignored during dead code analysis
[INFO] [stdout] 
[INFO] [stdout] 
[INFO] [stdout] warning: associated functions `new` and `from_env` are never used
[INFO] [stdout]   --> src/zap.rs:14:12
[INFO] [stdout]    |
[INFO] [stdout] 13 | impl ZapConfig {
[INFO] [stdout]    | -------------- associated functions in this implementation
[INFO] [stdout] 14 |     pub fn new() -> Self {
[INFO] [stdout]    |            ^^^
[INFO] [stdout] ...
[INFO] [stdout] 19 |     pub fn from_env() -> Result<Self, Box<dyn std::error::Error>> {
[INFO] [stdout]    |            ^^^^^^^^
[INFO] [stdout] 
[INFO] [stdout] 
[INFO] [stdout] warning: struct `ZapScanner` is never constructed
[INFO] [stdout]   --> src/zap.rs:30:12
[INFO] [stdout]    |
[INFO] [stdout] 30 | pub struct ZapScanner {
[INFO] [stdout]    |            ^^^^^^^^^^
[INFO] [stdout] 
[INFO] [stdout] 
[INFO] [stdout] warning: multiple associated items are never used
[INFO] [stdout]    --> src/zap.rs:36:12
[INFO] [stdout]     |
[INFO] [stdout] 35  | impl ZapScanner {
[INFO] [stdout]     | --------------- associated items in this implementation
[INFO] [stdout] 36  |     pub fn new(zap_api_url: String, api_key: String) -> Self {
[INFO] [stdout]     |            ^^^
[INFO] [stdout] ...
[INFO] [stdout] 45  |     pub async fn scan_target(&self, target_url: &str) -> Result<String, Box<dyn std::error::Error>> {
[INFO] [stdout]     |                  ^^^^^^^^^^^
[INFO] [stdout] ...
[INFO] [stdout] 65  |     async fn start_spider(&self, target_url: &str) -> Result<String, reqwest::Error> {
[INFO] [stdout]     |              ^^^^^^^^^^^^
[INFO] [stdout] ...
[INFO] [stdout] 71  |     async fn wait_for_spider_completion(&self, scan_id: &str) -> Result<(), reqwest::Error> {
[INFO] [stdout]     |              ^^^^^^^^^^^^^^^^^^^^^^^^^^
[INFO] [stdout] ...
[INFO] [stdout] 84  |     async fn start_active_scan(&self, target_url: &str) -> Result<String, reqwest::Error> {
[INFO] [stdout]     |              ^^^^^^^^^^^^^^^^^
[INFO] [stdout] ...
[INFO] [stdout] 90  |     async fn wait_for_active_scan_completion(&self, scan_id: &str) -> Result<(), reqwest::Error> {
[INFO] [stdout]     |              ^^^^^^^^^^^^^^^^^^^^^^^^^^^^^^^
[INFO] [stdout] ...
[INFO] [stdout] 103 |     async fn get_alerts(&self, target_url: &str) -> Result<String, reqwest::Error> {
[INFO] [stdout]     |              ^^^^^^^^^^
[INFO] [stdout] 
[INFO] [stdout] 
[INFO] [stderr]     Finished `test` profile [unoptimized + debuginfo] target(s) in 0.88s
[INFO] running `Command { std: "docker" "inspect" "edcad8565637d287f200270f5c17a75eb009578eca3fe19f1a78927d3e9f9a3f", kill_on_drop: false }`
[INFO] running `Command { std: "docker" "rm" "-f" "edcad8565637d287f200270f5c17a75eb009578eca3fe19f1a78927d3e9f9a3f", kill_on_drop: false }`
[INFO] [stdout] edcad8565637d287f200270f5c17a75eb009578eca3fe19f1a78927d3e9f9a3f
[INFO] running `Command { std: "docker" "create" "-v" "/var/lib/crater-agent-workspace/builds/worker-2-tc1/target:/opt/rustwide/target:rw,Z" "-v" "/var/lib/crater-agent-workspace/builds/worker-2-tc1/source:/opt/rustwide/workdir:ro,Z" "-v" "/var/lib/crater-agent-workspace/cargo-home:/opt/rustwide/cargo-home:ro,Z" "-v" "/var/lib/crater-agent-workspace/rustup-home:/opt/rustwide/rustup-home:ro,Z" "-e" "SOURCE_DIR=/opt/rustwide/workdir" "-e" "CARGO_TARGET_DIR=/opt/rustwide/target" "-e" "CARGO_INCREMENTAL=0" "-e" "RUST_BACKTRACE=full" "-e" "RUSTFLAGS=--cap-lints=forbid" "-e" "RUSTDOCFLAGS=--cap-lints=forbid" "-e" "CARGO_HOME=/opt/rustwide/cargo-home" "-e" "RUSTUP_HOME=/opt/rustwide/rustup-home" "-w" "/opt/rustwide/workdir" "-m" "1610612736" "--user" "0:0" "--network" "none" "ghcr.io/rust-lang/crates-build-env/linux@sha256:4a844ea9eb2546a2d2c7022eacef16ef2e8229c7fbb2c7d4d55a9ceca922f72d" "/opt/rustwide/cargo-home/bin/cargo" "+nightly-2024-10-28" "test" "--frozen", kill_on_drop: false }`
[INFO] [stdout] 79537f35b8fba53ddad22194d6b037ede0157dab0c19daf36d954fb1110e62eb
[INFO] running `Command { std: "docker" "start" "-a" "79537f35b8fba53ddad22194d6b037ede0157dab0c19daf36d954fb1110e62eb", kill_on_drop: false }`
[INFO] [stderr] warning: unused import: `std::fs::OpenOptions`
[INFO] [stderr]  --> src/kronos.rs:4:5
[INFO] [stderr]   |
[INFO] [stderr] 4 | use std::fs::OpenOptions;
[INFO] [stderr]   |     ^^^^^^^^^^^^^^^^^^^^
[INFO] [stderr]   |
[INFO] [stderr]   = note: `#[warn(unused_imports)]` on by default
[INFO] [stderr] 
[INFO] [stderr] warning: unused import: `std::io::Write`
[INFO] [stderr]  --> src/kronos.rs:5:5
[INFO] [stderr]   |
[INFO] [stderr] 5 | use std::io::Write;
[INFO] [stderr]   |     ^^^^^^^^^^^^^^
[INFO] [stderr] 
[INFO] [stderr] warning: unused import: `default`
[INFO] [stderr]  --> src/zap.rs:3:11
[INFO] [stderr]   |
[INFO] [stderr] 3 | use std::{default, env, thread};
[INFO] [stderr]   |           ^^^^^^^
[INFO] [stderr] 
[INFO] [stderr] warning: unused import: `serde::de::value::Error`
[INFO] [stderr]  --> src/main.rs:7:5
[INFO] [stderr]   |
[INFO] [stderr] 7 | use serde::de::value::Error;
[INFO] [stderr]   |     ^^^^^^^^^^^^^^^^^^^^^^^
[INFO] [stderr] 
[INFO] [stderr] warning: unused import: `std::env`
[INFO] [stderr]  --> src/main.rs:8:5
[INFO] [stderr]   |
[INFO] [stderr] 8 | use std::env;
[INFO] [stderr]   |     ^^^^^^^^
[INFO] [stderr] 
[INFO] [stderr] warning: unused import: `tokio::fs`
[INFO] [stderr]   --> src/main.rs:12:5
[INFO] [stderr]    |
[INFO] [stderr] 12 | use tokio::fs;
[INFO] [stderr]    |     ^^^^^^^^^
[INFO] [stderr] 
[INFO] [stderr] warning: unused import: `utils::Config`
[INFO] [stderr]   --> src/main.rs:13:5
[INFO] [stderr]    |
[INFO] [stderr] 13 | use utils::Config;
[INFO] [stderr]    |     ^^^^^^^^^^^^^
[INFO] [stderr] 
[INFO] [stderr] warning: unused import: `crate::utils`
[INFO] [stderr]    --> src/main.rs:175:9
[INFO] [stderr]     |
[INFO] [stderr] 175 |     use crate::utils;
[INFO] [stderr]     |         ^^^^^^^^^^^^
[INFO] [stderr] 
[INFO] [stderr] warning: unreachable expression
[INFO] [stderr]   --> src/main.rs:55:5
[INFO] [stderr]    |
[INFO] [stderr] 54 |     loop {}
[INFO] [stderr]    |     ------- any code following this expression is unreachable
[INFO] [stderr] 55 |     Ok(())
[INFO] [stderr]    |     ^^^^^^ unreachable expression
[INFO] [stderr]    |
[INFO] [stderr]    = note: `#[warn(unreachable_code)]` on by default
[INFO] [stderr] 
[INFO] [stderr] warning: unused import: `clap::Parser`
[INFO] [stderr]  --> src/kronos.rs:8:5
[INFO] [stderr]   |
[INFO] [stderr] 8 | use clap::Parser;
[INFO] [stderr]   |     ^^^^^^^^^^^^
[INFO] [stderr] 
[INFO] [stderr] warning: unused variable: `is_ftp`
[INFO] [stderr]   --> src/main.rs:61:9
[INFO] [stderr]    |
[INFO] [stderr] 61 |     let is_ftp = results.contains("20") | results.contains("21");
[INFO] [stderr]    |         ^^^^^^ help: if this is intentional, prefix it with an underscore: `_is_ftp`
[INFO] [stderr]    |
[INFO] [stderr]    = note: `#[warn(unused_variables)]` on by default
[INFO] [stderr] 
[INFO] [stderr] warning: constant `TARGET_PHRASE` is never used
[INFO] [stderr]   --> src/kronos.rs:10:7
[INFO] [stderr]    |
[INFO] [stderr] 10 | const TARGET_PHRASE: &str = "27b47455f301788ebf9f85d0d1aa90d5";
[INFO] [stderr]    |       ^^^^^^^^^^^^^
[INFO] [stderr]    |
[INFO] [stderr]    = note: `#[warn(dead_code)]` on by default
[INFO] [stderr] 
[INFO] [stderr] warning: constant `API_URL` is never used
[INFO] [stderr]   --> src/kronos.rs:17:7
[INFO] [stderr]    |
[INFO] [stderr] 17 | const API_URL: &str = "https://labs.hackthebox.com/";
[INFO] [stderr]    |       ^^^^^^^
[INFO] [stderr] 
[INFO] [stderr] warning: function `start_daemon` is never used
[INFO] [stderr]   --> src/kronos.rs:21:14
[INFO] [stderr]    |
[INFO] [stderr] 21 | pub async fn start_daemon() {
[INFO] [stderr]    |              ^^^^^^^^^^^^
[INFO] [stderr] 
[INFO] [stderr] warning: function `is_valid_hex` is never used
[INFO] [stderr]   --> src/kronos.rs:64:4
[INFO] [stderr]    |
[INFO] [stderr] 64 | fn is_valid_hex(s: &str) -> bool {
[INFO] [stderr]    |    ^^^^^^^^^^^^
[INFO] [stderr] 
[INFO] [stderr] warning: function `submit_flag` is never used
[INFO] [stderr]   --> src/kronos.rs:75:10
[INFO] [stderr]    |
[INFO] [stderr] 75 | async fn submit_flag(flag: &str) -> bool {
[INFO] [stderr]    |          ^^^^^^^^^^^
[INFO] [stderr] 
[INFO] [stderr] warning: function `process_nmap_result` is never used
[INFO] [stderr]   --> src/nmap.rs:23:4
[INFO] [stderr]    |
[INFO] [stderr] 23 | fn process_nmap_result(res: String)  {
[INFO] [stderr]    |    ^^^^^^^^^^^^^^^^^^^
[INFO] [stderr] 
[INFO] [stderr] warning: fields `wordlist`, `zap`, and `htb` are never read
[INFO] [stderr]  --> src/utils.rs:7:9
[INFO] [stderr]   |
[INFO] [stderr] 6 | pub struct Config {
[INFO] [stderr]   |            ------ fields in this struct
[INFO] [stderr] 7 |     pub wordlist: HashMap<String, String>,
[INFO] [stderr]   |         ^^^^^^^^
[INFO] [stderr] 8 |     pub zap: HashMap<String, String>,
[INFO] [stderr]   |         ^^^
[INFO] [stderr] 9 |     pub htb: HashMap<String, String>
[INFO] [stderr]   |         ^^^
[INFO] [stderr] 
[INFO] [stderr] warning: fields `zap_api_url` and `api_key` are never read
[INFO] [stderr]   --> src/zap.rs:9:9
[INFO] [stderr]    |
[INFO] [stderr] 8  | pub struct ZapConfig {
[INFO] [stderr]    |            --------- fields in this struct
[INFO] [stderr] 9  |     pub zap_api_url: String,
[INFO] [stderr]    |         ^^^^^^^^^^^
[INFO] [stderr] 10 |     pub api_key: String,
[INFO] [stderr]    |         ^^^^^^^
[INFO] [stderr]    |
[INFO] [stderr]    = note: `ZapConfig` has a derived impl for the trait `Debug`, but this is intentionally ignored during dead code analysis
[INFO] [stderr] 
[INFO] [stderr] warning: associated functions `new` and `from_env` are never used
[INFO] [stderr]   --> src/zap.rs:14:12
[INFO] [stderr]    |
[INFO] [stderr] 13 | impl ZapConfig {
[INFO] [stderr]    | -------------- associated functions in this implementation
[INFO] [stderr] 14 |     pub fn new() -> Self {
[INFO] [stderr]    |            ^^^
[INFO] [stderr] ...
[INFO] [stderr] 19 |     pub fn from_env() -> Result<Self, Box<dyn std::error::Error>> {
[INFO] [stderr]    |            ^^^^^^^^
[INFO] [stderr] 
[INFO] [stderr] warning: struct `ZapScanner` is never constructed
[INFO] [stderr]   --> src/zap.rs:30:12
[INFO] [stderr]    |
[INFO] [stderr] 30 | pub struct ZapScanner {
[INFO] [stderr]    |            ^^^^^^^^^^
[INFO] [stderr] 
[INFO] [stderr] warning: multiple associated items are never used
[INFO] [stderr]    --> src/zap.rs:36:12
[INFO] [stderr]     |
[INFO] [stderr] 35  | impl ZapScanner {
[INFO] [stderr]     | --------------- associated items in this implementation
[INFO] [stderr] 36  |     pub fn new(zap_api_url: String, api_key: String) -> Self {
[INFO] [stderr]     |            ^^^
[INFO] [stderr] ...
[INFO] [stderr] 45  |     pub async fn scan_target(&self, target_url: &str) -> Result<String, Box<dyn std::error::Error>> {
[INFO] [stderr]     |                  ^^^^^^^^^^^
[INFO] [stderr] ...
[INFO] [stderr] 65  |     async fn start_spider(&self, target_url: &str) -> Result<String, reqwest::Error> {
[INFO] [stderr]     |              ^^^^^^^^^^^^
[INFO] [stderr] ...
[INFO] [stderr] 71  |     async fn wait_for_spider_completion(&self, scan_id: &str) -> Result<(), reqwest::Error> {
[INFO] [stderr]     |              ^^^^^^^^^^^^^^^^^^^^^^^^^^
[INFO] [stderr] ...
[INFO] [stderr] 84  |     async fn start_active_scan(&self, target_url: &str) -> Result<String, reqwest::Error> {
[INFO] [stderr]     |              ^^^^^^^^^^^^^^^^^
[INFO] [stderr] ...
[INFO] [stderr] 90  |     async fn wait_for_active_scan_completion(&self, scan_id: &str) -> Result<(), reqwest::Error> {
[INFO] [stderr]     |              ^^^^^^^^^^^^^^^^^^^^^^^^^^^^^^^
[INFO] [stderr] ...
[INFO] [stderr] 103 |     async fn get_alerts(&self, target_url: &str) -> Result<String, reqwest::Error> {
[INFO] [stderr]     |              ^^^^^^^^^^
[INFO] [stderr] 
[INFO] [stderr] warning: `pentest` (bin "pentest" test) generated 22 warnings (run `cargo fix --bin "pentest" --tests` to apply 8 suggestions)
[INFO] [stderr]     Finished `test` profile [unoptimized + debuginfo] target(s) in 0.12s
[INFO] [stderr]      Running unittests src/main.rs (/opt/rustwide/target/debug/deps/pentest-332d8ec6a5e36951)
[INFO] [stdout] 
[INFO] [stdout] running 2 tests
[INFO] [stdout] test tests::test_fuzz ... FAILED
[INFO] [stdout] test tests::test_nmap ... FAILED
[INFO] [stdout] 
[INFO] [stdout] failures:
[INFO] [stdout] 
[INFO] [stdout] ---- tests::test_fuzz stdout ----
[INFO] [stdout] Running Feroxbuster on google.com
[INFO] [stdout] thread 'tests::test_fuzz' panicked at src/fuzzing.rs:12:10:
[INFO] [stdout] feroxbuster scan failed...: Os { code: 2, kind: NotFound, message: "No such file or directory" }
[INFO] [stdout] stack backtrace:
[INFO] [stdout]    0:     0x55979df60cda - std::backtrace_rs::backtrace::libunwind::trace::h207520d6e9873551
[INFO] [stdout]                                at /rustc/df4ca44d3fbc9301ee17f30f4d474e6ae4b05252/library/std/src/../../backtrace/src/backtrace/libunwind.rs:116:5
[INFO] [stdout]    1:     0x55979df60cda - std::backtrace_rs::backtrace::trace_unsynchronized::h2ed7433f370e3eca
[INFO] [stdout]                                at /rustc/df4ca44d3fbc9301ee17f30f4d474e6ae4b05252/library/std/src/../../backtrace/src/backtrace/mod.rs:66:5
[INFO] [stdout]    2:     0x55979df60cda - std::sys::backtrace::_print_fmt::h916fac51166b18d7
[INFO] [stdout]                                at /rustc/df4ca44d3fbc9301ee17f30f4d474e6ae4b05252/library/std/src/sys/backtrace.rs:66:9
[INFO] [stdout]    3:     0x55979df60cda - <std::sys::backtrace::BacktraceLock::print::DisplayBacktrace as core::fmt::Display>::fmt::ha0a4c9b8ce3802e6
[INFO] [stdout]                                at /rustc/df4ca44d3fbc9301ee17f30f4d474e6ae4b05252/library/std/src/sys/backtrace.rs:39:26
[INFO] [stdout]    4:     0x55979df87823 - core::fmt::rt::Argument::fmt::h4cfc8587d52b3eb5
[INFO] [stdout]                                at /rustc/df4ca44d3fbc9301ee17f30f4d474e6ae4b05252/library/core/src/fmt/rt.rs:177:76
[INFO] [stdout]    5:     0x55979df87823 - core::fmt::write::h522cc39e5b36ae9f
[INFO] [stdout]                                at /rustc/df4ca44d3fbc9301ee17f30f4d474e6ae4b05252/library/core/src/fmt/mod.rs:1190:21
[INFO] [stdout]    6:     0x55979df5d633 - std::io::Write::write_fmt::h7d3c26752da97734
[INFO] [stdout]                                at /rustc/df4ca44d3fbc9301ee17f30f4d474e6ae4b05252/library/std/src/io/mod.rs:1839:15
[INFO] [stdout]    7:     0x55979df60b22 - std::sys::backtrace::BacktraceLock::print::h4b9e00b29e9c0942
[INFO] [stdout]                                at /rustc/df4ca44d3fbc9301ee17f30f4d474e6ae4b05252/library/std/src/sys/backtrace.rs:42:9
[INFO] [stdout]    8:     0x55979df6216a - std::panicking::default_hook::{{closure}}::hb59b88280d0324d9
[INFO] [stdout]                                at /rustc/df4ca44d3fbc9301ee17f30f4d474e6ae4b05252/library/std/src/panicking.rs:268:22
[INFO] [stdout]    9:     0x55979df61f74 - std::panicking::default_hook::he1dd496665be4a29
[INFO] [stdout]                                at /rustc/df4ca44d3fbc9301ee17f30f4d474e6ae4b05252/library/std/src/panicking.rs:292:9
[INFO] [stdout]   10:     0x55979de813b9 - <alloc::boxed::Box<F,A> as core::ops::function::Fn<Args>>::call::h4ff71de18744e1dc
[INFO] [stdout]                                at /rustc/df4ca44d3fbc9301ee17f30f4d474e6ae4b05252/library/alloc/src/boxed.rs:2468:9
[INFO] [stdout]   11:     0x55979de813b9 - test::test_main::{{closure}}::hcf7c055ce117aa81
[INFO] [stdout]                                at /rustc/df4ca44d3fbc9301ee17f30f4d474e6ae4b05252/library/test/src/lib.rs:133:21
[INFO] [stdout]   12:     0x55979df62868 - <alloc::boxed::Box<F,A> as core::ops::function::Fn<Args>>::call::h1d66c6bbd60c9692
[INFO] [stdout]                                at /rustc/df4ca44d3fbc9301ee17f30f4d474e6ae4b05252/library/alloc/src/boxed.rs:2468:9
[INFO] [stdout]   13:     0x55979df62868 - std::panicking::rust_panic_with_hook::h2ff17fe8f26dfcf8
[INFO] [stdout]                                at /rustc/df4ca44d3fbc9301ee17f30f4d474e6ae4b05252/library/std/src/panicking.rs:809:13
[INFO] [stdout]   14:     0x55979df6262a - std::panicking::begin_panic_handler::{{closure}}::h4fad77951c07e101
[INFO] [stdout]                                at /rustc/df4ca44d3fbc9301ee17f30f4d474e6ae4b05252/library/std/src/panicking.rs:674:13
[INFO] [stdout]   15:     0x55979df611b9 - std::sys::backtrace::__rust_end_short_backtrace::hb1a25b3da5d0ea08
[INFO] [stdout]                                at /rustc/df4ca44d3fbc9301ee17f30f4d474e6ae4b05252/library/std/src/sys/backtrace.rs:170:18
[INFO] [stdout]   16:     0x55979df622bc - rust_begin_unwind
[INFO] [stdout]                                at /rustc/df4ca44d3fbc9301ee17f30f4d474e6ae4b05252/library/std/src/panicking.rs:665:5
[INFO] [stdout]   17:     0x55979df861c0 - core::panicking::panic_fmt::ha9db07b529f9b256
[INFO] [stdout]                                at /rustc/df4ca44d3fbc9301ee17f30f4d474e6ae4b05252/library/core/src/panicking.rs:75:14
[INFO] [stdout]   18:     0x55979df86666 - core::result::unwrap_failed::h5e8218e4d4338b8a
[INFO] [stdout]                                at /rustc/df4ca44d3fbc9301ee17f30f4d474e6ae4b05252/library/core/src/result.rs:1698:5
[INFO] [stdout]   19:     0x55979de3d2c8 - core::result::Result<T,E>::expect::h0df4a83fcc02591f
[INFO] [stdout]                                at /rustc/df4ca44d3fbc9301ee17f30f4d474e6ae4b05252/library/core/src/result.rs:1060:23
[INFO] [stdout]   20:     0x55979de410cf - pentest::fuzzing::fuzz::{{closure}}::h8f339c3f75003df1
[INFO] [stdout]                                at /opt/rustwide/workdir/src/fuzzing.rs:6:24
[INFO] [stdout]   21:     0x55979de42002 - pentest::tests::test_fuzz::{{closure}}::hd2acc4d30b3e98a5
[INFO] [stdout]                                at /opt/rustwide/workdir/src/main.rs:188:51
[INFO] [stdout]   22:     0x55979de3ec0f - tokio::runtime::park::CachedParkThread::block_on::{{closure}}::hc4450afe7fb3cac7
[INFO] [stdout]                                at /opt/rustwide/cargo-home/registry/src/index.crates.io-6f17d22bba15001f/tokio-1.35.1/src/runtime/park.rs:282:63
[INFO] [stdout]   23:     0x55979de3ddd0 - tokio::runtime::coop::with_budget::hcec38d099f8f0182
[INFO] [stdout]                                at /opt/rustwide/cargo-home/registry/src/index.crates.io-6f17d22bba15001f/tokio-1.35.1/src/runtime/coop.rs:107:5
[INFO] [stdout]   24:     0x55979de3ddd0 - tokio::runtime::coop::budget::hdc49c359310d47a1
[INFO] [stdout]                                at /opt/rustwide/cargo-home/registry/src/index.crates.io-6f17d22bba15001f/tokio-1.35.1/src/runtime/coop.rs:73:5
[INFO] [stdout]   25:     0x55979de3ddd0 - tokio::runtime::park::CachedParkThread::block_on::h3487e5d532509fef
[INFO] [stdout]                                at /opt/rustwide/cargo-home/registry/src/index.crates.io-6f17d22bba15001f/tokio-1.35.1/src/runtime/park.rs:282:31
[INFO] [stdout]   26:     0x55979de401de - tokio::runtime::context::blocking::BlockingRegionGuard::block_on::h6ff9db414322f2b8
[INFO] [stdout]                                at /opt/rustwide/cargo-home/registry/src/index.crates.io-6f17d22bba15001f/tokio-1.35.1/src/runtime/context/blocking.rs:66:9
[INFO] [stdout]   27:     0x55979de40770 - tokio::runtime::scheduler::multi_thread::MultiThread::block_on::{{closure}}::hd410bc5a2bf341ed
[INFO] [stdout]                                at /opt/rustwide/cargo-home/registry/src/index.crates.io-6f17d22bba15001f/tokio-1.35.1/src/runtime/scheduler/multi_thread/mod.rs:87:13
[INFO] [stdout]   28:     0x55979de3f6de - tokio::runtime::context::runtime::enter_runtime::hd47884fde39f2588
[INFO] [stdout]                                at /opt/rustwide/cargo-home/registry/src/index.crates.io-6f17d22bba15001f/tokio-1.35.1/src/runtime/context/runtime.rs:65:16
[INFO] [stdout]   29:     0x55979de40738 - tokio::runtime::scheduler::multi_thread::MultiThread::block_on::hfbfaeb995e912978
[INFO] [stdout]                                at /opt/rustwide/cargo-home/registry/src/index.crates.io-6f17d22bba15001f/tokio-1.35.1/src/runtime/scheduler/multi_thread/mod.rs:86:9
[INFO] [stdout]   30:     0x55979de4062b - tokio::runtime::runtime::Runtime::block_on::hf4add544920399c0
[INFO] [stdout]                                at /opt/rustwide/cargo-home/registry/src/index.crates.io-6f17d22bba15001f/tokio-1.35.1/src/runtime/runtime.rs:350:45
[INFO] [stdout]   31:     0x55979de41e29 - pentest::tests::test_fuzz::h87b0a195bc37cfa7
[INFO] [stdout]                                at /opt/rustwide/workdir/src/main.rs:187:9
[INFO] [stdout]   32:     0x55979de41cd7 - pentest::tests::test_fuzz::{{closure}}::hc0bdb8af5ea8a10a
[INFO] [stdout]                                at /opt/rustwide/workdir/src/main.rs:185:19
[INFO] [stdout]   33:     0x55979de3c6b6 - core::ops::function::FnOnce::call_once::he8c4a81339cde566
[INFO] [stdout]                                at /rustc/df4ca44d3fbc9301ee17f30f4d474e6ae4b05252/library/core/src/ops/function.rs:250:5
[INFO] [stdout]   34:     0x55979de85c8b - core::ops::function::FnOnce::call_once::h22c3ba5715e93f05
[INFO] [stdout]                                at /rustc/df4ca44d3fbc9301ee17f30f4d474e6ae4b05252/library/core/src/ops/function.rs:250:5
[INFO] [stdout]   35:     0x55979de85c8b - test::__rust_begin_short_backtrace::h8e82d8113d0da17f
[INFO] [stdout]                                at /rustc/df4ca44d3fbc9301ee17f30f4d474e6ae4b05252/library/test/src/lib.rs:621:18
[INFO] [stdout]   36:     0x55979de85607 - test::run_test_in_process::{{closure}}::h33235f4f20b7b7c7
[INFO] [stdout]                                at /rustc/df4ca44d3fbc9301ee17f30f4d474e6ae4b05252/library/test/src/lib.rs:644:60
[INFO] [stdout]   37:     0x55979de85607 - <core::panic::unwind_safe::AssertUnwindSafe<F> as core::ops::function::FnOnce<()>>::call_once::hb5043206310c586f
[INFO] [stdout]                                at /rustc/df4ca44d3fbc9301ee17f30f4d474e6ae4b05252/library/core/src/panic/unwind_safe.rs:272:9
[INFO] [stdout]   38:     0x55979de85607 - std::panicking::try::do_call::h9ad4731a60ab23e2
[INFO] [stdout]                                at /rustc/df4ca44d3fbc9301ee17f30f4d474e6ae4b05252/library/std/src/panicking.rs:557:40
[INFO] [stdout]   39:     0x55979de85607 - std::panicking::try::h3824d23db772a716
[INFO] [stdout]                                at /rustc/df4ca44d3fbc9301ee17f30f4d474e6ae4b05252/library/std/src/panicking.rs:520:19
[INFO] [stdout]   40:     0x55979de85607 - std::panic::catch_unwind::h5afd514605fde46b
[INFO] [stdout]                                at /rustc/df4ca44d3fbc9301ee17f30f4d474e6ae4b05252/library/std/src/panic.rs:358:14
[INFO] [stdout]   41:     0x55979de85607 - test::run_test_in_process::h0d5cbfa7067d1720
[INFO] [stdout]                                at /rustc/df4ca44d3fbc9301ee17f30f4d474e6ae4b05252/library/test/src/lib.rs:644:27
[INFO] [stdout]   42:     0x55979de85607 - test::run_test::{{closure}}::h708eb8872708115d
[INFO] [stdout]                                at /rustc/df4ca44d3fbc9301ee17f30f4d474e6ae4b05252/library/test/src/lib.rs:565:43
[INFO] [stdout]   43:     0x55979de48d24 - test::run_test::{{closure}}::h392c51cee94713ab
[INFO] [stdout]                                at /rustc/df4ca44d3fbc9301ee17f30f4d474e6ae4b05252/library/test/src/lib.rs:595:41
[INFO] [stdout]   44:     0x55979de48d24 - std::sys::backtrace::__rust_begin_short_backtrace::h2f40290710935a8b
[INFO] [stdout]                                at /rustc/df4ca44d3fbc9301ee17f30f4d474e6ae4b05252/library/std/src/sys/backtrace.rs:154:18
[INFO] [stdout]   45:     0x55979de4c4ce - std::thread::Builder::spawn_unchecked_::{{closure}}::{{closure}}::h3fd968d89053a903
[INFO] [stdout]                                at /rustc/df4ca44d3fbc9301ee17f30f4d474e6ae4b05252/library/std/src/thread/mod.rs:541:17
[INFO] [stdout]   46:     0x55979de4c4ce - <core::panic::unwind_safe::AssertUnwindSafe<F> as core::ops::function::FnOnce<()>>::call_once::h743f637ba4229880
[INFO] [stdout]                                at /rustc/df4ca44d3fbc9301ee17f30f4d474e6ae4b05252/library/core/src/panic/unwind_safe.rs:272:9
[INFO] [stdout]   47:     0x55979de4c4ce - std::panicking::try::do_call::h07440897322525a6
[INFO] [stdout]                                at /rustc/df4ca44d3fbc9301ee17f30f4d474e6ae4b05252/library/std/src/panicking.rs:557:40
[INFO] [stdout]   48:     0x55979de4c4ce - std::panicking::try::he5a2e00188156637
[INFO] [stdout]                                at /rustc/df4ca44d3fbc9301ee17f30f4d474e6ae4b05252/library/std/src/panicking.rs:520:19
[INFO] [stdout]   49:     0x55979de4c4ce - std::panic::catch_unwind::hbaf3cae49b3c6433
[INFO] [stdout]                                at /rustc/df4ca44d3fbc9301ee17f30f4d474e6ae4b05252/library/std/src/panic.rs:358:14
[INFO] [stdout]   50:     0x55979de4c4ce - std::thread::Builder::spawn_unchecked_::{{closure}}::h8e141ea224820bce
[INFO] [stdout]                                at /rustc/df4ca44d3fbc9301ee17f30f4d474e6ae4b05252/library/std/src/thread/mod.rs:540:30
[INFO] [stdout]   51:     0x55979de4c4ce - core::ops::function::FnOnce::call_once{{vtable.shim}}::h90d312fedd7b8ea8
[INFO] [stdout]                                at /rustc/df4ca44d3fbc9301ee17f30f4d474e6ae4b05252/library/core/src/ops/function.rs:250:5
[INFO] [stdout]   52:     0x55979df669db - <alloc::boxed::Box<F,A> as core::ops::function::FnOnce<Args>>::call_once::h69aa08ddb6adb8b6
[INFO] [stdout]                                at /rustc/df4ca44d3fbc9301ee17f30f4d474e6ae4b05252/library/alloc/src/boxed.rs:2454:9
[INFO] [stdout]   53:     0x55979df669db - <alloc::boxed::Box<F,A> as core::ops::function::FnOnce<Args>>::call_once::h5aa36efdb79c806f
[INFO] [stdout]                                at /rustc/df4ca44d3fbc9301ee17f30f4d474e6ae4b05252/library/alloc/src/boxed.rs:2454:9
[INFO] [stdout]   54:     0x55979df669db - std::sys::pal::unix::thread::Thread::new::thread_start::h6cd80a1b4be5158d
[INFO] [stdout]                                at /rustc/df4ca44d3fbc9301ee17f30f4d474e6ae4b05252/library/std/src/sys/pal/unix/thread.rs:105:17
[INFO] [stdout]   55:     0x7e3eceba4ac3 - <unknown>
[INFO] [stdout]   56:     0x7e3ecec35a04 - clone
[INFO] [stdout]   57:                0x0 - <unknown>
[INFO] [stdout] 
[INFO] [stdout] ---- tests::test_nmap stdout ----
[INFO] [stdout] Running nmap on ipfs.io
[INFO] [stdout] thread 'tests::test_nmap' panicked at src/nmap.rs:17:10:
[INFO] [stdout] nmap scan failed...: Os { code: 2, kind: NotFound, message: "No such file or directory" }
[INFO] [stdout] stack backtrace:
[INFO] [stdout]    0:     0x55979df60cda - std::backtrace_rs::backtrace::libunwind::trace::h207520d6e9873551
[INFO] [stdout]                                at /rustc/df4ca44d3fbc9301ee17f30f4d474e6ae4b05252/library/std/src/../../backtrace/src/backtrace/libunwind.rs:116:5
[INFO] [stdout]    1:     0x55979df60cda - std::backtrace_rs::backtrace::trace_unsynchronized::h2ed7433f370e3eca
[INFO] [stdout]                                at /rustc/df4ca44d3fbc9301ee17f30f4d474e6ae4b05252/library/std/src/../../backtrace/src/backtrace/mod.rs:66:5
[INFO] [stdout]    2:     0x55979df60cda - std::sys::backtrace::_print_fmt::h916fac51166b18d7
[INFO] [stdout]                                at /rustc/df4ca44d3fbc9301ee17f30f4d474e6ae4b05252/library/std/src/sys/backtrace.rs:66:9
[INFO] [stdout]    3:     0x55979df60cda - <std::sys::backtrace::BacktraceLock::print::DisplayBacktrace as core::fmt::Display>::fmt::ha0a4c9b8ce3802e6
[INFO] [stdout]                                at /rustc/df4ca44d3fbc9301ee17f30f4d474e6ae4b05252/library/std/src/sys/backtrace.rs:39:26
[INFO] [stdout]    4:     0x55979df87823 - core::fmt::rt::Argument::fmt::h4cfc8587d52b3eb5
[INFO] [stdout]                                at /rustc/df4ca44d3fbc9301ee17f30f4d474e6ae4b05252/library/core/src/fmt/rt.rs:177:76
[INFO] [stdout]    5:     0x55979df87823 - core::fmt::write::h522cc39e5b36ae9f
[INFO] [stdout]                                at /rustc/df4ca44d3fbc9301ee17f30f4d474e6ae4b05252/library/core/src/fmt/mod.rs:1190:21
[INFO] [stdout]    6:     0x55979df5d633 - std::io::Write::write_fmt::h7d3c26752da97734
[INFO] [stdout]                                at /rustc/df4ca44d3fbc9301ee17f30f4d474e6ae4b05252/library/std/src/io/mod.rs:1839:15
[INFO] [stdout]    7:     0x55979df60b22 - std::sys::backtrace::BacktraceLock::print::h4b9e00b29e9c0942
[INFO] [stdout]                                at /rustc/df4ca44d3fbc9301ee17f30f4d474e6ae4b05252/library/std/src/sys/backtrace.rs:42:9
[INFO] [stdout]    8:     0x55979df6216a - std::panicking::default_hook::{{closure}}::hb59b88280d0324d9
[INFO] [stdout]                                at /rustc/df4ca44d3fbc9301ee17f30f4d474e6ae4b05252/library/std/src/panicking.rs:268:22
[INFO] [stdout]    9:     0x55979df61f74 - std::panicking::default_hook::he1dd496665be4a29
[INFO] [stdout]                                at /rustc/df4ca44d3fbc9301ee17f30f4d474e6ae4b05252/library/std/src/panicking.rs:292:9
[INFO] [stdout]   10:     0x55979de813b9 - <alloc::boxed::Box<F,A> as core::ops::function::Fn<Args>>::call::h4ff71de18744e1dc
[INFO] [stdout]                                at /rustc/df4ca44d3fbc9301ee17f30f4d474e6ae4b05252/library/alloc/src/boxed.rs:2468:9
[INFO] [stdout]   11:     0x55979de813b9 - test::test_main::{{closure}}::hcf7c055ce117aa81
[INFO] [stdout]                                at /rustc/df4ca44d3fbc9301ee17f30f4d474e6ae4b05252/library/test/src/lib.rs:133:21
[INFO] [stdout]   12:     0x55979df62868 - <alloc::boxed::Box<F,A> as core::ops::function::Fn<Args>>::call::h1d66c6bbd60c9692
[INFO] [stdout]                                at /rustc/df4ca44d3fbc9301ee17f30f4d474e6ae4b05252/library/alloc/src/boxed.rs:2468:9
[INFO] [stdout]   13:     0x55979df62868 - std::panicking::rust_panic_with_hook::h2ff17fe8f26dfcf8
[INFO] [stdout]                                at /rustc/df4ca44d3fbc9301ee17f30f4d474e6ae4b05252/library/std/src/panicking.rs:809:13
[INFO] [stdout]   14:     0x55979df6262a - std::panicking::begin_panic_handler::{{closure}}::h4fad77951c07e101
[INFO] [stdout]                                at /rustc/df4ca44d3fbc9301ee17f30f4d474e6ae4b05252/library/std/src/panicking.rs:674:13
[INFO] [stdout]   15:     0x55979df611b9 - std::sys::backtrace::__rust_end_short_backtrace::hb1a25b3da5d0ea08
[INFO] [stdout]                                at /rustc/df4ca44d3fbc9301ee17f30f4d474e6ae4b05252/library/std/src/sys/backtrace.rs:170:18
[INFO] [stdout]   16:     0x55979df622bc - rust_begin_unwind
[INFO] [stdout]                                at /rustc/df4ca44d3fbc9301ee17f30f4d474e6ae4b05252/library/std/src/panicking.rs:665:5
[INFO] [stdout]   17:     0x55979df861c0 - core::panicking::panic_fmt::ha9db07b529f9b256
[INFO] [stdout]                                at /rustc/df4ca44d3fbc9301ee17f30f4d474e6ae4b05252/library/core/src/panicking.rs:75:14
[INFO] [stdout]   18:     0x55979df86666 - core::result::unwrap_failed::h5e8218e4d4338b8a
[INFO] [stdout]                                at /rustc/df4ca44d3fbc9301ee17f30f4d474e6ae4b05252/library/core/src/result.rs:1698:5
[INFO] [stdout]   19:     0x55979de3d2c8 - core::result::Result<T,E>::expect::h0df4a83fcc02591f
[INFO] [stdout]                                at /rustc/df4ca44d3fbc9301ee17f30f4d474e6ae4b05252/library/core/src/result.rs:1060:23
[INFO] [stdout]   20:     0x55979de41675 - pentest::nmap::nmap_scan::{{closure}}::h4260102eeccece3e
[INFO] [stdout]                                at /opt/rustwide/workdir/src/nmap.rs:9:23
[INFO] [stdout]   21:     0x55979de41c42 - pentest::tests::test_nmap::{{closure}}::he502b0f8112185d4
[INFO] [stdout]                                at /opt/rustwide/workdir/src/main.rs:181:52
[INFO] [stdout]   22:     0x55979de3ec4f - tokio::runtime::park::CachedParkThread::block_on::{{closure}}::hd1881ddd407cf5b1
[INFO] [stdout]                                at /opt/rustwide/cargo-home/registry/src/index.crates.io-6f17d22bba15001f/tokio-1.35.1/src/runtime/park.rs:282:63
[INFO] [stdout]   23:     0x55979de3e200 - tokio::runtime::coop::with_budget::h11bd6ee110a0787f
[INFO] [stdout]                                at /opt/rustwide/cargo-home/registry/src/index.crates.io-6f17d22bba15001f/tokio-1.35.1/src/runtime/coop.rs:107:5
[INFO] [stdout]   24:     0x55979de3e200 - tokio::runtime::coop::budget::h77123a19aa4ad797
[INFO] [stdout]                                at /opt/rustwide/cargo-home/registry/src/index.crates.io-6f17d22bba15001f/tokio-1.35.1/src/runtime/coop.rs:73:5
[INFO] [stdout]   25:     0x55979de3e200 - tokio::runtime::park::CachedParkThread::block_on::h67b20ef16af240ad
[INFO] [stdout]                                at /opt/rustwide/cargo-home/registry/src/index.crates.io-6f17d22bba15001f/tokio-1.35.1/src/runtime/park.rs:282:31
[INFO] [stdout]   26:     0x55979de4029e - tokio::runtime::context::blocking::BlockingRegionGuard::block_on::h7939c5f735925149
[INFO] [stdout]                                at /opt/rustwide/cargo-home/registry/src/index.crates.io-6f17d22bba15001f/tokio-1.35.1/src/runtime/context/blocking.rs:66:9
[INFO] [stdout]   27:     0x55979de407d0 - tokio::runtime::scheduler::multi_thread::MultiThread::block_on::{{closure}}::hf93dcdc40c1d444f
[INFO] [stdout]                                at /opt/rustwide/cargo-home/registry/src/index.crates.io-6f17d22bba15001f/tokio-1.35.1/src/runtime/scheduler/multi_thread/mod.rs:87:13
[INFO] [stdout]   28:     0x55979de3f8de - tokio::runtime::context::runtime::enter_runtime::hee0cda30641a1b4a
[INFO] [stdout]                                at /opt/rustwide/cargo-home/registry/src/index.crates.io-6f17d22bba15001f/tokio-1.35.1/src/runtime/context/runtime.rs:65:16
[INFO] [stdout]   29:     0x55979de406e8 - tokio::runtime::scheduler::multi_thread::MultiThread::block_on::hc3bd143cd7a7d4d6
[INFO] [stdout]                                at /opt/rustwide/cargo-home/registry/src/index.crates.io-6f17d22bba15001f/tokio-1.35.1/src/runtime/scheduler/multi_thread/mod.rs:86:9
[INFO] [stdout]   30:     0x55979de4048b - tokio::runtime::runtime::Runtime::block_on::h204b275dca876cb0
[INFO] [stdout]                                at /opt/rustwide/cargo-home/registry/src/index.crates.io-6f17d22bba15001f/tokio-1.35.1/src/runtime/runtime.rs:350:45
[INFO] [stdout]   31:     0x55979de41a69 - pentest::tests::test_nmap::h6a228b788c5ccee8
[INFO] [stdout]                                at /opt/rustwide/workdir/src/main.rs:180:9
[INFO] [stdout]   32:     0x55979de41917 - pentest::tests::test_nmap::{{closure}}::hd7d3e64d7a1a5d37
[INFO] [stdout]                                at /opt/rustwide/workdir/src/main.rs:178:19
[INFO] [stdout]   33:     0x55979de3c5e6 - core::ops::function::FnOnce::call_once::h4334ae2c40e4bb10
[INFO] [stdout]                                at /rustc/df4ca44d3fbc9301ee17f30f4d474e6ae4b05252/library/core/src/ops/function.rs:250:5
[INFO] [stdout]   34:     0x55979de85c8b - core::ops::function::FnOnce::call_once::h22c3ba5715e93f05
[INFO] [stdout]                                at /rustc/df4ca44d3fbc9301ee17f30f4d474e6ae4b05252/library/core/src/ops/function.rs:250:5
[INFO] [stdout]   35:     0x55979de85c8b - test::__rust_begin_short_backtrace::h8e82d8113d0da17f
[INFO] [stdout]                                at /rustc/df4ca44d3fbc9301ee17f30f4d474e6ae4b05252/library/test/src/lib.rs:621:18
[INFO] [stdout]   36:     0x55979de85607 - test::run_test_in_process::{{closure}}::h33235f4f20b7b7c7
[INFO] [stdout]                                at /rustc/df4ca44d3fbc9301ee17f30f4d474e6ae4b05252/library/test/src/lib.rs:644:60
[INFO] [stdout]   37:     0x55979de85607 - <core::panic::unwind_safe::AssertUnwindSafe<F> as core::ops::function::FnOnce<()>>::call_once::hb5043206310c586f
[INFO] [stdout]                                at /rustc/df4ca44d3fbc9301ee17f30f4d474e6ae4b05252/library/core/src/panic/unwind_safe.rs:272:9
[INFO] [stdout]   38:     0x55979de85607 - std::panicking::try::do_call::h9ad4731a60ab23e2
[INFO] [stdout]                                at /rustc/df4ca44d3fbc9301ee17f30f4d474e6ae4b05252/library/std/src/panicking.rs:557:40
[INFO] [stdout]   39:     0x55979de85607 - std::panicking::try::h3824d23db772a716
[INFO] [stdout]                                at /rustc/df4ca44d3fbc9301ee17f30f4d474e6ae4b05252/library/std/src/panicking.rs:520:19
[INFO] [stdout]   40:     0x55979de85607 - std::panic::catch_unwind::h5afd514605fde46b
[INFO] [stdout]                                at /rustc/df4ca44d3fbc9301ee17f30f4d474e6ae4b05252/library/std/src/panic.rs:358:14
[INFO] [stdout]   41:     0x55979de85607 - test::run_test_in_process::h0d5cbfa7067d1720
[INFO] [stdout]                                at /rustc/df4ca44d3fbc9301ee17f30f4d474e6ae4b05252/library/test/src/lib.rs:644:27
[INFO] [stdout]   42:     0x55979de85607 - test::run_test::{{closure}}::h708eb8872708115d
[INFO] [stdout]                                at /rustc/df4ca44d3fbc9301ee17f30f4d474e6ae4b05252/library/test/src/lib.rs:565:43
[INFO] [stdout]   43:     0x55979de48d24 - test::run_test::{{closure}}::h392c51cee94713ab
[INFO] [stdout]                                at /rustc/df4ca44d3fbc9301ee17f30f4d474e6ae4b05252/library/test/src/lib.rs:595:41
[INFO] [stdout]   44:     0x55979de48d24 - std::sys::backtrace::__rust_begin_short_backtrace::h2f40290710935a8b
[INFO] [stdout]                                at /rustc/df4ca44d3fbc9301ee17f30f4d474e6ae4b05252/library/std/src/sys/backtrace.rs:154:18
[INFO] [stdout]   45:     0x55979de4c4ce - std::thread::Builder::spawn_unchecked_::{{closure}}::{{closure}}::h3fd968d89053a903
[INFO] [stdout]                                at /rustc/df4ca44d3fbc9301ee17f30f4d474e6ae4b05252/library/std/src/thread/mod.rs:541:17
[INFO] [stdout]   46:     0x55979de4c4ce - <core::panic::unwind_safe::AssertUnwindSafe<F> as core::ops::function::FnOnce<()>>::call_once::h743f637ba4229880
[INFO] [stdout]                                at /rustc/df4ca44d3fbc9301ee17f30f4d474e6ae4b05252/library/core/src/panic/unwind_safe.rs:272:9
[INFO] [stdout]   47:     0x55979de4c4ce - std::panicking::try::do_call::h07440897322525a6
[INFO] [stdout]                                at /rustc/df4ca44d3fbc9301ee17f30f4d474e6ae4b05252/library/std/src/panicking.rs:557:40
[INFO] [stdout]   48:     0x55979de4c4ce - std::panicking::try::he5a2e00188156637
[INFO] [stdout]                                at /rustc/df4ca44d3fbc9301ee17f30f4d474e6ae4b05252/library/std/src/panicking.rs:520:19
[INFO] [stdout]   49:     0x55979de4c4ce - std::panic::catch_unwind::hbaf3cae49b3c6433
[INFO] [stdout]                                at /rustc/df4ca44d3fbc9301ee17f30f4d474e6ae4b05252/library/std/src/panic.rs:358:14
[INFO] [stdout]   50:     0x55979de4c4ce - std::thread::Builder::spawn_unchecked_::{{closure}}::h8e141ea224820bce
[INFO] [stdout]                                at /rustc/df4ca44d3fbc9301ee17f30f4d474e6ae4b05252/library/std/src/thread/mod.rs:540:30
[INFO] [stdout]   51:     0x55979de4c4ce - core::ops::function::FnOnce::call_once{{vtable.shim}}::h90d312fedd7b8ea8
[INFO] [stdout]                                at /rustc/df4ca44d3fbc9301ee17f30f4d474e6ae4b05252/library/core/src/ops/function.rs:250:5
[INFO] [stdout]   52:     0x55979df669db - <alloc::boxed::Box<F,A> as core::ops::function::FnOnce<Args>>::call_once::h69aa08ddb6adb8b6
[INFO] [stdout]                                at /rustc/df4ca44d3fbc9301ee17f30f4d474e6ae4b05252/library/alloc/src/boxed.rs:2454:9
[INFO] [stdout]   53:     0x55979df669db - <alloc::boxed::Box<F,A> as core::ops::function::FnOnce<Args>>::call_once::h5aa36efdb79c806f
[INFO] [stdout]                                at /rustc/df4ca44d3fbc9301ee17f30f4d474e6ae4b05252/library/alloc/src/boxed.rs:2454:9
[INFO] [stdout]   54:     0x55979df669db - std::sys::pal::unix::thread::Thread::new::thread_start::h6cd80a1b4be5158d
[INFO] [stdout]                                at /rustc/df4ca44d3fbc9301ee17f30f4d474e6ae4b05252/library/std/src/sys/pal/unix/thread.rs:105:17
[INFO] [stdout]   55:     0x7e3eceba4ac3 - <unknown>
[INFO] [stdout]   56:     0x7e3ecec35a04 - clone
[INFO] [stdout]   57:                0x0 - <unknown>
[INFO] [stdout] 
[INFO] [stdout] 
[INFO] [stdout] failures:
[INFO] [stdout]     tests::test_fuzz
[INFO] [stdout]     tests::test_nmap
[INFO] [stdout] 
[INFO] [stdout] test result: FAILED. 0 passed; 2 failed; 0 ignored; 0 measured; 0 filtered out; finished in 0.06s
[INFO] [stdout] 
[INFO] [stderr] error: test failed, to rerun pass `--bin pentest`
[INFO] running `Command { std: "docker" "inspect" "79537f35b8fba53ddad22194d6b037ede0157dab0c19daf36d954fb1110e62eb", kill_on_drop: false }`
[INFO] running `Command { std: "docker" "rm" "-f" "79537f35b8fba53ddad22194d6b037ede0157dab0c19daf36d954fb1110e62eb", kill_on_drop: false }`
[INFO] [stdout] 79537f35b8fba53ddad22194d6b037ede0157dab0c19daf36d954fb1110e62eb
