[INFO] cloning repository https://github.com/6d7a/rasn-compiler
[INFO] running `Command { std: "git" "-c" "credential.helper=" "-c" "credential.helper=/workspace/cargo-home/bin/git-credential-null" "clone" "--bare" "https://github.com/6d7a/rasn-compiler" "/workspace/cache/git-repos/https%3A%2F%2Fgithub.com%2F6d7a%2Frasn-compiler", kill_on_drop: false }`
[INFO] [stderr] Cloning into bare repository '/workspace/cache/git-repos/https%3A%2F%2Fgithub.com%2F6d7a%2Frasn-compiler'...
[INFO] running `Command { std: "git" "rev-parse" "HEAD", kill_on_drop: false }`
[INFO] [stdout] aa0b18ba0ef3b61a30edf45b897c46b04f6ad149
[INFO] testing 6d7a/rasn-compiler/aa0b18ba0ef3b61a30edf45b897c46b04f6ad149 against nightly-2024-10-28 for randomize-layout
[INFO] running `Command { std: "git" "clone" "/workspace/cache/git-repos/https%3A%2F%2Fgithub.com%2F6d7a%2Frasn-compiler" "/workspace/builds/worker-3-tc1/source", kill_on_drop: false }`
[INFO] [stderr] Cloning into '/workspace/builds/worker-3-tc1/source'...
[INFO] [stderr] done.
[INFO] validating manifest of git repo https://github.com/6d7a/rasn-compiler on toolchain nightly-2024-10-28
[INFO] running `Command { std: CARGO_HOME="/workspace/cargo-home" RUSTUP_HOME="/workspace/rustup-home" "/workspace/cargo-home/bin/cargo" "+nightly-2024-10-28" "metadata" "--manifest-path" "Cargo.toml" "--no-deps", kill_on_drop: false }`
[INFO] started tweaking git repo https://github.com/6d7a/rasn-compiler
[INFO] finished tweaking git repo https://github.com/6d7a/rasn-compiler
[INFO] tweaked toml for git repo https://github.com/6d7a/rasn-compiler written to /workspace/builds/worker-3-tc1/source/Cargo.toml
[INFO] crate git repo https://github.com/6d7a/rasn-compiler already has a lockfile, it will not be regenerated
[INFO] running `Command { std: CARGO_HOME="/workspace/cargo-home" RUSTUP_HOME="/workspace/rustup-home" "/workspace/cargo-home/bin/cargo" "+nightly-2024-10-28" "fetch" "--manifest-path" "Cargo.toml", kill_on_drop: false }`
[INFO] [stderr] warning: /workspace/builds/worker-3-tc1/source/rasn-compiler/internal-macros/Cargo.toml: no edition set: defaulting to the 2015 edition while the latest is 2021
[INFO] [stderr]     Updating crates.io index
[INFO] [stderr]  Downloading crates ...
[INFO] [stderr]   Downloaded rasn-kerberos v0.19.0
[INFO] [stderr]   Downloaded bitvec-nom2 v0.2.1
[INFO] [stderr]   Downloaded konst_kernel v0.3.9
[INFO] [stderr]   Downloaded rasn-derive v0.19.0
[INFO] [stderr]   Downloaded bitvec-nom v0.2.0
[INFO] [stderr]   Downloaded konst v0.3.9
[INFO] [stderr]   Downloaded rasn v0.19.0
[INFO] running `Command { std: "docker" "create" "-v" "/var/lib/crater-agent-workspace/builds/worker-3-tc1/target:/opt/rustwide/target:rw,Z" "-v" "/var/lib/crater-agent-workspace/builds/worker-3-tc1/source:/opt/rustwide/workdir:ro,Z" "-v" "/var/lib/crater-agent-workspace/cargo-home:/opt/rustwide/cargo-home:ro,Z" "-v" "/var/lib/crater-agent-workspace/rustup-home:/opt/rustwide/rustup-home:ro,Z" "-e" "SOURCE_DIR=/opt/rustwide/workdir" "-e" "CARGO_TARGET_DIR=/opt/rustwide/target" "-e" "CARGO_HOME=/opt/rustwide/cargo-home" "-e" "RUSTUP_HOME=/opt/rustwide/rustup-home" "-w" "/opt/rustwide/workdir" "-m" "1610612736" "--user" "0:0" "--network" "none" "ghcr.io/rust-lang/crates-build-env/linux@sha256:4a844ea9eb2546a2d2c7022eacef16ef2e8229c7fbb2c7d4d55a9ceca922f72d" "/opt/rustwide/cargo-home/bin/cargo" "+nightly-2024-10-28" "metadata" "--no-deps" "--format-version=1", kill_on_drop: false }`
[INFO] [stdout] 63d792dcc08e4e37a2b1fab42ec530f36a7b4b03ac72b6b23ae2aa1391a1625a
[INFO] running `Command { std: "docker" "start" "-a" "63d792dcc08e4e37a2b1fab42ec530f36a7b4b03ac72b6b23ae2aa1391a1625a", kill_on_drop: false }`
[INFO] running `Command { std: "docker" "inspect" "63d792dcc08e4e37a2b1fab42ec530f36a7b4b03ac72b6b23ae2aa1391a1625a", kill_on_drop: false }`
[INFO] running `Command { std: "docker" "rm" "-f" "63d792dcc08e4e37a2b1fab42ec530f36a7b4b03ac72b6b23ae2aa1391a1625a", kill_on_drop: false }`
[INFO] [stdout] 63d792dcc08e4e37a2b1fab42ec530f36a7b4b03ac72b6b23ae2aa1391a1625a
[INFO] running `Command { std: "docker" "create" "-v" "/var/lib/crater-agent-workspace/builds/worker-3-tc1/target:/opt/rustwide/target:rw,Z" "-v" "/var/lib/crater-agent-workspace/builds/worker-3-tc1/source:/opt/rustwide/workdir:ro,Z" "-v" "/var/lib/crater-agent-workspace/cargo-home:/opt/rustwide/cargo-home:ro,Z" "-v" "/var/lib/crater-agent-workspace/rustup-home:/opt/rustwide/rustup-home:ro,Z" "-e" "SOURCE_DIR=/opt/rustwide/workdir" "-e" "CARGO_TARGET_DIR=/opt/rustwide/target" "-e" "CARGO_INCREMENTAL=0" "-e" "RUST_BACKTRACE=full" "-e" "RUSTFLAGS=--cap-lints=forbid" "-e" "RUSTDOCFLAGS=--cap-lints=forbid" "-e" "CARGO_HOME=/opt/rustwide/cargo-home" "-e" "RUSTUP_HOME=/opt/rustwide/rustup-home" "-w" "/opt/rustwide/workdir" "-m" "1610612736" "--user" "0:0" "--network" "none" "ghcr.io/rust-lang/crates-build-env/linux@sha256:4a844ea9eb2546a2d2c7022eacef16ef2e8229c7fbb2c7d4d55a9ceca922f72d" "/opt/rustwide/cargo-home/bin/cargo" "+nightly-2024-10-28" "build" "--frozen" "--message-format=json", kill_on_drop: false }`
[INFO] [stdout] c88383ef7cb124c811ab86e2cf4ae60e0d7cc619bbb53f9765c709bce07a65e1
[INFO] running `Command { std: "docker" "start" "-a" "c88383ef7cb124c811ab86e2cf4ae60e0d7cc619bbb53f9765c709bce07a65e1", kill_on_drop: false }`
[INFO] [stderr] warning: /opt/rustwide/workdir/rasn-compiler/internal-macros/Cargo.toml: no edition set: defaulting to the 2015 edition while the latest is 2021
[INFO] [stderr]    Compiling autocfg v1.2.0
[INFO] [stderr]    Compiling proc-macro2 v1.0.86
[INFO] [stderr]    Compiling unicode-ident v1.0.12
[INFO] [stderr]    Compiling crossbeam-utils v0.8.19
[INFO] [stderr]    Compiling syn v1.0.109
[INFO] [stderr]    Compiling cfg-if v1.0.0
[INFO] [stderr]    Compiling memchr v2.7.2
[INFO] [stderr]    Compiling libc v0.2.153
[INFO] [stderr]    Compiling rayon-core v1.12.1
[INFO] [stderr]    Compiling version_check v0.9.5
[INFO] [stderr]    Compiling minimal-lexical v0.2.1
[INFO] [stderr]    Compiling radium v0.7.0
[INFO] [stderr]    Compiling num-traits v0.2.19
[INFO] [stderr]    Compiling num-rational v0.4.1
[INFO] [stderr]    Compiling ahash v0.8.11
[INFO] [stderr]    Compiling typewit_proc_macros v1.8.1
[INFO] [stderr]    Compiling nom v7.1.3
[INFO] [stderr]    Compiling doc-comment v0.3.3
[INFO] [stderr]    Compiling crossbeam-epoch v0.9.18
[INFO] [stderr]    Compiling tap v1.0.1
[INFO] [stderr]    Compiling either v1.13.0
[INFO] [stderr]    Compiling quote v1.0.37
[INFO] [stderr]    Compiling iana-time-zone v0.1.60
[INFO] [stderr]    Compiling crossbeam-deque v0.8.5
[INFO] [stderr]    Compiling serde v1.0.210
[INFO] [stderr]    Compiling getrandom v0.2.13
[INFO] [stderr]    Compiling wyz v0.5.1
[INFO] [stderr]    Compiling typewit v1.9.0
[INFO] [stderr]    Compiling once_cell v1.19.0
[INFO] [stderr]    Compiling serde_json v1.0.128
[INFO] [stderr]    Compiling zerocopy v0.7.35
[INFO] [stderr]    Compiling num-integer v0.1.46
[INFO] [stderr]    Compiling num-complex v0.4.5
[INFO] [stderr]    Compiling chrono v0.4.38
[INFO] [stderr]    Compiling heck v0.4.1
[INFO] [stderr]    Compiling num-iter v0.1.44
[INFO] [stderr]    Compiling funty v2.0.0
[INFO] [stderr]    Compiling rayon v1.10.0
[INFO] [stderr]    Compiling num v0.4.1
[INFO] [stderr]    Compiling konst_kernel v0.3.9
[INFO] [stderr]    Compiling uuid v1.10.0
[INFO] [stderr]    Compiling itertools v0.13.0
[INFO] [stderr]    Compiling bitvec v1.0.1
[INFO] [stderr]    Compiling ryu v1.0.18
[INFO] [stderr]    Compiling const_panic v0.2.8
[INFO] [stderr]    Compiling itoa v1.0.11
[INFO] [stderr]    Compiling konst v0.3.9
[INFO] [stderr]    Compiling hashbrown v0.14.5
[INFO] [stderr]    Compiling num-bigint v0.4.6
[INFO] [stderr]    Compiling syn v2.0.58
[INFO] [stderr]    Compiling rasn-compiler v0.5.3 (/opt/rustwide/workdir/rasn-compiler)
[INFO] [stdout] warning: elided lifetime has a name
[INFO] [stdout]    --> rasn-compiler/src/lexer/util.rs:107:34
[INFO] [stdout]     |
[INFO] [stdout] 104 | pub fn take_until_unbalanced<'a>(
[INFO] [stdout]     |                              -- lifetime `'a` declared here
[INFO] [stdout] ...
[INFO] [stdout] 107 | ) -> impl Fn(&'a str) -> IResult<&str, &str> {
[INFO] [stdout]     |                                  ^ this elided lifetime gets resolved as `'a`
[INFO] [stdout]     |
[INFO] [stdout]     = note: `#[warn(elided_named_lifetimes)]` on by default
[INFO] [stdout] 
[INFO] [stdout] 
[INFO] [stdout] warning: elided lifetime has a name
[INFO] [stdout]    --> rasn-compiler/src/lexer/util.rs:107:40
[INFO] [stdout]     |
[INFO] [stdout] 104 | pub fn take_until_unbalanced<'a>(
[INFO] [stdout]     |                              -- lifetime `'a` declared here
[INFO] [stdout] ...
[INFO] [stdout] 107 | ) -> impl Fn(&'a str) -> IResult<&str, &str> {
[INFO] [stdout]     |                                        ^ this elided lifetime gets resolved as `'a`
[INFO] [stdout] 
[INFO] [stdout] 
[INFO] [stdout] warning: elided lifetime has a name
[INFO] [stdout]    --> rasn-compiler/src/validator/linking/information_object.rs:184:17
[INFO] [stdout]     |
[INFO] [stdout] 181 |     pub fn get_field<'a>(
[INFO] [stdout]     |                      -- lifetime `'a` declared here
[INFO] [stdout] ...
[INFO] [stdout] 184 |     ) -> Option<&InformationObjectClassField> {
[INFO] [stdout]     |                 ^ this elided lifetime gets resolved as `'a`
[INFO] [stdout] 
[INFO] [stdout] 
[INFO] [stderr]    Compiling bytes v1.7.2
[INFO] [stderr]    Compiling arrayvec v0.7.6
[INFO] [stderr]    Compiling bitvec-nom2 v0.2.1
[INFO] [stderr]    Compiling snafu-derive v0.7.5
[INFO] [stderr]    Compiling rasn-derive v0.19.0
[INFO] [stderr]    Compiling internal_macros v0.0.0 (/opt/rustwide/workdir/rasn-compiler/internal-macros)
[INFO] [stderr]    Compiling snafu v0.7.5
[INFO] [stderr]    Compiling rasn v0.19.0
[INFO] [stderr]    Compiling rasn-compiler-derive v0.5.3 (/opt/rustwide/workdir/rasn-compiler-derive)
[INFO] [stderr]    Compiling rasn-compiler-tests v0.5.3 (/opt/rustwide/workdir/rasn-compiler-tests)
[INFO] [stderr]     Finished `dev` profile [unoptimized + debuginfo] target(s) in 22.43s
[INFO] running `Command { std: "docker" "inspect" "c88383ef7cb124c811ab86e2cf4ae60e0d7cc619bbb53f9765c709bce07a65e1", kill_on_drop: false }`
[INFO] running `Command { std: "docker" "rm" "-f" "c88383ef7cb124c811ab86e2cf4ae60e0d7cc619bbb53f9765c709bce07a65e1", kill_on_drop: false }`
[INFO] [stdout] c88383ef7cb124c811ab86e2cf4ae60e0d7cc619bbb53f9765c709bce07a65e1
[INFO] running `Command { std: "docker" "create" "-v" "/var/lib/crater-agent-workspace/builds/worker-3-tc1/target:/opt/rustwide/target:rw,Z" "-v" "/var/lib/crater-agent-workspace/builds/worker-3-tc1/source:/opt/rustwide/workdir:ro,Z" "-v" "/var/lib/crater-agent-workspace/cargo-home:/opt/rustwide/cargo-home:ro,Z" "-v" "/var/lib/crater-agent-workspace/rustup-home:/opt/rustwide/rustup-home:ro,Z" "-e" "SOURCE_DIR=/opt/rustwide/workdir" "-e" "CARGO_TARGET_DIR=/opt/rustwide/target" "-e" "CARGO_INCREMENTAL=0" "-e" "RUST_BACKTRACE=full" "-e" "RUSTFLAGS=--cap-lints=forbid" "-e" "RUSTDOCFLAGS=--cap-lints=forbid" "-e" "CARGO_HOME=/opt/rustwide/cargo-home" "-e" "RUSTUP_HOME=/opt/rustwide/rustup-home" "-w" "/opt/rustwide/workdir" "-m" "1610612736" "--user" "0:0" "--network" "none" "ghcr.io/rust-lang/crates-build-env/linux@sha256:4a844ea9eb2546a2d2c7022eacef16ef2e8229c7fbb2c7d4d55a9ceca922f72d" "/opt/rustwide/cargo-home/bin/cargo" "+nightly-2024-10-28" "test" "--frozen" "--no-run" "--message-format=json", kill_on_drop: false }`
[INFO] [stdout] a0b737a66103cec7f2ce0273fea9e3bf67c1e3cbe749bbc4b63f7b7cced9f7e0
[INFO] running `Command { std: "docker" "start" "-a" "a0b737a66103cec7f2ce0273fea9e3bf67c1e3cbe749bbc4b63f7b7cced9f7e0", kill_on_drop: false }`
[INFO] [stderr] warning: /opt/rustwide/workdir/rasn-compiler/internal-macros/Cargo.toml: no edition set: defaulting to the 2015 edition while the latest is 2021
[INFO] [stderr] warning: output filename collision.
[INFO] [stderr] The lib target `rasn_compiler` in package `rasn-compiler v0.5.3 (/opt/rustwide/workdir/rasn-compiler)` has the same output filename as the lib target `rasn_compiler` in package `rasn-compiler v0.5.3 (/opt/rustwide/workdir/rasn-compiler)`.
[INFO] [stderr] Colliding filename is: /opt/rustwide/target/debug/deps/librasn_compiler.so
[INFO] [stderr] The targets should have unique names.
[INFO] [stderr] Consider changing their names to be unique or compiling them separately.
[INFO] [stderr] This may become a hard error in the future; see <https://github.com/rust-lang/cargo/issues/6313>.
[INFO] [stderr] warning: output filename collision.
[INFO] [stderr] The lib target `rasn_compiler` in package `rasn-compiler v0.5.3 (/opt/rustwide/workdir/rasn-compiler)` has the same output filename as the lib target `rasn_compiler` in package `rasn-compiler v0.5.3 (/opt/rustwide/workdir/rasn-compiler)`.
[INFO] [stderr] Colliding filename is: /opt/rustwide/target/debug/deps/librasn_compiler.so.dwp
[INFO] [stderr] The targets should have unique names.
[INFO] [stderr] Consider changing their names to be unique or compiling them separately.
[INFO] [stderr] This may become a hard error in the future; see <https://github.com/rust-lang/cargo/issues/6313>.
[INFO] [stderr] warning: output filename collision.
[INFO] [stderr] The lib target `rasn_compiler` in package `rasn-compiler v0.5.3 (/opt/rustwide/workdir/rasn-compiler)` has the same output filename as the lib target `rasn_compiler` in package `rasn-compiler v0.5.3 (/opt/rustwide/workdir/rasn-compiler)`.
[INFO] [stderr] Colliding filename is: /opt/rustwide/target/debug/deps/librasn_compiler.rlib
[INFO] [stderr] The targets should have unique names.
[INFO] [stderr] Consider changing their names to be unique or compiling them separately.
[INFO] [stderr] This may become a hard error in the future; see <https://github.com/rust-lang/cargo/issues/6313>.
[INFO] [stderr]    Compiling num-traits v0.2.19
[INFO] [stderr]    Compiling bitvec v1.0.1
[INFO] [stderr]    Compiling bytes v1.7.2
[INFO] [stderr]    Compiling lazy_static v1.4.0
[INFO] [stderr]    Compiling internal_macros v0.0.0 (/opt/rustwide/workdir/rasn-compiler/internal-macros)
[INFO] [stderr]    Compiling num-integer v0.1.46
[INFO] [stderr]    Compiling num-complex v0.4.5
[INFO] [stderr]    Compiling chrono v0.4.38
[INFO] [stderr]    Compiling num-iter v0.1.44
[INFO] [stderr]    Compiling num-rational v0.4.1
[INFO] [stderr]    Compiling num-bigint v0.4.6
[INFO] [stderr]    Compiling num v0.4.1
[INFO] [stderr]    Compiling bitvec-nom2 v0.2.1
[INFO] [stderr]    Compiling bitvec-nom v0.2.0
[INFO] [stderr]    Compiling rasn-compiler v0.5.3 (/opt/rustwide/workdir/rasn-compiler)
[INFO] [stdout] warning: elided lifetime has a name
[INFO] [stdout]    --> rasn-compiler/src/lexer/util.rs:107:34
[INFO] [stdout]     |
[INFO] [stdout] 104 | pub fn take_until_unbalanced<'a>(
[INFO] [stdout]     |                              -- lifetime `'a` declared here
[INFO] [stdout] ...
[INFO] [stdout] 107 | ) -> impl Fn(&'a str) -> IResult<&str, &str> {
[INFO] [stdout]     |                                  ^ this elided lifetime gets resolved as `'a`
[INFO] [stdout]     |
[INFO] [stdout]     = note: `#[warn(elided_named_lifetimes)]` on by default
[INFO] [stdout] 
[INFO] [stdout] 
[INFO] [stdout] warning: elided lifetime has a name
[INFO] [stdout]    --> rasn-compiler/src/lexer/util.rs:107:40
[INFO] [stdout]     |
[INFO] [stdout] 104 | pub fn take_until_unbalanced<'a>(
[INFO] [stdout]     |                              -- lifetime `'a` declared here
[INFO] [stdout] ...
[INFO] [stdout] 107 | ) -> impl Fn(&'a str) -> IResult<&str, &str> {
[INFO] [stdout]     |                                        ^ this elided lifetime gets resolved as `'a`
[INFO] [stdout] 
[INFO] [stdout] 
[INFO] [stdout] warning: elided lifetime has a name
[INFO] [stdout]    --> rasn-compiler/src/validator/linking/information_object.rs:184:17
[INFO] [stdout]     |
[INFO] [stdout] 181 |     pub fn get_field<'a>(
[INFO] [stdout]     |                      -- lifetime `'a` declared here
[INFO] [stdout] ...
[INFO] [stdout] 184 |     ) -> Option<&InformationObjectClassField> {
[INFO] [stdout]     |                 ^ this elided lifetime gets resolved as `'a`
[INFO] [stdout] 
[INFO] [stdout] 
[INFO] [stdout] warning: elided lifetime has a name
[INFO] [stdout]    --> rasn-compiler/src/lexer/util.rs:107:34
[INFO] [stdout]     |
[INFO] [stdout] 104 | pub fn take_until_unbalanced<'a>(
[INFO] [stdout]     |                              -- lifetime `'a` declared here
[INFO] [stdout] ...
[INFO] [stdout] 107 | ) -> impl Fn(&'a str) -> IResult<&str, &str> {
[INFO] [stdout]     |                                  ^ this elided lifetime gets resolved as `'a`
[INFO] [stdout]     |
[INFO] [stdout]     = note: `#[warn(elided_named_lifetimes)]` on by default
[INFO] [stdout] 
[INFO] [stdout] 
[INFO] [stdout] warning: elided lifetime has a name
[INFO] [stdout]    --> rasn-compiler/src/lexer/util.rs:107:40
[INFO] [stdout]     |
[INFO] [stdout] 104 | pub fn take_until_unbalanced<'a>(
[INFO] [stdout]     |                              -- lifetime `'a` declared here
[INFO] [stdout] ...
[INFO] [stdout] 107 | ) -> impl Fn(&'a str) -> IResult<&str, &str> {
[INFO] [stdout]     |                                        ^ this elided lifetime gets resolved as `'a`
[INFO] [stdout] 
[INFO] [stdout] 
[INFO] [stdout] warning: elided lifetime has a name
[INFO] [stdout]    --> rasn-compiler/src/validator/linking/information_object.rs:184:17
[INFO] [stdout]     |
[INFO] [stdout] 181 |     pub fn get_field<'a>(
[INFO] [stdout]     |                      -- lifetime `'a` declared here
[INFO] [stdout] ...
[INFO] [stdout] 184 |     ) -> Option<&InformationObjectClassField> {
[INFO] [stdout]     |                 ^ this elided lifetime gets resolved as `'a`
[INFO] [stdout] 
[INFO] [stdout] 
[INFO] [stderr]    Compiling rasn v0.19.0
[INFO] [stdout] warning: elided lifetime has a name
[INFO] [stdout]    --> rasn-compiler/src/lexer/util.rs:107:34
[INFO] [stdout]     |
[INFO] [stdout] 104 | pub fn take_until_unbalanced<'a>(
[INFO] [stdout]     |                              -- lifetime `'a` declared here
[INFO] [stdout] ...
[INFO] [stdout] 107 | ) -> impl Fn(&'a str) -> IResult<&str, &str> {
[INFO] [stdout]     |                                  ^ this elided lifetime gets resolved as `'a`
[INFO] [stdout]     |
[INFO] [stdout]     = note: `#[warn(elided_named_lifetimes)]` on by default
[INFO] [stdout] 
[INFO] [stdout] 
[INFO] [stdout] warning: elided lifetime has a name
[INFO] [stdout]    --> rasn-compiler/src/lexer/util.rs:107:40
[INFO] [stdout]     |
[INFO] [stdout] 104 | pub fn take_until_unbalanced<'a>(
[INFO] [stdout]     |                              -- lifetime `'a` declared here
[INFO] [stdout] ...
[INFO] [stdout] 107 | ) -> impl Fn(&'a str) -> IResult<&str, &str> {
[INFO] [stdout]     |                                        ^ this elided lifetime gets resolved as `'a`
[INFO] [stdout] 
[INFO] [stdout] 
[INFO] [stdout] warning: elided lifetime has a name
[INFO] [stdout]    --> rasn-compiler/src/validator/linking/information_object.rs:184:17
[INFO] [stdout]     |
[INFO] [stdout] 181 |     pub fn get_field<'a>(
[INFO] [stdout]     |                      -- lifetime `'a` declared here
[INFO] [stdout] ...
[INFO] [stdout] 184 |     ) -> Option<&InformationObjectClassField> {
[INFO] [stdout]     |                 ^ this elided lifetime gets resolved as `'a`
[INFO] [stdout] 
[INFO] [stdout] 
[INFO] [stderr]    Compiling rasn-kerberos v0.19.0
[INFO] [stderr]    Compiling rasn-compiler-derive v0.5.3 (/opt/rustwide/workdir/rasn-compiler-derive)
[INFO] [stderr]    Compiling rasn-compiler-tests v0.5.3 (/opt/rustwide/workdir/rasn-compiler-tests)
[INFO] [stderr] error: 'rustfmt' is not installed for the toolchain 'nightly-2024-10-28-x86_64-unknown-linux-gnu'.
[INFO] [stderr] To install, run `rustup component add --toolchain nightly-2024-10-28-x86_64-unknown-linux-gnu rustfmt`
[INFO] [stderr] error: 'rustfmt' is not installed for the toolchain 'nightly-2024-10-28-x86_64-unknown-linux-gnu'.
[INFO] [stderr] To install, run `rustup component add --toolchain nightly-2024-10-28-x86_64-unknown-linux-gnu rustfmt`
[INFO] [stderr] error: 'rustfmt' is not installed for the toolchain 'nightly-2024-10-28-x86_64-unknown-linux-gnu'.
[INFO] [stderr] To install, run `rustup component add --toolchain nightly-2024-10-28-x86_64-unknown-linux-gnu rustfmt`
[INFO] [stderr] error: 'rustfmt' is not installed for the toolchain 'nightly-2024-10-28-x86_64-unknown-linux-gnu'.
[INFO] [stderr] To install, run `rustup component add --toolchain nightly-2024-10-28-x86_64-unknown-linux-gnu rustfmt`
[INFO] [stderr] error: 'rustfmt' is not installed for the toolchain 'nightly-2024-10-28-x86_64-unknown-linux-gnu'.
[INFO] [stderr] To install, run `rustup component add --toolchain nightly-2024-10-28-x86_64-unknown-linux-gnu rustfmt`
[INFO] [stderr] error: 'rustfmt' is not installed for the toolchain 'nightly-2024-10-28-x86_64-unknown-linux-gnu'.
[INFO] [stderr] To install, run `rustup component add --toolchain nightly-2024-10-28-x86_64-unknown-linux-gnu rustfmt`
[INFO] [stderr] error: 'rustfmt' is not installed for the toolchain 'nightly-2024-10-28-x86_64-unknown-linux-gnu'.
[INFO] [stderr] To install, run `rustup component add --toolchain nightly-2024-10-28-x86_64-unknown-linux-gnu rustfmt`
[INFO] [stderr] error: 'rustfmt' is not installed for the toolchain 'nightly-2024-10-28-x86_64-unknown-linux-gnu'.
[INFO] [stderr] To install, run `rustup component add --toolchain nightly-2024-10-28-x86_64-unknown-linux-gnu rustfmt`
[INFO] [stderr] error: 'rustfmt' is not installed for the toolchain 'nightly-2024-10-28-x86_64-unknown-linux-gnu'.
[INFO] [stderr] To install, run `rustup component add --toolchain nightly-2024-10-28-x86_64-unknown-linux-gnu rustfmt`
[INFO] [stderr] error: 'rustfmt' is not installed for the toolchain 'nightly-2024-10-28-x86_64-unknown-linux-gnu'.
[INFO] [stderr] To install, run `rustup component add --toolchain nightly-2024-10-28-x86_64-unknown-linux-gnu rustfmt`
[INFO] [stderr] error: 'rustfmt' is not installed for the toolchain 'nightly-2024-10-28-x86_64-unknown-linux-gnu'.
[INFO] [stderr] To install, run `rustup component add --toolchain nightly-2024-10-28-x86_64-unknown-linux-gnu rustfmt`
[INFO] [stderr] error: 'rustfmt' is not installed for the toolchain 'nightly-2024-10-28-x86_64-unknown-linux-gnu'.
[INFO] [stderr] To install, run `rustup component add --toolchain nightly-2024-10-28-x86_64-unknown-linux-gnu rustfmt`
[INFO] [stderr] error: 'rustfmt' is not installed for the toolchain 'nightly-2024-10-28-x86_64-unknown-linux-gnu'.
[INFO] [stderr] To install, run `rustup component add --toolchain nightly-2024-10-28-x86_64-unknown-linux-gnu rustfmt`
[INFO] [stderr] error: 'rustfmt' is not installed for the toolchain 'nightly-2024-10-28-x86_64-unknown-linux-gnu'.
[INFO] [stderr] To install, run `rustup component add --toolchain nightly-2024-10-28-x86_64-unknown-linux-gnu rustfmt`
[INFO] [stderr] error: 'rustfmt' is not installed for the toolchain 'nightly-2024-10-28-x86_64-unknown-linux-gnu'.
[INFO] [stderr] To install, run `rustup component add --toolchain nightly-2024-10-28-x86_64-unknown-linux-gnu rustfmt`
[INFO] [stderr] error: 'rustfmt' is not installed for the toolchain 'nightly-2024-10-28-x86_64-unknown-linux-gnu'.
[INFO] [stderr] To install, run `rustup component add --toolchain nightly-2024-10-28-x86_64-unknown-linux-gnu rustfmt`
[INFO] [stderr] error: 'rustfmt' is not installed for the toolchain 'nightly-2024-10-28-x86_64-unknown-linux-gnu'.
[INFO] [stderr] To install, run `rustup component add --toolchain nightly-2024-10-28-x86_64-unknown-linux-gnu rustfmt`
[INFO] [stderr] error: 'rustfmt' is not installed for the toolchain 'nightly-2024-10-28-x86_64-unknown-linux-gnu'.
[INFO] [stderr] To install, run `rustup component add --toolchain nightly-2024-10-28-x86_64-unknown-linux-gnu rustfmt`
[INFO] [stderr] error: 'rustfmt' is not installed for the toolchain 'nightly-2024-10-28-x86_64-unknown-linux-gnu'.
[INFO] [stderr] To install, run `rustup component add --toolchain nightly-2024-10-28-x86_64-unknown-linux-gnu rustfmt`
[INFO] [stderr] error: 'rustfmt' is not installed for the toolchain 'nightly-2024-10-28-x86_64-unknown-linux-gnu'.
[INFO] [stderr] To install, run `rustup component add --toolchain nightly-2024-10-28-x86_64-unknown-linux-gnu rustfmt`
[INFO] [stderr] error: 'rustfmt' is not installed for the toolchain 'nightly-2024-10-28-x86_64-unknown-linux-gnu'.
[INFO] [stderr] To install, run `rustup component add --toolchain nightly-2024-10-28-x86_64-unknown-linux-gnu rustfmt`
[INFO] [stderr] error: 'rustfmt' is not installed for the toolchain 'nightly-2024-10-28-x86_64-unknown-linux-gnu'.
[INFO] [stderr] To install, run `rustup component add --toolchain nightly-2024-10-28-x86_64-unknown-linux-gnu rustfmt`
[INFO] [stderr] error: 'rustfmt' is not installed for the toolchain 'nightly-2024-10-28-x86_64-unknown-linux-gnu'.
[INFO] [stderr] To install, run `rustup component add --toolchain nightly-2024-10-28-x86_64-unknown-linux-gnu rustfmt`
[INFO] [stderr] error: 'rustfmt' is not installed for the toolchain 'nightly-2024-10-28-x86_64-unknown-linux-gnu'.
[INFO] [stderr] To install, run `rustup component add --toolchain nightly-2024-10-28-x86_64-unknown-linux-gnu rustfmt`
[INFO] [stderr] error: 'rustfmt' is not installed for the toolchain 'nightly-2024-10-28-x86_64-unknown-linux-gnu'.
[INFO] [stderr] To install, run `rustup component add --toolchain nightly-2024-10-28-x86_64-unknown-linux-gnu rustfmt`
[INFO] [stderr] error: 'rustfmt' is not installed for the toolchain 'nightly-2024-10-28-x86_64-unknown-linux-gnu'.
[INFO] [stderr] To install, run `rustup component add --toolchain nightly-2024-10-28-x86_64-unknown-linux-gnu rustfmt`
[INFO] [stderr] error: 'rustfmt' is not installed for the toolchain 'nightly-2024-10-28-x86_64-unknown-linux-gnu'.
[INFO] [stderr] To install, run `rustup component add --toolchain nightly-2024-10-28-x86_64-unknown-linux-gnu rustfmt`
[INFO] [stderr] error: 'rustfmt' is not installed for the toolchain 'nightly-2024-10-28-x86_64-unknown-linux-gnu'.
[INFO] [stderr] To install, run `rustup component add --toolchain nightly-2024-10-28-x86_64-unknown-linux-gnu rustfmt`
[INFO] [stderr] error: 'rustfmt' is not installed for the toolchain 'nightly-2024-10-28-x86_64-unknown-linux-gnu'.
[INFO] [stderr] To install, run `rustup component add --toolchain nightly-2024-10-28-x86_64-unknown-linux-gnu rustfmt`
[INFO] [stderr] error: 'rustfmt' is not installed for the toolchain 'nightly-2024-10-28-x86_64-unknown-linux-gnu'.
[INFO] [stderr] To install, run `rustup component add --toolchain nightly-2024-10-28-x86_64-unknown-linux-gnu rustfmt`
[INFO] [stderr] error: 'rustfmt' is not installed for the toolchain 'nightly-2024-10-28-x86_64-unknown-linux-gnu'.
[INFO] [stderr] To install, run `rustup component add --toolchain nightly-2024-10-28-x86_64-unknown-linux-gnu rustfmt`
[INFO] [stderr] error: 'rustfmt' is not installed for the toolchain 'nightly-2024-10-28-x86_64-unknown-linux-gnu'.
[INFO] [stderr] To install, run `rustup component add --toolchain nightly-2024-10-28-x86_64-unknown-linux-gnu rustfmt`
[INFO] [stderr] error: 'rustfmt' is not installed for the toolchain 'nightly-2024-10-28-x86_64-unknown-linux-gnu'.
[INFO] [stderr] To install, run `rustup component add --toolchain nightly-2024-10-28-x86_64-unknown-linux-gnu rustfmt`
[INFO] [stderr] error: 'rustfmt' is not installed for the toolchain 'nightly-2024-10-28-x86_64-unknown-linux-gnu'.
[INFO] [stderr] To install, run `rustup component add --toolchain nightly-2024-10-28-x86_64-unknown-linux-gnu rustfmt`
[INFO] [stderr] error: 'rustfmt' is not installed for the toolchain 'nightly-2024-10-28-x86_64-unknown-linux-gnu'.
[INFO] [stderr] To install, run `rustup component add --toolchain nightly-2024-10-28-x86_64-unknown-linux-gnu rustfmt`
[INFO] [stderr] error: 'rustfmt' is not installed for the toolchain 'nightly-2024-10-28-x86_64-unknown-linux-gnu'.
[INFO] [stderr] To install, run `rustup component add --toolchain nightly-2024-10-28-x86_64-unknown-linux-gnu rustfmt`
[INFO] [stderr] error: 'rustfmt' is not installed for the toolchain 'nightly-2024-10-28-x86_64-unknown-linux-gnu'.
[INFO] [stderr] To install, run `rustup component add --toolchain nightly-2024-10-28-x86_64-unknown-linux-gnu rustfmt`
[INFO] [stderr] error: 'rustfmt' is not installed for the toolchain 'nightly-2024-10-28-x86_64-unknown-linux-gnu'.
[INFO] [stderr] To install, run `rustup component add --toolchain nightly-2024-10-28-x86_64-unknown-linux-gnu rustfmt`
[INFO] [stderr] error: 'rustfmt' is not installed for the toolchain 'nightly-2024-10-28-x86_64-unknown-linux-gnu'.
[INFO] [stderr] To install, run `rustup component add --toolchain nightly-2024-10-28-x86_64-unknown-linux-gnu rustfmt`
[INFO] [stderr] error: 'rustfmt' is not installed for the toolchain 'nightly-2024-10-28-x86_64-unknown-linux-gnu'.
[INFO] [stderr] To install, run `rustup component add --toolchain nightly-2024-10-28-x86_64-unknown-linux-gnu rustfmt`
[INFO] [stderr] error: 'rustfmt' is not installed for the toolchain 'nightly-2024-10-28-x86_64-unknown-linux-gnu'.
[INFO] [stderr] To install, run `rustup component add --toolchain nightly-2024-10-28-x86_64-unknown-linux-gnu rustfmt`
[INFO] [stderr] error: 'rustfmt' is not installed for the toolchain 'nightly-2024-10-28-x86_64-unknown-linux-gnu'.
[INFO] [stderr] To install, run `rustup component add --toolchain nightly-2024-10-28-x86_64-unknown-linux-gnu rustfmt`
[INFO] [stderr] error: 'rustfmt' is not installed for the toolchain 'nightly-2024-10-28-x86_64-unknown-linux-gnu'.
[INFO] [stderr] To install, run `rustup component add --toolchain nightly-2024-10-28-x86_64-unknown-linux-gnu rustfmt`
[INFO] [stderr] error: 'rustfmt' is not installed for the toolchain 'nightly-2024-10-28-x86_64-unknown-linux-gnu'.
[INFO] [stderr] To install, run `rustup component add --toolchain nightly-2024-10-28-x86_64-unknown-linux-gnu rustfmt`
[INFO] [stderr] error: 'rustfmt' is not installed for the toolchain 'nightly-2024-10-28-x86_64-unknown-linux-gnu'.
[INFO] [stderr] To install, run `rustup component add --toolchain nightly-2024-10-28-x86_64-unknown-linux-gnu rustfmt`
[INFO] [stderr] error: 'rustfmt' is not installed for the toolchain 'nightly-2024-10-28-x86_64-unknown-linux-gnu'.
[INFO] [stderr] To install, run `rustup component add --toolchain nightly-2024-10-28-x86_64-unknown-linux-gnu rustfmt`
[INFO] [stderr] error: 'rustfmt' is not installed for the toolchain 'nightly-2024-10-28-x86_64-unknown-linux-gnu'.
[INFO] [stderr] To install, run `rustup component add --toolchain nightly-2024-10-28-x86_64-unknown-linux-gnu rustfmt`
[INFO] [stderr] error: 'rustfmt' is not installed for the toolchain 'nightly-2024-10-28-x86_64-unknown-linux-gnu'.
[INFO] [stderr] To install, run `rustup component add --toolchain nightly-2024-10-28-x86_64-unknown-linux-gnu rustfmt`
[INFO] [stderr] error: 'rustfmt' is not installed for the toolchain 'nightly-2024-10-28-x86_64-unknown-linux-gnu'.
[INFO] [stderr] To install, run `rustup component add --toolchain nightly-2024-10-28-x86_64-unknown-linux-gnu rustfmt`
[INFO] [stderr] error: 'rustfmt' is not installed for the toolchain 'nightly-2024-10-28-x86_64-unknown-linux-gnu'.
[INFO] [stderr] To install, run `rustup component add --toolchain nightly-2024-10-28-x86_64-unknown-linux-gnu rustfmt`
[INFO] [stderr] error: 'rustfmt' is not installed for the toolchain 'nightly-2024-10-28-x86_64-unknown-linux-gnu'.
[INFO] [stderr] To install, run `rustup component add --toolchain nightly-2024-10-28-x86_64-unknown-linux-gnu rustfmt`
[INFO] [stderr] error: 'rustfmt' is not installed for the toolchain 'nightly-2024-10-28-x86_64-unknown-linux-gnu'.
[INFO] [stderr] To install, run `rustup component add --toolchain nightly-2024-10-28-x86_64-unknown-linux-gnu rustfmt`
[INFO] [stderr] error: 'rustfmt' is not installed for the toolchain 'nightly-2024-10-28-x86_64-unknown-linux-gnu'.
[INFO] [stderr] To install, run `rustup component add --toolchain nightly-2024-10-28-x86_64-unknown-linux-gnu rustfmt`
[INFO] [stderr] error: 'rustfmt' is not installed for the toolchain 'nightly-2024-10-28-x86_64-unknown-linux-gnu'.
[INFO] [stderr] To install, run `rustup component add --toolchain nightly-2024-10-28-x86_64-unknown-linux-gnu rustfmt`
[INFO] [stderr] error: 'rustfmt' is not installed for the toolchain 'nightly-2024-10-28-x86_64-unknown-linux-gnu'.
[INFO] [stderr] To install, run `rustup component add --toolchain nightly-2024-10-28-x86_64-unknown-linux-gnu rustfmt`
[INFO] [stderr] error: 'rustfmt' is not installed for the toolchain 'nightly-2024-10-28-x86_64-unknown-linux-gnu'.
[INFO] [stderr] To install, run `rustup component add --toolchain nightly-2024-10-28-x86_64-unknown-linux-gnu rustfmt`
[INFO] [stderr] error: 'rustfmt' is not installed for the toolchain 'nightly-2024-10-28-x86_64-unknown-linux-gnu'.
[INFO] [stderr] To install, run `rustup component add --toolchain nightly-2024-10-28-x86_64-unknown-linux-gnu rustfmt`
[INFO] [stderr] error: 'rustfmt' is not installed for the toolchain 'nightly-2024-10-28-x86_64-unknown-linux-gnu'.
[INFO] [stderr] To install, run `rustup component add --toolchain nightly-2024-10-28-x86_64-unknown-linux-gnu rustfmt`
[INFO] [stderr] error: 'rustfmt' is not installed for the toolchain 'nightly-2024-10-28-x86_64-unknown-linux-gnu'.
[INFO] [stderr] To install, run `rustup component add --toolchain nightly-2024-10-28-x86_64-unknown-linux-gnu rustfmt`
[INFO] [stderr] error: 'rustfmt' is not installed for the toolchain 'nightly-2024-10-28-x86_64-unknown-linux-gnu'.
[INFO] [stderr] To install, run `rustup component add --toolchain nightly-2024-10-28-x86_64-unknown-linux-gnu rustfmt`
[INFO] [stderr] error: 'rustfmt' is not installed for the toolchain 'nightly-2024-10-28-x86_64-unknown-linux-gnu'.
[INFO] [stderr] To install, run `rustup component add --toolchain nightly-2024-10-28-x86_64-unknown-linux-gnu rustfmt`
[INFO] [stderr] error: 'rustfmt' is not installed for the toolchain 'nightly-2024-10-28-x86_64-unknown-linux-gnu'.
[INFO] [stderr] To install, run `rustup component add --toolchain nightly-2024-10-28-x86_64-unknown-linux-gnu rustfmt`
[INFO] [stderr] error: 'rustfmt' is not installed for the toolchain 'nightly-2024-10-28-x86_64-unknown-linux-gnu'.
[INFO] [stderr] To install, run `rustup component add --toolchain nightly-2024-10-28-x86_64-unknown-linux-gnu rustfmt`
[INFO] [stderr] error: 'rustfmt' is not installed for the toolchain 'nightly-2024-10-28-x86_64-unknown-linux-gnu'.
[INFO] [stderr] To install, run `rustup component add --toolchain nightly-2024-10-28-x86_64-unknown-linux-gnu rustfmt`
[INFO] [stderr] error: 'rustfmt' is not installed for the toolchain 'nightly-2024-10-28-x86_64-unknown-linux-gnu'.
[INFO] [stderr] To install, run `rustup component add --toolchain nightly-2024-10-28-x86_64-unknown-linux-gnu rustfmt`
[INFO] [stderr] error: 'rustfmt' is not installed for the toolchain 'nightly-2024-10-28-x86_64-unknown-linux-gnu'.
[INFO] [stderr] To install, run `rustup component add --toolchain nightly-2024-10-28-x86_64-unknown-linux-gnu rustfmt`
[INFO] [stderr] error: 'rustfmt' is not installed for the toolchain 'nightly-2024-10-28-x86_64-unknown-linux-gnu'.
[INFO] [stderr] To install, run `rustup component add --toolchain nightly-2024-10-28-x86_64-unknown-linux-gnu rustfmt`
[INFO] [stderr] error: 'rustfmt' is not installed for the toolchain 'nightly-2024-10-28-x86_64-unknown-linux-gnu'.
[INFO] [stderr] To install, run `rustup component add --toolchain nightly-2024-10-28-x86_64-unknown-linux-gnu rustfmt`
[INFO] [stderr] error: 'rustfmt' is not installed for the toolchain 'nightly-2024-10-28-x86_64-unknown-linux-gnu'.
[INFO] [stderr] To install, run `rustup component add --toolchain nightly-2024-10-28-x86_64-unknown-linux-gnu rustfmt`
[INFO] [stderr] error: 'rustfmt' is not installed for the toolchain 'nightly-2024-10-28-x86_64-unknown-linux-gnu'.
[INFO] [stderr] To install, run `rustup component add --toolchain nightly-2024-10-28-x86_64-unknown-linux-gnu rustfmt`
[INFO] [stderr] error: 'rustfmt' is not installed for the toolchain 'nightly-2024-10-28-x86_64-unknown-linux-gnu'.
[INFO] [stderr] To install, run `rustup component add --toolchain nightly-2024-10-28-x86_64-unknown-linux-gnu rustfmt`
[INFO] [stderr] error: 'rustfmt' is not installed for the toolchain 'nightly-2024-10-28-x86_64-unknown-linux-gnu'.
[INFO] [stderr] To install, run `rustup component add --toolchain nightly-2024-10-28-x86_64-unknown-linux-gnu rustfmt`
[INFO] [stderr] error: 'rustfmt' is not installed for the toolchain 'nightly-2024-10-28-x86_64-unknown-linux-gnu'.
[INFO] [stderr] To install, run `rustup component add --toolchain nightly-2024-10-28-x86_64-unknown-linux-gnu rustfmt`
[INFO] [stderr] error: 'rustfmt' is not installed for the toolchain 'nightly-2024-10-28-x86_64-unknown-linux-gnu'.
[INFO] [stderr] To install, run `rustup component add --toolchain nightly-2024-10-28-x86_64-unknown-linux-gnu rustfmt`
[INFO] [stderr] error: 'rustfmt' is not installed for the toolchain 'nightly-2024-10-28-x86_64-unknown-linux-gnu'.
[INFO] [stderr] To install, run `rustup component add --toolchain nightly-2024-10-28-x86_64-unknown-linux-gnu rustfmt`
[INFO] [stderr] error: 'rustfmt' is not installed for the toolchain 'nightly-2024-10-28-x86_64-unknown-linux-gnu'.
[INFO] [stderr] To install, run `rustup component add --toolchain nightly-2024-10-28-x86_64-unknown-linux-gnu rustfmt`
[INFO] [stderr] error: 'rustfmt' is not installed for the toolchain 'nightly-2024-10-28-x86_64-unknown-linux-gnu'.
[INFO] [stderr] To install, run `rustup component add --toolchain nightly-2024-10-28-x86_64-unknown-linux-gnu rustfmt`
[INFO] [stderr] error: 'rustfmt' is not installed for the toolchain 'nightly-2024-10-28-x86_64-unknown-linux-gnu'.
[INFO] [stderr] To install, run `rustup component add --toolchain nightly-2024-10-28-x86_64-unknown-linux-gnu rustfmt`
[INFO] [stderr] error: 'rustfmt' is not installed for the toolchain 'nightly-2024-10-28-x86_64-unknown-linux-gnu'.
[INFO] [stderr] To install, run `rustup component add --toolchain nightly-2024-10-28-x86_64-unknown-linux-gnu rustfmt`
[INFO] [stderr] error: 'rustfmt' is not installed for the toolchain 'nightly-2024-10-28-x86_64-unknown-linux-gnu'.
[INFO] [stderr] To install, run `rustup component add --toolchain nightly-2024-10-28-x86_64-unknown-linux-gnu rustfmt`
[INFO] [stderr] error: 'rustfmt' is not installed for the toolchain 'nightly-2024-10-28-x86_64-unknown-linux-gnu'.
[INFO] [stderr] To install, run `rustup component add --toolchain nightly-2024-10-28-x86_64-unknown-linux-gnu rustfmt`
[INFO] [stderr] error: 'rustfmt' is not installed for the toolchain 'nightly-2024-10-28-x86_64-unknown-linux-gnu'.
[INFO] [stderr] To install, run `rustup component add --toolchain nightly-2024-10-28-x86_64-unknown-linux-gnu rustfmt`
[INFO] [stderr] error: 'rustfmt' is not installed for the toolchain 'nightly-2024-10-28-x86_64-unknown-linux-gnu'.
[INFO] [stderr] To install, run `rustup component add --toolchain nightly-2024-10-28-x86_64-unknown-linux-gnu rustfmt`
[INFO] [stderr] error: 'rustfmt' is not installed for the toolchain 'nightly-2024-10-28-x86_64-unknown-linux-gnu'.
[INFO] [stderr] To install, run `rustup component add --toolchain nightly-2024-10-28-x86_64-unknown-linux-gnu rustfmt`
[INFO] [stderr] error: 'rustfmt' is not installed for the toolchain 'nightly-2024-10-28-x86_64-unknown-linux-gnu'.
[INFO] [stderr] To install, run `rustup component add --toolchain nightly-2024-10-28-x86_64-unknown-linux-gnu rustfmt`
[INFO] [stderr] error: 'rustfmt' is not installed for the toolchain 'nightly-2024-10-28-x86_64-unknown-linux-gnu'.
[INFO] [stderr] To install, run `rustup component add --toolchain nightly-2024-10-28-x86_64-unknown-linux-gnu rustfmt`
[INFO] [stderr] error: 'rustfmt' is not installed for the toolchain 'nightly-2024-10-28-x86_64-unknown-linux-gnu'.
[INFO] [stderr] To install, run `rustup component add --toolchain nightly-2024-10-28-x86_64-unknown-linux-gnu rustfmt`
[INFO] [stderr] error: 'rustfmt' is not installed for the toolchain 'nightly-2024-10-28-x86_64-unknown-linux-gnu'.
[INFO] [stderr] To install, run `rustup component add --toolchain nightly-2024-10-28-x86_64-unknown-linux-gnu rustfmt`
[INFO] [stderr]     Finished `test` profile [unoptimized + debuginfo] target(s) in 1m 48s
[INFO] running `Command { std: "docker" "inspect" "a0b737a66103cec7f2ce0273fea9e3bf67c1e3cbe749bbc4b63f7b7cced9f7e0", kill_on_drop: false }`
[INFO] running `Command { std: "docker" "rm" "-f" "a0b737a66103cec7f2ce0273fea9e3bf67c1e3cbe749bbc4b63f7b7cced9f7e0", kill_on_drop: false }`
[INFO] [stdout] a0b737a66103cec7f2ce0273fea9e3bf67c1e3cbe749bbc4b63f7b7cced9f7e0
[INFO] running `Command { std: "docker" "create" "-v" "/var/lib/crater-agent-workspace/builds/worker-3-tc1/target:/opt/rustwide/target:rw,Z" "-v" "/var/lib/crater-agent-workspace/builds/worker-3-tc1/source:/opt/rustwide/workdir:ro,Z" "-v" "/var/lib/crater-agent-workspace/cargo-home:/opt/rustwide/cargo-home:ro,Z" "-v" "/var/lib/crater-agent-workspace/rustup-home:/opt/rustwide/rustup-home:ro,Z" "-e" "SOURCE_DIR=/opt/rustwide/workdir" "-e" "CARGO_TARGET_DIR=/opt/rustwide/target" "-e" "CARGO_INCREMENTAL=0" "-e" "RUST_BACKTRACE=full" "-e" "RUSTFLAGS=--cap-lints=forbid" "-e" "RUSTDOCFLAGS=--cap-lints=forbid" "-e" "CARGO_HOME=/opt/rustwide/cargo-home" "-e" "RUSTUP_HOME=/opt/rustwide/rustup-home" "-w" "/opt/rustwide/workdir" "-m" "1610612736" "--user" "0:0" "--network" "none" "ghcr.io/rust-lang/crates-build-env/linux@sha256:4a844ea9eb2546a2d2c7022eacef16ef2e8229c7fbb2c7d4d55a9ceca922f72d" "/opt/rustwide/cargo-home/bin/cargo" "+nightly-2024-10-28" "test" "--frozen", kill_on_drop: false }`
[INFO] [stdout] 3cad548913740e61cff1a97239d9cb1539334f2fce3f9ccc4656c9c4b5454f02
[INFO] running `Command { std: "docker" "start" "-a" "3cad548913740e61cff1a97239d9cb1539334f2fce3f9ccc4656c9c4b5454f02", kill_on_drop: false }`
[INFO] [stderr] warning: /opt/rustwide/workdir/rasn-compiler/internal-macros/Cargo.toml: no edition set: defaulting to the 2015 edition while the latest is 2021
[INFO] [stderr] warning: output filename collision.
[INFO] [stderr] The lib target `rasn_compiler` in package `rasn-compiler v0.5.3 (/opt/rustwide/workdir/rasn-compiler)` has the same output filename as the lib target `rasn_compiler` in package `rasn-compiler v0.5.3 (/opt/rustwide/workdir/rasn-compiler)`.
[INFO] [stderr] Colliding filename is: /opt/rustwide/target/debug/deps/librasn_compiler.so
[INFO] [stderr] The targets should have unique names.
[INFO] [stderr] Consider changing their names to be unique or compiling them separately.
[INFO] [stderr] This may become a hard error in the future; see <https://github.com/rust-lang/cargo/issues/6313>.
[INFO] [stderr] warning: output filename collision.
[INFO] [stderr] The lib target `rasn_compiler` in package `rasn-compiler v0.5.3 (/opt/rustwide/workdir/rasn-compiler)` has the same output filename as the lib target `rasn_compiler` in package `rasn-compiler v0.5.3 (/opt/rustwide/workdir/rasn-compiler)`.
[INFO] [stderr] Colliding filename is: /opt/rustwide/target/debug/deps/librasn_compiler.so.dwp
[INFO] [stderr] The targets should have unique names.
[INFO] [stderr] Consider changing their names to be unique or compiling them separately.
[INFO] [stderr] This may become a hard error in the future; see <https://github.com/rust-lang/cargo/issues/6313>.
[INFO] [stderr] warning: output filename collision.
[INFO] [stderr] The lib target `rasn_compiler` in package `rasn-compiler v0.5.3 (/opt/rustwide/workdir/rasn-compiler)` has the same output filename as the lib target `rasn_compiler` in package `rasn-compiler v0.5.3 (/opt/rustwide/workdir/rasn-compiler)`.
[INFO] [stderr] Colliding filename is: /opt/rustwide/target/debug/deps/librasn_compiler.rlib
[INFO] [stderr] The targets should have unique names.
[INFO] [stderr] Consider changing their names to be unique or compiling them separately.
[INFO] [stderr] This may become a hard error in the future; see <https://github.com/rust-lang/cargo/issues/6313>.
[INFO] [stderr]    Compiling rasn-compiler v0.5.3 (/opt/rustwide/workdir/rasn-compiler)
[INFO] [stderr] warning: elided lifetime has a name
[INFO] [stderr]    --> rasn-compiler/src/lexer/util.rs:107:34
[INFO] [stderr]     |
[INFO] [stderr] 104 | pub fn take_until_unbalanced<'a>(
[INFO] [stderr]     |                              -- lifetime `'a` declared here
[INFO] [stderr] ...
[INFO] [stderr] 107 | ) -> impl Fn(&'a str) -> IResult<&str, &str> {
[INFO] [stderr]     |                                  ^ this elided lifetime gets resolved as `'a`
[INFO] [stderr]     |
[INFO] [stderr]     = note: `#[warn(elided_named_lifetimes)]` on by default
[INFO] [stderr] 
[INFO] [stderr] warning: elided lifetime has a name
[INFO] [stderr]    --> rasn-compiler/src/lexer/util.rs:107:40
[INFO] [stderr]     |
[INFO] [stderr] 104 | pub fn take_until_unbalanced<'a>(
[INFO] [stderr]     |                              -- lifetime `'a` declared here
[INFO] [stderr] ...
[INFO] [stderr] 107 | ) -> impl Fn(&'a str) -> IResult<&str, &str> {
[INFO] [stderr]     |                                        ^ this elided lifetime gets resolved as `'a`
[INFO] [stderr] 
[INFO] [stderr] warning: elided lifetime has a name
[INFO] [stderr]    --> rasn-compiler/src/validator/linking/information_object.rs:184:17
[INFO] [stderr]     |
[INFO] [stderr] 181 |     pub fn get_field<'a>(
[INFO] [stderr]     |                      -- lifetime `'a` declared here
[INFO] [stderr] ...
[INFO] [stderr] 184 |     ) -> Option<&InformationObjectClassField> {
[INFO] [stderr]     |                 ^ this elided lifetime gets resolved as `'a`
[INFO] [stderr] 
[INFO] [stderr] warning: `rasn-compiler` (lib test) generated 3 warnings
[INFO] [stderr] warning: `rasn-compiler` (lib) generated 3 warnings (3 duplicates)
[INFO] [stderr] error: 'rustfmt' is not installed for the toolchain 'nightly-2024-10-28-x86_64-unknown-linux-gnu'.
[INFO] [stderr] To install, run `rustup component add --toolchain nightly-2024-10-28-x86_64-unknown-linux-gnu rustfmt`
[INFO] [stderr] error: 'rustfmt' is not installed for the toolchain 'nightly-2024-10-28-x86_64-unknown-linux-gnu'.
[INFO] [stderr] To install, run `rustup component add --toolchain nightly-2024-10-28-x86_64-unknown-linux-gnu rustfmt`
[INFO] [stderr] error: 'rustfmt' is not installed for the toolchain 'nightly-2024-10-28-x86_64-unknown-linux-gnu'.
[INFO] [stderr] To install, run `rustup component add --toolchain nightly-2024-10-28-x86_64-unknown-linux-gnu rustfmt`
[INFO] [stderr] error: 'rustfmt' is not installed for the toolchain 'nightly-2024-10-28-x86_64-unknown-linux-gnu'.
[INFO] [stderr] To install, run `rustup component add --toolchain nightly-2024-10-28-x86_64-unknown-linux-gnu rustfmt`
[INFO] [stderr] error: 'rustfmt' is not installed for the toolchain 'nightly-2024-10-28-x86_64-unknown-linux-gnu'.
[INFO] [stderr] To install, run `rustup component add --toolchain nightly-2024-10-28-x86_64-unknown-linux-gnu rustfmt`
[INFO] [stderr] error: 'rustfmt' is not installed for the toolchain 'nightly-2024-10-28-x86_64-unknown-linux-gnu'.
[INFO] [stderr] To install, run `rustup component add --toolchain nightly-2024-10-28-x86_64-unknown-linux-gnu rustfmt`
[INFO] [stderr] error: 'rustfmt' is not installed for the toolchain 'nightly-2024-10-28-x86_64-unknown-linux-gnu'.
[INFO] [stderr] To install, run `rustup component add --toolchain nightly-2024-10-28-x86_64-unknown-linux-gnu rustfmt`
[INFO] [stderr] error: 'rustfmt' is not installed for the toolchain 'nightly-2024-10-28-x86_64-unknown-linux-gnu'.
[INFO] [stderr] To install, run `rustup component add --toolchain nightly-2024-10-28-x86_64-unknown-linux-gnu rustfmt`
[INFO] [stderr] error: 'rustfmt' is not installed for the toolchain 'nightly-2024-10-28-x86_64-unknown-linux-gnu'.
[INFO] [stderr] To install, run `rustup component add --toolchain nightly-2024-10-28-x86_64-unknown-linux-gnu rustfmt`
[INFO] [stderr] error: 'rustfmt' is not installed for the toolchain 'nightly-2024-10-28-x86_64-unknown-linux-gnu'.
[INFO] [stderr] To install, run `rustup component add --toolchain nightly-2024-10-28-x86_64-unknown-linux-gnu rustfmt`
[INFO] [stderr] error: 'rustfmt' is not installed for the toolchain 'nightly-2024-10-28-x86_64-unknown-linux-gnu'.
[INFO] [stderr] To install, run `rustup component add --toolchain nightly-2024-10-28-x86_64-unknown-linux-gnu rustfmt`
[INFO] [stderr] error: 'rustfmt' is not installed for the toolchain 'nightly-2024-10-28-x86_64-unknown-linux-gnu'.
[INFO] [stderr] To install, run `rustup component add --toolchain nightly-2024-10-28-x86_64-unknown-linux-gnu rustfmt`
[INFO] [stderr] error: 'rustfmt' is not installed for the toolchain 'nightly-2024-10-28-x86_64-unknown-linux-gnu'.
[INFO] [stderr] To install, run `rustup component add --toolchain nightly-2024-10-28-x86_64-unknown-linux-gnu rustfmt`
[INFO] [stderr] error: 'rustfmt' is not installed for the toolchain 'nightly-2024-10-28-x86_64-unknown-linux-gnu'.
[INFO] [stderr] To install, run `rustup component add --toolchain nightly-2024-10-28-x86_64-unknown-linux-gnu rustfmt`
[INFO] [stderr] error: 'rustfmt' is not installed for the toolchain 'nightly-2024-10-28-x86_64-unknown-linux-gnu'.
[INFO] [stderr] To install, run `rustup component add --toolchain nightly-2024-10-28-x86_64-unknown-linux-gnu rustfmt`
[INFO] [stderr] error: 'rustfmt' is not installed for the toolchain 'nightly-2024-10-28-x86_64-unknown-linux-gnu'.
[INFO] [stderr] To install, run `rustup component add --toolchain nightly-2024-10-28-x86_64-unknown-linux-gnu rustfmt`
[INFO] [stderr] error: 'rustfmt' is not installed for the toolchain 'nightly-2024-10-28-x86_64-unknown-linux-gnu'.
[INFO] [stderr] To install, run `rustup component add --toolchain nightly-2024-10-28-x86_64-unknown-linux-gnu rustfmt`
[INFO] [stderr] error: 'rustfmt' is not installed for the toolchain 'nightly-2024-10-28-x86_64-unknown-linux-gnu'.
[INFO] [stderr] To install, run `rustup component add --toolchain nightly-2024-10-28-x86_64-unknown-linux-gnu rustfmt`
[INFO] [stderr] error: 'rustfmt' is not installed for the toolchain 'nightly-2024-10-28-x86_64-unknown-linux-gnu'.
[INFO] [stderr] To install, run `rustup component add --toolchain nightly-2024-10-28-x86_64-unknown-linux-gnu rustfmt`
[INFO] [stderr] error: 'rustfmt' is not installed for the toolchain 'nightly-2024-10-28-x86_64-unknown-linux-gnu'.
[INFO] [stderr] To install, run `rustup component add --toolchain nightly-2024-10-28-x86_64-unknown-linux-gnu rustfmt`
[INFO] [stderr] error: 'rustfmt' is not installed for the toolchain 'nightly-2024-10-28-x86_64-unknown-linux-gnu'.
[INFO] [stderr] To install, run `rustup component add --toolchain nightly-2024-10-28-x86_64-unknown-linux-gnu rustfmt`
[INFO] [stderr] error: 'rustfmt' is not installed for the toolchain 'nightly-2024-10-28-x86_64-unknown-linux-gnu'.
[INFO] [stderr] To install, run `rustup component add --toolchain nightly-2024-10-28-x86_64-unknown-linux-gnu rustfmt`
[INFO] [stderr] error: 'rustfmt' is not installed for the toolchain 'nightly-2024-10-28-x86_64-unknown-linux-gnu'.
[INFO] [stderr] To install, run `rustup component add --toolchain nightly-2024-10-28-x86_64-unknown-linux-gnu rustfmt`
[INFO] [stderr] error: 'rustfmt' is not installed for the toolchain 'nightly-2024-10-28-x86_64-unknown-linux-gnu'.
[INFO] [stderr] To install, run `rustup component add --toolchain nightly-2024-10-28-x86_64-unknown-linux-gnu rustfmt`
[INFO] [stderr] error: 'rustfmt' is not installed for the toolchain 'nightly-2024-10-28-x86_64-unknown-linux-gnu'.
[INFO] [stderr] To install, run `rustup component add --toolchain nightly-2024-10-28-x86_64-unknown-linux-gnu rustfmt`
[INFO] [stderr] error: 'rustfmt' is not installed for the toolchain 'nightly-2024-10-28-x86_64-unknown-linux-gnu'.
[INFO] [stderr] To install, run `rustup component add --toolchain nightly-2024-10-28-x86_64-unknown-linux-gnu rustfmt`
[INFO] [stderr] error: 'rustfmt' is not installed for the toolchain 'nightly-2024-10-28-x86_64-unknown-linux-gnu'.
[INFO] [stderr] To install, run `rustup component add --toolchain nightly-2024-10-28-x86_64-unknown-linux-gnu rustfmt`
[INFO] [stderr] error: 'rustfmt' is not installed for the toolchain 'nightly-2024-10-28-x86_64-unknown-linux-gnu'.
[INFO] [stderr] To install, run `rustup component add --toolchain nightly-2024-10-28-x86_64-unknown-linux-gnu rustfmt`
[INFO] [stderr] error: 'rustfmt' is not installed for the toolchain 'nightly-2024-10-28-x86_64-unknown-linux-gnu'.
[INFO] [stderr] To install, run `rustup component add --toolchain nightly-2024-10-28-x86_64-unknown-linux-gnu rustfmt`
[INFO] [stderr] error: 'rustfmt' is not installed for the toolchain 'nightly-2024-10-28-x86_64-unknown-linux-gnu'.
[INFO] [stderr] To install, run `rustup component add --toolchain nightly-2024-10-28-x86_64-unknown-linux-gnu rustfmt`
[INFO] [stderr] error: 'rustfmt' is not installed for the toolchain 'nightly-2024-10-28-x86_64-unknown-linux-gnu'.
[INFO] [stderr] To install, run `rustup component add --toolchain nightly-2024-10-28-x86_64-unknown-linux-gnu rustfmt`
[INFO] [stderr] error: 'rustfmt' is not installed for the toolchain 'nightly-2024-10-28-x86_64-unknown-linux-gnu'.
[INFO] [stderr] To install, run `rustup component add --toolchain nightly-2024-10-28-x86_64-unknown-linux-gnu rustfmt`
[INFO] [stderr] error: 'rustfmt' is not installed for the toolchain 'nightly-2024-10-28-x86_64-unknown-linux-gnu'.
[INFO] [stderr] To install, run `rustup component add --toolchain nightly-2024-10-28-x86_64-unknown-linux-gnu rustfmt`
[INFO] [stderr] error: 'rustfmt' is not installed for the toolchain 'nightly-2024-10-28-x86_64-unknown-linux-gnu'.
[INFO] [stderr] To install, run `rustup component add --toolchain nightly-2024-10-28-x86_64-unknown-linux-gnu rustfmt`
[INFO] [stderr] error: 'rustfmt' is not installed for the toolchain 'nightly-2024-10-28-x86_64-unknown-linux-gnu'.
[INFO] [stderr] To install, run `rustup component add --toolchain nightly-2024-10-28-x86_64-unknown-linux-gnu rustfmt`
[INFO] [stderr] error: 'rustfmt' is not installed for the toolchain 'nightly-2024-10-28-x86_64-unknown-linux-gnu'.
[INFO] [stderr] To install, run `rustup component add --toolchain nightly-2024-10-28-x86_64-unknown-linux-gnu rustfmt`
[INFO] [stderr] error: 'rustfmt' is not installed for the toolchain 'nightly-2024-10-28-x86_64-unknown-linux-gnu'.
[INFO] [stderr] To install, run `rustup component add --toolchain nightly-2024-10-28-x86_64-unknown-linux-gnu rustfmt`
[INFO] [stderr] error: 'rustfmt' is not installed for the toolchain 'nightly-2024-10-28-x86_64-unknown-linux-gnu'.
[INFO] [stderr] To install, run `rustup component add --toolchain nightly-2024-10-28-x86_64-unknown-linux-gnu rustfmt`
[INFO] [stderr] error: 'rustfmt' is not installed for the toolchain 'nightly-2024-10-28-x86_64-unknown-linux-gnu'.
[INFO] [stderr] To install, run `rustup component add --toolchain nightly-2024-10-28-x86_64-unknown-linux-gnu rustfmt`
[INFO] [stderr] error: 'rustfmt' is not installed for the toolchain 'nightly-2024-10-28-x86_64-unknown-linux-gnu'.
[INFO] [stderr] To install, run `rustup component add --toolchain nightly-2024-10-28-x86_64-unknown-linux-gnu rustfmt`
[INFO] [stderr] error: 'rustfmt' is not installed for the toolchain 'nightly-2024-10-28-x86_64-unknown-linux-gnu'.
[INFO] [stderr] To install, run `rustup component add --toolchain nightly-2024-10-28-x86_64-unknown-linux-gnu rustfmt`
[INFO] [stderr] error: 'rustfmt' is not installed for the toolchain 'nightly-2024-10-28-x86_64-unknown-linux-gnu'.
[INFO] [stderr] To install, run `rustup component add --toolchain nightly-2024-10-28-x86_64-unknown-linux-gnu rustfmt`
[INFO] [stderr] error: 'rustfmt' is not installed for the toolchain 'nightly-2024-10-28-x86_64-unknown-linux-gnu'.
[INFO] [stderr] To install, run `rustup component add --toolchain nightly-2024-10-28-x86_64-unknown-linux-gnu rustfmt`
[INFO] [stderr] error: 'rustfmt' is not installed for the toolchain 'nightly-2024-10-28-x86_64-unknown-linux-gnu'.
[INFO] [stderr] To install, run `rustup component add --toolchain nightly-2024-10-28-x86_64-unknown-linux-gnu rustfmt`
[INFO] [stderr] error: 'rustfmt' is not installed for the toolchain 'nightly-2024-10-28-x86_64-unknown-linux-gnu'.
[INFO] [stderr] To install, run `rustup component add --toolchain nightly-2024-10-28-x86_64-unknown-linux-gnu rustfmt`
[INFO] [stderr] error: 'rustfmt' is not installed for the toolchain 'nightly-2024-10-28-x86_64-unknown-linux-gnu'.
[INFO] [stderr] To install, run `rustup component add --toolchain nightly-2024-10-28-x86_64-unknown-linux-gnu rustfmt`
[INFO] [stderr] error: 'rustfmt' is not installed for the toolchain 'nightly-2024-10-28-x86_64-unknown-linux-gnu'.
[INFO] [stderr] To install, run `rustup component add --toolchain nightly-2024-10-28-x86_64-unknown-linux-gnu rustfmt`
[INFO] [stderr] error: 'rustfmt' is not installed for the toolchain 'nightly-2024-10-28-x86_64-unknown-linux-gnu'.
[INFO] [stderr] To install, run `rustup component add --toolchain nightly-2024-10-28-x86_64-unknown-linux-gnu rustfmt`
[INFO] [stderr] error: 'rustfmt' is not installed for the toolchain 'nightly-2024-10-28-x86_64-unknown-linux-gnu'.
[INFO] [stderr] To install, run `rustup component add --toolchain nightly-2024-10-28-x86_64-unknown-linux-gnu rustfmt`
[INFO] [stderr] error: 'rustfmt' is not installed for the toolchain 'nightly-2024-10-28-x86_64-unknown-linux-gnu'.
[INFO] [stderr] To install, run `rustup component add --toolchain nightly-2024-10-28-x86_64-unknown-linux-gnu rustfmt`
[INFO] [stderr] error: 'rustfmt' is not installed for the toolchain 'nightly-2024-10-28-x86_64-unknown-linux-gnu'.
[INFO] [stderr] To install, run `rustup component add --toolchain nightly-2024-10-28-x86_64-unknown-linux-gnu rustfmt`
[INFO] [stderr] error: 'rustfmt' is not installed for the toolchain 'nightly-2024-10-28-x86_64-unknown-linux-gnu'.
[INFO] [stderr] To install, run `rustup component add --toolchain nightly-2024-10-28-x86_64-unknown-linux-gnu rustfmt`
[INFO] [stderr] error: 'rustfmt' is not installed for the toolchain 'nightly-2024-10-28-x86_64-unknown-linux-gnu'.
[INFO] [stderr] To install, run `rustup component add --toolchain nightly-2024-10-28-x86_64-unknown-linux-gnu rustfmt`
[INFO] [stderr] error: 'rustfmt' is not installed for the toolchain 'nightly-2024-10-28-x86_64-unknown-linux-gnu'.
[INFO] [stderr] To install, run `rustup component add --toolchain nightly-2024-10-28-x86_64-unknown-linux-gnu rustfmt`
[INFO] [stderr] error: 'rustfmt' is not installed for the toolchain 'nightly-2024-10-28-x86_64-unknown-linux-gnu'.
[INFO] [stderr] To install, run `rustup component add --toolchain nightly-2024-10-28-x86_64-unknown-linux-gnu rustfmt`
[INFO] [stderr] error: 'rustfmt' is not installed for the toolchain 'nightly-2024-10-28-x86_64-unknown-linux-gnu'.
[INFO] [stderr] To install, run `rustup component add --toolchain nightly-2024-10-28-x86_64-unknown-linux-gnu rustfmt`
[INFO] [stderr] error: 'rustfmt' is not installed for the toolchain 'nightly-2024-10-28-x86_64-unknown-linux-gnu'.
[INFO] [stderr] To install, run `rustup component add --toolchain nightly-2024-10-28-x86_64-unknown-linux-gnu rustfmt`
[INFO] [stderr] error: 'rustfmt' is not installed for the toolchain 'nightly-2024-10-28-x86_64-unknown-linux-gnu'.
[INFO] [stderr] To install, run `rustup component add --toolchain nightly-2024-10-28-x86_64-unknown-linux-gnu rustfmt`
[INFO] [stderr] error: 'rustfmt' is not installed for the toolchain 'nightly-2024-10-28-x86_64-unknown-linux-gnu'.
[INFO] [stderr] To install, run `rustup component add --toolchain nightly-2024-10-28-x86_64-unknown-linux-gnu rustfmt`
[INFO] [stderr] error: 'rustfmt' is not installed for the toolchain 'nightly-2024-10-28-x86_64-unknown-linux-gnu'.
[INFO] [stderr] To install, run `rustup component add --toolchain nightly-2024-10-28-x86_64-unknown-linux-gnu rustfmt`
[INFO] [stderr] error: 'rustfmt' is not installed for the toolchain 'nightly-2024-10-28-x86_64-unknown-linux-gnu'.
[INFO] [stderr] To install, run `rustup component add --toolchain nightly-2024-10-28-x86_64-unknown-linux-gnu rustfmt`
[INFO] [stderr] error: 'rustfmt' is not installed for the toolchain 'nightly-2024-10-28-x86_64-unknown-linux-gnu'.
[INFO] [stderr] To install, run `rustup component add --toolchain nightly-2024-10-28-x86_64-unknown-linux-gnu rustfmt`
[INFO] [stderr] error: 'rustfmt' is not installed for the toolchain 'nightly-2024-10-28-x86_64-unknown-linux-gnu'.
[INFO] [stderr] To install, run `rustup component add --toolchain nightly-2024-10-28-x86_64-unknown-linux-gnu rustfmt`
[INFO] [stderr] error: 'rustfmt' is not installed for the toolchain 'nightly-2024-10-28-x86_64-unknown-linux-gnu'.
[INFO] [stderr] To install, run `rustup component add --toolchain nightly-2024-10-28-x86_64-unknown-linux-gnu rustfmt`
[INFO] [stderr] error: 'rustfmt' is not installed for the toolchain 'nightly-2024-10-28-x86_64-unknown-linux-gnu'.
[INFO] [stderr] To install, run `rustup component add --toolchain nightly-2024-10-28-x86_64-unknown-linux-gnu rustfmt`
[INFO] [stderr] error: 'rustfmt' is not installed for the toolchain 'nightly-2024-10-28-x86_64-unknown-linux-gnu'.
[INFO] [stderr] To install, run `rustup component add --toolchain nightly-2024-10-28-x86_64-unknown-linux-gnu rustfmt`
[INFO] [stderr] error: 'rustfmt' is not installed for the toolchain 'nightly-2024-10-28-x86_64-unknown-linux-gnu'.
[INFO] [stderr] To install, run `rustup component add --toolchain nightly-2024-10-28-x86_64-unknown-linux-gnu rustfmt`
[INFO] [stderr] error: 'rustfmt' is not installed for the toolchain 'nightly-2024-10-28-x86_64-unknown-linux-gnu'.
[INFO] [stderr] To install, run `rustup component add --toolchain nightly-2024-10-28-x86_64-unknown-linux-gnu rustfmt`
[INFO] [stderr] error: 'rustfmt' is not installed for the toolchain 'nightly-2024-10-28-x86_64-unknown-linux-gnu'.
[INFO] [stderr] To install, run `rustup component add --toolchain nightly-2024-10-28-x86_64-unknown-linux-gnu rustfmt`
[INFO] [stderr] error: 'rustfmt' is not installed for the toolchain 'nightly-2024-10-28-x86_64-unknown-linux-gnu'.
[INFO] [stderr] To install, run `rustup component add --toolchain nightly-2024-10-28-x86_64-unknown-linux-gnu rustfmt`
[INFO] [stderr] error: 'rustfmt' is not installed for the toolchain 'nightly-2024-10-28-x86_64-unknown-linux-gnu'.
[INFO] [stderr] To install, run `rustup component add --toolchain nightly-2024-10-28-x86_64-unknown-linux-gnu rustfmt`
[INFO] [stderr] error: 'rustfmt' is not installed for the toolchain 'nightly-2024-10-28-x86_64-unknown-linux-gnu'.
[INFO] [stderr] To install, run `rustup component add --toolchain nightly-2024-10-28-x86_64-unknown-linux-gnu rustfmt`
[INFO] [stderr] error: 'rustfmt' is not installed for the toolchain 'nightly-2024-10-28-x86_64-unknown-linux-gnu'.
[INFO] [stderr] To install, run `rustup component add --toolchain nightly-2024-10-28-x86_64-unknown-linux-gnu rustfmt`
[INFO] [stderr] error: 'rustfmt' is not installed for the toolchain 'nightly-2024-10-28-x86_64-unknown-linux-gnu'.
[INFO] [stderr] To install, run `rustup component add --toolchain nightly-2024-10-28-x86_64-unknown-linux-gnu rustfmt`
[INFO] [stderr] error: 'rustfmt' is not installed for the toolchain 'nightly-2024-10-28-x86_64-unknown-linux-gnu'.
[INFO] [stderr] To install, run `rustup component add --toolchain nightly-2024-10-28-x86_64-unknown-linux-gnu rustfmt`
[INFO] [stderr] error: 'rustfmt' is not installed for the toolchain 'nightly-2024-10-28-x86_64-unknown-linux-gnu'.
[INFO] [stderr] To install, run `rustup component add --toolchain nightly-2024-10-28-x86_64-unknown-linux-gnu rustfmt`
[INFO] [stderr] error: 'rustfmt' is not installed for the toolchain 'nightly-2024-10-28-x86_64-unknown-linux-gnu'.
[INFO] [stderr] To install, run `rustup component add --toolchain nightly-2024-10-28-x86_64-unknown-linux-gnu rustfmt`
[INFO] [stderr] error: 'rustfmt' is not installed for the toolchain 'nightly-2024-10-28-x86_64-unknown-linux-gnu'.
[INFO] [stderr] To install, run `rustup component add --toolchain nightly-2024-10-28-x86_64-unknown-linux-gnu rustfmt`
[INFO] [stderr] error: 'rustfmt' is not installed for the toolchain 'nightly-2024-10-28-x86_64-unknown-linux-gnu'.
[INFO] [stderr] To install, run `rustup component add --toolchain nightly-2024-10-28-x86_64-unknown-linux-gnu rustfmt`
[INFO] [stderr] error: 'rustfmt' is not installed for the toolchain 'nightly-2024-10-28-x86_64-unknown-linux-gnu'.
[INFO] [stderr] To install, run `rustup component add --toolchain nightly-2024-10-28-x86_64-unknown-linux-gnu rustfmt`
[INFO] [stderr] error: 'rustfmt' is not installed for the toolchain 'nightly-2024-10-28-x86_64-unknown-linux-gnu'.
[INFO] [stderr] To install, run `rustup component add --toolchain nightly-2024-10-28-x86_64-unknown-linux-gnu rustfmt`
[INFO] [stderr] error: 'rustfmt' is not installed for the toolchain 'nightly-2024-10-28-x86_64-unknown-linux-gnu'.
[INFO] [stderr] To install, run `rustup component add --toolchain nightly-2024-10-28-x86_64-unknown-linux-gnu rustfmt`
[INFO] [stderr] error: 'rustfmt' is not installed for the toolchain 'nightly-2024-10-28-x86_64-unknown-linux-gnu'.
[INFO] [stderr] To install, run `rustup component add --toolchain nightly-2024-10-28-x86_64-unknown-linux-gnu rustfmt`
[INFO] [stderr] error: 'rustfmt' is not installed for the toolchain 'nightly-2024-10-28-x86_64-unknown-linux-gnu'.
[INFO] [stderr] To install, run `rustup component add --toolchain nightly-2024-10-28-x86_64-unknown-linux-gnu rustfmt`
[INFO] [stderr] error: 'rustfmt' is not installed for the toolchain 'nightly-2024-10-28-x86_64-unknown-linux-gnu'.
[INFO] [stderr] To install, run `rustup component add --toolchain nightly-2024-10-28-x86_64-unknown-linux-gnu rustfmt`
[INFO] [stderr] error: 'rustfmt' is not installed for the toolchain 'nightly-2024-10-28-x86_64-unknown-linux-gnu'.
[INFO] [stderr] To install, run `rustup component add --toolchain nightly-2024-10-28-x86_64-unknown-linux-gnu rustfmt`
[INFO] [stderr] error: 'rustfmt' is not installed for the toolchain 'nightly-2024-10-28-x86_64-unknown-linux-gnu'.
[INFO] [stderr] To install, run `rustup component add --toolchain nightly-2024-10-28-x86_64-unknown-linux-gnu rustfmt`
[INFO] [stderr] error: 'rustfmt' is not installed for the toolchain 'nightly-2024-10-28-x86_64-unknown-linux-gnu'.
[INFO] [stderr] To install, run `rustup component add --toolchain nightly-2024-10-28-x86_64-unknown-linux-gnu rustfmt`
[INFO] [stderr]     Finished `test` profile [unoptimized + debuginfo] target(s) in 7.84s
[INFO] [stderr]      Running unittests src/lib.rs (/opt/rustwide/target/debug/deps/internal_macros-a5b9545e917dee28)
[INFO] [stdout] 
[INFO] [stdout] running 0 tests
[INFO] [stdout] 
[INFO] [stdout] test result: ok. 0 passed; 0 failed; 0 ignored; 0 measured; 0 filtered out; finished in 0.00s
[INFO] [stdout] 
[INFO] [stderr]      Running unittests src/lib.rs (/opt/rustwide/target/debug/deps/rasn_compiler-e330b4e25def83db)
[INFO] [stdout] 
[INFO] [stdout] running 165 tests
[INFO] [stdout] test generator::rasn::utils::tests::determines_int_type ... ok
[INFO] [stdout] test generator::rasn::utils::tests::detects_fixed_octet_string ... ok
[INFO] [stdout] test generator::rasn::utils::tests::converts_to_snake_case ... ok
[INFO] [stdout] test generator::rasn::utils::tests::formats_identifier_annotation ... ok
[INFO] [stdout] test generator::rasn::utils::tests::formats_choice_options ... ok
[INFO] [stdout] test generator::rasn::utils::tests::formats_enum_members ... ok
[INFO] [stdout] test generator::rasn::utils::tests::formats_linked_value ... ok
[INFO] [stdout] test generator::rasn::utils::tests::joins_annotations ... ok
[INFO] [stdout] test generator::typescript::utils::tests::tokenizes_values ... ok
[INFO] [stdout] test intermediate::encoding_rules::per_visible::tests::folds_range_value_integer_constraints ... ok
[INFO] [stdout] test intermediate::encoding_rules::per_visible::tests::folds_range_values_numeric_constraints ... ok
[INFO] [stdout] test generator::rasn::utils::tests::formats_sequence_members ... ok
[INFO] [stdout] test intermediate::encoding_rules::per_visible::tests::folds_range_value_alphabet_constraints ... ok
[INFO] [stdout] test intermediate::encoding_rules::per_visible::tests::folds_range_values_alphabet_constraints ... ok
[INFO] [stdout] test intermediate::encoding_rules::per_visible::tests::folds_single_value_mixed_constraints ... ok
[INFO] [stdout] test intermediate::encoding_rules::per_visible::tests::folds_single_value_alphabet_constraints ... ok
[INFO] [stdout] test intermediate::encoding_rules::per_visible::tests::folds_range_values_mixed_constraints ... ok
[INFO] [stdout] test intermediate::encoding_rules::per_visible::tests::folds_range_value_mixed_constraints ... ok
[INFO] [stdout] test intermediate::encoding_rules::per_visible::tests::folds_single_value_numeric_constraints ... ok
[INFO] [stdout] test lexer::bit_string::tests::parses_range_constrained_bitstring ... ok
[INFO] [stdout] test lexer::bit_string::tests::parses_bitstring_with_distinguished_values ... ok
[INFO] [stdout] test lexer::boolean::tests::parses_boolean ... ok
[INFO] [stdout] test lexer::bit_string::tests::parses_strictly_constrained_extended_bitstring ... ok
[INFO] [stdout] test lexer::bit_string::tests::parses_unconfined_bitstring ... ok
[INFO] [stdout] test intermediate::encoding_rules::tests::computes_bit_size ... ok
[INFO] [stdout] test lexer::bit_string::tests::parses_range_constrained_extended_bitstring ... ok
[INFO] [stdout] test lexer::bit_string::tests::parses_strictly_constrained_bitstring ... ok
[INFO] [stdout] test lexer::character_string::tests::parses_character_string_value ... ok
[INFO] [stdout] test lexer::character_string::tests::parses_character_string_asn1_value ... ok
[INFO] [stdout] test lexer::character_string::tests::parses_iso_10646_quadruple ... ok
[INFO] [stdout] test lexer::character_string::tests::parses_unconfined_characterstring ... ok
[INFO] [stdout] test lexer::character_string::tests::parses_strictly_constrained_characterstring ... ok
[INFO] [stdout] test lexer::choice::tests::nested_choice_value ... ok
[INFO] [stdout] test lexer::character_string::tests::parses_strictly_constrained_extended_characterstring ... ok
[INFO] [stdout] test lexer::choice::tests::constructed_choice_value ... ok
[INFO] [stdout] test lexer::character_string::tests::parses_range_constrained_characterstring ... ok
[INFO] [stdout] test lexer::character_string::tests::parses_range_constrained_extended_characterstring ... ok
[INFO] [stdout] test lexer::choice::tests::nested_constructed_choice_value ... ok
[INFO] [stdout] test lexer::choice::tests::parses_selection_type_choice ... ok
[INFO] [stdout] test lexer::common::tests::discards_whitespace ... ok
[INFO] [stdout] test lexer::choice::tests::parses_extensible_choice ... ok
[INFO] [stdout] test lexer::common::tests::discards_whitespace_and_comments ... ok
[INFO] [stdout] test lexer::common::tests::handles_invalid_identifiers ... ok
[INFO] [stdout] test lexer::common::tests::parses_block_comment_with_nested_comments ... ok
[INFO] [stdout] test lexer::common::tests::parses_ambiguous_asn1_comment ... ok
[INFO] [stdout] test lexer::common::tests::parses_block_comment ... ok
[INFO] [stdout] test lexer::common::tests::parses_distinguished_values ... ok
[INFO] [stdout] test lexer::common::tests::parses_line_comment ... ok
[INFO] [stdout] test lexer::common::tests::parses_distinguished_values_with_line_comments ... ok
[INFO] [stdout] test lexer::common::tests::parses_valid_identifiers ... ok
[INFO] [stdout] test lexer::choice::tests::parses_extension_groups ... ok
[INFO] [stdout] test lexer::constraint::tests::parses_character_value_range ... ok
[INFO] [stdout] test lexer::constraint::tests::handles_redundant_parentheses ... ok
[INFO] [stdout] test lexer::common::tests::parses_multiline_block_comment ... ok
[INFO] [stdout] test lexer::constraint::tests::parses_composite_array_constraint ... ok
[INFO] [stdout] test lexer::constraint::tests::parses_composite_constraint ... ok
[INFO] [stdout] test lexer::constraint::tests::handles_added_extension_values ... ok
[INFO] [stdout] test lexer::constraint::tests::parses_composite_range_constraint ... ok
[INFO] [stdout] test lexer::constraint::tests::parses_complex_set ... ok
[INFO] [stdout] test lexer::constraint::tests::parses_composite_component_constraint ... ok
[INFO] [stdout] test lexer::constraint::tests::parses_extended_range_constraint ... ok
[INFO] [stdout] test lexer::constraint::tests::parses_composite_range_constraint_with_elsewhere_declared_values ... ok
[INFO] [stdout] test lexer::constraint::tests::parses_full_component_constraint ... ok
[INFO] [stdout] test lexer::constraint::tests::parses_property_settings_constraint ... ok
[INFO] [stdout] test lexer::constraint::tests::parses_partial_component_constraint ... ok
[INFO] [stdout] test lexer::constraint::tests::parses_pattern_constraint ... ok
[INFO] [stdout] test lexer::constraint::tests::parses_permitted_alphabet_constraint ... ok
[INFO] [stdout] test lexer::constraint::tests::parses_user_defined_constraint ... ok
[INFO] [stdout] test lexer::constraint::tests::parses_size_constraint ... ok
[INFO] [stdout] test lexer::constraint::tests::parses_real_constraint ... ok
[INFO] [stdout] test lexer::constraint::tests::parses_table_constraint ... ok
[INFO] [stdout] test lexer::constraint::tests::parses_serial_constraints ... ok
[INFO] [stdout] test lexer::enumerated::tests::parses_enumerals_with_line_comments ... ok
[INFO] [stdout] test lexer::constraint::tests::parses_value_constraint_with_inserted_comment ... ok
[INFO] [stdout] test lexer::constraint::tests::parses_two_variants_of_extensible_size ... ok
[INFO] [stdout] test lexer::constraint::tests::parses_value_constraint ... ok
[INFO] [stdout] test lexer::enumerated::tests::parses_enumerated ... ok
[INFO] [stdout] test lexer::enumerated::tests::parses_extended_enumerated_without_indices ... ok
[INFO] [stdout] test lexer::enumerated::tests::parses_indexed_extended_enumerated ... ok
[INFO] [stdout] test lexer::enumerated::tests::parses_indexed_enumerated ... ok
[INFO] [stdout] test lexer::enumerated::tests::parses_enumerated_value ... ok
[INFO] [stdout] test lexer::enumerated::tests::parses_enumerated_with_ellipsis ... ok
[INFO] [stdout] test lexer::information_object_class::tests::parses_extended_value_set ... ok
[INFO] [stdout] test lexer::enumerated::tests::parses_extended_enumerated ... ok
[INFO] [stdout] test lexer::information_object_class::tests::parses_simple_object_set ... ok
[INFO] [stdout] test lexer::information_object_class::tests::parses_information_object_with_custom_syntax ... ok
[INFO] [stdout] test lexer::information_object_class::tests::parses_information_object_class_with_custom_syntax ... ok
[INFO] [stdout] test lexer::information_object_class::tests::parses_information_object_class ... ok
[INFO] [stdout] test lexer::information_object_class::tests::parses_top_level_information_object_field_ref ... ok
[INFO] [stdout] test lexer::information_object_class::tests::parses_inline_declaration_value_set ... ok
[INFO] [stdout] test lexer::module_reference::tests::global_module_reference_empty_assigned_identifier ... ok
[INFO] [stdout] test lexer::module_reference::tests::global_module_reference_ext_val_ref_assigned_identifier ... ok
[INFO] [stdout] test lexer::integer::tests::parses_integer ... ok
[INFO] [stdout] test lexer::module_reference::tests::issue_4_imports ... ok
[INFO] [stdout] test lexer::module_reference::tests::global_module_reference_val_ref_assigned_identifier ... ok
[INFO] [stdout] test lexer::module_reference::tests::parses_a_module_reference ... ok
[INFO] [stdout] test lexer::information_object_class::tests::tld_test ... ok
[INFO] [stdout] test lexer::module_reference::tests::parses_iri_value ... ok
[INFO] [stdout] test lexer::module_reference::tests::parses_imports ... ok
[INFO] [stdout] test lexer::module_reference::tests::parses_a_module_reference_with_imports ... ok
[INFO] [stdout] test lexer::null::tests::parses_null ... ok
[INFO] [stdout] test lexer::object_identifier::tests::parses_ansi_x9_62 ... ok
[INFO] [stdout] test lexer::octet_string::tests::parses_range_constrained_octetstring ... ok
[INFO] [stdout] test lexer::octet_string::tests::parses_strictly_constrained_octetstring ... ok
[INFO] [stdout] test lexer::octet_string::tests::parses_unconfined_octetstring ... ok
[INFO] [stdout] test lexer::octet_string::tests::parses_strictly_constrained_extended_octetstring ... ok
[INFO] [stdout] test lexer::parameterization::tests::parses_builtin_type_params ... ok
[INFO] [stdout] test lexer::parameterization::tests::parses_class_parameterization_param ... ok
[INFO] [stdout] test lexer::real::tests::parses_mbe_notation_real_value ... ok
[INFO] [stdout] test lexer::octet_string::tests::parses_range_constrained_extended_octetstring ... ok
[INFO] [stdout] test lexer::real::tests::parses_simple_real_type ... ok
[INFO] [stdout] test lexer::parameterization::tests::parses_object_set_parameter ... ok
[INFO] [stdout] test lexer::real::tests::parses_dot_notation_real_value ... ok
[INFO] [stdout] test lexer::sequence::tests::parses_default_boolean ... ok
[INFO] [stdout] test lexer::sequence::tests::complex_set_of_value ... ok
[INFO] [stdout] test lexer::sequence::tests::parses_default_bitstring ... ok
[INFO] [stdout] test lexer::real::tests::parses_constraint_real_type ... ok
[INFO] [stdout] test lexer::sequence::tests::parse_x284 ... ok
[INFO] [stdout] test lexer::sequence::tests::parses_default_enumeral ... ok
[INFO] [stdout] test lexer::sequence::tests::parses_optional_marker ... ok
[INFO] [stdout] test lexer::sequence::tests::parses_default_int ... ok
[INFO] [stdout] test lexer::sequence::tests::parses_sequence_value ... ok
[INFO] [stdout] test lexer::sequence::tests::parses_extended_sequence_with_default ... ok
[INFO] [stdout] test lexer::sequence::tests::parses_sequence_with_optionals ... ok
[INFO] [stdout] test lexer::sequence::tests::parses_simple_sequence ... ok
[INFO] [stdout] test lexer::sequence::tests::parses_sequence_with_components_of_notation ... ok
[INFO] [stdout] test lexer::sequence::tests::parses_nested_sequence ... ok
[INFO] [stdout] test lexer::sequence::tests::parses_sequence_with_primitives ... ok
[INFO] [stdout] test lexer::sequence::tests::parses_subtyped_sequence ... ok
[INFO] [stdout] test lexer::sequence_of::tests::parses_constraint_sequence_of_constraint_integer ... ok
[INFO] [stdout] test lexer::sequence_of::tests::parses_constraint_sequence_of_elsewhere_declared_type ... ok
[INFO] [stdout] test lexer::sequence::tests::parses_sequence_with_extension_group ... ok
[INFO] [stdout] test lexer::sequence_of::tests::handles_object_field_ref ... ok
[INFO] [stdout] test lexer::sequence_of::tests::parses_simple_sequence_of ... ok
[INFO] [stdout] test lexer::sequence_of::tests::parses_constraint_sequence_of_with_extra_parentheses ... ok
[INFO] [stdout] test lexer::set::tests::issue_2_test ... ok
[INFO] [stdout] test lexer::set_of::tests::handles_object_field_ref ... ok
[INFO] [stdout] test lexer::set_of::tests::parses_constraint_set_of_elsewhere_declared_type ... ok
[INFO] [stdout] test lexer::sequence_of::tests::parses_simple_sequence_of_elsewhere_declared_type ... ok
[INFO] [stdout] test lexer::set_of::tests::parses_constraint_set_of_constraint_integer ... ok
[INFO] [stdout] test lexer::sequence_of::tests::parses_parameterized_constrained_sequence_of ... ok
[INFO] [stdout] test lexer::set_of::tests::parses_simple_set_of ... ok
[INFO] [stdout] test lexer::set_of::tests::parses_constraint_set_of_with_extra_parentheses ... ok
[INFO] [stdout] test lexer::tests::parses_choice ... ok
[INFO] [stdout] test lexer::set_of::tests::parses_simple_set_of_elsewhere_declared_type ... ok
[INFO] [stdout] test lexer::tests::parses_comment_after_end ... ok
[INFO] [stdout] test lexer::tests::parses_anonymous_sequence_of_declaration ... ok
[INFO] [stdout] test lexer::set_of::tests::parses_parameterized_constrained_set_of ... ok
[INFO] [stdout] test lexer::tests::parses_class_declaration ... ok
[INFO] [stdout] test lexer::tests::parses_empty_extensible_object_set ... ok
[INFO] [stdout] test lexer::tests::parses_sequence_of_value ... ok
[INFO] [stdout] test lexer::tests::parses_toplevel_boolean_declaration ... ok
[INFO] [stdout] test lexer::tests::parses_toplevel_enumerated_declaration ... ok
[INFO] [stdout] test lexer::tests::parses_toplevel_crossrefering_declaration ... ok
[INFO] [stdout] test lexer::util::tests::takes_until_and_not ... ok
[INFO] [stdout] test lexer::tests::parses_parameterized_declaration ... ok
[INFO] [stdout] test lexer::util::tests::optional_delimiter ... ok
[INFO] [stdout] test tests::generate_stepwise_e2e_test ... ignored
[INFO] [stdout] test lexer::tests::parses_object_set_value ... ok
[INFO] [stdout] test lexer::tests::parses_toplevel_simple_integer_declaration ... ok
[INFO] [stdout] test validator::linking::tests::links_asn1_value ... ok
[INFO] [stdout] test validator::linking::utils::tests::converts_octet_to_bit_string ... ok
[INFO] [stdout] test lexer::tests::parses_toplevel_macro_integer_declaration ... ok
[INFO] [stdout] test intermediate::encoding_rules::per_visible::tests::initializes_per_visible_alphabet_from_range_value ... ok
[INFO] [stdout] test intermediate::encoding_rules::per_visible::tests::initializes_per_visible_alphabet_from_single_value ... ok
[INFO] [stdout] 
[INFO] [stdout] test result: ok. 164 passed; 0 failed; 1 ignored; 0 measured; 0 filtered out; finished in 0.19s
[INFO] [stdout] 
[INFO] [stderr]      Running unittests src/lib.rs (/opt/rustwide/target/debug/deps/rasn_compiler_derive-ce8ccd2cf1c7fb2d)
[INFO] [stdout] 
[INFO] [stdout] running 0 tests
[INFO] [stdout] 
[INFO] [stdout] test result: ok. 0 passed; 0 failed; 0 ignored; 0 measured; 0 filtered out; finished in 0.00s
[INFO] [stdout] 
[INFO] [stderr]      Running unittests src/lib.rs (/opt/rustwide/target/debug/deps/rasn_compiler_tests-056d2b894c624519)
[INFO] [stdout] 
[INFO] [stdout] running 0 tests
[INFO] [stdout] 
[INFO] [stdout] test result: ok. 0 passed; 0 failed; 0 ignored; 0 measured; 0 filtered out; finished in 0.00s
[INFO] [stdout] 
[INFO] [stderr]      Running tests/edge_cases.rs (/opt/rustwide/target/debug/deps/edge_cases-ddde2ba832d879a4)
[INFO] [stdout] 
[INFO] [stdout] running 6 tests
[INFO] [stderr] error: 'rustfmt' is not installed for the toolchain 'nightly-2024-10-28-x86_64-unknown-linux-gnu'.
[INFO] [stderr] To install, run `rustup component add --toolchain nightly-2024-10-28-x86_64-unknown-linux-gnu rustfmt`
[INFO] [stdout] test recursive_type ... FAILED
[INFO] [stderr] error: 'rustfmt' is not installed for the toolchain 'nightly-2024-10-28-x86_64-unknown-linux-gnu'.
[INFO] [stderr] To install, run `rustup component add --toolchain nightly-2024-10-28-x86_64-unknown-linux-gnu rustfmt`
[INFO] [stdout] test same_variant_name ... FAILED
[INFO] [stderr] error: 'rustfmt' is not installed for the toolchain 'nightly-2024-10-28-x86_64-unknown-linux-gnu'.
[INFO] [stderr] To install, run `rustup component add --toolchain nightly-2024-10-28-x86_64-unknown-linux-gnu rustfmt`
[INFO] [stdout] test distinguished_value_range ... FAILED
[INFO] [stderr] error: 'rustfmt' is not installed for the toolchain 'nightly-2024-10-28-x86_64-unknown-linux-gnu'.
[INFO] [stderr] To install, run `rustup component add --toolchain nightly-2024-10-28-x86_64-unknown-linux-gnu rustfmt`
[INFO] [stdout] test distinguished_value_range_in_choice_from_impl ... FAILED
[INFO] [stderr] error: 'rustfmt' is not installed for the toolchain 'nightly-2024-10-28-x86_64-unknown-linux-gnu'.
[INFO] [stderr] To install, run `rustup component add --toolchain nightly-2024-10-28-x86_64-unknown-linux-gnu rustfmt`
[INFO] [stdout] test distinguished_value_range_in_choice ... FAILED
[INFO] [stderr] error: 'rustfmt' is not installed for the toolchain 'nightly-2024-10-28-x86_64-unknown-linux-gnu'.
[INFO] [stderr] To install, run `rustup component add --toolchain nightly-2024-10-28-x86_64-unknown-linux-gnu rustfmt`
[INFO] [stdout] test enum_and_distinguished_defaults ... FAILED
[INFO] [stdout] 
[INFO] [stdout] failures:
[INFO] [stdout] 
[INFO] [stdout] ---- recursive_type stdout ----
[INFO] [stdout] thread 'recursive_type' panicked at rasn-compiler-tests/tests/edge_cases.rs:184:1:
[INFO] [stdout] assertion `left == right` failed
[INFO] [stdout]   left: "#[allow(non_camel_case_types,non_snake_case,non_upper_case_globals,unused,clippy::too_many_arguments,)]pubmodtest_module{externcratealloc;usecore::borrow::Borrow;userasn::prelude::*;uselazy_static::lazy_static;#[derive(AsnType,Debug,Clone,Decode,Encode,PartialEq,Eq,Hash)]#[rasn(delegate)]pubstructAssertionValue(pubOctetString);#[derive(AsnType,Debug,Clone,Decode,Encode,PartialEq,Eq,Hash)]#[rasn(delegate)]pubstructAttributeDescription(pubLDAPString);#[derive(AsnType,Debug,Clone,Decode,Encode,PartialEq,Eq,Hash)]#[rasn(automatic_tags)]pubstructAttributeValueAssertion{#[rasn(identifier=\"attributeDesc\")]pubattribute_desc:AttributeDescription,#[rasn(identifier=\"assertionValue\")]pubassertion_value:AssertionValue,}implAttributeValueAssertion{pubfnnew(attribute_desc:AttributeDescription,assertion_value:AssertionValue)->Self{Self{attribute_desc,assertion_value}}}#[derive(AsnType,Debug,Clone,Decode,Encode,PartialEq,Eq,Hash)]#[rasn(choice,automatic_tags)]#[non_exhaustive]pubenumFilter{#[rasn(size(\"1..\"),tag(context,0))]and(SetOf<Filter>),#[rasn(size(\"1..\"),tag(context,1))]or(SetOf<Filter>),#[rasn(tag(context,2))]not(Box<Filter>),#[rasn(tag(context,3))]equalityMatch(AttributeValueAssertion),}#[derive(AsnType,Debug,Clone,Decode,Encode,PartialEq,Eq,Hash)]#[rasn(delegate,tag(universal,4))]pubstructLDAPString(pubUtf8String);}"
[INFO] [stdout]  right: "#[derive(AsnType,Debug,Clone,Decode,Encode,PartialEq,Eq,Hash)]#[rasn(delegate)]pubstructAssertionValue(pubOctetString);#[derive(AsnType,Debug,Clone,Decode,Encode,PartialEq,Eq,Hash)]#[rasn(delegate)]pubstructAttributeDescription(pubLDAPString);#[derive(AsnType,Debug,Clone,Decode,Encode,PartialEq,Eq,Hash)]#[rasn(automatic_tags)]pubstructAttributeValueAssertion{#[rasn(identifier=\"attributeDesc\")]pubattribute_desc:AttributeDescription,#[rasn(identifier=\"assertionValue\")]pubassertion_value:AssertionValue,}implAttributeValueAssertion{pubfnnew(attribute_desc:AttributeDescription,assertion_value:AssertionValue)->Self{Self{attribute_desc,assertion_value,}}}#[derive(AsnType,Debug,Clone,Decode,Encode,PartialEq,Eq,Hash)]#[rasn(choice,automatic_tags)]#[non_exhaustive]pubenumFilter{#[rasn(size(\"1..\"),tag(context,0))]and(SetOf<Filter>),#[rasn(size(\"1..\"),tag(context,1))]or(SetOf<Filter>),#[rasn(tag(context,2))]not(Box<Filter>),#[rasn(tag(context,3))]equalityMatch(AttributeValueAssertion),}#[derive(AsnType,Debug,Clone,Decode,Encode,PartialEq,Eq,Hash)]#[rasn(delegate,tag(universal,4))]pubstructLDAPString(pubUtf8String);}"
[INFO] [stdout] stack backtrace:
[INFO] [stdout]    0:     0x64dfb4bb48ca - std::backtrace_rs::backtrace::libunwind::trace::h207520d6e9873551
[INFO] [stdout]                                at /rustc/df4ca44d3fbc9301ee17f30f4d474e6ae4b05252/library/std/src/../../backtrace/src/backtrace/libunwind.rs:116:5
[INFO] [stdout]    1:     0x64dfb4bb48ca - std::backtrace_rs::backtrace::trace_unsynchronized::h2ed7433f370e3eca
[INFO] [stdout]                                at /rustc/df4ca44d3fbc9301ee17f30f4d474e6ae4b05252/library/std/src/../../backtrace/src/backtrace/mod.rs:66:5
[INFO] [stdout]    2:     0x64dfb4bb48ca - std::sys::backtrace::_print_fmt::h916fac51166b18d7
[INFO] [stdout]                                at /rustc/df4ca44d3fbc9301ee17f30f4d474e6ae4b05252/library/std/src/sys/backtrace.rs:66:9
[INFO] [stdout]    3:     0x64dfb4bb48ca - <std::sys::backtrace::BacktraceLock::print::DisplayBacktrace as core::fmt::Display>::fmt::ha0a4c9b8ce3802e6
[INFO] [stdout]                                at /rustc/df4ca44d3fbc9301ee17f30f4d474e6ae4b05252/library/std/src/sys/backtrace.rs:39:26
[INFO] [stdout]    4:     0x64dfb4bdcab3 - core::fmt::rt::Argument::fmt::h4cfc8587d52b3eb5
[INFO] [stdout]                                at /rustc/df4ca44d3fbc9301ee17f30f4d474e6ae4b05252/library/core/src/fmt/rt.rs:177:76
[INFO] [stdout]    5:     0x64dfb4bdcab3 - core::fmt::write::h522cc39e5b36ae9f
[INFO] [stdout]                                at /rustc/df4ca44d3fbc9301ee17f30f4d474e6ae4b05252/library/core/src/fmt/mod.rs:1190:21
[INFO] [stdout]    6:     0x64dfb4bb1453 - std::io::Write::write_fmt::h7d3c26752da97734
[INFO] [stdout]                                at /rustc/df4ca44d3fbc9301ee17f30f4d474e6ae4b05252/library/std/src/io/mod.rs:1839:15
[INFO] [stdout]    7:     0x64dfb4bb4712 - std::sys::backtrace::BacktraceLock::print::h4b9e00b29e9c0942
[INFO] [stdout]                                at /rustc/df4ca44d3fbc9301ee17f30f4d474e6ae4b05252/library/std/src/sys/backtrace.rs:42:9
[INFO] [stdout]    8:     0x64dfb4bb5d5a - std::panicking::default_hook::{{closure}}::hb59b88280d0324d9
[INFO] [stdout]                                at /rustc/df4ca44d3fbc9301ee17f30f4d474e6ae4b05252/library/std/src/panicking.rs:268:22
[INFO] [stdout]    9:     0x64dfb4bb5b64 - std::panicking::default_hook::he1dd496665be4a29
[INFO] [stdout]                                at /rustc/df4ca44d3fbc9301ee17f30f4d474e6ae4b05252/library/std/src/panicking.rs:292:9
[INFO] [stdout]   10:     0x64dfb4b7ed99 - <alloc::boxed::Box<F,A> as core::ops::function::Fn<Args>>::call::h4ff71de18744e1dc
[INFO] [stdout]                                at /rustc/df4ca44d3fbc9301ee17f30f4d474e6ae4b05252/library/alloc/src/boxed.rs:2468:9
[INFO] [stdout]   11:     0x64dfb4b7ed99 - test::test_main::{{closure}}::hcf7c055ce117aa81
[INFO] [stdout]                                at /rustc/df4ca44d3fbc9301ee17f30f4d474e6ae4b05252/library/test/src/lib.rs:133:21
[INFO] [stdout]   12:     0x64dfb4bb6458 - <alloc::boxed::Box<F,A> as core::ops::function::Fn<Args>>::call::h1d66c6bbd60c9692
[INFO] [stdout]                                at /rustc/df4ca44d3fbc9301ee17f30f4d474e6ae4b05252/library/alloc/src/boxed.rs:2468:9
[INFO] [stdout]   13:     0x64dfb4bb6458 - std::panicking::rust_panic_with_hook::h2ff17fe8f26dfcf8
[INFO] [stdout]                                at /rustc/df4ca44d3fbc9301ee17f30f4d474e6ae4b05252/library/std/src/panicking.rs:809:13
[INFO] [stdout]   14:     0x64dfb4bb621a - std::panicking::begin_panic_handler::{{closure}}::h4fad77951c07e101
[INFO] [stdout]                                at /rustc/df4ca44d3fbc9301ee17f30f4d474e6ae4b05252/library/std/src/panicking.rs:674:13
[INFO] [stdout]   15:     0x64dfb4bb4da9 - std::sys::backtrace::__rust_end_short_backtrace::hb1a25b3da5d0ea08
[INFO] [stdout]                                at /rustc/df4ca44d3fbc9301ee17f30f4d474e6ae4b05252/library/std/src/sys/backtrace.rs:170:18
[INFO] [stdout]   16:     0x64dfb4bb5eac - rust_begin_unwind
[INFO] [stdout]                                at /rustc/df4ca44d3fbc9301ee17f30f4d474e6ae4b05252/library/std/src/panicking.rs:665:5
[INFO] [stdout]   17:     0x64dfb4bda8d0 - core::panicking::panic_fmt::ha9db07b529f9b256
[INFO] [stdout]                                at /rustc/df4ca44d3fbc9301ee17f30f4d474e6ae4b05252/library/core/src/panicking.rs:75:14
[INFO] [stdout]   18:     0x64dfb4bdacd4 - core::panicking::assert_failed_inner::h04f38944d74a80a8
[INFO] [stdout]   19:     0x64dfb48a55eb - core::panicking::assert_failed::h9614c7cb8f8513c3
[INFO] [stdout]                                at /rustc/df4ca44d3fbc9301ee17f30f4d474e6ae4b05252/library/core/src/panicking.rs:377:5
[INFO] [stdout]   20:     0x64dfb48ae298 - edge_cases::recursive_type::h33cbdb6789429041
[INFO] [stdout]                                at /opt/rustwide/workdir/rasn-compiler-tests/src/helpers/mod.rs:33:13
[INFO] [stdout]   21:     0x64dfb48add27 - edge_cases::recursive_type::{{closure}}::h63ee9c56916a003d
[INFO] [stdout]                                at /opt/rustwide/workdir/rasn-compiler-tests/src/helpers/mod.rs:31:20
[INFO] [stdout]   22:     0x64dfb48b0016 - core::ops::function::FnOnce::call_once::h469618ed0922dfd9
[INFO] [stdout]                                at /rustc/df4ca44d3fbc9301ee17f30f4d474e6ae4b05252/library/core/src/ops/function.rs:250:5
[INFO] [stdout]   23:     0x64dfb4b8366b - core::ops::function::FnOnce::call_once::h22c3ba5715e93f05
[INFO] [stdout]                                at /rustc/df4ca44d3fbc9301ee17f30f4d474e6ae4b05252/library/core/src/ops/function.rs:250:5
[INFO] [stdout]   24:     0x64dfb4b8366b - test::__rust_begin_short_backtrace::h8e82d8113d0da17f
[INFO] [stdout]                                at /rustc/df4ca44d3fbc9301ee17f30f4d474e6ae4b05252/library/test/src/lib.rs:621:18
[INFO] [stdout]   25:     0x64dfb4b82fe7 - test::run_test_in_process::{{closure}}::h33235f4f20b7b7c7
[INFO] [stdout]                                at /rustc/df4ca44d3fbc9301ee17f30f4d474e6ae4b05252/library/test/src/lib.rs:644:60
[INFO] [stdout]   26:     0x64dfb4b82fe7 - <core::panic::unwind_safe::AssertUnwindSafe<F> as core::ops::function::FnOnce<()>>::call_once::hb5043206310c586f
[INFO] [stdout]                                at /rustc/df4ca44d3fbc9301ee17f30f4d474e6ae4b05252/library/core/src/panic/unwind_safe.rs:272:9
[INFO] [stdout]   27:     0x64dfb4b82fe7 - std::panicking::try::do_call::h9ad4731a60ab23e2
[INFO] [stdout]                                at /rustc/df4ca44d3fbc9301ee17f30f4d474e6ae4b05252/library/std/src/panicking.rs:557:40
[INFO] [stdout]   28:     0x64dfb4b82fe7 - std::panicking::try::h3824d23db772a716
[INFO] [stdout]                                at /rustc/df4ca44d3fbc9301ee17f30f4d474e6ae4b05252/library/std/src/panicking.rs:520:19
[INFO] [stdout]   29:     0x64dfb4b82fe7 - std::panic::catch_unwind::h5afd514605fde46b
[INFO] [stdout]                                at /rustc/df4ca44d3fbc9301ee17f30f4d474e6ae4b05252/library/std/src/panic.rs:358:14
[INFO] [stdout]   30:     0x64dfb4b82fe7 - test::run_test_in_process::h0d5cbfa7067d1720
[INFO] [stdout]                                at /rustc/df4ca44d3fbc9301ee17f30f4d474e6ae4b05252/library/test/src/lib.rs:644:27
[INFO] [stdout]   31:     0x64dfb4b82fe7 - test::run_test::{{closure}}::h708eb8872708115d
[INFO] [stdout]                                at /rustc/df4ca44d3fbc9301ee17f30f4d474e6ae4b05252/library/test/src/lib.rs:565:43
[INFO] [stdout]   32:     0x64dfb4b46704 - test::run_test::{{closure}}::h392c51cee94713ab
[INFO] [stdout]                                at /rustc/df4ca44d3fbc9301ee17f30f4d474e6ae4b05252/library/test/src/lib.rs:595:41
[INFO] [stdout]   33:     0x64dfb4b46704 - std::sys::backtrace::__rust_begin_short_backtrace::h2f40290710935a8b
[INFO] [stdout]                                at /rustc/df4ca44d3fbc9301ee17f30f4d474e6ae4b05252/library/std/src/sys/backtrace.rs:154:18
[INFO] [stdout]   34:     0x64dfb4b49eae - std::thread::Builder::spawn_unchecked_::{{closure}}::{{closure}}::h3fd968d89053a903
[INFO] [stdout]                                at /rustc/df4ca44d3fbc9301ee17f30f4d474e6ae4b05252/library/std/src/thread/mod.rs:541:17
[INFO] [stdout]   35:     0x64dfb4b49eae - <core::panic::unwind_safe::AssertUnwindSafe<F> as core::ops::function::FnOnce<()>>::call_once::h743f637ba4229880
[INFO] [stdout]                                at /rustc/df4ca44d3fbc9301ee17f30f4d474e6ae4b05252/library/core/src/panic/unwind_safe.rs:272:9
[INFO] [stdout]   36:     0x64dfb4b49eae - std::panicking::try::do_call::h07440897322525a6
[INFO] [stdout]                                at /rustc/df4ca44d3fbc9301ee17f30f4d474e6ae4b05252/library/std/src/panicking.rs:557:40
[INFO] [stdout]   37:     0x64dfb4b49eae - std::panicking::try::he5a2e00188156637
[INFO] [stdout]                                at /rustc/df4ca44d3fbc9301ee17f30f4d474e6ae4b05252/library/std/src/panicking.rs:520:19
[INFO] [stdout]   38:     0x64dfb4b49eae - std::panic::catch_unwind::hbaf3cae49b3c6433
[INFO] [stdout]                                at /rustc/df4ca44d3fbc9301ee17f30f4d474e6ae4b05252/library/std/src/panic.rs:358:14
[INFO] [stdout]   39:     0x64dfb4b49eae - std::thread::Builder::spawn_unchecked_::{{closure}}::h8e141ea224820bce
[INFO] [stdout]                                at /rustc/df4ca44d3fbc9301ee17f30f4d474e6ae4b05252/library/std/src/thread/mod.rs:540:30
[INFO] [stdout]   40:     0x64dfb4b49eae - core::ops::function::FnOnce::call_once{{vtable.shim}}::h90d312fedd7b8ea8
[INFO] [stdout]                                at /rustc/df4ca44d3fbc9301ee17f30f4d474e6ae4b05252/library/core/src/ops/function.rs:250:5
[INFO] [stdout]   41:     0x64dfb4bba39b - <alloc::boxed::Box<F,A> as core::ops::function::FnOnce<Args>>::call_once::h69aa08ddb6adb8b6
[INFO] [stdout]                                at /rustc/df4ca44d3fbc9301ee17f30f4d474e6ae4b05252/library/alloc/src/boxed.rs:2454:9
[INFO] [stdout]   42:     0x64dfb4bba39b - <alloc::boxed::Box<F,A> as core::ops::function::FnOnce<Args>>::call_once::h5aa36efdb79c806f
[INFO] [stdout]                                at /rustc/df4ca44d3fbc9301ee17f30f4d474e6ae4b05252/library/alloc/src/boxed.rs:2454:9
[INFO] [stdout]   43:     0x64dfb4bba39b - std::sys::pal::unix::thread::Thread::new::thread_start::h6cd80a1b4be5158d
[INFO] [stdout]                                at /rustc/df4ca44d3fbc9301ee17f30f4d474e6ae4b05252/library/std/src/sys/pal/unix/thread.rs:105:17
[INFO] [stdout]   44:     0x72ad9809bac3 - <unknown>
[INFO] [stdout]   45:     0x72ad9812ca04 - clone
[INFO] [stdout]   46:                0x0 - <unknown>
[INFO] [stdout] 
[INFO] [stdout] ---- same_variant_name stdout ----
[INFO] [stdout] thread 'same_variant_name' panicked at rasn-compiler-tests/tests/edge_cases.rs:147:1:
[INFO] [stdout] assertion `left == right` failed
[INFO] [stdout]   left: "#[allow(non_camel_case_types,non_snake_case,non_upper_case_globals,unused,clippy::too_many_arguments,)]pubmodtest_module{externcratealloc;usecore::borrow::Borrow;userasn::prelude::*;uselazy_static::lazy_static;#[derive(AsnType,Debug,Clone,Decode,Encode,PartialEq,Eq,Hash)]#[rasn(choice,automatic_tags)]pubenumChoiceType{number(Integer),anotherNumber(Integer),bool(bool),oneMoreNumber(Integer),aString(Ia5String),}implFrom<bool>forChoiceType{fnfrom(value:bool)->Self{Self::bool(value)}}implFrom<Ia5String>forChoiceType{fnfrom(value:Ia5String)->Self{Self::aString(value)}}}"
[INFO] [stdout]  right: "#[derive(AsnType,Debug,Clone,Decode,Encode,PartialEq,Eq,Hash)]#[rasn(choice,automatic_tags)]pubenumChoiceType{number(Integer),anotherNumber(Integer),bool(bool),oneMoreNumber(Integer),aString(Ia5String),}implFrom<bool>forChoiceType{fnfrom(value:bool)->Self{Self::bool(value)}}implFrom<Ia5String>forChoiceType{fnfrom(value:Ia5String)->Self{Self::aString(value)}}}"
[INFO] [stdout] stack backtrace:
[INFO] [stdout]    0:     0x64dfb4bb48ca - std::backtrace_rs::backtrace::libunwind::trace::h207520d6e9873551
[INFO] [stdout]                                at /rustc/df4ca44d3fbc9301ee17f30f4d474e6ae4b05252/library/std/src/../../backtrace/src/backtrace/libunwind.rs:116:5
[INFO] [stdout]    1:     0x64dfb4bb48ca - std::backtrace_rs::backtrace::trace_unsynchronized::h2ed7433f370e3eca
[INFO] [stdout]                                at /rustc/df4ca44d3fbc9301ee17f30f4d474e6ae4b05252/library/std/src/../../backtrace/src/backtrace/mod.rs:66:5
[INFO] [stdout]    2:     0x64dfb4bb48ca - std::sys::backtrace::_print_fmt::h916fac51166b18d7
[INFO] [stdout]                                at /rustc/df4ca44d3fbc9301ee17f30f4d474e6ae4b05252/library/std/src/sys/backtrace.rs:66:9
[INFO] [stdout]    3:     0x64dfb4bb48ca - <std::sys::backtrace::BacktraceLock::print::DisplayBacktrace as core::fmt::Display>::fmt::ha0a4c9b8ce3802e6
[INFO] [stdout]                                at /rustc/df4ca44d3fbc9301ee17f30f4d474e6ae4b05252/library/std/src/sys/backtrace.rs:39:26
[INFO] [stdout]    4:     0x64dfb4bdcab3 - core::fmt::rt::Argument::fmt::h4cfc8587d52b3eb5
[INFO] [stdout]                                at /rustc/df4ca44d3fbc9301ee17f30f4d474e6ae4b05252/library/core/src/fmt/rt.rs:177:76
[INFO] [stdout]    5:     0x64dfb4bdcab3 - core::fmt::write::h522cc39e5b36ae9f
[INFO] [stdout]                                at /rustc/df4ca44d3fbc9301ee17f30f4d474e6ae4b05252/library/core/src/fmt/mod.rs:1190:21
[INFO] [stdout]    6:     0x64dfb4bb1453 - std::io::Write::write_fmt::h7d3c26752da97734
[INFO] [stdout]                                at /rustc/df4ca44d3fbc9301ee17f30f4d474e6ae4b05252/library/std/src/io/mod.rs:1839:15
[INFO] [stdout]    7:     0x64dfb4bb4712 - std::sys::backtrace::BacktraceLock::print::h4b9e00b29e9c0942
[INFO] [stdout]                                at /rustc/df4ca44d3fbc9301ee17f30f4d474e6ae4b05252/library/std/src/sys/backtrace.rs:42:9
[INFO] [stdout]    8:     0x64dfb4bb5d5a - std::panicking::default_hook::{{closure}}::hb59b88280d0324d9
[INFO] [stdout]                                at /rustc/df4ca44d3fbc9301ee17f30f4d474e6ae4b05252/library/std/src/panicking.rs:268:22
[INFO] [stdout]    9:     0x64dfb4bb5b64 - std::panicking::default_hook::he1dd496665be4a29
[INFO] [stdout]                                at /rustc/df4ca44d3fbc9301ee17f30f4d474e6ae4b05252/library/std/src/panicking.rs:292:9
[INFO] [stdout]   10:     0x64dfb4b7ed99 - <alloc::boxed::Box<F,A> as core::ops::function::Fn<Args>>::call::h4ff71de18744e1dc
[INFO] [stdout]                                at /rustc/df4ca44d3fbc9301ee17f30f4d474e6ae4b05252/library/alloc/src/boxed.rs:2468:9
[INFO] [stdout]   11:     0x64dfb4b7ed99 - test::test_main::{{closure}}::hcf7c055ce117aa81
[INFO] [stdout]                                at /rustc/df4ca44d3fbc9301ee17f30f4d474e6ae4b05252/library/test/src/lib.rs:133:21
[INFO] [stdout]   12:     0x64dfb4bb6458 - <alloc::boxed::Box<F,A> as core::ops::function::Fn<Args>>::call::h1d66c6bbd60c9692
[INFO] [stdout]                                at /rustc/df4ca44d3fbc9301ee17f30f4d474e6ae4b05252/library/alloc/src/boxed.rs:2468:9
[INFO] [stdout]   13:     0x64dfb4bb6458 - std::panicking::rust_panic_with_hook::h2ff17fe8f26dfcf8
[INFO] [stdout]                                at /rustc/df4ca44d3fbc9301ee17f30f4d474e6ae4b05252/library/std/src/panicking.rs:809:13
[INFO] [stdout]   14:     0x64dfb4bb621a - std::panicking::begin_panic_handler::{{closure}}::h4fad77951c07e101
[INFO] [stdout]                                at /rustc/df4ca44d3fbc9301ee17f30f4d474e6ae4b05252/library/std/src/panicking.rs:674:13
[INFO] [stdout]   15:     0x64dfb4bb4da9 - std::sys::backtrace::__rust_end_short_backtrace::hb1a25b3da5d0ea08
[INFO] [stdout]                                at /rustc/df4ca44d3fbc9301ee17f30f4d474e6ae4b05252/library/std/src/sys/backtrace.rs:170:18
[INFO] [stdout]   16:     0x64dfb4bb5eac - rust_begin_unwind
[INFO] [stdout]                                at /rustc/df4ca44d3fbc9301ee17f30f4d474e6ae4b05252/library/std/src/panicking.rs:665:5
[INFO] [stdout]   17:     0x64dfb4bda8d0 - core::panicking::panic_fmt::ha9db07b529f9b256
[INFO] [stdout]                                at /rustc/df4ca44d3fbc9301ee17f30f4d474e6ae4b05252/library/core/src/panicking.rs:75:14
[INFO] [stdout]   18:     0x64dfb4bdacd4 - core::panicking::assert_failed_inner::h04f38944d74a80a8
[INFO] [stdout]   19:     0x64dfb48a55eb - core::panicking::assert_failed::h9614c7cb8f8513c3
[INFO] [stdout]                                at /rustc/df4ca44d3fbc9301ee17f30f4d474e6ae4b05252/library/core/src/panicking.rs:377:5
[INFO] [stdout]   20:     0x64dfb48adc10 - edge_cases::same_variant_name::h87cffedbfbc779a9
[INFO] [stdout]                                at /opt/rustwide/workdir/rasn-compiler-tests/src/helpers/mod.rs:33:13
[INFO] [stdout]   21:     0x64dfb48ad6a7 - edge_cases::same_variant_name::{{closure}}::h9090551d4e7a0b78
[INFO] [stdout]                                at /opt/rustwide/workdir/rasn-compiler-tests/src/helpers/mod.rs:31:20
[INFO] [stdout]   22:     0x64dfb48affd6 - core::ops::function::FnOnce::call_once::h3d4cac45b3e32c32
[INFO] [stdout]                                at /rustc/df4ca44d3fbc9301ee17f30f4d474e6ae4b05252/library/core/src/ops/function.rs:250:5
[INFO] [stdout]   23:     0x64dfb4b8366b - core::ops::function::FnOnce::call_once::h22c3ba5715e93f05
[INFO] [stdout]                                at /rustc/df4ca44d3fbc9301ee17f30f4d474e6ae4b05252/library/core/src/ops/function.rs:250:5
[INFO] [stdout]   24:     0x64dfb4b8366b - test::__rust_begin_short_backtrace::h8e82d8113d0da17f
[INFO] [stdout]                                at /rustc/df4ca44d3fbc9301ee17f30f4d474e6ae4b05252/library/test/src/lib.rs:621:18
[INFO] [stdout]   25:     0x64dfb4b82fe7 - test::run_test_in_process::{{closure}}::h33235f4f20b7b7c7
[INFO] [stdout]                                at /rustc/df4ca44d3fbc9301ee17f30f4d474e6ae4b05252/library/test/src/lib.rs:644:60
[INFO] [stdout]   26:     0x64dfb4b82fe7 - <core::panic::unwind_safe::AssertUnwindSafe<F> as core::ops::function::FnOnce<()>>::call_once::hb5043206310c586f
[INFO] [stdout]                                at /rustc/df4ca44d3fbc9301ee17f30f4d474e6ae4b05252/library/core/src/panic/unwind_safe.rs:272:9
[INFO] [stdout]   27:     0x64dfb4b82fe7 - std::panicking::try::do_call::h9ad4731a60ab23e2
[INFO] [stdout]                                at /rustc/df4ca44d3fbc9301ee17f30f4d474e6ae4b05252/library/std/src/panicking.rs:557:40
[INFO] [stdout]   28:     0x64dfb4b82fe7 - std::panicking::try::h3824d23db772a716
[INFO] [stdout]                                at /rustc/df4ca44d3fbc9301ee17f30f4d474e6ae4b05252/library/std/src/panicking.rs:520:19
[INFO] [stdout]   29:     0x64dfb4b82fe7 - std::panic::catch_unwind::h5afd514605fde46b
[INFO] [stdout]                                at /rustc/df4ca44d3fbc9301ee17f30f4d474e6ae4b05252/library/std/src/panic.rs:358:14
[INFO] [stdout]   30:     0x64dfb4b82fe7 - test::run_test_in_process::h0d5cbfa7067d1720
[INFO] [stdout]                                at /rustc/df4ca44d3fbc9301ee17f30f4d474e6ae4b05252/library/test/src/lib.rs:644:27
[INFO] [stdout]   31:     0x64dfb4b82fe7 - test::run_test::{{closure}}::h708eb8872708115d
[INFO] [stdout]                                at /rustc/df4ca44d3fbc9301ee17f30f4d474e6ae4b05252/library/test/src/lib.rs:565:43
[INFO] [stdout]   32:     0x64dfb4b46704 - test::run_test::{{closure}}::h392c51cee94713ab
[INFO] [stdout]                                at /rustc/df4ca44d3fbc9301ee17f30f4d474e6ae4b05252/library/test/src/lib.rs:595:41
[INFO] [stdout]   33:     0x64dfb4b46704 - std::sys::backtrace::__rust_begin_short_backtrace::h2f40290710935a8b
[INFO] [stdout]                                at /rustc/df4ca44d3fbc9301ee17f30f4d474e6ae4b05252/library/std/src/sys/backtrace.rs:154:18
[INFO] [stdout]   34:     0x64dfb4b49eae - std::thread::Builder::spawn_unchecked_::{{closure}}::{{closure}}::h3fd968d89053a903
[INFO] [stdout]                                at /rustc/df4ca44d3fbc9301ee17f30f4d474e6ae4b05252/library/std/src/thread/mod.rs:541:17
[INFO] [stdout]   35:     0x64dfb4b49eae - <core::panic::unwind_safe::AssertUnwindSafe<F> as core::ops::function::FnOnce<()>>::call_once::h743f637ba4229880
[INFO] [stdout]                                at /rustc/df4ca44d3fbc9301ee17f30f4d474e6ae4b05252/library/core/src/panic/unwind_safe.rs:272:9
[INFO] [stdout]   36:     0x64dfb4b49eae - std::panicking::try::do_call::h07440897322525a6
[INFO] [stdout]                                at /rustc/df4ca44d3fbc9301ee17f30f4d474e6ae4b05252/library/std/src/panicking.rs:557:40
[INFO] [stdout]   37:     0x64dfb4b49eae - std::panicking::try::he5a2e00188156637
[INFO] [stdout]                                at /rustc/df4ca44d3fbc9301ee17f30f4d474e6ae4b05252/library/std/src/panicking.rs:520:19
[INFO] [stdout]   38:     0x64dfb4b49eae - std::panic::catch_unwind::hbaf3cae49b3c6433
[INFO] [stdout]                                at /rustc/df4ca44d3fbc9301ee17f30f4d474e6ae4b05252/library/std/src/panic.rs:358:14
[INFO] [stdout]   39:     0x64dfb4b49eae - std::thread::Builder::spawn_unchecked_::{{closure}}::h8e141ea224820bce
[INFO] [stdout]                                at /rustc/df4ca44d3fbc9301ee17f30f4d474e6ae4b05252/library/std/src/thread/mod.rs:540:30
[INFO] [stdout]   40:     0x64dfb4b49eae - core::ops::function::FnOnce::call_once{{vtable.shim}}::h90d312fedd7b8ea8
[INFO] [stdout]                                at /rustc/df4ca44d3fbc9301ee17f30f4d474e6ae4b05252/library/core/src/ops/function.rs:250:5
[INFO] [stdout]   41:     0x64dfb4bba39b - <alloc::boxed::Box<F,A> as core::ops::function::FnOnce<Args>>::call_once::h69aa08ddb6adb8b6
[INFO] [stdout]                                at /rustc/df4ca44d3fbc9301ee17f30f4d474e6ae4b05252/library/alloc/src/boxed.rs:2454:9
[INFO] [stdout]   42:     0x64dfb4bba39b - <alloc::boxed::Box<F,A> as core::ops::function::FnOnce<Args>>::call_once::h5aa36efdb79c806f
[INFO] [stdout]                                at /rustc/df4ca44d3fbc9301ee17f30f4d474e6ae4b05252/library/alloc/src/boxed.rs:2454:9
[INFO] [stdout]   43:     0x64dfb4bba39b - std::sys::pal::unix::thread::Thread::new::thread_start::h6cd80a1b4be5158d
[INFO] [stdout]                                at /rustc/df4ca44d3fbc9301ee17f30f4d474e6ae4b05252/library/std/src/sys/pal/unix/thread.rs:105:17
[INFO] [stdout]   44:     0x72ad9809bac3 - <unknown>
[INFO] [stdout]   45:     0x72ad9812ca04 - clone
[INFO] [stdout]   46:                0x0 - <unknown>
[INFO] [stdout] 
[INFO] [stdout] ---- distinguished_value_range stdout ----
[INFO] [stdout] thread 'distinguished_value_range' panicked at rasn-compiler-tests/tests/edge_cases.rs:4:1:
[INFO] [stdout] assertion `left == right` failed
[INFO] [stdout]   left: "#[allow(non_camel_case_types,non_snake_case,non_upper_case_globals,unused,clippy::too_many_arguments,)]pubmodtest_module{externcratealloc;usecore::borrow::Borrow;userasn::prelude::*;uselazy_static::lazy_static;#[derive(AsnType,Debug,Clone,Decode,Encode,PartialEq,Eq,Hash)]#[rasn(delegate,value(\"1..=10\"))]pubstructDistinguished(pubu8);#[derive(AsnType,Debug,Clone,Decode,Encode,PartialEq,Eq,Hash)]#[rasn(delegate,value(\"2..=8\"))]pubstructRestricted(pubDistinguished);}"
[INFO] [stdout]  right: "#[derive(AsnType,Debug,Clone,Decode,Encode,PartialEq,Eq,Hash)]#[rasn(delegate,value(\"1..=10\"))]pubstructDistinguished(pubu8);#[derive(AsnType,Debug,Clone,Decode,Encode,PartialEq,Eq,Hash)]#[rasn(delegate,value(\"2..=8\"))]pubstructRestricted(pubDistinguished);}"
[INFO] [stdout] stack backtrace:
[INFO] [stdout]    0:     0x64dfb4bb48ca - std::backtrace_rs::backtrace::libunwind::trace::h207520d6e9873551
[INFO] [stdout]                                at /rustc/df4ca44d3fbc9301ee17f30f4d474e6ae4b05252/library/std/src/../../backtrace/src/backtrace/libunwind.rs:116:5
[INFO] [stdout]    1:     0x64dfb4bb48ca - std::backtrace_rs::backtrace::trace_unsynchronized::h2ed7433f370e3eca
[INFO] [stdout]                                at /rustc/df4ca44d3fbc9301ee17f30f4d474e6ae4b05252/library/std/src/../../backtrace/src/backtrace/mod.rs:66:5
[INFO] [stdout]    2:     0x64dfb4bb48ca - std::sys::backtrace::_print_fmt::h916fac51166b18d7
[INFO] [stdout]                                at /rustc/df4ca44d3fbc9301ee17f30f4d474e6ae4b05252/library/std/src/sys/backtrace.rs:66:9
[INFO] [stdout]    3:     0x64dfb4bb48ca - <std::sys::backtrace::BacktraceLock::print::DisplayBacktrace as core::fmt::Display>::fmt::ha0a4c9b8ce3802e6
[INFO] [stdout]                                at /rustc/df4ca44d3fbc9301ee17f30f4d474e6ae4b05252/library/std/src/sys/backtrace.rs:39:26
[INFO] [stdout]    4:     0x64dfb4bdcab3 - core::fmt::rt::Argument::fmt::h4cfc8587d52b3eb5
[INFO] [stdout]                                at /rustc/df4ca44d3fbc9301ee17f30f4d474e6ae4b05252/library/core/src/fmt/rt.rs:177:76
[INFO] [stdout]    5:     0x64dfb4bdcab3 - core::fmt::write::h522cc39e5b36ae9f
[INFO] [stdout]                                at /rustc/df4ca44d3fbc9301ee17f30f4d474e6ae4b05252/library/core/src/fmt/mod.rs:1190:21
[INFO] [stdout]    6:     0x64dfb4bb1453 - std::io::Write::write_fmt::h7d3c26752da97734
[INFO] [stdout]                                at /rustc/df4ca44d3fbc9301ee17f30f4d474e6ae4b05252/library/std/src/io/mod.rs:1839:15
[INFO] [stdout]    7:     0x64dfb4bb4712 - std::sys::backtrace::BacktraceLock::print::h4b9e00b29e9c0942
[INFO] [stdout]                                at /rustc/df4ca44d3fbc9301ee17f30f4d474e6ae4b05252/library/std/src/sys/backtrace.rs:42:9
[INFO] [stdout]    8:     0x64dfb4bb5d5a - std::panicking::default_hook::{{closure}}::hb59b88280d0324d9
[INFO] [stdout]                                at /rustc/df4ca44d3fbc9301ee17f30f4d474e6ae4b05252/library/std/src/panicking.rs:268:22
[INFO] [stdout]    9:     0x64dfb4bb5b64 - std::panicking::default_hook::he1dd496665be4a29
[INFO] [stdout]                                at /rustc/df4ca44d3fbc9301ee17f30f4d474e6ae4b05252/library/std/src/panicking.rs:292:9
[INFO] [stdout]   10:     0x64dfb4b7ed99 - <alloc::boxed::Box<F,A> as core::ops::function::Fn<Args>>::call::h4ff71de18744e1dc
[INFO] [stdout]                                at /rustc/df4ca44d3fbc9301ee17f30f4d474e6ae4b05252/library/alloc/src/boxed.rs:2468:9
[INFO] [stdout]   11:     0x64dfb4b7ed99 - test::test_main::{{closure}}::hcf7c055ce117aa81
[INFO] [stdout]                                at /rustc/df4ca44d3fbc9301ee17f30f4d474e6ae4b05252/library/test/src/lib.rs:133:21
[INFO] [stdout]   12:     0x64dfb4bb6458 - <alloc::boxed::Box<F,A> as core::ops::function::Fn<Args>>::call::h1d66c6bbd60c9692
[INFO] [stdout]                                at /rustc/df4ca44d3fbc9301ee17f30f4d474e6ae4b05252/library/alloc/src/boxed.rs:2468:9
[INFO] [stdout]   13:     0x64dfb4bb6458 - std::panicking::rust_panic_with_hook::h2ff17fe8f26dfcf8
[INFO] [stdout]                                at /rustc/df4ca44d3fbc9301ee17f30f4d474e6ae4b05252/library/std/src/panicking.rs:809:13
[INFO] [stdout]   14:     0x64dfb4bb621a - std::panicking::begin_panic_handler::{{closure}}::h4fad77951c07e101
[INFO] [stdout]                                at /rustc/df4ca44d3fbc9301ee17f30f4d474e6ae4b05252/library/std/src/panicking.rs:674:13
[INFO] [stdout]   15:     0x64dfb4bb4da9 - std::sys::backtrace::__rust_end_short_backtrace::hb1a25b3da5d0ea08
[INFO] [stdout]                                at /rustc/df4ca44d3fbc9301ee17f30f4d474e6ae4b05252/library/std/src/sys/backtrace.rs:170:18
[INFO] [stdout]   16:     0x64dfb4bb5eac - rust_begin_unwind
[INFO] [stdout]                                at /rustc/df4ca44d3fbc9301ee17f30f4d474e6ae4b05252/library/std/src/panicking.rs:665:5
[INFO] [stdout]   17:     0x64dfb4bda8d0 - core::panicking::panic_fmt::ha9db07b529f9b256
[INFO] [stdout]                                at /rustc/df4ca44d3fbc9301ee17f30f4d474e6ae4b05252/library/core/src/panicking.rs:75:14
[INFO] [stdout]   18:     0x64dfb4bdacd4 - core::panicking::assert_failed_inner::h04f38944d74a80a8
[INFO] [stdout]   19:     0x64dfb48a55eb - core::panicking::assert_failed::h9614c7cb8f8513c3
[INFO] [stdout]                                at /rustc/df4ca44d3fbc9301ee17f30f4d474e6ae4b05252/library/core/src/panicking.rs:377:5
[INFO] [stdout]   20:     0x64dfb48ac329 - edge_cases::distinguished_value_range::hd631f491c3b83c76
[INFO] [stdout]                                at /opt/rustwide/workdir/rasn-compiler-tests/src/helpers/mod.rs:15:13
[INFO] [stdout]   21:     0x64dfb48abe57 - edge_cases::distinguished_value_range::{{closure}}::h5f074f9f60ddd818
[INFO] [stdout]                                at /opt/rustwide/workdir/rasn-compiler-tests/src/helpers/mod.rs:13:20
[INFO] [stdout]   22:     0x64dfb48b00c6 - core::ops::function::FnOnce::call_once::h844500bb8275a229
[INFO] [stdout]                                at /rustc/df4ca44d3fbc9301ee17f30f4d474e6ae4b05252/library/core/src/ops/function.rs:250:5
[INFO] [stdout]   23:     0x64dfb4b8366b - core::ops::function::FnOnce::call_once::h22c3ba5715e93f05
[INFO] [stdout]                                at /rustc/df4ca44d3fbc9301ee17f30f4d474e6ae4b05252/library/core/src/ops/function.rs:250:5
[INFO] [stdout]   24:     0x64dfb4b8366b - test::__rust_begin_short_backtrace::h8e82d8113d0da17f
[INFO] [stdout]                                at /rustc/df4ca44d3fbc9301ee17f30f4d474e6ae4b05252/library/test/src/lib.rs:621:18
[INFO] [stdout]   25:     0x64dfb4b82fe7 - test::run_test_in_process::{{closure}}::h33235f4f20b7b7c7
[INFO] [stdout]                                at /rustc/df4ca44d3fbc9301ee17f30f4d474e6ae4b05252/library/test/src/lib.rs:644:60
[INFO] [stdout]   26:     0x64dfb4b82fe7 - <core::panic::unwind_safe::AssertUnwindSafe<F> as core::ops::function::FnOnce<()>>::call_once::hb5043206310c586f
[INFO] [stdout]                                at /rustc/df4ca44d3fbc9301ee17f30f4d474e6ae4b05252/library/core/src/panic/unwind_safe.rs:272:9
[INFO] [stdout]   27:     0x64dfb4b82fe7 - std::panicking::try::do_call::h9ad4731a60ab23e2
[INFO] [stdout]                                at /rustc/df4ca44d3fbc9301ee17f30f4d474e6ae4b05252/library/std/src/panicking.rs:557:40
[INFO] [stdout]   28:     0x64dfb4b82fe7 - std::panicking::try::h3824d23db772a716
[INFO] [stdout]                                at /rustc/df4ca44d3fbc9301ee17f30f4d474e6ae4b05252/library/std/src/panicking.rs:520:19
[INFO] [stdout]   29:     0x64dfb4b82fe7 - std::panic::catch_unwind::h5afd514605fde46b
[INFO] [stdout]                                at /rustc/df4ca44d3fbc9301ee17f30f4d474e6ae4b05252/library/std/src/panic.rs:358:14
[INFO] [stdout]   30:     0x64dfb4b82fe7 - test::run_test_in_process::h0d5cbfa7067d1720
[INFO] [stdout]                                at /rustc/df4ca44d3fbc9301ee17f30f4d474e6ae4b05252/library/test/src/lib.rs:644:27
[INFO] [stdout]   31:     0x64dfb4b82fe7 - test::run_test::{{closure}}::h708eb8872708115d
[INFO] [stdout]                                at /rustc/df4ca44d3fbc9301ee17f30f4d474e6ae4b05252/library/test/src/lib.rs:565:43
[INFO] [stdout]   32:     0x64dfb4b46704 - test::run_test::{{closure}}::h392c51cee94713ab
[INFO] [stdout]                                at /rustc/df4ca44d3fbc9301ee17f30f4d474e6ae4b05252/library/test/src/lib.rs:595:41
[INFO] [stdout]   33:     0x64dfb4b46704 - std::sys::backtrace::__rust_begin_short_backtrace::h2f40290710935a8b
[INFO] [stdout]                                at /rustc/df4ca44d3fbc9301ee17f30f4d474e6ae4b05252/library/std/src/sys/backtrace.rs:154:18
[INFO] [stdout]   34:     0x64dfb4b49eae - std::thread::Builder::spawn_unchecked_::{{closure}}::{{closure}}::h3fd968d89053a903
[INFO] [stdout]                                at /rustc/df4ca44d3fbc9301ee17f30f4d474e6ae4b05252/library/std/src/thread/mod.rs:541:17
[INFO] [stdout]   35:     0x64dfb4b49eae - <core::panic::unwind_safe::AssertUnwindSafe<F> as core::ops::function::FnOnce<()>>::call_once::h743f637ba4229880
[INFO] [stdout]                                at /rustc/df4ca44d3fbc9301ee17f30f4d474e6ae4b05252/library/core/src/panic/unwind_safe.rs:272:9
[INFO] [stdout]   36:     0x64dfb4b49eae - std::panicking::try::do_call::h07440897322525a6
[INFO] [stdout]                                at /rustc/df4ca44d3fbc9301ee17f30f4d474e6ae4b05252/library/std/src/panicking.rs:557:40
[INFO] [stdout]   37:     0x64dfb4b49eae - std::panicking::try::he5a2e00188156637
[INFO] [stdout]                                at /rustc/df4ca44d3fbc9301ee17f30f4d474e6ae4b05252/library/std/src/panicking.rs:520:19
[INFO] [stdout]   38:     0x64dfb4b49eae - std::panic::catch_unwind::hbaf3cae49b3c6433
[INFO] [stdout]                                at /rustc/df4ca44d3fbc9301ee17f30f4d474e6ae4b05252/library/std/src/panic.rs:358:14
[INFO] [stdout]   39:     0x64dfb4b49eae - std::thread::Builder::spawn_unchecked_::{{closure}}::h8e141ea224820bce
[INFO] [stdout]                                at /rustc/df4ca44d3fbc9301ee17f30f4d474e6ae4b05252/library/std/src/thread/mod.rs:540:30
[INFO] [stdout]   40:     0x64dfb4b49eae - core::ops::function::FnOnce::call_once{{vtable.shim}}::h90d312fedd7b8ea8
[INFO] [stdout]                                at /rustc/df4ca44d3fbc9301ee17f30f4d474e6ae4b05252/library/core/src/ops/function.rs:250:5
[INFO] [stdout]   41:     0x64dfb4bba39b - <alloc::boxed::Box<F,A> as core::ops::function::FnOnce<Args>>::call_once::h69aa08ddb6adb8b6
[INFO] [stdout]                                at /rustc/df4ca44d3fbc9301ee17f30f4d474e6ae4b05252/library/alloc/src/boxed.rs:2454:9
[INFO] [stdout]   42:     0x64dfb4bba39b - <alloc::boxed::Box<F,A> as core::ops::function::FnOnce<Args>>::call_once::h5aa36efdb79c806f
[INFO] [stdout]                                at /rustc/df4ca44d3fbc9301ee17f30f4d474e6ae4b05252/library/alloc/src/boxed.rs:2454:9
[INFO] [stdout]   43:     0x64dfb4bba39b - std::sys::pal::unix::thread::Thread::new::thread_start::h6cd80a1b4be5158d
[INFO] [stdout]                                at /rustc/df4ca44d3fbc9301ee17f30f4d474e6ae4b05252/library/std/src/sys/pal/unix/thread.rs:105:17
[INFO] [stdout]   44:     0x72ad9809bac3 - <unknown>
[INFO] [stdout]   45:     0x72ad9812ca04 - clone
[INFO] [stdout]   46:                0x0 - <unknown>
[INFO] [stdout] 
[INFO] [stdout] ---- distinguished_value_range_in_choice_from_impl stdout ----
[INFO] [stdout] thread 'distinguished_value_range_in_choice_from_impl' panicked at rasn-compiler-tests/tests/edge_cases.rs:58:1:
[INFO] [stdout] assertion `left == right` failed
[INFO] [stdout]   left: "#[allow(non_camel_case_types,non_snake_case,non_upper_case_globals,unused,clippy::too_many_arguments,)]pubmodtest_module{externcratealloc;usecore::borrow::Borrow;userasn::prelude::*;uselazy_static::lazy_static;#[derive(AsnType,Debug,Clone,Decode,Encode,PartialEq,Eq,Hash)]#[rasn(delegate,value(\"1..=10\"))]pubstructDistinguished(pubu8);#[derive(AsnType,Debug,Clone,Decode,Encode,PartialEq,Eq,Hash)]#[rasn(choice,automatic_tags)]#[non_exhaustive]pubenumTestChoice{#[rasn(value(\"2..=8\"))]restricted(Distinguished),}implFrom<Distinguished>forTestChoice{fnfrom(value:Distinguished)->Self{Self::restricted(value)}}}"
[INFO] [stdout]  right: "#[derive(AsnType,Debug,Clone,Decode,Encode,PartialEq,Eq,Hash)]#[rasn(delegate,value(\"1..=10\"))]pubstructDistinguished(pubu8);#[derive(AsnType,Debug,Clone,Decode,Encode,PartialEq,Eq,Hash)]#[rasn(choice,automatic_tags)]#[non_exhaustive]pubenumTestChoice{#[rasn(value(\"2..=8\"))]restricted(Distinguished),}implFrom<Distinguished>forTestChoice{fnfrom(value:Distinguished)->Self{Self::restricted(value)}}}"
[INFO] [stdout] stack backtrace:
[INFO] [stdout]    0:     0x64dfb4bb48ca - std::backtrace_rs::backtrace::libunwind::trace::h207520d6e9873551
[INFO] [stdout]                                at /rustc/df4ca44d3fbc9301ee17f30f4d474e6ae4b05252/library/std/src/../../backtrace/src/backtrace/libunwind.rs:116:5
[INFO] [stdout]    1:     0x64dfb4bb48ca - std::backtrace_rs::backtrace::trace_unsynchronized::h2ed7433f370e3eca
[INFO] [stdout]                                at /rustc/df4ca44d3fbc9301ee17f30f4d474e6ae4b05252/library/std/src/../../backtrace/src/backtrace/mod.rs:66:5
[INFO] [stdout]    2:     0x64dfb4bb48ca - std::sys::backtrace::_print_fmt::h916fac51166b18d7
[INFO] [stdout]                                at /rustc/df4ca44d3fbc9301ee17f30f4d474e6ae4b05252/library/std/src/sys/backtrace.rs:66:9
[INFO] [stdout]    3:     0x64dfb4bb48ca - <std::sys::backtrace::BacktraceLock::print::DisplayBacktrace as core::fmt::Display>::fmt::ha0a4c9b8ce3802e6
[INFO] [stdout]                                at /rustc/df4ca44d3fbc9301ee17f30f4d474e6ae4b05252/library/std/src/sys/backtrace.rs:39:26
[INFO] [stdout]    4:     0x64dfb4bdcab3 - core::fmt::rt::Argument::fmt::h4cfc8587d52b3eb5
[INFO] [stdout]                                at /rustc/df4ca44d3fbc9301ee17f30f4d474e6ae4b05252/library/core/src/fmt/rt.rs:177:76
[INFO] [stdout]    5:     0x64dfb4bdcab3 - core::fmt::write::h522cc39e5b36ae9f
[INFO] [stdout]                                at /rustc/df4ca44d3fbc9301ee17f30f4d474e6ae4b05252/library/core/src/fmt/mod.rs:1190:21
[INFO] [stdout]    6:     0x64dfb4bb1453 - std::io::Write::write_fmt::h7d3c26752da97734
[INFO] [stdout]                                at /rustc/df4ca44d3fbc9301ee17f30f4d474e6ae4b05252/library/std/src/io/mod.rs:1839:15
[INFO] [stdout]    7:     0x64dfb4bb4712 - std::sys::backtrace::BacktraceLock::print::h4b9e00b29e9c0942
[INFO] [stdout]                                at /rustc/df4ca44d3fbc9301ee17f30f4d474e6ae4b05252/library/std/src/sys/backtrace.rs:42:9
[INFO] [stdout]    8:     0x64dfb4bb5d5a - std::panicking::default_hook::{{closure}}::hb59b88280d0324d9
[INFO] [stdout]                                at /rustc/df4ca44d3fbc9301ee17f30f4d474e6ae4b05252/library/std/src/panicking.rs:268:22
[INFO] [stdout]    9:     0x64dfb4bb5b64 - std::panicking::default_hook::he1dd496665be4a29
[INFO] [stdout]                                at /rustc/df4ca44d3fbc9301ee17f30f4d474e6ae4b05252/library/std/src/panicking.rs:292:9
[INFO] [stdout]   10:     0x64dfb4b7ed99 - <alloc::boxed::Box<F,A> as core::ops::function::Fn<Args>>::call::h4ff71de18744e1dc
[INFO] [stdout]                                at /rustc/df4ca44d3fbc9301ee17f30f4d474e6ae4b05252/library/alloc/src/boxed.rs:2468:9
[INFO] [stdout]   11:     0x64dfb4b7ed99 - test::test_main::{{closure}}::hcf7c055ce117aa81
[INFO] [stdout]                                at /rustc/df4ca44d3fbc9301ee17f30f4d474e6ae4b05252/library/test/src/lib.rs:133:21
[INFO] [stdout]   12:     0x64dfb4bb6458 - <alloc::boxed::Box<F,A> as core::ops::function::Fn<Args>>::call::h1d66c6bbd60c9692
[INFO] [stdout]                                at /rustc/df4ca44d3fbc9301ee17f30f4d474e6ae4b05252/library/alloc/src/boxed.rs:2468:9
[INFO] [stdout]   13:     0x64dfb4bb6458 - std::panicking::rust_panic_with_hook::h2ff17fe8f26dfcf8
[INFO] [stdout]                                at /rustc/df4ca44d3fbc9301ee17f30f4d474e6ae4b05252/library/std/src/panicking.rs:809:13
[INFO] [stdout]   14:     0x64dfb4bb621a - std::panicking::begin_panic_handler::{{closure}}::h4fad77951c07e101
[INFO] [stdout]                                at /rustc/df4ca44d3fbc9301ee17f30f4d474e6ae4b05252/library/std/src/panicking.rs:674:13
[INFO] [stdout]   15:     0x64dfb4bb4da9 - std::sys::backtrace::__rust_end_short_backtrace::hb1a25b3da5d0ea08
[INFO] [stdout]                                at /rustc/df4ca44d3fbc9301ee17f30f4d474e6ae4b05252/library/std/src/sys/backtrace.rs:170:18
[INFO] [stdout]   16:     0x64dfb4bb5eac - rust_begin_unwind
[INFO] [stdout]                                at /rustc/df4ca44d3fbc9301ee17f30f4d474e6ae4b05252/library/std/src/panicking.rs:665:5
[INFO] [stdout]   17:     0x64dfb4bda8d0 - core::panicking::panic_fmt::ha9db07b529f9b256
[INFO] [stdout]                                at /rustc/df4ca44d3fbc9301ee17f30f4d474e6ae4b05252/library/core/src/panicking.rs:75:14
[INFO] [stdout]   18:     0x64dfb4bdacd4 - core::panicking::assert_failed_inner::h04f38944d74a80a8
[INFO] [stdout]   19:     0x64dfb48a55eb - core::panicking::assert_failed::h9614c7cb8f8513c3
[INFO] [stdout]                                at /rustc/df4ca44d3fbc9301ee17f30f4d474e6ae4b05252/library/core/src/panicking.rs:377:5
[INFO] [stdout]   20:     0x64dfb48acfa0 - edge_cases::distinguished_value_range_in_choice_from_impl::hc383558af354dbbe
[INFO] [stdout]                                at /opt/rustwide/workdir/rasn-compiler-tests/src/helpers/mod.rs:33:13
[INFO] [stdout]   21:     0x64dfb48aca37 - edge_cases::distinguished_value_range_in_choice_from_impl::{{closure}}::h63e2f81588d49b6c
[INFO] [stdout]                                at /opt/rustwide/workdir/rasn-compiler-tests/src/helpers/mod.rs:31:20
[INFO] [stdout]   22:     0x64dfb48b0056 - core::ops::function::FnOnce::call_once::h4c972942f090744b
[INFO] [stdout]                                at /rustc/df4ca44d3fbc9301ee17f30f4d474e6ae4b05252/library/core/src/ops/function.rs:250:5
[INFO] [stdout]   23:     0x64dfb4b8366b - core::ops::function::FnOnce::call_once::h22c3ba5715e93f05
[INFO] [stdout]                                at /rustc/df4ca44d3fbc9301ee17f30f4d474e6ae4b05252/library/core/src/ops/function.rs:250:5
[INFO] [stdout]   24:     0x64dfb4b8366b - test::__rust_begin_short_backtrace::h8e82d8113d0da17f
[INFO] [stdout]                                at /rustc/df4ca44d3fbc9301ee17f30f4d474e6ae4b05252/library/test/src/lib.rs:621:18
[INFO] [stdout]   25:     0x64dfb4b82fe7 - test::run_test_in_process::{{closure}}::h33235f4f20b7b7c7
[INFO] [stdout]                                at /rustc/df4ca44d3fbc9301ee17f30f4d474e6ae4b05252/library/test/src/lib.rs:644:60
[INFO] [stdout]   26:     0x64dfb4b82fe7 - <core::panic::unwind_safe::AssertUnwindSafe<F> as core::ops::function::FnOnce<()>>::call_once::hb5043206310c586f
[INFO] [stdout]                                at /rustc/df4ca44d3fbc9301ee17f30f4d474e6ae4b05252/library/core/src/panic/unwind_safe.rs:272:9
[INFO] [stdout]   27:     0x64dfb4b82fe7 - std::panicking::try::do_call::h9ad4731a60ab23e2
[INFO] [stdout]                                at /rustc/df4ca44d3fbc9301ee17f30f4d474e6ae4b05252/library/std/src/panicking.rs:557:40
[INFO] [stdout]   28:     0x64dfb4b82fe7 - std::panicking::try::h3824d23db772a716
[INFO] [stdout]                                at /rustc/df4ca44d3fbc9301ee17f30f4d474e6ae4b05252/library/std/src/panicking.rs:520:19
[INFO] [stdout]   29:     0x64dfb4b82fe7 - std::panic::catch_unwind::h5afd514605fde46b
[INFO] [stdout]                                at /rustc/df4ca44d3fbc9301ee17f30f4d474e6ae4b05252/library/std/src/panic.rs:358:14
[INFO] [stdout]   30:     0x64dfb4b82fe7 - test::run_test_in_process::h0d5cbfa7067d1720
[INFO] [stdout]                                at /rustc/df4ca44d3fbc9301ee17f30f4d474e6ae4b05252/library/test/src/lib.rs:644:27
[INFO] [stdout]   31:     0x64dfb4b82fe7 - test::run_test::{{closure}}::h708eb8872708115d
[INFO] [stdout]                                at /rustc/df4ca44d3fbc9301ee17f30f4d474e6ae4b05252/library/test/src/lib.rs:565:43
[INFO] [stdout]   32:     0x64dfb4b46704 - test::run_test::{{closure}}::h392c51cee94713ab
[INFO] [stdout]                                at /rustc/df4ca44d3fbc9301ee17f30f4d474e6ae4b05252/library/test/src/lib.rs:595:41
[INFO] [stdout]   33:     0x64dfb4b46704 - std::sys::backtrace::__rust_begin_short_backtrace::h2f40290710935a8b
[INFO] [stdout]                                at /rustc/df4ca44d3fbc9301ee17f30f4d474e6ae4b05252/library/std/src/sys/backtrace.rs:154:18
[INFO] [stdout]   34:     0x64dfb4b49eae - std::thread::Builder::spawn_unchecked_::{{closure}}::{{closure}}::h3fd968d89053a903
[INFO] [stdout]                                at /rustc/df4ca44d3fbc9301ee17f30f4d474e6ae4b05252/library/std/src/thread/mod.rs:541:17
[INFO] [stdout]   35:     0x64dfb4b49eae - <core::panic::unwind_safe::AssertUnwindSafe<F> as core::ops::function::FnOnce<()>>::call_once::h743f637ba4229880
[INFO] [stdout]                                at /rustc/df4ca44d3fbc9301ee17f30f4d474e6ae4b05252/library/core/src/panic/unwind_safe.rs:272:9
[INFO] [stdout]   36:     0x64dfb4b49eae - std::panicking::try::do_call::h07440897322525a6
[INFO] [stdout]                                at /rustc/df4ca44d3fbc9301ee17f30f4d474e6ae4b05252/library/std/src/panicking.rs:557:40
[INFO] [stdout]   37:     0x64dfb4b49eae - std::panicking::try::he5a2e00188156637
[INFO] [stdout]                                at /rustc/df4ca44d3fbc9301ee17f30f4d474e6ae4b05252/library/std/src/panicking.rs:520:19
[INFO] [stdout]   38:     0x64dfb4b49eae - std::panic::catch_unwind::hbaf3cae49b3c6433
[INFO] [stdout]                                at /rustc/df4ca44d3fbc9301ee17f30f4d474e6ae4b05252/library/std/src/panic.rs:358:14
[INFO] [stdout]   39:     0x64dfb4b49eae - std::thread::Builder::spawn_unchecked_::{{closure}}::h8e141ea224820bce
[INFO] [stdout]                                at /rustc/df4ca44d3fbc9301ee17f30f4d474e6ae4b05252/library/std/src/thread/mod.rs:540:30
[INFO] [stdout]   40:     0x64dfb4b49eae - core::ops::function::FnOnce::call_once{{vtable.shim}}::h90d312fedd7b8ea8
[INFO] [stdout]                                at /rustc/df4ca44d3fbc9301ee17f30f4d474e6ae4b05252/library/core/src/ops/function.rs:250:5
[INFO] [stdout]   41:     0x64dfb4bba39b - <alloc::boxed::Box<F,A> as core::ops::function::FnOnce<Args>>::call_once::h69aa08ddb6adb8b6
[INFO] [stdout]                                at /rustc/df4ca44d3fbc9301ee17f30f4d474e6ae4b05252/library/alloc/src/boxed.rs:2454:9
[INFO] [stdout]   42:     0x64dfb4bba39b - <alloc::boxed::Box<F,A> as core::ops::function::FnOnce<Args>>::call_once::h5aa36efdb79c806f
[INFO] [stdout]                                at /rustc/df4ca44d3fbc9301ee17f30f4d474e6ae4b05252/library/alloc/src/boxed.rs:2454:9
[INFO] [stdout]   43:     0x64dfb4bba39b - std::sys::pal::unix::thread::Thread::new::thread_start::h6cd80a1b4be5158d
[INFO] [stdout]                                at /rustc/df4ca44d3fbc9301ee17f30f4d474e6ae4b05252/library/std/src/sys/pal/unix/thread.rs:105:17
[INFO] [stdout]   44:     0x72ad9809bac3 - <unknown>
[INFO] [stdout]   45:     0x72ad9812ca04 - clone
[INFO] [stdout]   46:                0x0 - <unknown>
[INFO] [stdout] 
[INFO] [stdout] ---- distinguished_value_range_in_choice stdout ----
[INFO] [stdout] thread 'distinguished_value_range_in_choice' panicked at rasn-compiler-tests/tests/edge_cases.rs:27:1:
[INFO] [stdout] assertion `left == right` failed
[INFO] [stdout]   left: "#[allow(non_camel_case_types,non_snake_case,non_upper_case_globals,unused,clippy::too_many_arguments,)]pubmodtest_module{externcratealloc;usecore::borrow::Borrow;userasn::prelude::*;uselazy_static::lazy_static;#[derive(AsnType,Debug,Clone,Decode,Encode,PartialEq,Eq,Hash)]#[rasn(delegate,value(\"1..=10\"))]pubstructDistinguished(pubu8);#[derive(AsnType,Debug,Clone,Decode,Encode,PartialEq,Eq,Hash)]#[rasn(choice,automatic_tags)]#[non_exhaustive]pubenumTestChoice{#[rasn(value(\"2..=8\"))]restricted(Distinguished),}}"
[INFO] [stdout]  right: "#[derive(AsnType,Debug,Clone,Decode,Encode,PartialEq,Eq,Hash)]#[rasn(delegate,value(\"1..=10\"))]pubstructDistinguished(pubu8);#[derive(AsnType,Debug,Clone,Decode,Encode,PartialEq,Eq,Hash)]#[rasn(choice,automatic_tags)]#[non_exhaustive]pubenumTestChoice{#[rasn(value(\"2..=8\"))]restricted(Distinguished),}}"
[INFO] [stdout] stack backtrace:
[INFO] [stdout]    0:     0x64dfb4bb48ca - std::backtrace_rs::backtrace::libunwind::trace::h207520d6e9873551
[INFO] [stdout]                                at /rustc/df4ca44d3fbc9301ee17f30f4d474e6ae4b05252/library/std/src/../../backtrace/src/backtrace/libunwind.rs:116:5
[INFO] [stdout]    1:     0x64dfb4bb48ca - std::backtrace_rs::backtrace::trace_unsynchronized::h2ed7433f370e3eca
[INFO] [stdout]                                at /rustc/df4ca44d3fbc9301ee17f30f4d474e6ae4b05252/library/std/src/../../backtrace/src/backtrace/mod.rs:66:5
[INFO] [stdout]    2:     0x64dfb4bb48ca - std::sys::backtrace::_print_fmt::h916fac51166b18d7
[INFO] [stdout]                                at /rustc/df4ca44d3fbc9301ee17f30f4d474e6ae4b05252/library/std/src/sys/backtrace.rs:66:9
[INFO] [stdout]    3:     0x64dfb4bb48ca - <std::sys::backtrace::BacktraceLock::print::DisplayBacktrace as core::fmt::Display>::fmt::ha0a4c9b8ce3802e6
[INFO] [stdout]                                at /rustc/df4ca44d3fbc9301ee17f30f4d474e6ae4b05252/library/std/src/sys/backtrace.rs:39:26
[INFO] [stdout]    4:     0x64dfb4bdcab3 - core::fmt::rt::Argument::fmt::h4cfc8587d52b3eb5
[INFO] [stdout]                                at /rustc/df4ca44d3fbc9301ee17f30f4d474e6ae4b05252/library/core/src/fmt/rt.rs:177:76
[INFO] [stdout]    5:     0x64dfb4bdcab3 - core::fmt::write::h522cc39e5b36ae9f
[INFO] [stdout]                                at /rustc/df4ca44d3fbc9301ee17f30f4d474e6ae4b05252/library/core/src/fmt/mod.rs:1190:21
[INFO] [stdout]    6:     0x64dfb4bb1453 - std::io::Write::write_fmt::h7d3c26752da97734
[INFO] [stdout]                                at /rustc/df4ca44d3fbc9301ee17f30f4d474e6ae4b05252/library/std/src/io/mod.rs:1839:15
[INFO] [stdout]    7:     0x64dfb4bb4712 - std::sys::backtrace::BacktraceLock::print::h4b9e00b29e9c0942
[INFO] [stdout]                                at /rustc/df4ca44d3fbc9301ee17f30f4d474e6ae4b05252/library/std/src/sys/backtrace.rs:42:9
[INFO] [stdout]    8:     0x64dfb4bb5d5a - std::panicking::default_hook::{{closure}}::hb59b88280d0324d9
[INFO] [stdout]                                at /rustc/df4ca44d3fbc9301ee17f30f4d474e6ae4b05252/library/std/src/panicking.rs:268:22
[INFO] [stdout]    9:     0x64dfb4bb5b64 - std::panicking::default_hook::he1dd496665be4a29
[INFO] [stdout]                                at /rustc/df4ca44d3fbc9301ee17f30f4d474e6ae4b05252/library/std/src/panicking.rs:292:9
[INFO] [stdout]   10:     0x64dfb4b7ed99 - <alloc::boxed::Box<F,A> as core::ops::function::Fn<Args>>::call::h4ff71de18744e1dc
[INFO] [stdout]                                at /rustc/df4ca44d3fbc9301ee17f30f4d474e6ae4b05252/library/alloc/src/boxed.rs:2468:9
[INFO] [stdout]   11:     0x64dfb4b7ed99 - test::test_main::{{closure}}::hcf7c055ce117aa81
[INFO] [stdout]                                at /rustc/df4ca44d3fbc9301ee17f30f4d474e6ae4b05252/library/test/src/lib.rs:133:21
[INFO] [stdout]   12:     0x64dfb4bb6458 - <alloc::boxed::Box<F,A> as core::ops::function::Fn<Args>>::call::h1d66c6bbd60c9692
[INFO] [stdout]                                at /rustc/df4ca44d3fbc9301ee17f30f4d474e6ae4b05252/library/alloc/src/boxed.rs:2468:9
[INFO] [stdout]   13:     0x64dfb4bb6458 - std::panicking::rust_panic_with_hook::h2ff17fe8f26dfcf8
[INFO] [stdout]                                at /rustc/df4ca44d3fbc9301ee17f30f4d474e6ae4b05252/library/std/src/panicking.rs:809:13
[INFO] [stdout]   14:     0x64dfb4bb621a - std::panicking::begin_panic_handler::{{closure}}::h4fad77951c07e101
[INFO] [stdout]                                at /rustc/df4ca44d3fbc9301ee17f30f4d474e6ae4b05252/library/std/src/panicking.rs:674:13
[INFO] [stdout]   15:     0x64dfb4bb4da9 - std::sys::backtrace::__rust_end_short_backtrace::hb1a25b3da5d0ea08
[INFO] [stdout]                                at /rustc/df4ca44d3fbc9301ee17f30f4d474e6ae4b05252/library/std/src/sys/backtrace.rs:170:18
[INFO] [stdout]   16:     0x64dfb4bb5eac - rust_begin_unwind
[INFO] [stdout]                                at /rustc/df4ca44d3fbc9301ee17f30f4d474e6ae4b05252/library/std/src/panicking.rs:665:5
[INFO] [stdout]   17:     0x64dfb4bda8d0 - core::panicking::panic_fmt::ha9db07b529f9b256
[INFO] [stdout]                                at /rustc/df4ca44d3fbc9301ee17f30f4d474e6ae4b05252/library/core/src/panicking.rs:75:14
[INFO] [stdout]   18:     0x64dfb4bdacd4 - core::panicking::assert_failed_inner::h04f38944d74a80a8
[INFO] [stdout]   19:     0x64dfb48a55eb - core::panicking::assert_failed::h9614c7cb8f8513c3
[INFO] [stdout]                                at /rustc/df4ca44d3fbc9301ee17f30f4d474e6ae4b05252/library/core/src/panicking.rs:377:5
[INFO] [stdout]   20:     0x64dfb48ac919 - edge_cases::distinguished_value_range_in_choice::hdba521621997c19c
[INFO] [stdout]                                at /opt/rustwide/workdir/rasn-compiler-tests/src/helpers/mod.rs:15:13
[INFO] [stdout]   21:     0x64dfb48ac447 - edge_cases::distinguished_value_range_in_choice::{{closure}}::h9356a999aa5cd2fd
[INFO] [stdout]                                at /opt/rustwide/workdir/rasn-compiler-tests/src/helpers/mod.rs:13:20
[INFO] [stdout]   22:     0x64dfb48aff96 - core::ops::function::FnOnce::call_once::h30b8ce47db63f847
[INFO] [stdout]                                at /rustc/df4ca44d3fbc9301ee17f30f4d474e6ae4b05252/library/core/src/ops/function.rs:250:5
[INFO] [stdout]   23:     0x64dfb4b8366b - core::ops::function::FnOnce::call_once::h22c3ba5715e93f05
[INFO] [stdout]                                at /rustc/df4ca44d3fbc9301ee17f30f4d474e6ae4b05252/library/core/src/ops/function.rs:250:5
[INFO] [stdout]   24:     0x64dfb4b8366b - test::__rust_begin_short_backtrace::h8e82d8113d0da17f
[INFO] [stdout]                                at /rustc/df4ca44d3fbc9301ee17f30f4d474e6ae4b05252/library/test/src/lib.rs:621:18
[INFO] [stdout]   25:     0x64dfb4b82fe7 - test::run_test_in_process::{{closure}}::h33235f4f20b7b7c7
[INFO] [stdout]                                at /rustc/df4ca44d3fbc9301ee17f30f4d474e6ae4b05252/library/test/src/lib.rs:644:60
[INFO] [stdout]   26:     0x64dfb4b82fe7 - <core::panic::unwind_safe::AssertUnwindSafe<F> as core::ops::function::FnOnce<()>>::call_once::hb5043206310c586f
[INFO] [stdout]                                at /rustc/df4ca44d3fbc9301ee17f30f4d474e6ae4b05252/library/core/src/panic/unwind_safe.rs:272:9
[INFO] [stdout]   27:     0x64dfb4b82fe7 - std::panicking::try::do_call::h9ad4731a60ab23e2
[INFO] [stdout]                                at /rustc/df4ca44d3fbc9301ee17f30f4d474e6ae4b05252/library/std/src/panicking.rs:557:40
[INFO] [stdout]   28:     0x64dfb4b82fe7 - std::panicking::try::h3824d23db772a716
[INFO] [stdout]                                at /rustc/df4ca44d3fbc9301ee17f30f4d474e6ae4b05252/library/std/src/panicking.rs:520:19
[INFO] [stdout]   29:     0x64dfb4b82fe7 - std::panic::catch_unwind::h5afd514605fde46b
[INFO] [stdout]                                at /rustc/df4ca44d3fbc9301ee17f30f4d474e6ae4b05252/library/std/src/panic.rs:358:14
[INFO] [stdout]   30:     0x64dfb4b82fe7 - test::run_test_in_process::h0d5cbfa7067d1720
[INFO] [stdout]                                at /rustc/df4ca44d3fbc9301ee17f30f4d474e6ae4b05252/library/test/src/lib.rs:644:27
[INFO] [stdout]   31:     0x64dfb4b82fe7 - test::run_test::{{closure}}::h708eb8872708115d
[INFO] [stdout]                                at /rustc/df4ca44d3fbc9301ee17f30f4d474e6ae4b05252/library/test/src/lib.rs:565:43
[INFO] [stdout]   32:     0x64dfb4b46704 - test::run_test::{{closure}}::h392c51cee94713ab
[INFO] [stdout]                                at /rustc/df4ca44d3fbc9301ee17f30f4d474e6ae4b05252/library/test/src/lib.rs:595:41
[INFO] [stdout]   33:     0x64dfb4b46704 - std::sys::backtrace::__rust_begin_short_backtrace::h2f40290710935a8b
[INFO] [stdout]                                at /rustc/df4ca44d3fbc9301ee17f30f4d474e6ae4b05252/library/std/src/sys/backtrace.rs:154:18
[INFO] [stdout]   34:     0x64dfb4b49eae - std::thread::Builder::spawn_unchecked_::{{closure}}::{{closure}}::h3fd968d89053a903
[INFO] [stdout]                                at /rustc/df4ca44d3fbc9301ee17f30f4d474e6ae4b05252/library/std/src/thread/mod.rs:541:17
[INFO] [stdout]   35:     0x64dfb4b49eae - <core::panic::unwind_safe::AssertUnwindSafe<F> as core::ops::function::FnOnce<()>>::call_once::h743f637ba4229880
[INFO] [stdout]                                at /rustc/df4ca44d3fbc9301ee17f30f4d474e6ae4b05252/library/core/src/panic/unwind_safe.rs:272:9
[INFO] [stdout]   36:     0x64dfb4b49eae - std::panicking::try::do_call::h07440897322525a6
[INFO] [stdout]                                at /rustc/df4ca44d3fbc9301ee17f30f4d474e6ae4b05252/library/std/src/panicking.rs:557:40
[INFO] [stdout]   37:     0x64dfb4b49eae - std::panicking::try::he5a2e00188156637
[INFO] [stdout]                                at /rustc/df4ca44d3fbc9301ee17f30f4d474e6ae4b05252/library/std/src/panicking.rs:520:19
[INFO] [stdout]   38:     0x64dfb4b49eae - std::panic::catch_unwind::hbaf3cae49b3c6433
[INFO] [stdout]                                at /rustc/df4ca44d3fbc9301ee17f30f4d474e6ae4b05252/library/std/src/panic.rs:358:14
[INFO] [stdout]   39:     0x64dfb4b49eae - std::thread::Builder::spawn_unchecked_::{{closure}}::h8e141ea224820bce
[INFO] [stdout]                                at /rustc/df4ca44d3fbc9301ee17f30f4d474e6ae4b05252/library/std/src/thread/mod.rs:540:30
[INFO] [stdout]   40:     0x64dfb4b49eae - core::ops::function::FnOnce::call_once{{vtable.shim}}::h90d312fedd7b8ea8
[INFO] [stdout]                                at /rustc/df4ca44d3fbc9301ee17f30f4d474e6ae4b05252/library/core/src/ops/function.rs:250:5
[INFO] [stdout]   41:     0x64dfb4bba39b - <alloc::boxed::Box<F,A> as core::ops::function::FnOnce<Args>>::call_once::h69aa08ddb6adb8b6
[INFO] [stdout]                                at /rustc/df4ca44d3fbc9301ee17f30f4d474e6ae4b05252/library/alloc/src/boxed.rs:2454:9
[INFO] [stdout]   42:     0x64dfb4bba39b - <alloc::boxed::Box<F,A> as core::ops::function::FnOnce<Args>>::call_once::h5aa36efdb79c806f
[INFO] [stdout]                                at /rustc/df4ca44d3fbc9301ee17f30f4d474e6ae4b05252/library/alloc/src/boxed.rs:2454:9
[INFO] [stdout]   43:     0x64dfb4bba39b - std::sys::pal::unix::thread::Thread::new::thread_start::h6cd80a1b4be5158d
[INFO] [stdout]                                at /rustc/df4ca44d3fbc9301ee17f30f4d474e6ae4b05252/library/std/src/sys/pal/unix/thread.rs:105:17
[INFO] [stdout]   44:     0x72ad9809bac3 - <unknown>
[INFO] [stdout]   45:     0x72ad9812ca04 - clone
[INFO] [stdout]   46:                0x0 - <unknown>
[INFO] [stdout] 
[INFO] [stdout] ---- enum_and_distinguished_defaults stdout ----
[INFO] [stdout] thread 'enum_and_distinguished_defaults' panicked at rasn-compiler-tests/tests/edge_cases.rs:98:1:
[INFO] [stdout] assertion `left == right` failed
[INFO] [stdout]   left: "#[allow(non_camel_case_types,non_snake_case,non_upper_case_globals,unused,clippy::too_many_arguments,)]pubmodtest_module{externcratealloc;usecore::borrow::Borrow;userasn::prelude::*;uselazy_static::lazy_static;#[derive(AsnType,Debug,Clone,Copy,Decode,Encode,PartialEq,Eq,Hash)]#[rasn(enumerated)]pubenumEnumWithDefault{first=1,second=2,}#[derive(AsnType,Debug,Clone,Decode,Encode,PartialEq,Eq,Hash)]#[rasn(delegate,value(\"1..=10\"))]pubstructIntWithDefault(pubu8);#[derive(AsnType,Debug,Clone,Decode,Encode,PartialEq,Eq,Hash)]#[rasn(automatic_tags)]pubstructTest{#[rasn(default=\"test_int_default\")]pubint:IntWithDefault,#[rasn(default=\"test_r_enum_default\",identifier=\"enum\")]pubr_enum:EnumWithDefault,}implTest{pubfnnew(int:IntWithDefault,r_enum:EnumWithDefault)->Self{Self{int,r_enum}}}fntest_int_default()->IntWithDefault{IntWithDefault(1)}fntest_r_enum_default()->EnumWithDefault{EnumWithDefault::first}}"
[INFO] [stdout]  right: "#[derive(AsnType,Debug,Clone,Copy,Decode,Encode,PartialEq,Eq,Hash)]#[rasn(enumerated)]pubenumEnumWithDefault{first=1,second=2,}#[derive(AsnType,Debug,Clone,Decode,Encode,PartialEq,Eq,Hash)]#[rasn(delegate,value(\"1..=10\"))]pubstructIntWithDefault(pubu8);#[derive(AsnType,Debug,Clone,Decode,Encode,PartialEq,Eq,Hash)]#[rasn(automatic_tags)]pubstructTest{#[rasn(default=\"test_int_default\")]pubint:IntWithDefault,#[rasn(default=\"test_r_enum_default\",identifier=\"enum\")]pubr_enum:EnumWithDefault,}implTest{pubfnnew(int:IntWithDefault,r_enum:EnumWithDefault)->Self{Self{int,r_enum}}}fntest_int_default()->IntWithDefault{IntWithDefault(1)}fntest_r_enum_default()->EnumWithDefault{EnumWithDefault::first}}"
[INFO] [stdout] stack backtrace:
[INFO] [stdout]    0:     0x64dfb4bb48ca - std::backtrace_rs::backtrace::libunwind::trace::h207520d6e9873551
[INFO] [stdout]                                at /rustc/df4ca44d3fbc9301ee17f30f4d474e6ae4b05252/library/std/src/../../backtrace/src/backtrace/libunwind.rs:116:5
[INFO] [stdout]    1:     0x64dfb4bb48ca - std::backtrace_rs::backtrace::trace_unsynchronized::h2ed7433f370e3eca
[INFO] [stdout]                                at /rustc/df4ca44d3fbc9301ee17f30f4d474e6ae4b05252/library/std/src/../../backtrace/src/backtrace/mod.rs:66:5
[INFO] [stdout]    2:     0x64dfb4bb48ca - std::sys::backtrace::_print_fmt::h916fac51166b18d7
[INFO] [stdout]                                at /rustc/df4ca44d3fbc9301ee17f30f4d474e6ae4b05252/library/std/src/sys/backtrace.rs:66:9
[INFO] [stdout]    3:     0x64dfb4bb48ca - <std::sys::backtrace::BacktraceLock::print::DisplayBacktrace as core::fmt::Display>::fmt::ha0a4c9b8ce3802e6
[INFO] [stdout]                                at /rustc/df4ca44d3fbc9301ee17f30f4d474e6ae4b05252/library/std/src/sys/backtrace.rs:39:26
[INFO] [stdout]    4:     0x64dfb4bdcab3 - core::fmt::rt::Argument::fmt::h4cfc8587d52b3eb5
[INFO] [stdout]                                at /rustc/df4ca44d3fbc9301ee17f30f4d474e6ae4b05252/library/core/src/fmt/rt.rs:177:76
[INFO] [stdout]    5:     0x64dfb4bdcab3 - core::fmt::write::h522cc39e5b36ae9f
[INFO] [stdout]                                at /rustc/df4ca44d3fbc9301ee17f30f4d474e6ae4b05252/library/core/src/fmt/mod.rs:1190:21
[INFO] [stdout]    6:     0x64dfb4bb1453 - std::io::Write::write_fmt::h7d3c26752da97734
[INFO] [stdout]                                at /rustc/df4ca44d3fbc9301ee17f30f4d474e6ae4b05252/library/std/src/io/mod.rs:1839:15
[INFO] [stdout]    7:     0x64dfb4bb4712 - std::sys::backtrace::BacktraceLock::print::h4b9e00b29e9c0942
[INFO] [stdout]                                at /rustc/df4ca44d3fbc9301ee17f30f4d474e6ae4b05252/library/std/src/sys/backtrace.rs:42:9
[INFO] [stdout]    8:     0x64dfb4bb5d5a - std::panicking::default_hook::{{closure}}::hb59b88280d0324d9
[INFO] [stdout]                                at /rustc/df4ca44d3fbc9301ee17f30f4d474e6ae4b05252/library/std/src/panicking.rs:268:22
[INFO] [stdout]    9:     0x64dfb4bb5b64 - std::panicking::default_hook::he1dd496665be4a29
[INFO] [stdout]                                at /rustc/df4ca44d3fbc9301ee17f30f4d474e6ae4b05252/library/std/src/panicking.rs:292:9
[INFO] [stdout]   10:     0x64dfb4b7ed99 - <alloc::boxed::Box<F,A> as core::ops::function::Fn<Args>>::call::h4ff71de18744e1dc
[INFO] [stdout]                                at /rustc/df4ca44d3fbc9301ee17f30f4d474e6ae4b05252/library/alloc/src/boxed.rs:2468:9
[INFO] [stdout]   11:     0x64dfb4b7ed99 - test::test_main::{{closure}}::hcf7c055ce117aa81
[INFO] [stdout]                                at /rustc/df4ca44d3fbc9301ee17f30f4d474e6ae4b05252/library/test/src/lib.rs:133:21
[INFO] [stdout]   12:     0x64dfb4bb6458 - <alloc::boxed::Box<F,A> as core::ops::function::Fn<Args>>::call::h1d66c6bbd60c9692
[INFO] [stdout]                                at /rustc/df4ca44d3fbc9301ee17f30f4d474e6ae4b05252/library/alloc/src/boxed.rs:2468:9
[INFO] [stdout]   13:     0x64dfb4bb6458 - std::panicking::rust_panic_with_hook::h2ff17fe8f26dfcf8
[INFO] [stdout]                                at /rustc/df4ca44d3fbc9301ee17f30f4d474e6ae4b05252/library/std/src/panicking.rs:809:13
[INFO] [stdout]   14:     0x64dfb4bb621a - std::panicking::begin_panic_handler::{{closure}}::h4fad77951c07e101
[INFO] [stdout]                                at /rustc/df4ca44d3fbc9301ee17f30f4d474e6ae4b05252/library/std/src/panicking.rs:674:13
[INFO] [stdout]   15:     0x64dfb4bb4da9 - std::sys::backtrace::__rust_end_short_backtrace::hb1a25b3da5d0ea08
[INFO] [stdout]                                at /rustc/df4ca44d3fbc9301ee17f30f4d474e6ae4b05252/library/std/src/sys/backtrace.rs:170:18
[INFO] [stdout]   16:     0x64dfb4bb5eac - rust_begin_unwind
[INFO] [stdout]                                at /rustc/df4ca44d3fbc9301ee17f30f4d474e6ae4b05252/library/std/src/panicking.rs:665:5
[INFO] [stdout]   17:     0x64dfb4bda8d0 - core::panicking::panic_fmt::ha9db07b529f9b256
[INFO] [stdout]                                at /rustc/df4ca44d3fbc9301ee17f30f4d474e6ae4b05252/library/core/src/panicking.rs:75:14
[INFO] [stdout]   18:     0x64dfb4bdacd4 - core::panicking::assert_failed_inner::h04f38944d74a80a8
[INFO] [stdout]   19:     0x64dfb48a55eb - core::panicking::assert_failed::h9614c7cb8f8513c3
[INFO] [stdout]                                at /rustc/df4ca44d3fbc9301ee17f30f4d474e6ae4b05252/library/core/src/panicking.rs:377:5
[INFO] [stdout]   20:     0x64dfb48ad589 - edge_cases::enum_and_distinguished_defaults::h28dc6255a5e29e5d
[INFO] [stdout]                                at /opt/rustwide/workdir/rasn-compiler-tests/src/helpers/mod.rs:15:13
[INFO] [stdout]   21:     0x64dfb48ad0b7 - edge_cases::enum_and_distinguished_defaults::{{closure}}::h7f78cd0c8377e783
[INFO] [stdout]                                at /opt/rustwide/workdir/rasn-compiler-tests/src/helpers/mod.rs:13:20
[INFO] [stdout]   22:     0x64dfb48aff56 - core::ops::function::FnOnce::call_once::h28fcab392ef6db4c
[INFO] [stdout]                                at /rustc/df4ca44d3fbc9301ee17f30f4d474e6ae4b05252/library/core/src/ops/function.rs:250:5
[INFO] [stdout]   23:     0x64dfb4b8366b - core::ops::function::FnOnce::call_once::h22c3ba5715e93f05
[INFO] [stdout]                                at /rustc/df4ca44d3fbc9301ee17f30f4d474e6ae4b05252/library/core/src/ops/function.rs:250:5
[INFO] [stdout]   24:     0x64dfb4b8366b - test::__rust_begin_short_backtrace::h8e82d8113d0da17f
[INFO] [stdout]                                at /rustc/df4ca44d3fbc9301ee17f30f4d474e6ae4b05252/library/test/src/lib.rs:621:18
[INFO] [stdout]   25:     0x64dfb4b82fe7 - test::run_test_in_process::{{closure}}::h33235f4f20b7b7c7
[INFO] [stdout]                                at /rustc/df4ca44d3fbc9301ee17f30f4d474e6ae4b05252/library/test/src/lib.rs:644:60
[INFO] [stdout]   26:     0x64dfb4b82fe7 - <core::panic::unwind_safe::AssertUnwindSafe<F> as core::ops::function::FnOnce<()>>::call_once::hb5043206310c586f
[INFO] [stdout]                                at /rustc/df4ca44d3fbc9301ee17f30f4d474e6ae4b05252/library/core/src/panic/unwind_safe.rs:272:9
[INFO] [stdout]   27:     0x64dfb4b82fe7 - std::panicking::try::do_call::h9ad4731a60ab23e2
[INFO] [stdout]                                at /rustc/df4ca44d3fbc9301ee17f30f4d474e6ae4b05252/library/std/src/panicking.rs:557:40
[INFO] [stdout]   28:     0x64dfb4b82fe7 - std::panicking::try::h3824d23db772a716
[INFO] [stdout]                                at /rustc/df4ca44d3fbc9301ee17f30f4d474e6ae4b05252/library/std/src/panicking.rs:520:19
[INFO] [stdout]   29:     0x64dfb4b82fe7 - std::panic::catch_unwind::h5afd514605fde46b
[INFO] [stdout]                                at /rustc/df4ca44d3fbc9301ee17f30f4d474e6ae4b05252/library/std/src/panic.rs:358:14
[INFO] [stdout]   30:     0x64dfb4b82fe7 - test::run_test_in_process::h0d5cbfa7067d1720
[INFO] [stdout]                                at /rustc/df4ca44d3fbc9301ee17f30f4d474e6ae4b05252/library/test/src/lib.rs:644:27
[INFO] [stdout]   31:     0x64dfb4b82fe7 - test::run_test::{{closure}}::h708eb8872708115d
[INFO] [stdout]                                at /rustc/df4ca44d3fbc9301ee17f30f4d474e6ae4b05252/library/test/src/lib.rs:565:43
[INFO] [stdout]   32:     0x64dfb4b46704 - test::run_test::{{closure}}::h392c51cee94713ab
[INFO] [stdout]                                at /rustc/df4ca44d3fbc9301ee17f30f4d474e6ae4b05252/library/test/src/lib.rs:595:41
[INFO] [stdout]   33:     0x64dfb4b46704 - std::sys::backtrace::__rust_begin_short_backtrace::h2f40290710935a8b
[INFO] [stdout]                                at /rustc/df4ca44d3fbc9301ee17f30f4d474e6ae4b05252/library/std/src/sys/backtrace.rs:154:18
[INFO] [stdout]   34:     0x64dfb4b49eae - std::thread::Builder::spawn_unchecked_::{{closure}}::{{closure}}::h3fd968d89053a903
[INFO] [stdout]                                at /rustc/df4ca44d3fbc9301ee17f30f4d474e6ae4b05252/library/std/src/thread/mod.rs:541:17
[INFO] [stdout]   35:     0x64dfb4b49eae - <core::panic::unwind_safe::AssertUnwindSafe<F> as core::ops::function::FnOnce<()>>::call_once::h743f637ba4229880
[INFO] [stdout]                                at /rustc/df4ca44d3fbc9301ee17f30f4d474e6ae4b05252/library/core/src/panic/unwind_safe.rs:272:9
[INFO] [stdout]   36:     0x64dfb4b49eae - std::panicking::try::do_call::h07440897322525a6
[INFO] [stdout]                                at /rustc/df4ca44d3fbc9301ee17f30f4d474e6ae4b05252/library/std/src/panicking.rs:557:40
[INFO] [stdout]   37:     0x64dfb4b49eae - std::panicking::try::he5a2e00188156637
[INFO] [stdout]                                at /rustc/df4ca44d3fbc9301ee17f30f4d474e6ae4b05252/library/std/src/panicking.rs:520:19
[INFO] [stdout]   38:     0x64dfb4b49eae - std::panic::catch_unwind::hbaf3cae49b3c6433
[INFO] [stdout]                                at /rustc/df4ca44d3fbc9301ee17f30f4d474e6ae4b05252/library/std/src/panic.rs:358:14
[INFO] [stdout]   39:     0x64dfb4b49eae - std::thread::Builder::spawn_unchecked_::{{closure}}::h8e141ea224820bce
[INFO] [stdout]                                at /rustc/df4ca44d3fbc9301ee17f30f4d474e6ae4b05252/library/std/src/thread/mod.rs:540:30
[INFO] [stdout]   40:     0x64dfb4b49eae - core::ops::function::FnOnce::call_once{{vtable.shim}}::h90d312fedd7b8ea8
[INFO] [stdout]                                at /rustc/df4ca44d3fbc9301ee17f30f4d474e6ae4b05252/library/core/src/ops/function.rs:250:5
[INFO] [stdout]   41:     0x64dfb4bba39b - <alloc::boxed::Box<F,A> as core::ops::function::FnOnce<Args>>::call_once::h69aa08ddb6adb8b6
[INFO] [stdout]                                at /rustc/df4ca44d3fbc9301ee17f30f4d474e6ae4b05252/library/alloc/src/boxed.rs:2454:9
[INFO] [stdout]   42:     0x64dfb4bba39b - <alloc::boxed::Box<F,A> as core::ops::function::FnOnce<Args>>::call_once::h5aa36efdb79c806f
[INFO] [stdout]                                at /rustc/df4ca44d3fbc9301ee17f30f4d474e6ae4b05252/library/alloc/src/boxed.rs:2454:9
[INFO] [stdout]   43:     0x64dfb4bba39b - std::sys::pal::unix::thread::Thread::new::thread_start::h6cd80a1b4be5158d
[INFO] [stdout]                                at /rustc/df4ca44d3fbc9301ee17f30f4d474e6ae4b05252/library/std/src/sys/pal/unix/thread.rs:105:17
[INFO] [stdout]   44:     0x72ad9809bac3 - <unknown>
[INFO] [stdout]   45:     0x72ad9812ca04 - clone
[INFO] [stdout]   46:                0x0 - <unknown>
[INFO] [stdout] 
[INFO] [stdout] 
[INFO] [stdout] failures:
[INFO] [stdout]     distinguished_value_range
[INFO] [stdout]     distinguished_value_range_in_choice
[INFO] [stdout]     distinguished_value_range_in_choice_from_impl
[INFO] [stdout]     enum_and_distinguished_defaults
[INFO] [stdout]     recursive_type
[INFO] [stdout]     same_variant_name
[INFO] [stdout] 
[INFO] [stdout] test result: FAILED. 0 passed; 6 failed; 0 ignored; 0 measured; 0 filtered out; finished in 1.23s
[INFO] [stdout] 
[INFO] [stderr] error: test failed, to rerun pass `-p rasn-compiler-tests --test edge_cases`
[INFO] running `Command { std: "docker" "inspect" "3cad548913740e61cff1a97239d9cb1539334f2fce3f9ccc4656c9c4b5454f02", kill_on_drop: false }`
[INFO] running `Command { std: "docker" "rm" "-f" "3cad548913740e61cff1a97239d9cb1539334f2fce3f9ccc4656c9c4b5454f02", kill_on_drop: false }`
[INFO] [stdout] 3cad548913740e61cff1a97239d9cb1539334f2fce3f9ccc4656c9c4b5454f02
