[INFO] cloning repository https://github.com/4zv4l/rustchat
[INFO] running `Command { std: "git" "-c" "credential.helper=" "-c" "credential.helper=/workspace/cargo-home/bin/git-credential-null" "clone" "--bare" "https://github.com/4zv4l/rustchat" "/workspace/cache/git-repos/https%3A%2F%2Fgithub.com%2F4zv4l%2Frustchat", kill_on_drop: false }`
[INFO] [stderr] Cloning into bare repository '/workspace/cache/git-repos/https%3A%2F%2Fgithub.com%2F4zv4l%2Frustchat'...
[INFO] running `Command { std: "git" "rev-parse" "HEAD", kill_on_drop: false }`
[INFO] [stdout] 59e9bc242b7ac0cf9c396908ade9394db4a9f45d
[INFO] testing 4zv4l/rustchat/59e9bc242b7ac0cf9c396908ade9394db4a9f45d against nightly-2024-10-28+rustflags=-Zrandomize-layout for randomize-layout
[INFO] running `Command { std: "git" "clone" "/workspace/cache/git-repos/https%3A%2F%2Fgithub.com%2F4zv4l%2Frustchat" "/workspace/builds/worker-6-tc2/source", kill_on_drop: false }`
[INFO] [stderr] Cloning into '/workspace/builds/worker-6-tc2/source'...
[INFO] [stderr] done.
[INFO] validating manifest of git repo https://github.com/4zv4l/rustchat on toolchain nightly-2024-10-28
[INFO] running `Command { std: CARGO_HOME="/workspace/cargo-home" RUSTUP_HOME="/workspace/rustup-home" "/workspace/cargo-home/bin/cargo" "+nightly-2024-10-28" "metadata" "--manifest-path" "Cargo.toml" "--no-deps", kill_on_drop: false }`
[INFO] started tweaking git repo https://github.com/4zv4l/rustchat
[INFO] finished tweaking git repo https://github.com/4zv4l/rustchat
[INFO] tweaked toml for git repo https://github.com/4zv4l/rustchat written to /workspace/builds/worker-6-tc2/source/Cargo.toml
[INFO] crate git repo https://github.com/4zv4l/rustchat already has a lockfile, it will not be regenerated
[INFO] running `Command { std: CARGO_HOME="/workspace/cargo-home" RUSTUP_HOME="/workspace/rustup-home" "/workspace/cargo-home/bin/cargo" "+nightly-2024-10-28" "fetch" "--manifest-path" "Cargo.toml", kill_on_drop: false }`
[INFO] running `Command { std: "docker" "create" "-v" "/var/lib/crater-agent-workspace/builds/worker-6-tc2/target:/opt/rustwide/target:rw,Z" "-v" "/var/lib/crater-agent-workspace/builds/worker-6-tc2/source:/opt/rustwide/workdir:ro,Z" "-v" "/var/lib/crater-agent-workspace/cargo-home:/opt/rustwide/cargo-home:ro,Z" "-v" "/var/lib/crater-agent-workspace/rustup-home:/opt/rustwide/rustup-home:ro,Z" "-e" "SOURCE_DIR=/opt/rustwide/workdir" "-e" "CARGO_TARGET_DIR=/opt/rustwide/target" "-e" "CARGO_HOME=/opt/rustwide/cargo-home" "-e" "RUSTUP_HOME=/opt/rustwide/rustup-home" "-w" "/opt/rustwide/workdir" "-m" "1610612736" "--user" "0:0" "--network" "none" "ghcr.io/rust-lang/crates-build-env/linux@sha256:4a844ea9eb2546a2d2c7022eacef16ef2e8229c7fbb2c7d4d55a9ceca922f72d" "/opt/rustwide/cargo-home/bin/cargo" "+nightly-2024-10-28" "metadata" "--no-deps" "--format-version=1", kill_on_drop: false }`
[INFO] [stdout] 0fb8eb6c9cc82653ec615dd878dc626eba03c0112e7fc777eb4011372ab5c2a2
[INFO] running `Command { std: "docker" "start" "-a" "0fb8eb6c9cc82653ec615dd878dc626eba03c0112e7fc777eb4011372ab5c2a2", kill_on_drop: false }`
[INFO] running `Command { std: "docker" "inspect" "0fb8eb6c9cc82653ec615dd878dc626eba03c0112e7fc777eb4011372ab5c2a2", kill_on_drop: false }`
[INFO] running `Command { std: "docker" "rm" "-f" "0fb8eb6c9cc82653ec615dd878dc626eba03c0112e7fc777eb4011372ab5c2a2", kill_on_drop: false }`
[INFO] [stdout] 0fb8eb6c9cc82653ec615dd878dc626eba03c0112e7fc777eb4011372ab5c2a2
[INFO] running `Command { std: "docker" "create" "-v" "/var/lib/crater-agent-workspace/builds/worker-6-tc2/target:/opt/rustwide/target:rw,Z" "-v" "/var/lib/crater-agent-workspace/builds/worker-6-tc2/source:/opt/rustwide/workdir:ro,Z" "-v" "/var/lib/crater-agent-workspace/cargo-home:/opt/rustwide/cargo-home:ro,Z" "-v" "/var/lib/crater-agent-workspace/rustup-home:/opt/rustwide/rustup-home:ro,Z" "-e" "SOURCE_DIR=/opt/rustwide/workdir" "-e" "CARGO_TARGET_DIR=/opt/rustwide/target" "-e" "CARGO_INCREMENTAL=0" "-e" "RUST_BACKTRACE=full" "-e" "RUSTFLAGS=--cap-lints=forbid -Zrandomize-layout" "-e" "RUSTDOCFLAGS=--cap-lints=forbid" "-e" "CARGO_HOME=/opt/rustwide/cargo-home" "-e" "RUSTUP_HOME=/opt/rustwide/rustup-home" "-w" "/opt/rustwide/workdir" "-m" "1610612736" "--user" "0:0" "--network" "none" "ghcr.io/rust-lang/crates-build-env/linux@sha256:4a844ea9eb2546a2d2c7022eacef16ef2e8229c7fbb2c7d4d55a9ceca922f72d" "/opt/rustwide/cargo-home/bin/cargo" "+nightly-2024-10-28" "build" "--frozen" "--message-format=json", kill_on_drop: false }`
[INFO] [stdout] edc48efa72909768cabd1de3997a8788a15d361d4933b574df5813ba296aea20
[INFO] running `Command { std: "docker" "start" "-a" "edc48efa72909768cabd1de3997a8788a15d361d4933b574df5813ba296aea20", kill_on_drop: false }`
[INFO] [stderr]    Compiling libc v0.2.103
[INFO] [stderr]    Compiling crypto v0.1.0 (/opt/rustwide/workdir/crypto)
[INFO] [stderr]    Compiling atty v0.2.14
[INFO] [stderr]    Compiling colored v2.0.0
[INFO] [stderr]    Compiling netlib v0.1.0 (/opt/rustwide/workdir/netlib)
[INFO] [stderr]    Compiling rustchat v0.1.0 (/opt/rustwide/workdir/main)
[INFO] [stderr]     Finished `dev` profile [unoptimized + debuginfo] target(s) in 1.30s
[INFO] running `Command { std: "docker" "inspect" "edc48efa72909768cabd1de3997a8788a15d361d4933b574df5813ba296aea20", kill_on_drop: false }`
[INFO] running `Command { std: "docker" "rm" "-f" "edc48efa72909768cabd1de3997a8788a15d361d4933b574df5813ba296aea20", kill_on_drop: false }`
[INFO] [stdout] edc48efa72909768cabd1de3997a8788a15d361d4933b574df5813ba296aea20
[INFO] running `Command { std: "docker" "create" "-v" "/var/lib/crater-agent-workspace/builds/worker-6-tc2/target:/opt/rustwide/target:rw,Z" "-v" "/var/lib/crater-agent-workspace/builds/worker-6-tc2/source:/opt/rustwide/workdir:ro,Z" "-v" "/var/lib/crater-agent-workspace/cargo-home:/opt/rustwide/cargo-home:ro,Z" "-v" "/var/lib/crater-agent-workspace/rustup-home:/opt/rustwide/rustup-home:ro,Z" "-e" "SOURCE_DIR=/opt/rustwide/workdir" "-e" "CARGO_TARGET_DIR=/opt/rustwide/target" "-e" "CARGO_INCREMENTAL=0" "-e" "RUST_BACKTRACE=full" "-e" "RUSTFLAGS=--cap-lints=forbid -Zrandomize-layout" "-e" "RUSTDOCFLAGS=--cap-lints=forbid" "-e" "CARGO_HOME=/opt/rustwide/cargo-home" "-e" "RUSTUP_HOME=/opt/rustwide/rustup-home" "-w" "/opt/rustwide/workdir" "-m" "1610612736" "--user" "0:0" "--network" "none" "ghcr.io/rust-lang/crates-build-env/linux@sha256:4a844ea9eb2546a2d2c7022eacef16ef2e8229c7fbb2c7d4d55a9ceca922f72d" "/opt/rustwide/cargo-home/bin/cargo" "+nightly-2024-10-28" "test" "--frozen" "--no-run" "--message-format=json", kill_on_drop: false }`
[INFO] [stdout] 4f884c828b1c4910943c65ef102fee9da4499d832f490cb53f56bb5a8327a064
[INFO] running `Command { std: "docker" "start" "-a" "4f884c828b1c4910943c65ef102fee9da4499d832f490cb53f56bb5a8327a064", kill_on_drop: false }`
[INFO] [stderr]    Compiling crypto v0.1.0 (/opt/rustwide/workdir/crypto)
[INFO] [stderr]    Compiling netlib v0.1.0 (/opt/rustwide/workdir/netlib)
[INFO] [stderr]    Compiling rustchat v0.1.0 (/opt/rustwide/workdir/main)
[INFO] [stderr]     Finished `test` profile [unoptimized + debuginfo] target(s) in 0.20s
[INFO] running `Command { std: "docker" "inspect" "4f884c828b1c4910943c65ef102fee9da4499d832f490cb53f56bb5a8327a064", kill_on_drop: false }`
[INFO] running `Command { std: "docker" "rm" "-f" "4f884c828b1c4910943c65ef102fee9da4499d832f490cb53f56bb5a8327a064", kill_on_drop: false }`
[INFO] [stdout] 4f884c828b1c4910943c65ef102fee9da4499d832f490cb53f56bb5a8327a064
[INFO] running `Command { std: "docker" "create" "-v" "/var/lib/crater-agent-workspace/builds/worker-6-tc2/target:/opt/rustwide/target:rw,Z" "-v" "/var/lib/crater-agent-workspace/builds/worker-6-tc2/source:/opt/rustwide/workdir:ro,Z" "-v" "/var/lib/crater-agent-workspace/cargo-home:/opt/rustwide/cargo-home:ro,Z" "-v" "/var/lib/crater-agent-workspace/rustup-home:/opt/rustwide/rustup-home:ro,Z" "-e" "SOURCE_DIR=/opt/rustwide/workdir" "-e" "CARGO_TARGET_DIR=/opt/rustwide/target" "-e" "CARGO_INCREMENTAL=0" "-e" "RUST_BACKTRACE=full" "-e" "RUSTFLAGS=--cap-lints=forbid -Zrandomize-layout" "-e" "RUSTDOCFLAGS=--cap-lints=forbid" "-e" "CARGO_HOME=/opt/rustwide/cargo-home" "-e" "RUSTUP_HOME=/opt/rustwide/rustup-home" "-w" "/opt/rustwide/workdir" "-m" "1610612736" "--user" "0:0" "--network" "none" "ghcr.io/rust-lang/crates-build-env/linux@sha256:4a844ea9eb2546a2d2c7022eacef16ef2e8229c7fbb2c7d4d55a9ceca922f72d" "/opt/rustwide/cargo-home/bin/cargo" "+nightly-2024-10-28" "test" "--frozen", kill_on_drop: false }`
[INFO] [stdout] 4ad8dacca5cd658cf3cbf9295de7d3a4ce7d419dbf0ce922f547e2e82e539381
[INFO] running `Command { std: "docker" "start" "-a" "4ad8dacca5cd658cf3cbf9295de7d3a4ce7d419dbf0ce922f547e2e82e539381", kill_on_drop: false }`
[INFO] [stderr]     Finished `test` profile [unoptimized + debuginfo] target(s) in 0.03s
[INFO] [stderr]      Running unittests src/lib.rs (/opt/rustwide/target/debug/deps/crypto-4167c79e887d360e)
[INFO] [stdout] 
[INFO] [stdout] running 0 tests
[INFO] [stdout] 
[INFO] [stdout] test result: ok. 0 passed; 0 failed; 0 ignored; 0 measured; 0 filtered out; finished in 0.00s
[INFO] [stdout] 
[INFO] [stderr]      Running unittests src/lib.rs (/opt/rustwide/target/debug/deps/netlib-d5d7f448493da896)
[INFO] [stdout] 
[INFO] [stdout] running 0 tests
[INFO] [stdout] 
[INFO] [stdout] test result: ok. 0 passed; 0 failed; 0 ignored; 0 measured; 0 filtered out; finished in 0.00s
[INFO] [stdout] 
[INFO] [stderr]      Running unittests src/main.rs (/opt/rustwide/target/debug/deps/rustchat-f65de7b4971b2a51)
[INFO] [stderr]    Doc-tests crypto
[INFO] [stdout] 
[INFO] [stdout] running 0 tests
[INFO] [stdout] 
[INFO] [stdout] test result: ok. 0 passed; 0 failed; 0 ignored; 0 measured; 0 filtered out; finished in 0.00s
[INFO] [stdout] 
[INFO] [stdout] 
[INFO] [stdout] running 3 tests
[INFO] [stdout] test crypto/src/lib.rs - gen_key (line 77) ... FAILED
[INFO] [stdout] test crypto/src/lib.rs - String::decrypt (line 40) ... FAILED
[INFO] [stdout] test crypto/src/lib.rs - String::encrypt (line 16) ... FAILED
[INFO] [stdout] 
[INFO] [stdout] failures:
[INFO] [stdout] 
[INFO] [stdout] ---- crypto/src/lib.rs - gen_key (line 77) stdout ----
[INFO] [stdout] error[E0425]: cannot find function `gen_key` in this scope
[INFO] [stdout]  --> crypto/src/lib.rs:78:21
[INFO] [stdout]   |
[INFO] [stdout] 3 | let (privK, pubK) = gen_key();
[INFO] [stdout]   |                     ^^^^^^^ not found in this scope
[INFO] [stdout]   |
[INFO] [stdout] help: consider importing this function
[INFO] [stdout]   |
[INFO] [stdout] 2 + use crypto::gen_key;
[INFO] [stdout]   |
[INFO] [stdout] 
[INFO] [stdout] error[E0425]: cannot find value `s` in this scope
[INFO] [stdout]  --> crypto/src/lib.rs:79:9
[INFO] [stdout]   |
[INFO] [stdout] 4 | let s = s.decrypt(privK.to_string());
[INFO] [stdout]   |         ^ not found in this scope
[INFO] [stdout] 
[INFO] [stdout] error: aborting due to 2 previous errors
[INFO] [stdout] 
[INFO] [stdout] For more information about this error, try `rustc --explain E0425`.
[INFO] [stdout] Couldn't compile the test.
[INFO] [stdout] ---- crypto/src/lib.rs - String::decrypt (line 40) stdout ----
[INFO] [stdout] error[E0599]: no method named `decrypt` found for struct `String` in the current scope
[INFO] [stdout]  --> crypto/src/lib.rs:42:11
[INFO] [stdout]   |
[INFO] [stdout] 4 | let s = s.decrypt("key".to_string());
[INFO] [stdout]   |           ^^^^^^^ method not found in `String`
[INFO] [stdout] 
[INFO] [stdout] error: aborting due to 1 previous error
[INFO] [stdout] 
[INFO] [stdout] For more information about this error, try `rustc --explain E0599`.
[INFO] [stdout] Couldn't compile the test.
[INFO] [stdout] ---- crypto/src/lib.rs - String::encrypt (line 16) stdout ----
[INFO] [stdout] error[E0599]: no method named `encrypt` found for struct `String` in the current scope
[INFO] [stdout]  --> crypto/src/lib.rs:18:11
[INFO] [stdout]   |
[INFO] [stdout] 4 | let s = s.encrypt("key".to_string());
[INFO] [stdout]   |           ^^^^^^^ method not found in `String`
[INFO] [stdout] 
[INFO] [stdout] error: aborting due to 1 previous error
[INFO] [stdout] 
[INFO] [stdout] For more information about this error, try `rustc --explain E0599`.
[INFO] [stdout] Couldn't compile the test.
[INFO] [stdout] 
[INFO] [stdout] failures:
[INFO] [stdout]     crypto/src/lib.rs - String::decrypt (line 40)
[INFO] [stdout]     crypto/src/lib.rs - String::encrypt (line 16)
[INFO] [stdout]     crypto/src/lib.rs - gen_key (line 77)
[INFO] [stdout] 
[INFO] [stdout] test result: FAILED. 0 passed; 3 failed; 0 ignored; 0 measured; 0 filtered out; finished in 0.07s
[INFO] [stdout] 
[INFO] [stderr] error: doctest failed, to rerun pass `-p crypto --doc`
[INFO] running `Command { std: "docker" "inspect" "4ad8dacca5cd658cf3cbf9295de7d3a4ce7d419dbf0ce922f547e2e82e539381", kill_on_drop: false }`
[INFO] running `Command { std: "docker" "rm" "-f" "4ad8dacca5cd658cf3cbf9295de7d3a4ce7d419dbf0ce922f547e2e82e539381", kill_on_drop: false }`
[INFO] [stdout] 4ad8dacca5cd658cf3cbf9295de7d3a4ce7d419dbf0ce922f547e2e82e539381
