[INFO] cloning repository https://github.com/0xurb/l1sload
[INFO] running `Command { std: "git" "-c" "credential.helper=" "-c" "credential.helper=/workspace/cargo-home/bin/git-credential-null" "clone" "--bare" "https://github.com/0xurb/l1sload" "/workspace/cache/git-repos/https%3A%2F%2Fgithub.com%2F0xurb%2Fl1sload", kill_on_drop: false }`
[INFO] [stderr] Cloning into bare repository '/workspace/cache/git-repos/https%3A%2F%2Fgithub.com%2F0xurb%2Fl1sload'...
[INFO] running `Command { std: "git" "rev-parse" "HEAD", kill_on_drop: false }`
[INFO] [stdout] 33eebea0a6c3adaabd56c1e6e9a579abc8beac68
[INFO] testing 0xurb/l1sload/33eebea0a6c3adaabd56c1e6e9a579abc8beac68 against nightly-2024-10-28 for randomize-layout
[INFO] running `Command { std: "git" "clone" "/workspace/cache/git-repos/https%3A%2F%2Fgithub.com%2F0xurb%2Fl1sload" "/workspace/builds/worker-7-tc1/source", kill_on_drop: false }`
[INFO] [stderr] Cloning into '/workspace/builds/worker-7-tc1/source'...
[INFO] [stderr] done.
[INFO] validating manifest of git repo https://github.com/0xurb/l1sload on toolchain nightly-2024-10-28
[INFO] running `Command { std: CARGO_HOME="/workspace/cargo-home" RUSTUP_HOME="/workspace/rustup-home" "/workspace/cargo-home/bin/cargo" "+nightly-2024-10-28" "metadata" "--manifest-path" "Cargo.toml" "--no-deps", kill_on_drop: false }`
[INFO] started tweaking git repo https://github.com/0xurb/l1sload
[INFO] removed 0 missing tests
[INFO] finished tweaking git repo https://github.com/0xurb/l1sload
[INFO] tweaked toml for git repo https://github.com/0xurb/l1sload written to /workspace/builds/worker-7-tc1/source/Cargo.toml
[INFO] crate git repo https://github.com/0xurb/l1sload already has a lockfile, it will not be regenerated
[INFO] running `Command { std: CARGO_HOME="/workspace/cargo-home" RUSTUP_HOME="/workspace/rustup-home" "/workspace/cargo-home/bin/cargo" "+nightly-2024-10-28" "fetch" "--manifest-path" "Cargo.toml", kill_on_drop: false }`
[INFO] [stderr]     Updating git repository `https://github.com/bluealloy/revm`
[INFO] [stderr]  Downloading crates ...
[INFO] [stderr]   Downloaded alloy-sol-macro-expander v0.8.8
[INFO] [stderr]   Downloaded alloy-sol-macro v0.8.8
[INFO] [stderr]   Downloaded alloy-core v0.8.8
[INFO] [stderr]   Downloaded alloy-sol-type-parser v0.8.8
[INFO] [stderr]   Downloaded alloy-chains v0.1.38
[INFO] [stderr]   Downloaded syn-solidity v0.8.8
[INFO] [stderr]   Downloaded alloy-dyn-abi v0.8.8
[INFO] [stderr]   Downloaded alloy-sol-types v0.8.8
[INFO] [stderr]   Downloaded alloy-json-abi v0.8.8
[INFO] [stderr]   Downloaded alloy-sol-macro-input v0.8.8
[INFO] [stderr]   Downloaded alloy-primitives v0.8.8
[INFO] [stderr]   Downloaded openssl v0.10.67
[INFO] running `Command { std: "docker" "create" "-v" "/var/lib/crater-agent-workspace/builds/worker-7-tc1/target:/opt/rustwide/target:rw,Z" "-v" "/var/lib/crater-agent-workspace/builds/worker-7-tc1/source:/opt/rustwide/workdir:ro,Z" "-v" "/var/lib/crater-agent-workspace/cargo-home:/opt/rustwide/cargo-home:ro,Z" "-v" "/var/lib/crater-agent-workspace/rustup-home:/opt/rustwide/rustup-home:ro,Z" "-e" "SOURCE_DIR=/opt/rustwide/workdir" "-e" "CARGO_TARGET_DIR=/opt/rustwide/target" "-e" "CARGO_HOME=/opt/rustwide/cargo-home" "-e" "RUSTUP_HOME=/opt/rustwide/rustup-home" "-w" "/opt/rustwide/workdir" "-m" "1610612736" "--user" "0:0" "--network" "none" "ghcr.io/rust-lang/crates-build-env/linux@sha256:4a844ea9eb2546a2d2c7022eacef16ef2e8229c7fbb2c7d4d55a9ceca922f72d" "/opt/rustwide/cargo-home/bin/cargo" "+nightly-2024-10-28" "metadata" "--no-deps" "--format-version=1", kill_on_drop: false }`
[INFO] [stdout] c6a1f9a9e953679acf34f13f186b4c04747542f1e6d586547472b4939d265e9b
[INFO] running `Command { std: "docker" "start" "-a" "c6a1f9a9e953679acf34f13f186b4c04747542f1e6d586547472b4939d265e9b", kill_on_drop: false }`
[INFO] running `Command { std: "docker" "inspect" "c6a1f9a9e953679acf34f13f186b4c04747542f1e6d586547472b4939d265e9b", kill_on_drop: false }`
[INFO] running `Command { std: "docker" "rm" "-f" "c6a1f9a9e953679acf34f13f186b4c04747542f1e6d586547472b4939d265e9b", kill_on_drop: false }`
[INFO] [stdout] c6a1f9a9e953679acf34f13f186b4c04747542f1e6d586547472b4939d265e9b
[INFO] running `Command { std: "docker" "create" "-v" "/var/lib/crater-agent-workspace/builds/worker-7-tc1/target:/opt/rustwide/target:rw,Z" "-v" "/var/lib/crater-agent-workspace/builds/worker-7-tc1/source:/opt/rustwide/workdir:ro,Z" "-v" "/var/lib/crater-agent-workspace/cargo-home:/opt/rustwide/cargo-home:ro,Z" "-v" "/var/lib/crater-agent-workspace/rustup-home:/opt/rustwide/rustup-home:ro,Z" "-e" "SOURCE_DIR=/opt/rustwide/workdir" "-e" "CARGO_TARGET_DIR=/opt/rustwide/target" "-e" "CARGO_INCREMENTAL=0" "-e" "RUST_BACKTRACE=full" "-e" "RUSTFLAGS=--cap-lints=forbid" "-e" "RUSTDOCFLAGS=--cap-lints=forbid" "-e" "CARGO_HOME=/opt/rustwide/cargo-home" "-e" "RUSTUP_HOME=/opt/rustwide/rustup-home" "-w" "/opt/rustwide/workdir" "-m" "1610612736" "--user" "0:0" "--network" "none" "ghcr.io/rust-lang/crates-build-env/linux@sha256:4a844ea9eb2546a2d2c7022eacef16ef2e8229c7fbb2c7d4d55a9ceca922f72d" "/opt/rustwide/cargo-home/bin/cargo" "+nightly-2024-10-28" "build" "--frozen" "--message-format=json", kill_on_drop: false }`
[INFO] [stdout] 137c8850ab64a6a63b711a462040154ba03ec863c7f32efd9e69d95e55e17162
[INFO] running `Command { std: "docker" "start" "-a" "137c8850ab64a6a63b711a462040154ba03ec863c7f32efd9e69d95e55e17162", kill_on_drop: false }`
[INFO] [stderr]    Compiling proc-macro2 v1.0.88
[INFO] [stderr]    Compiling unicode-ident v1.0.13
[INFO] [stderr]    Compiling libc v0.2.159
[INFO] [stderr]    Compiling serde v1.0.210
[INFO] [stderr]    Compiling cpufeatures v0.2.14
[INFO] [stderr]    Compiling shlex v1.3.0
[INFO] [stderr]    Compiling tiny-keccak v2.0.2
[INFO] [stderr]    Compiling unicode-xid v0.2.6
[INFO] [stderr]    Compiling arrayvec v0.7.6
[INFO] [stderr]    Compiling foldhash v0.1.3
[INFO] [stderr]    Compiling once_cell v1.20.2
[INFO] [stderr]    Compiling cc v1.1.30
[INFO] [stderr]    Compiling futures-core v0.3.31
[INFO] [stderr]    Compiling futures-sink v0.3.31
[INFO] [stderr]    Compiling slab v0.4.9
[INFO] [stderr]    Compiling serde_json v1.0.128
[INFO] [stderr]    Compiling futures-channel v0.3.31
[INFO] [stderr]    Compiling futures-task v0.3.31
[INFO] [stderr]    Compiling futures-io v0.3.31
[INFO] [stderr]    Compiling pkg-config v0.3.31
[INFO] [stderr]    Compiling const-hex v1.13.1
[INFO] [stderr]    Compiling dunce v1.0.5
[INFO] [stderr]    Compiling hashbrown v0.15.0
[INFO] [stderr]    Compiling tracing-core v0.1.32
[INFO] [stderr]    Compiling getrandom v0.2.15
[INFO] [stderr]    Compiling socket2 v0.5.7
[INFO] [stderr]    Compiling quote v1.0.37
[INFO] [stderr]    Compiling rand_core v0.6.4
[INFO] [stderr]    Compiling syn v2.0.79
[INFO] [stderr]    Compiling ff v0.13.0
[INFO] [stderr]    Compiling mio v1.0.2
[INFO] [stderr]    Compiling proc-macro-error-attr2 v2.0.0
[INFO] [stderr]    Compiling indexmap v2.6.0
[INFO] [stderr]    Compiling group v0.13.0
[INFO] [stderr]    Compiling num-traits v0.2.19
[INFO] [stderr]    Compiling foreign-types-shared v0.1.1
[INFO] [stderr]    Compiling httparse v1.9.5
[INFO] [stderr]    Compiling openssl v0.10.67
[INFO] [stderr]    Compiling thiserror v1.0.64
[INFO] [stderr]    Compiling foreign-types v0.3.2
[INFO] [stderr]    Compiling tower-service v0.3.3
[INFO] [stderr]    Compiling native-tls v0.2.12
[INFO] [stderr]    Compiling unicode-normalization v0.1.24
[INFO] [stderr]    Compiling openssl-probe v0.1.5
[INFO] [stderr]    Compiling unicode-bidi v0.3.17
[INFO] [stderr]    Compiling log v0.4.22
[INFO] [stderr]    Compiling openssl-sys v0.9.104
[INFO] [stderr]    Compiling blst v0.3.13
[INFO] [stderr]    Compiling num_cpus v1.16.0
[INFO] [stderr]    Compiling idna v0.5.0
[INFO] [stderr]    Compiling rustversion v1.0.18
[INFO] [stderr]    Compiling threadpool v1.8.1
[INFO] [stderr]    Compiling num-integer v0.1.46
[INFO] [stderr]    Compiling c-kzg v1.0.3
[INFO] [stderr]    Compiling tower-layer v0.3.3
[INFO] [stderr]    Compiling hex v0.4.3
[INFO] [stderr]    Compiling futures-utils-wasm v0.1.0
[INFO] [stderr]    Compiling url v2.5.2
[INFO] [stderr]    Compiling rustls-pki-types v1.10.0
[INFO] [stderr]    Compiling num-bigint v0.4.6
[INFO] [stderr]    Compiling rustls-pemfile v2.2.0
[INFO] [stderr]    Compiling secp256k1-sys v0.10.1
[INFO] [stderr]    Compiling sync_wrapper v1.0.1
[INFO] [stderr]    Compiling lock_api v0.4.12
[INFO] [stderr]    Compiling either v1.13.0
[INFO] [stderr]    Compiling ipnet v2.10.1
[INFO] [stderr]    Compiling bitvec v1.0.1
[INFO] [stderr]    Compiling itertools v0.13.0
[INFO] [stderr]    Compiling num-rational v0.4.2
[INFO] [stderr]    Compiling num-iter v0.1.45
[INFO] [stderr]    Compiling num-complex v0.4.6
[INFO] [stderr]    Compiling rand v0.8.5
[INFO] [stderr]    Compiling dyn-clone v1.0.17
[INFO] [stderr]    Compiling num v0.4.3
[INFO] [stderr]    Compiling lazy_static v1.5.0
[INFO] [stderr]    Compiling parking_lot_core v0.9.10
[INFO] [stderr]    Compiling rustc-hex v2.1.0
[INFO] [stderr]    Compiling byteorder v1.5.0
[INFO] [stderr]    Compiling dashmap v6.1.0
[INFO] [stderr]    Compiling aurora-engine-modexp v1.1.0
[INFO] [stderr]    Compiling substrate-bn v0.6.0
[INFO] [stderr]    Compiling syn-solidity v0.8.8
[INFO] [stderr]    Compiling proc-macro-error2 v2.0.1
[INFO] [stderr]    Compiling zeroize_derive v1.4.2
[INFO] [stderr]    Compiling serde_derive v1.0.210
[INFO] [stderr]    Compiling alloy-rlp-derive v0.3.8
[INFO] [stderr]    Compiling derive_more-impl v1.0.0
[INFO] [stderr]    Compiling futures-macro v0.3.31
[INFO] [stderr]    Compiling tokio-macros v2.4.0
[INFO] [stderr]    Compiling auto_impl v1.2.0
[INFO] [stderr]    Compiling zeroize v1.8.1
[INFO] [stderr]    Compiling generic-array v0.14.7
[INFO] [stderr]    Compiling der v0.7.9
[INFO] [stderr]    Compiling block-buffer v0.10.4
[INFO] [stderr]    Compiling crypto-common v0.1.6
[INFO] [stderr]    Compiling crypto-bigint v0.5.5
[INFO] [stderr]    Compiling digest v0.10.7
[INFO] [stderr]    Compiling futures-util v0.3.31
[INFO] [stderr]    Compiling tracing-attributes v0.1.27
[INFO] [stderr]    Compiling hmac v0.12.1
[INFO] [stderr]    Compiling rfc6979 v0.4.0
[INFO] [stderr]    Compiling signature v2.2.0
[INFO] [stderr]    Compiling sha2 v0.10.8
[INFO] [stderr]    Compiling sec1 v0.7.3
[INFO] [stderr]    Compiling spki v0.7.3
[INFO] [stderr]    Compiling alloy-sol-macro-input v0.8.8
[INFO] [stderr]    Compiling thiserror-impl v1.0.64
[INFO] [stderr]    Compiling alloy-sol-macro-expander v0.8.8
[INFO] [stderr]    Compiling tracing v0.1.40
[INFO] [stderr]    Compiling openssl-macros v0.1.1
[INFO] [stderr]    Compiling elliptic-curve v0.13.8
[INFO] [stderr]    Compiling ecdsa v0.16.9
[INFO] [stderr]    Compiling enumn v0.1.14
[INFO] [stderr]    Compiling k256 v0.13.4
[INFO] [stderr]    Compiling derive_more v1.0.0
[INFO] [stderr]    Compiling async-trait v0.1.83
[INFO] [stderr]    Compiling strum_macros v0.26.4
[INFO] [stderr]    Compiling pin-project-internal v1.1.6
[INFO] [stderr]    Compiling tower v0.5.1
[INFO] [stderr]    Compiling futures-executor v0.3.31
[INFO] [stderr]    Compiling num_enum_derive v0.7.3
[INFO] [stderr]    Compiling futures v0.3.31
[INFO] [stderr]    Compiling primeorder v0.13.6
[INFO] [stderr]    Compiling async-stream-impl v0.3.6
[INFO] [stderr]    Compiling p256 v0.13.2
[INFO] [stderr]    Compiling pin-project v1.1.6
[INFO] [stderr]    Compiling secp256k1 v0.29.1
[INFO] [stderr]    Compiling strum v0.26.3
[INFO] [stderr]    Compiling alloy-sol-macro v0.8.8
[INFO] [stderr]    Compiling async-stream v0.3.6
[INFO] [stderr]    Compiling ripemd v0.1.3
[INFO] [stderr]    Compiling num_enum v0.7.3
[INFO] [stderr]    Compiling bytes v1.7.2
[INFO] [stderr]    Compiling serde_urlencoded v0.7.1
[INFO] [stderr]    Compiling alloy-rlp v0.3.8
[INFO] [stderr]    Compiling tokio v1.40.0
[INFO] [stderr]    Compiling http v1.1.0
[INFO] [stderr]    Compiling lru v0.12.5
[INFO] [stderr]    Compiling ruint v1.12.3
[INFO] [stderr]    Compiling http-body v1.0.1
[INFO] [stderr]    Compiling http-body-util v0.1.2
[INFO] [stderr]    Compiling alloy-primitives v0.8.8
[INFO] [stderr]    Compiling alloy-eip2930 v0.1.0
[INFO] [stderr]    Compiling alloy-eip7702 v0.1.1
[INFO] [stderr]    Compiling alloy-sol-types v0.8.8
[INFO] [stderr]    Compiling alloy-serde v0.4.2
[INFO] [stderr]    Compiling alloy-signer v0.4.2
[INFO] [stderr]    Compiling alloy-chains v0.1.38
[INFO] [stderr]    Compiling alloy-eips v0.4.2
[INFO] [stderr]    Compiling revm-primitives v10.0.0 (https://github.com/bluealloy/revm?branch=release%2Fv45#4f093996)
[INFO] [stderr]    Compiling revm-interpreter v10.0.3 (https://github.com/bluealloy/revm?branch=release%2Fv45#4f093996)
[INFO] [stderr]    Compiling revm-precompile v11.0.3 (https://github.com/bluealloy/revm?branch=release%2Fv45#4f093996)
[INFO] [stderr]    Compiling alloy-consensus v0.4.2
[INFO] [stderr]    Compiling revm v14.0.3 (https://github.com/bluealloy/revm?branch=release%2Fv45#4f093996)
[INFO] [stderr]    Compiling hyper v1.5.0
[INFO] [stderr]    Compiling tokio-native-tls v0.3.1
[INFO] [stderr]    Compiling tokio-util v0.7.12
[INFO] [stderr]    Compiling tokio-stream v0.1.16
[INFO] [stderr]    Compiling hyper-util v0.1.9
[INFO] [stderr]    Compiling alloy-network-primitives v0.4.2
[INFO] [stderr]    Compiling hyper-tls v0.6.0
[INFO] [stderr]    Compiling reqwest v0.12.8
[INFO] [stderr]    Compiling alloy-json-rpc v0.4.2
[INFO] [stderr]    Compiling alloy-rpc-types-eth v0.4.2
[INFO] [stderr]    Compiling alloy-core v0.8.8
[INFO] [stderr]    Compiling alloy-transport v0.4.2
[INFO] [stderr]    Compiling alloy-transport-http v0.4.2
[INFO] [stderr]    Compiling alloy-rpc-client v0.4.2
[INFO] [stderr]    Compiling alloy-network v0.4.2
[INFO] [stderr]    Compiling alloy-provider v0.4.2
[INFO] [stderr]    Compiling alloy v0.4.2
[INFO] [stderr]    Compiling l1sload v0.0.0 (/opt/rustwide/workdir)
[INFO] [stderr]     Finished `dev` profile [unoptimized + debuginfo] target(s) in 58.88s
[INFO] running `Command { std: "docker" "inspect" "137c8850ab64a6a63b711a462040154ba03ec863c7f32efd9e69d95e55e17162", kill_on_drop: false }`
[INFO] running `Command { std: "docker" "rm" "-f" "137c8850ab64a6a63b711a462040154ba03ec863c7f32efd9e69d95e55e17162", kill_on_drop: false }`
[INFO] [stdout] 137c8850ab64a6a63b711a462040154ba03ec863c7f32efd9e69d95e55e17162
[INFO] running `Command { std: "docker" "create" "-v" "/var/lib/crater-agent-workspace/builds/worker-7-tc1/target:/opt/rustwide/target:rw,Z" "-v" "/var/lib/crater-agent-workspace/builds/worker-7-tc1/source:/opt/rustwide/workdir:ro,Z" "-v" "/var/lib/crater-agent-workspace/cargo-home:/opt/rustwide/cargo-home:ro,Z" "-v" "/var/lib/crater-agent-workspace/rustup-home:/opt/rustwide/rustup-home:ro,Z" "-e" "SOURCE_DIR=/opt/rustwide/workdir" "-e" "CARGO_TARGET_DIR=/opt/rustwide/target" "-e" "CARGO_INCREMENTAL=0" "-e" "RUST_BACKTRACE=full" "-e" "RUSTFLAGS=--cap-lints=forbid" "-e" "RUSTDOCFLAGS=--cap-lints=forbid" "-e" "CARGO_HOME=/opt/rustwide/cargo-home" "-e" "RUSTUP_HOME=/opt/rustwide/rustup-home" "-w" "/opt/rustwide/workdir" "-m" "1610612736" "--user" "0:0" "--network" "none" "ghcr.io/rust-lang/crates-build-env/linux@sha256:4a844ea9eb2546a2d2c7022eacef16ef2e8229c7fbb2c7d4d55a9ceca922f72d" "/opt/rustwide/cargo-home/bin/cargo" "+nightly-2024-10-28" "test" "--frozen" "--no-run" "--message-format=json", kill_on_drop: false }`
[INFO] [stdout] d8d61ce93d15ecd2dd19b2ed93e9196495e01c1f80597d81ea614d480c1ae688
[INFO] running `Command { std: "docker" "start" "-a" "d8d61ce93d15ecd2dd19b2ed93e9196495e01c1f80597d81ea614d480c1ae688", kill_on_drop: false }`
[INFO] [stderr]    Compiling eyre v0.6.12
[INFO] [stderr]    Compiling l1sload v0.0.0 (/opt/rustwide/workdir)
[INFO] [stderr]     Finished `test` profile [unoptimized + debuginfo] target(s) in 5.37s
[INFO] running `Command { std: "docker" "inspect" "d8d61ce93d15ecd2dd19b2ed93e9196495e01c1f80597d81ea614d480c1ae688", kill_on_drop: false }`
[INFO] running `Command { std: "docker" "rm" "-f" "d8d61ce93d15ecd2dd19b2ed93e9196495e01c1f80597d81ea614d480c1ae688", kill_on_drop: false }`
[INFO] [stdout] d8d61ce93d15ecd2dd19b2ed93e9196495e01c1f80597d81ea614d480c1ae688
[INFO] running `Command { std: "docker" "create" "-v" "/var/lib/crater-agent-workspace/builds/worker-7-tc1/target:/opt/rustwide/target:rw,Z" "-v" "/var/lib/crater-agent-workspace/builds/worker-7-tc1/source:/opt/rustwide/workdir:ro,Z" "-v" "/var/lib/crater-agent-workspace/cargo-home:/opt/rustwide/cargo-home:ro,Z" "-v" "/var/lib/crater-agent-workspace/rustup-home:/opt/rustwide/rustup-home:ro,Z" "-e" "SOURCE_DIR=/opt/rustwide/workdir" "-e" "CARGO_TARGET_DIR=/opt/rustwide/target" "-e" "CARGO_INCREMENTAL=0" "-e" "RUST_BACKTRACE=full" "-e" "RUSTFLAGS=--cap-lints=forbid" "-e" "RUSTDOCFLAGS=--cap-lints=forbid" "-e" "CARGO_HOME=/opt/rustwide/cargo-home" "-e" "RUSTUP_HOME=/opt/rustwide/rustup-home" "-w" "/opt/rustwide/workdir" "-m" "1610612736" "--user" "0:0" "--network" "none" "ghcr.io/rust-lang/crates-build-env/linux@sha256:4a844ea9eb2546a2d2c7022eacef16ef2e8229c7fbb2c7d4d55a9ceca922f72d" "/opt/rustwide/cargo-home/bin/cargo" "+nightly-2024-10-28" "test" "--frozen", kill_on_drop: false }`
[INFO] [stdout] 043bc9a50dce036aecdedf2466a7e76217894b9ecbad5c1a3ecf9af1bd2c4b05
[INFO] running `Command { std: "docker" "start" "-a" "043bc9a50dce036aecdedf2466a7e76217894b9ecbad5c1a3ecf9af1bd2c4b05", kill_on_drop: false }`
[INFO] [stderr]     Finished `test` profile [unoptimized + debuginfo] target(s) in 0.43s
[INFO] [stderr]      Running unittests src/lib.rs (/opt/rustwide/target/debug/deps/l1sload-443e22e88fdfe2e3)
[INFO] [stdout] 
[INFO] [stdout] running 0 tests
[INFO] [stdout] 
[INFO] [stdout] test result: ok. 0 passed; 0 failed; 0 ignored; 0 measured; 0 filtered out; finished in 0.00s
[INFO] [stdout] 
[INFO] [stderr]      Running tests/call.rs (/opt/rustwide/target/debug/deps/call-d962d7033e78e92a)
[INFO] [stdout] 
[INFO] [stdout] running 1 test
[INFO] [stderr] error: test failed, to rerun pass `--test call`
[INFO] [stdout] test should_call ... FAILED
[INFO] [stdout] 
[INFO] [stdout] failures:
[INFO] [stdout] 
[INFO] [stdout] ---- should_call stdout ----
[INFO] [stdout] Error: error sending request for url (https://mainnet.infura.io/v3/c60b0bb42f8a4c6481ecd229eddaca27)
[INFO] [stdout] 
[INFO] [stdout] Caused by:
[INFO] [stdout]    0: error sending request for url (https://mainnet.infura.io/v3/c60b0bb42f8a4c6481ecd229eddaca27)
[INFO] [stdout]    1: client error (Connect)
[INFO] [stdout]    2: dns error: failed to lookup address information: Temporary failure in name resolution
[INFO] [stdout]    3: failed to lookup address information: Temporary failure in name resolution
[INFO] [stdout] 
[INFO] [stdout] Location:
[INFO] [stdout]     tests/call.rs:96:29
[INFO] [stdout] 
[INFO] [stdout] 
[INFO] [stdout] failures:
[INFO] [stdout]     should_call
[INFO] [stdout] 
[INFO] [stdout] test result: FAILED. 0 passed; 1 failed; 0 ignored; 0 measured; 0 filtered out; finished in 0.08s
[INFO] [stdout] 
[INFO] running `Command { std: "docker" "inspect" "043bc9a50dce036aecdedf2466a7e76217894b9ecbad5c1a3ecf9af1bd2c4b05", kill_on_drop: false }`
[INFO] running `Command { std: "docker" "rm" "-f" "043bc9a50dce036aecdedf2466a7e76217894b9ecbad5c1a3ecf9af1bd2c4b05", kill_on_drop: false }`
[INFO] [stdout] 043bc9a50dce036aecdedf2466a7e76217894b9ecbad5c1a3ecf9af1bd2c4b05
