[INFO] cloning repository https://github.com/0xhardman/rust-mnemonic-to-address
[INFO] running `Command { std: "git" "-c" "credential.helper=" "-c" "credential.helper=/workspace/cargo-home/bin/git-credential-null" "clone" "--bare" "https://github.com/0xhardman/rust-mnemonic-to-address" "/workspace/cache/git-repos/https%3A%2F%2Fgithub.com%2F0xhardman%2Frust-mnemonic-to-address", kill_on_drop: false }`
[INFO] [stderr] Cloning into bare repository '/workspace/cache/git-repos/https%3A%2F%2Fgithub.com%2F0xhardman%2Frust-mnemonic-to-address'...
[INFO] running `Command { std: "git" "rev-parse" "HEAD", kill_on_drop: false }`
[INFO] [stdout] 3f66b827ab77ff7920517aaa88cea08619a74d35
[INFO] testing 0xhardman/rust-mnemonic-to-address/3f66b827ab77ff7920517aaa88cea08619a74d35 against nightly-2024-10-28+rustflags=-Zrandomize-layout for randomize-layout
[INFO] running `Command { std: "git" "clone" "/workspace/cache/git-repos/https%3A%2F%2Fgithub.com%2F0xhardman%2Frust-mnemonic-to-address" "/workspace/builds/worker-3-tc2/source", kill_on_drop: false }`
[INFO] [stderr] Cloning into '/workspace/builds/worker-3-tc2/source'...
[INFO] [stderr] done.
[INFO] validating manifest of git repo https://github.com/0xhardman/rust-mnemonic-to-address on toolchain nightly-2024-10-28
[INFO] running `Command { std: CARGO_HOME="/workspace/cargo-home" RUSTUP_HOME="/workspace/rustup-home" "/workspace/cargo-home/bin/cargo" "+nightly-2024-10-28" "metadata" "--manifest-path" "Cargo.toml" "--no-deps", kill_on_drop: false }`
[INFO] started tweaking git repo https://github.com/0xhardman/rust-mnemonic-to-address
[INFO] finished tweaking git repo https://github.com/0xhardman/rust-mnemonic-to-address
[INFO] tweaked toml for git repo https://github.com/0xhardman/rust-mnemonic-to-address written to /workspace/builds/worker-3-tc2/source/Cargo.toml
[INFO] crate git repo https://github.com/0xhardman/rust-mnemonic-to-address already has a lockfile, it will not be regenerated
[INFO] running `Command { std: CARGO_HOME="/workspace/cargo-home" RUSTUP_HOME="/workspace/rustup-home" "/workspace/cargo-home/bin/cargo" "+nightly-2024-10-28" "fetch" "--manifest-path" "Cargo.toml", kill_on_drop: false }`
[INFO] running `Command { std: "docker" "create" "-v" "/var/lib/crater-agent-workspace/builds/worker-3-tc2/target:/opt/rustwide/target:rw,Z" "-v" "/var/lib/crater-agent-workspace/builds/worker-3-tc2/source:/opt/rustwide/workdir:ro,Z" "-v" "/var/lib/crater-agent-workspace/cargo-home:/opt/rustwide/cargo-home:ro,Z" "-v" "/var/lib/crater-agent-workspace/rustup-home:/opt/rustwide/rustup-home:ro,Z" "-e" "SOURCE_DIR=/opt/rustwide/workdir" "-e" "CARGO_TARGET_DIR=/opt/rustwide/target" "-e" "CARGO_HOME=/opt/rustwide/cargo-home" "-e" "RUSTUP_HOME=/opt/rustwide/rustup-home" "-w" "/opt/rustwide/workdir" "-m" "1610612736" "--user" "0:0" "--network" "none" "ghcr.io/rust-lang/crates-build-env/linux@sha256:4a844ea9eb2546a2d2c7022eacef16ef2e8229c7fbb2c7d4d55a9ceca922f72d" "/opt/rustwide/cargo-home/bin/cargo" "+nightly-2024-10-28" "metadata" "--no-deps" "--format-version=1", kill_on_drop: false }`
[INFO] [stdout] 30f54a90d315d4add8ea1bd6a7518e6f323e4f334bd14afd7d4b87cbe852c08a
[INFO] running `Command { std: "docker" "start" "-a" "30f54a90d315d4add8ea1bd6a7518e6f323e4f334bd14afd7d4b87cbe852c08a", kill_on_drop: false }`
[INFO] running `Command { std: "docker" "inspect" "30f54a90d315d4add8ea1bd6a7518e6f323e4f334bd14afd7d4b87cbe852c08a", kill_on_drop: false }`
[INFO] running `Command { std: "docker" "rm" "-f" "30f54a90d315d4add8ea1bd6a7518e6f323e4f334bd14afd7d4b87cbe852c08a", kill_on_drop: false }`
[INFO] [stdout] 30f54a90d315d4add8ea1bd6a7518e6f323e4f334bd14afd7d4b87cbe852c08a
[INFO] running `Command { std: "docker" "create" "-v" "/var/lib/crater-agent-workspace/builds/worker-3-tc2/target:/opt/rustwide/target:rw,Z" "-v" "/var/lib/crater-agent-workspace/builds/worker-3-tc2/source:/opt/rustwide/workdir:ro,Z" "-v" "/var/lib/crater-agent-workspace/cargo-home:/opt/rustwide/cargo-home:ro,Z" "-v" "/var/lib/crater-agent-workspace/rustup-home:/opt/rustwide/rustup-home:ro,Z" "-e" "SOURCE_DIR=/opt/rustwide/workdir" "-e" "CARGO_TARGET_DIR=/opt/rustwide/target" "-e" "CARGO_INCREMENTAL=0" "-e" "RUST_BACKTRACE=full" "-e" "RUSTFLAGS=--cap-lints=forbid -Zrandomize-layout" "-e" "RUSTDOCFLAGS=--cap-lints=forbid" "-e" "CARGO_HOME=/opt/rustwide/cargo-home" "-e" "RUSTUP_HOME=/opt/rustwide/rustup-home" "-w" "/opt/rustwide/workdir" "-m" "1610612736" "--user" "0:0" "--network" "none" "ghcr.io/rust-lang/crates-build-env/linux@sha256:4a844ea9eb2546a2d2c7022eacef16ef2e8229c7fbb2c7d4d55a9ceca922f72d" "/opt/rustwide/cargo-home/bin/cargo" "+nightly-2024-10-28" "build" "--frozen" "--message-format=json", kill_on_drop: false }`
[INFO] [stdout] f71f31dac4ee78b94b7234565636875ba5c24f24be001005e0be59314fd9b7b2
[INFO] running `Command { std: "docker" "start" "-a" "f71f31dac4ee78b94b7234565636875ba5c24f24be001005e0be59314fd9b7b2", kill_on_drop: false }`
[INFO] [stderr]    Compiling proc-macro2 v1.0.83
[INFO] [stderr]    Compiling libc v0.2.155
[INFO] [stderr]    Compiling cc v1.0.98
[INFO] [stderr]    Compiling subtle v2.4.1
[INFO] [stderr]    Compiling thiserror v1.0.61
[INFO] [stderr]    Compiling block-buffer v0.10.4
[INFO] [stderr]    Compiling crypto-common v0.1.6
[INFO] [stderr]    Compiling tinyvec v1.6.0
[INFO] [stderr]    Compiling arrayvec v0.7.4
[INFO] [stderr]    Compiling digest v0.10.7
[INFO] [stderr]    Compiling tiny-keccak v2.0.2
[INFO] [stderr]    Compiling bitcoin-io v0.1.2
[INFO] [stderr]    Compiling hex-conservative v0.2.1
[INFO] [stderr]    Compiling pbkdf2 v0.11.0
[INFO] [stderr]    Compiling sha2 v0.10.8
[INFO] [stderr]    Compiling hmac v0.12.1
[INFO] [stderr]    Compiling bs58 v0.5.1
[INFO] [stderr]    Compiling bitcoin_hashes v0.14.0
[INFO] [stderr]    Compiling hex v0.4.3
[INFO] [stderr]    Compiling quote v1.0.36
[INFO] [stderr]    Compiling unicode-normalization v0.1.23
[INFO] [stderr]    Compiling syn v2.0.66
[INFO] [stderr]    Compiling getrandom v0.2.15
[INFO] [stderr]    Compiling secp256k1-sys v0.10.0
[INFO] [stderr]    Compiling ring v0.17.8
[INFO] [stderr]    Compiling rand_core v0.6.4
[INFO] [stderr]    Compiling rand_chacha v0.3.1
[INFO] [stderr]    Compiling rand v0.8.5
[INFO] [stderr]    Compiling secp256k1 v0.29.0
[INFO] [stderr]    Compiling thiserror-impl v1.0.61
[INFO] [stderr]    Compiling zeroize_derive v1.4.2
[INFO] [stderr]    Compiling zeroize v1.7.0
[INFO] [stderr]    Compiling tiny-bip39 v1.0.0
[INFO] [stderr]    Compiling mnemonic2address v0.1.0 (/opt/rustwide/workdir)
[INFO] [stdout] warning: unused import: `std::str::Bytes`
[INFO] [stdout]  --> src/step2.rs:1:5
[INFO] [stdout]   |
[INFO] [stdout] 1 | use std::str::Bytes;
[INFO] [stdout]   |     ^^^^^^^^^^^^^^^
[INFO] [stdout]   |
[INFO] [stdout]   = note: `#[warn(unused_imports)]` on by default
[INFO] [stdout] 
[INFO] [stdout] 
[INFO] [stdout] warning: unused import: `Language`
[INFO] [stdout]  --> src/step2.rs:3:13
[INFO] [stdout]   |
[INFO] [stdout] 3 | use bip39::{Language, Mnemonic, Seed};
[INFO] [stdout]   |             ^^^^^^^^
[INFO] [stdout] 
[INFO] [stdout] 
[INFO] [stdout] warning: value assigned to `child_number` is never read
[INFO] [stdout]   --> src/utils.rs:87:13
[INFO] [stdout]    |
[INFO] [stdout] 87 |     let mut child_number: Option<u32> = None;
[INFO] [stdout]    |             ^^^^^^^^^^^^
[INFO] [stdout]    |
[INFO] [stdout]    = help: maybe it is overwritten before being read?
[INFO] [stdout]    = note: `#[warn(unused_assignments)]` on by default
[INFO] [stdout] 
[INFO] [stdout] 
[INFO] [stdout] warning: function `step1_generate_mnemonic` is never used
[INFO] [stdout]  --> src/step1.rs:5:4
[INFO] [stdout]   |
[INFO] [stdout] 5 | fn step1_generate_mnemonic() {
[INFO] [stdout]   |    ^^^^^^^^^^^^^^^^^^^^^^^
[INFO] [stdout]   |
[INFO] [stdout]   = note: `#[warn(dead_code)]` on by default
[INFO] [stdout] 
[INFO] [stdout] 
[INFO] [stdout] warning: function `step2_mnemonic_to_seed` is never used
[INFO] [stdout]  --> src/step2.rs:7:4
[INFO] [stdout]   |
[INFO] [stdout] 7 | fn step2_mnemonic_to_seed(mnemonic: &Mnemonic) -> String {
[INFO] [stdout]   |    ^^^^^^^^^^^^^^^^^^^^^^
[INFO] [stdout] 
[INFO] [stdout] 
[INFO] [stdout] warning: function `step3_seed_to_master_key` is never used
[INFO] [stdout]  --> src/step3.rs:5:4
[INFO] [stdout]   |
[INFO] [stdout] 5 | fn step3_seed_to_master_key(seed_hex: &String) -> (String, String) {
[INFO] [stdout]   |    ^^^^^^^^^^^^^^^^^^^^^^^^
[INFO] [stdout] 
[INFO] [stdout] 
[INFO] [stdout] warning: function `step3_master_kay_to_private_key` is never used
[INFO] [stdout]  --> src/step4.rs:7:4
[INFO] [stdout]   |
[INFO] [stdout] 7 | fn step3_master_kay_to_private_key(
[INFO] [stdout]   |    ^^^^^^^^^^^^^^^^^^^^^^^^^^^^^^^
[INFO] [stdout] 
[INFO] [stdout] 
[INFO] [stdout] warning: function `step5_private_key_to_public_key` is never used
[INFO] [stdout]  --> src/step5.rs:5:4
[INFO] [stdout]   |
[INFO] [stdout] 5 | fn step5_private_key_to_public_key(private_key_hex: String) -> String {
[INFO] [stdout]   |    ^^^^^^^^^^^^^^^^^^^^^^^^^^^^^^^
[INFO] [stdout] 
[INFO] [stdout] 
[INFO] [stdout] warning: function `step6_public_key_to_address` is never used
[INFO] [stdout]  --> src/step6.rs:4:4
[INFO] [stdout]   |
[INFO] [stdout] 4 | fn step6_public_key_to_address(pub_key_hex: String) -> String {
[INFO] [stdout]   |    ^^^^^^^^^^^^^^^^^^^^^^^^^^^
[INFO] [stdout] 
[INFO] [stdout] 
[INFO] [stdout] warning: call to `.clone()` on a reference in this situation does nothing
[INFO] [stdout]   --> src/step4.rs:18:48
[INFO] [stdout]    |
[INFO] [stdout] 18 |         SecretKey::from_slice(master_secret_key.clone()).unwrap(),
[INFO] [stdout]    |                                                ^^^^^^^^ help: remove this redundant call
[INFO] [stdout]    |
[INFO] [stdout]    = note: the type `[u8]` does not implement `Clone`, so calling `clone` on `&[u8]` copies the reference, which does not do anything and can be removed
[INFO] [stdout]    = note: `#[warn(noop_method_call)]` on by default
[INFO] [stdout] 
[INFO] [stdout] 
[INFO] [stderr]     Finished `dev` profile [unoptimized + debuginfo] target(s) in 4.57s
[INFO] running `Command { std: "docker" "inspect" "f71f31dac4ee78b94b7234565636875ba5c24f24be001005e0be59314fd9b7b2", kill_on_drop: false }`
[INFO] running `Command { std: "docker" "rm" "-f" "f71f31dac4ee78b94b7234565636875ba5c24f24be001005e0be59314fd9b7b2", kill_on_drop: false }`
[INFO] [stdout] f71f31dac4ee78b94b7234565636875ba5c24f24be001005e0be59314fd9b7b2
[INFO] running `Command { std: "docker" "create" "-v" "/var/lib/crater-agent-workspace/builds/worker-3-tc2/target:/opt/rustwide/target:rw,Z" "-v" "/var/lib/crater-agent-workspace/builds/worker-3-tc2/source:/opt/rustwide/workdir:ro,Z" "-v" "/var/lib/crater-agent-workspace/cargo-home:/opt/rustwide/cargo-home:ro,Z" "-v" "/var/lib/crater-agent-workspace/rustup-home:/opt/rustwide/rustup-home:ro,Z" "-e" "SOURCE_DIR=/opt/rustwide/workdir" "-e" "CARGO_TARGET_DIR=/opt/rustwide/target" "-e" "CARGO_INCREMENTAL=0" "-e" "RUST_BACKTRACE=full" "-e" "RUSTFLAGS=--cap-lints=forbid -Zrandomize-layout" "-e" "RUSTDOCFLAGS=--cap-lints=forbid" "-e" "CARGO_HOME=/opt/rustwide/cargo-home" "-e" "RUSTUP_HOME=/opt/rustwide/rustup-home" "-w" "/opt/rustwide/workdir" "-m" "1610612736" "--user" "0:0" "--network" "none" "ghcr.io/rust-lang/crates-build-env/linux@sha256:4a844ea9eb2546a2d2c7022eacef16ef2e8229c7fbb2c7d4d55a9ceca922f72d" "/opt/rustwide/cargo-home/bin/cargo" "+nightly-2024-10-28" "test" "--frozen" "--no-run" "--message-format=json", kill_on_drop: false }`
[INFO] [stdout] 6ebe771952cafe6da46e1cbf89662262b091a0d47cb114e196919b87b69bf21a
[INFO] running `Command { std: "docker" "start" "-a" "6ebe771952cafe6da46e1cbf89662262b091a0d47cb114e196919b87b69bf21a", kill_on_drop: false }`
[INFO] [stderr]    Compiling mnemonic2address v0.1.0 (/opt/rustwide/workdir)
[INFO] [stdout] warning: unused imports: `Language` and `Mnemonic`
[INFO] [stdout]   --> src/step1.rs:26:17
[INFO] [stdout]    |
[INFO] [stdout] 26 |     use bip39::{Language, Mnemonic};
[INFO] [stdout]    |                 ^^^^^^^^  ^^^^^^^^
[INFO] [stdout]    |
[INFO] [stdout]    = note: `#[warn(unused_imports)]` on by default
[INFO] [stdout] 
[INFO] [stdout] 
[INFO] [stdout] warning: unused import: `std::str::Bytes`
[INFO] [stdout]  --> src/step2.rs:1:5
[INFO] [stdout]   |
[INFO] [stdout] 1 | use std::str::Bytes;
[INFO] [stdout]   |     ^^^^^^^^^^^^^^^
[INFO] [stdout] 
[INFO] [stdout] 
[INFO] [stdout] warning: value assigned to `child_number` is never read
[INFO] [stdout]   --> src/utils.rs:87:13
[INFO] [stdout]    |
[INFO] [stdout] 87 |     let mut child_number: Option<u32> = None;
[INFO] [stdout]    |             ^^^^^^^^^^^^
[INFO] [stdout]    |
[INFO] [stdout]    = help: maybe it is overwritten before being read?
[INFO] [stdout]    = note: `#[warn(unused_assignments)]` on by default
[INFO] [stdout] 
[INFO] [stdout] 
[INFO] [stdout] warning: call to `.clone()` on a reference in this situation does nothing
[INFO] [stdout]   --> src/step4.rs:18:48
[INFO] [stdout]    |
[INFO] [stdout] 18 |         SecretKey::from_slice(master_secret_key.clone()).unwrap(),
[INFO] [stdout]    |                                                ^^^^^^^^ help: remove this redundant call
[INFO] [stdout]    |
[INFO] [stdout]    = note: the type `[u8]` does not implement `Clone`, so calling `clone` on `&[u8]` copies the reference, which does not do anything and can be removed
[INFO] [stdout]    = note: `#[warn(noop_method_call)]` on by default
[INFO] [stdout] 
[INFO] [stdout] 
[INFO] [stderr]     Finished `test` profile [unoptimized + debuginfo] target(s) in 0.25s
[INFO] running `Command { std: "docker" "inspect" "6ebe771952cafe6da46e1cbf89662262b091a0d47cb114e196919b87b69bf21a", kill_on_drop: false }`
[INFO] running `Command { std: "docker" "rm" "-f" "6ebe771952cafe6da46e1cbf89662262b091a0d47cb114e196919b87b69bf21a", kill_on_drop: false }`
[INFO] [stdout] 6ebe771952cafe6da46e1cbf89662262b091a0d47cb114e196919b87b69bf21a
[INFO] running `Command { std: "docker" "create" "-v" "/var/lib/crater-agent-workspace/builds/worker-3-tc2/target:/opt/rustwide/target:rw,Z" "-v" "/var/lib/crater-agent-workspace/builds/worker-3-tc2/source:/opt/rustwide/workdir:ro,Z" "-v" "/var/lib/crater-agent-workspace/cargo-home:/opt/rustwide/cargo-home:ro,Z" "-v" "/var/lib/crater-agent-workspace/rustup-home:/opt/rustwide/rustup-home:ro,Z" "-e" "SOURCE_DIR=/opt/rustwide/workdir" "-e" "CARGO_TARGET_DIR=/opt/rustwide/target" "-e" "CARGO_INCREMENTAL=0" "-e" "RUST_BACKTRACE=full" "-e" "RUSTFLAGS=--cap-lints=forbid -Zrandomize-layout" "-e" "RUSTDOCFLAGS=--cap-lints=forbid" "-e" "CARGO_HOME=/opt/rustwide/cargo-home" "-e" "RUSTUP_HOME=/opt/rustwide/rustup-home" "-w" "/opt/rustwide/workdir" "-m" "1610612736" "--user" "0:0" "--network" "none" "ghcr.io/rust-lang/crates-build-env/linux@sha256:4a844ea9eb2546a2d2c7022eacef16ef2e8229c7fbb2c7d4d55a9ceca922f72d" "/opt/rustwide/cargo-home/bin/cargo" "+nightly-2024-10-28" "test" "--frozen", kill_on_drop: false }`
[INFO] [stdout] 46b810654ed89d34aedcbc178e38cd74357c65cb72c064fd6dd32ab7d23e89cf
[INFO] running `Command { std: "docker" "start" "-a" "46b810654ed89d34aedcbc178e38cd74357c65cb72c064fd6dd32ab7d23e89cf", kill_on_drop: false }`
[INFO] [stderr] warning: unused imports: `Language` and `Mnemonic`
[INFO] [stderr]   --> src/step1.rs:26:17
[INFO] [stderr]    |
[INFO] [stderr] 26 |     use bip39::{Language, Mnemonic};
[INFO] [stderr]    |                 ^^^^^^^^  ^^^^^^^^
[INFO] [stderr]    |
[INFO] [stderr]    = note: `#[warn(unused_imports)]` on by default
[INFO] [stderr] 
[INFO] [stderr] warning: unused import: `std::str::Bytes`
[INFO] [stderr]  --> src/step2.rs:1:5
[INFO] [stderr]   |
[INFO] [stderr] 1 | use std::str::Bytes;
[INFO] [stderr]   |     ^^^^^^^^^^^^^^^
[INFO] [stderr] 
[INFO] [stderr] warning: value assigned to `child_number` is never read
[INFO] [stderr]   --> src/utils.rs:87:13
[INFO] [stderr]    |
[INFO] [stderr] 87 |     let mut child_number: Option<u32> = None;
[INFO] [stderr]    |             ^^^^^^^^^^^^
[INFO] [stderr]    |
[INFO] [stderr]    = help: maybe it is overwritten before being read?
[INFO] [stderr]    = note: `#[warn(unused_assignments)]` on by default
[INFO] [stderr] 
[INFO] [stderr] warning: call to `.clone()` on a reference in this situation does nothing
[INFO] [stderr]   --> src/step4.rs:18:48
[INFO] [stderr]    |
[INFO] [stderr] 18 |         SecretKey::from_slice(master_secret_key.clone()).unwrap(),
[INFO] [stderr]    |                                                ^^^^^^^^ help: remove this redundant call
[INFO] [stderr]    |
[INFO] [stderr]    = note: the type `[u8]` does not implement `Clone`, so calling `clone` on `&[u8]` copies the reference, which does not do anything and can be removed
[INFO] [stderr]    = note: `#[warn(noop_method_call)]` on by default
[INFO] [stderr] 
[INFO] [stderr] warning: `mnemonic2address` (bin "mnemonic2address" test) generated 4 warnings (run `cargo fix --bin "mnemonic2address" --tests` to apply 3 suggestions)
[INFO] [stderr]     Finished `test` profile [unoptimized + debuginfo] target(s) in 0.03s
[INFO] [stderr]      Running unittests src/main.rs (/opt/rustwide/target/debug/deps/mnemonic2address-1fee9139df48663a)
[INFO] [stdout] 
[INFO] [stdout] running 6 tests
[INFO] [stdout] test step3::tests::test ... ok
[INFO] [stdout] test step6::tests::test ... ok
[INFO] [stdout] test step5::tests::test ... ok
[INFO] [stdout] test step1::tests::test ... ok
[INFO] [stdout] test step4::tests::test ... FAILED
[INFO] [stdout] test step2::tests::test ... ok
[INFO] [stdout] 
[INFO] [stdout] failures:
[INFO] [stdout] 
[INFO] [stdout] ---- step4::tests::test stdout ----
[INFO] [stdout] depth: 1
[INFO] [stdout] child_number: Some(73)
[INFO] [stdout] child_number: 73
[INFO] [stdout] child_fingerprint: "d521e219"
[INFO] [stdout] private_key: "e0b58ed353a3e316fbf1e925e0c187b8e469baa2bb8aa00808b2cd649870ae0a"
[INFO] [stdout] chain_code: "2344259c599dfa30a5c0cae7766349b80f817c53a1f6755f813a6f349bf11835"
[INFO] [stdout] 
[INFO] [stdout] depth: 2
[INFO] [stdout] child_number: Some(89)
[INFO] [stdout] child_number: 89
[INFO] [stdout] child_fingerprint: "38e6f706"
[INFO] [stdout] private_key: "36f3111550e9d82742e317bf8f7cb9ecd7735dd670ac937400c9cbadb8e66666"
[INFO] [stdout] chain_code: "1f288d9bb2a6dcce537cbc32534e7f62d6f6285a42ae6da5ed8c2ba85e0aea8e"
[INFO] [stdout] 
[INFO] [stdout] depth: 3
[INFO] [stdout] child_number: Some(23)
[INFO] [stdout] child_number: 23
[INFO] [stdout] child_fingerprint: "d71a917a"
[INFO] [stdout] private_key: "005fe57f929443852213cb84522ce931633e6aa5e0b0708d390cd5ff123f3046"
[INFO] [stdout] chain_code: "c9082b3ff7f20a500f7fd6945be72c5884bc50278195bb9df14865dff756e818"
[INFO] [stdout] 
[INFO] [stdout] depth: 4
[INFO] [stdout] child_number: Some(0)
[INFO] [stdout] child_number: 0
[INFO] [stdout] child_fingerprint: "7dd74b2f"
[INFO] [stdout] private_key: "bff3d3e5a6304a511bea588696754fbdba506ff0f9d28446c431116bd7e74414"
[INFO] [stdout] chain_code: "45c811e3c72db3eecfab985ca9a1a3501bf337bcf3a84bd0e5ca9bf65f31b9e2"
[INFO] [stdout] 
[INFO] [stdout] depth: 5
[INFO] [stdout] child_number: Some(0)
[INFO] [stdout] child_number: 0
[INFO] [stdout] child_fingerprint: "927d5359"
[INFO] [stdout] private_key: "e48311156301b29ab958d79fdb5f06fc99679b2d595a4e0045cab6e9c4423e43"
[INFO] [stdout] chain_code: "dba10dbdd7a4f1c4393a18deabe257ee4ab6e62c70e9f3e40c8ab328a0caad35"
[INFO] [stdout] 
[INFO] [stdout] thread 'step4::tests::test' panicked at src/step4.rs:52:9:
[INFO] [stdout] assertion `left == right` failed
[INFO] [stdout]   left: "e48311156301b29ab958d79fdb5f06fc99679b2d595a4e0045cab6e9c4423e43"
[INFO] [stdout]  right: "b6b15c8cb491557369f3c7d2c287b053eb229daa9c22138887752191c9520659"
[INFO] [stdout] stack backtrace:
[INFO] [stdout]    0:     0x58b5a7419f6a - std::backtrace_rs::backtrace::libunwind::trace::h207520d6e9873551
[INFO] [stdout]                                at /rustc/df4ca44d3fbc9301ee17f30f4d474e6ae4b05252/library/std/src/../../backtrace/src/backtrace/libunwind.rs:116:5
[INFO] [stdout]    1:     0x58b5a7419f6a - std::backtrace_rs::backtrace::trace_unsynchronized::h2ed7433f370e3eca
[INFO] [stdout]                                at /rustc/df4ca44d3fbc9301ee17f30f4d474e6ae4b05252/library/std/src/../../backtrace/src/backtrace/mod.rs:66:5
[INFO] [stdout]    2:     0x58b5a7419f6a - std::sys::backtrace::_print_fmt::h916fac51166b18d7
[INFO] [stdout]                                at /rustc/df4ca44d3fbc9301ee17f30f4d474e6ae4b05252/library/std/src/sys/backtrace.rs:66:9
[INFO] [stdout]    3:     0x58b5a7419f6a - <std::sys::backtrace::BacktraceLock::print::DisplayBacktrace as core::fmt::Display>::fmt::ha0a4c9b8ce3802e6
[INFO] [stdout]                                at /rustc/df4ca44d3fbc9301ee17f30f4d474e6ae4b05252/library/std/src/sys/backtrace.rs:39:26
[INFO] [stdout]    4:     0x58b5a7440573 - core::fmt::rt::Argument::fmt::h4cfc8587d52b3eb5
[INFO] [stdout]                                at /rustc/df4ca44d3fbc9301ee17f30f4d474e6ae4b05252/library/core/src/fmt/rt.rs:177:76
[INFO] [stdout]    5:     0x58b5a7440573 - core::fmt::write::h522cc39e5b36ae9f
[INFO] [stdout]                                at /rustc/df4ca44d3fbc9301ee17f30f4d474e6ae4b05252/library/core/src/fmt/mod.rs:1190:21
[INFO] [stdout]    6:     0x58b5a7416a03 - std::io::Write::write_fmt::h7d3c26752da97734
[INFO] [stdout]                                at /rustc/df4ca44d3fbc9301ee17f30f4d474e6ae4b05252/library/std/src/io/mod.rs:1839:15
[INFO] [stdout]    7:     0x58b5a7419db2 - std::sys::backtrace::BacktraceLock::print::h4b9e00b29e9c0942
[INFO] [stdout]                                at /rustc/df4ca44d3fbc9301ee17f30f4d474e6ae4b05252/library/std/src/sys/backtrace.rs:42:9
[INFO] [stdout]    8:     0x58b5a741b3fa - std::panicking::default_hook::{{closure}}::hb59b88280d0324d9
[INFO] [stdout]                                at /rustc/df4ca44d3fbc9301ee17f30f4d474e6ae4b05252/library/std/src/panicking.rs:268:22
[INFO] [stdout]    9:     0x58b5a741b204 - std::panicking::default_hook::he1dd496665be4a29
[INFO] [stdout]                                at /rustc/df4ca44d3fbc9301ee17f30f4d474e6ae4b05252/library/std/src/panicking.rs:292:9
[INFO] [stdout]   10:     0x58b5a7365ca9 - <alloc::boxed::Box<F,A> as core::ops::function::Fn<Args>>::call::h4ff71de18744e1dc
[INFO] [stdout]                                at /rustc/df4ca44d3fbc9301ee17f30f4d474e6ae4b05252/library/alloc/src/boxed.rs:2468:9
[INFO] [stdout]   11:     0x58b5a7365ca9 - test::test_main::{{closure}}::hcf7c055ce117aa81
[INFO] [stdout]                                at /rustc/df4ca44d3fbc9301ee17f30f4d474e6ae4b05252/library/test/src/lib.rs:133:21
[INFO] [stdout]   12:     0x58b5a741baf8 - <alloc::boxed::Box<F,A> as core::ops::function::Fn<Args>>::call::h1d66c6bbd60c9692
[INFO] [stdout]                                at /rustc/df4ca44d3fbc9301ee17f30f4d474e6ae4b05252/library/alloc/src/boxed.rs:2468:9
[INFO] [stdout]   13:     0x58b5a741baf8 - std::panicking::rust_panic_with_hook::h2ff17fe8f26dfcf8
[INFO] [stdout]                                at /rustc/df4ca44d3fbc9301ee17f30f4d474e6ae4b05252/library/std/src/panicking.rs:809:13
[INFO] [stdout]   14:     0x58b5a741b8ba - std::panicking::begin_panic_handler::{{closure}}::h4fad77951c07e101
[INFO] [stdout]                                at /rustc/df4ca44d3fbc9301ee17f30f4d474e6ae4b05252/library/std/src/panicking.rs:674:13
[INFO] [stdout]   15:     0x58b5a741a449 - std::sys::backtrace::__rust_end_short_backtrace::hb1a25b3da5d0ea08
[INFO] [stdout]                                at /rustc/df4ca44d3fbc9301ee17f30f4d474e6ae4b05252/library/std/src/sys/backtrace.rs:170:18
[INFO] [stdout]   16:     0x58b5a741b54c - rust_begin_unwind
[INFO] [stdout]                                at /rustc/df4ca44d3fbc9301ee17f30f4d474e6ae4b05252/library/std/src/panicking.rs:665:5
[INFO] [stdout]   17:     0x58b5a743ef70 - core::panicking::panic_fmt::ha9db07b529f9b256
[INFO] [stdout]                                at /rustc/df4ca44d3fbc9301ee17f30f4d474e6ae4b05252/library/core/src/panicking.rs:75:14
[INFO] [stdout]   18:     0x58b5a743f33b - core::panicking::assert_failed_inner::h04f38944d74a80a8
[INFO] [stdout]   19:     0x58b5a732527e - core::panicking::assert_failed::hbde36c320de7a32a
[INFO] [stdout]                                at /rustc/df4ca44d3fbc9301ee17f30f4d474e6ae4b05252/library/core/src/panicking.rs:377:5
[INFO] [stdout]   20:     0x58b5a732b2c5 - mnemonic2address::step4::tests::test::h6a418c84205fa114
[INFO] [stdout]                                at /opt/rustwide/workdir/src/step4.rs:52:9
[INFO] [stdout]   21:     0x58b5a732b0b7 - mnemonic2address::step4::tests::test::{{closure}}::h64a9ca9e88b997d2
[INFO] [stdout]                                at /opt/rustwide/workdir/src/step4.rs:50:14
[INFO] [stdout]   22:     0x58b5a7323b06 - core::ops::function::FnOnce::call_once::h05496c962c1af53f
[INFO] [stdout]                                at /rustc/df4ca44d3fbc9301ee17f30f4d474e6ae4b05252/library/core/src/ops/function.rs:250:5
[INFO] [stdout]   23:     0x58b5a736a57b - core::ops::function::FnOnce::call_once::h22c3ba5715e93f05
[INFO] [stdout]                                at /rustc/df4ca44d3fbc9301ee17f30f4d474e6ae4b05252/library/core/src/ops/function.rs:250:5
[INFO] [stdout]   24:     0x58b5a736a57b - test::__rust_begin_short_backtrace::h8e82d8113d0da17f
[INFO] [stdout]                                at /rustc/df4ca44d3fbc9301ee17f30f4d474e6ae4b05252/library/test/src/lib.rs:621:18
[INFO] [stdout]   25:     0x58b5a7369ef7 - test::run_test_in_process::{{closure}}::h33235f4f20b7b7c7
[INFO] [stdout]                                at /rustc/df4ca44d3fbc9301ee17f30f4d474e6ae4b05252/library/test/src/lib.rs:644:60
[INFO] [stdout]   26:     0x58b5a7369ef7 - <core::panic::unwind_safe::AssertUnwindSafe<F> as core::ops::function::FnOnce<()>>::call_once::hb5043206310c586f
[INFO] [stdout]                                at /rustc/df4ca44d3fbc9301ee17f30f4d474e6ae4b05252/library/core/src/panic/unwind_safe.rs:272:9
[INFO] [stdout]   27:     0x58b5a7369ef7 - std::panicking::try::do_call::h9ad4731a60ab23e2
[INFO] [stdout]                                at /rustc/df4ca44d3fbc9301ee17f30f4d474e6ae4b05252/library/std/src/panicking.rs:557:40
[INFO] [stdout]   28:     0x58b5a7369ef7 - std::panicking::try::h3824d23db772a716
[INFO] [stdout]                                at /rustc/df4ca44d3fbc9301ee17f30f4d474e6ae4b05252/library/std/src/panicking.rs:520:19
[INFO] [stdout]   29:     0x58b5a7369ef7 - std::panic::catch_unwind::h5afd514605fde46b
[INFO] [stdout]                                at /rustc/df4ca44d3fbc9301ee17f30f4d474e6ae4b05252/library/std/src/panic.rs:358:14
[INFO] [stdout]   30:     0x58b5a7369ef7 - test::run_test_in_process::h0d5cbfa7067d1720
[INFO] [stdout]                                at /rustc/df4ca44d3fbc9301ee17f30f4d474e6ae4b05252/library/test/src/lib.rs:644:27
[INFO] [stdout]   31:     0x58b5a7369ef7 - test::run_test::{{closure}}::h708eb8872708115d
[INFO] [stdout]                                at /rustc/df4ca44d3fbc9301ee17f30f4d474e6ae4b05252/library/test/src/lib.rs:565:43
[INFO] [stdout]   32:     0x58b5a732d614 - test::run_test::{{closure}}::h392c51cee94713ab
[INFO] [stdout]                                at /rustc/df4ca44d3fbc9301ee17f30f4d474e6ae4b05252/library/test/src/lib.rs:595:41
[INFO] [stdout]   33:     0x58b5a732d614 - std::sys::backtrace::__rust_begin_short_backtrace::h2f40290710935a8b
[INFO] [stdout]                                at /rustc/df4ca44d3fbc9301ee17f30f4d474e6ae4b05252/library/std/src/sys/backtrace.rs:154:18
[INFO] [stdout]   34:     0x58b5a7330dbe - std::thread::Builder::spawn_unchecked_::{{closure}}::{{closure}}::h3fd968d89053a903
[INFO] [stdout]                                at /rustc/df4ca44d3fbc9301ee17f30f4d474e6ae4b05252/library/std/src/thread/mod.rs:541:17
[INFO] [stdout]   35:     0x58b5a7330dbe - <core::panic::unwind_safe::AssertUnwindSafe<F> as core::ops::function::FnOnce<()>>::call_once::h743f637ba4229880
[INFO] [stdout]                                at /rustc/df4ca44d3fbc9301ee17f30f4d474e6ae4b05252/library/core/src/panic/unwind_safe.rs:272:9
[INFO] [stdout]   36:     0x58b5a7330dbe - std::panicking::try::do_call::h07440897322525a6
[INFO] [stdout]                                at /rustc/df4ca44d3fbc9301ee17f30f4d474e6ae4b05252/library/std/src/panicking.rs:557:40
[INFO] [stdout]   37:     0x58b5a7330dbe - std::panicking::try::he5a2e00188156637
[INFO] [stdout]                                at /rustc/df4ca44d3fbc9301ee17f30f4d474e6ae4b05252/library/std/src/panicking.rs:520:19
[INFO] [stdout]   38:     0x58b5a7330dbe - std::panic::catch_unwind::hbaf3cae49b3c6433
[INFO] [stdout]                                at /rustc/df4ca44d3fbc9301ee17f30f4d474e6ae4b05252/library/std/src/panic.rs:358:14
[INFO] [stdout]   39:     0x58b5a7330dbe - std::thread::Builder::spawn_unchecked_::{{closure}}::h8e141ea224820bce
[INFO] [stdout]                                at /rustc/df4ca44d3fbc9301ee17f30f4d474e6ae4b05252/library/std/src/thread/mod.rs:540:30
[INFO] [stdout]   40:     0x58b5a7330dbe - core::ops::function::FnOnce::call_once{{vtable.shim}}::h90d312fedd7b8ea8
[INFO] [stdout]                                at /rustc/df4ca44d3fbc9301ee17f30f4d474e6ae4b05252/library/core/src/ops/function.rs:250:5
[INFO] [stdout]   41:     0x58b5a741f8eb - <alloc::boxed::Box<F,A> as core::ops::function::FnOnce<Args>>::call_once::h69aa08ddb6adb8b6
[INFO] [stdout]                                at /rustc/df4ca44d3fbc9301ee17f30f4d474e6ae4b05252/library/alloc/src/boxed.rs:2454:9
[INFO] [stdout]   42:     0x58b5a741f8eb - <alloc::boxed::Box<F,A> as core::ops::function::FnOnce<Args>>::call_once::h5aa36efdb79c806f
[INFO] [stdout]                                at /rustc/df4ca44d3fbc9301ee17f30f4d474e6ae4b05252/library/alloc/src/boxed.rs:2454:9
[INFO] [stdout]   43:     0x58b5a741f8eb - std::sys::pal::unix::thread::Thread::new::thread_start::h6cd80a1b4be5158d
[INFO] [stdout]                                at /rustc/df4ca44d3fbc9301ee17f30f4d474e6ae4b05252/library/std/src/sys/pal/unix/thread.rs:105:17
[INFO] [stdout]   44:     0x76b623b25ac3 - <unknown>
[INFO] [stdout]   45:     0x76b623bb6a04 - clone
[INFO] [stdout]   46:                0x0 - <unknown>
[INFO] [stdout] 
[INFO] [stdout] 
[INFO] [stdout] failures:
[INFO] [stdout]     step4::tests::test
[INFO] [stdout] 
[INFO] [stdout] test result: FAILED. 5 passed; 1 failed; 0 ignored; 0 measured; 0 filtered out; finished in 0.06s
[INFO] [stdout] 
[INFO] [stderr] error: test failed, to rerun pass `--bin mnemonic2address`
[INFO] running `Command { std: "docker" "inspect" "46b810654ed89d34aedcbc178e38cd74357c65cb72c064fd6dd32ab7d23e89cf", kill_on_drop: false }`
[INFO] running `Command { std: "docker" "rm" "-f" "46b810654ed89d34aedcbc178e38cd74357c65cb72c064fd6dd32ab7d23e89cf", kill_on_drop: false }`
[INFO] [stdout] 46b810654ed89d34aedcbc178e38cd74357c65cb72c064fd6dd32ab7d23e89cf
