[INFO] cloning repository https://github.com/0x1david/better-neotext
[INFO] running `Command { std: "git" "-c" "credential.helper=" "-c" "credential.helper=/workspace/cargo-home/bin/git-credential-null" "clone" "--bare" "https://github.com/0x1david/better-neotext" "/workspace/cache/git-repos/https%3A%2F%2Fgithub.com%2F0x1david%2Fbetter-neotext", kill_on_drop: false }`
[INFO] [stderr] Cloning into bare repository '/workspace/cache/git-repos/https%3A%2F%2Fgithub.com%2F0x1david%2Fbetter-neotext'...
[INFO] running `Command { std: "git" "rev-parse" "HEAD", kill_on_drop: false }`
[INFO] [stdout] 0ece8eee171ca44adecb8fdbbeb21e4ad43e7ef0
[INFO] testing 0x1david/better-neotext/0ece8eee171ca44adecb8fdbbeb21e4ad43e7ef0 against nightly-2024-10-28+rustflags=-Zrandomize-layout for randomize-layout
[INFO] running `Command { std: "git" "clone" "/workspace/cache/git-repos/https%3A%2F%2Fgithub.com%2F0x1david%2Fbetter-neotext" "/workspace/builds/worker-3-tc2/source", kill_on_drop: false }`
[INFO] [stderr] Cloning into '/workspace/builds/worker-3-tc2/source'...
[INFO] [stderr] done.
[INFO] validating manifest of git repo https://github.com/0x1david/better-neotext on toolchain nightly-2024-10-28
[INFO] running `Command { std: CARGO_HOME="/workspace/cargo-home" RUSTUP_HOME="/workspace/rustup-home" "/workspace/cargo-home/bin/cargo" "+nightly-2024-10-28" "metadata" "--manifest-path" "Cargo.toml" "--no-deps", kill_on_drop: false }`
[INFO] started tweaking git repo https://github.com/0x1david/better-neotext
[INFO] finished tweaking git repo https://github.com/0x1david/better-neotext
[INFO] tweaked toml for git repo https://github.com/0x1david/better-neotext written to /workspace/builds/worker-3-tc2/source/Cargo.toml
[INFO] crate git repo https://github.com/0x1david/better-neotext already has a lockfile, it will not be regenerated
[INFO] running `Command { std: CARGO_HOME="/workspace/cargo-home" RUSTUP_HOME="/workspace/rustup-home" "/workspace/cargo-home/bin/cargo" "+nightly-2024-10-28" "fetch" "--manifest-path" "Cargo.toml", kill_on_drop: false }`
[INFO] running `Command { std: "docker" "create" "-v" "/var/lib/crater-agent-workspace/builds/worker-3-tc2/target:/opt/rustwide/target:rw,Z" "-v" "/var/lib/crater-agent-workspace/builds/worker-3-tc2/source:/opt/rustwide/workdir:ro,Z" "-v" "/var/lib/crater-agent-workspace/cargo-home:/opt/rustwide/cargo-home:ro,Z" "-v" "/var/lib/crater-agent-workspace/rustup-home:/opt/rustwide/rustup-home:ro,Z" "-e" "SOURCE_DIR=/opt/rustwide/workdir" "-e" "CARGO_TARGET_DIR=/opt/rustwide/target" "-e" "CARGO_HOME=/opt/rustwide/cargo-home" "-e" "RUSTUP_HOME=/opt/rustwide/rustup-home" "-w" "/opt/rustwide/workdir" "-m" "1610612736" "--user" "0:0" "--network" "none" "ghcr.io/rust-lang/crates-build-env/linux@sha256:4a844ea9eb2546a2d2c7022eacef16ef2e8229c7fbb2c7d4d55a9ceca922f72d" "/opt/rustwide/cargo-home/bin/cargo" "+nightly-2024-10-28" "metadata" "--no-deps" "--format-version=1", kill_on_drop: false }`
[INFO] [stdout] a5b2177034813412db54f790347fb3bbb08d150f3fa22e0d7d5746d97dafe168
[INFO] running `Command { std: "docker" "start" "-a" "a5b2177034813412db54f790347fb3bbb08d150f3fa22e0d7d5746d97dafe168", kill_on_drop: false }`
[INFO] running `Command { std: "docker" "inspect" "a5b2177034813412db54f790347fb3bbb08d150f3fa22e0d7d5746d97dafe168", kill_on_drop: false }`
[INFO] running `Command { std: "docker" "rm" "-f" "a5b2177034813412db54f790347fb3bbb08d150f3fa22e0d7d5746d97dafe168", kill_on_drop: false }`
[INFO] [stdout] a5b2177034813412db54f790347fb3bbb08d150f3fa22e0d7d5746d97dafe168
[INFO] running `Command { std: "docker" "create" "-v" "/var/lib/crater-agent-workspace/builds/worker-3-tc2/target:/opt/rustwide/target:rw,Z" "-v" "/var/lib/crater-agent-workspace/builds/worker-3-tc2/source:/opt/rustwide/workdir:ro,Z" "-v" "/var/lib/crater-agent-workspace/cargo-home:/opt/rustwide/cargo-home:ro,Z" "-v" "/var/lib/crater-agent-workspace/rustup-home:/opt/rustwide/rustup-home:ro,Z" "-e" "SOURCE_DIR=/opt/rustwide/workdir" "-e" "CARGO_TARGET_DIR=/opt/rustwide/target" "-e" "CARGO_INCREMENTAL=0" "-e" "RUST_BACKTRACE=full" "-e" "RUSTFLAGS=--cap-lints=forbid -Zrandomize-layout" "-e" "RUSTDOCFLAGS=--cap-lints=forbid" "-e" "CARGO_HOME=/opt/rustwide/cargo-home" "-e" "RUSTUP_HOME=/opt/rustwide/rustup-home" "-w" "/opt/rustwide/workdir" "-m" "1610612736" "--user" "0:0" "--network" "none" "ghcr.io/rust-lang/crates-build-env/linux@sha256:4a844ea9eb2546a2d2c7022eacef16ef2e8229c7fbb2c7d4d55a9ceca922f72d" "/opt/rustwide/cargo-home/bin/cargo" "+nightly-2024-10-28" "build" "--frozen" "--message-format=json", kill_on_drop: false }`
[INFO] [stdout] 9f16dc844c0342838aa3d6bd88e655efa8abffddcb849f165e5937e19bc657dd
[INFO] running `Command { std: "docker" "start" "-a" "9f16dc844c0342838aa3d6bd88e655efa8abffddcb849f165e5937e19bc657dd", kill_on_drop: false }`
[INFO] [stderr]    Compiling proc-macro2 v1.0.86
[INFO] [stderr]    Compiling unicode-ident v1.0.12
[INFO] [stderr]    Compiling libc v0.2.155
[INFO] [stderr]    Compiling cfg-if v1.0.0
[INFO] [stderr]    Compiling once_cell v1.19.0
[INFO] [stderr]    Compiling log v0.4.22
[INFO] [stderr]    Compiling smallvec v1.13.2
[INFO] [stderr]    Compiling autocfg v1.3.0
[INFO] [stderr]    Compiling utf8parse v0.2.2
[INFO] [stderr]    Compiling regex-syntax v0.6.29
[INFO] [stderr]    Compiling regex-syntax v0.8.4
[INFO] [stderr]    Compiling signal-hook v0.3.17
[INFO] [stderr]    Compiling parking_lot_core v0.9.10
[INFO] [stderr]    Compiling anstyle-query v1.1.1
[INFO] [stderr]    Compiling anstyle v1.0.8
[INFO] [stderr]    Compiling is_terminal_polyfill v1.70.1
[INFO] [stderr]    Compiling lazy_static v1.5.0
[INFO] [stderr]    Compiling anstyle-parse v0.2.5
[INFO] [stderr]    Compiling pin-project-lite v0.2.14
[INFO] [stderr]    Compiling scopeguard v1.2.0
[INFO] [stderr]    Compiling overload v0.1.1
[INFO] [stderr]    Compiling colorchoice v1.0.2
[INFO] [stderr]    Compiling nu-ansi-term v0.46.0
[INFO] [stderr]    Compiling sharded-slab v0.1.7
[INFO] [stderr]    Compiling heck v0.5.0
[INFO] [stderr]    Compiling clap_lex v0.7.2
[INFO] [stderr]    Compiling strsim v0.11.1
[INFO] [stderr]    Compiling anyhow v1.0.86
[INFO] [stderr]    Compiling nu-ansi-term v0.50.1
[INFO] [stderr]    Compiling convert_case v0.4.0
[INFO] [stderr]    Compiling bitflags v2.6.0
[INFO] [stderr]    Compiling tracing-core v0.1.32
[INFO] [stderr]    Compiling thread_local v1.1.8
[INFO] [stderr]    Compiling anstream v0.6.15
[INFO] [stderr]    Compiling ansi_term v0.12.1
[INFO] [stderr]    Compiling lock_api v0.4.12
[INFO] [stderr]    Compiling clap_builder v4.5.15
[INFO] [stderr]    Compiling tracing-log v0.2.0
[INFO] [stderr]    Compiling quote v1.0.36
[INFO] [stderr]    Compiling syn v2.0.74
[INFO] [stderr]    Compiling signal-hook-registry v1.4.2
[INFO] [stderr]    Compiling mio v0.8.11
[INFO] [stderr]    Compiling parking_lot v0.12.3
[INFO] [stderr]    Compiling signal-hook-mio v0.2.4
[INFO] [stderr]    Compiling crossterm v0.27.0
[INFO] [stderr]    Compiling regex-automata v0.4.7
[INFO] [stderr]    Compiling regex-automata v0.1.10
[INFO] [stderr]    Compiling matchers v0.1.0
[INFO] [stderr]    Compiling regex v1.10.6
[INFO] [stderr]    Compiling tracing-attributes v0.1.27
[INFO] [stderr]    Compiling clap_derive v4.5.13
[INFO] [stderr]    Compiling derive_more v0.99.18
[INFO] [stderr]    Compiling tracing v0.1.40
[INFO] [stderr]    Compiling tracing-subscriber v0.3.18
[INFO] [stderr]    Compiling clap v4.5.16
[INFO] [stderr]    Compiling tracing-tree v0.4.0
[INFO] [stderr]    Compiling neotext v0.1.0 (/opt/rustwide/workdir)
[INFO] [stdout] warning: unused import: `super::*`
[INFO] [stdout]    --> src/editor.rs:821:9
[INFO] [stdout]     |
[INFO] [stdout] 821 |     use super::*;
[INFO] [stdout]     |         ^^^^^^^^
[INFO] [stdout]     |
[INFO] [stdout]     = note: `#[warn(unused_imports)]` on by default
[INFO] [stdout] 
[INFO] [stdout] 
[INFO] [stdout] warning: unused import: `crate::buffer::VecBuffer`
[INFO] [stdout]    --> src/editor.rs:822:9
[INFO] [stdout]     |
[INFO] [stdout] 822 |     use crate::buffer::VecBuffer;
[INFO] [stdout]     |         ^^^^^^^^^^^^^^^^^^^^^^^^
[INFO] [stdout] 
[INFO] [stdout] 
[INFO] [stdout] warning: unused import: `crate::LineCol`
[INFO] [stdout]    --> src/editor.rs:823:9
[INFO] [stdout]     |
[INFO] [stdout] 823 |     use crate::LineCol;
[INFO] [stdout]     |         ^^^^^^^^^^^^^^
[INFO] [stdout] 
[INFO] [stdout] 
[INFO] [stdout] warning: unreachable pattern
[INFO] [stdout]   --> src/viewport.rs:38:13
[INFO] [stdout]    |
[INFO] [stdout] 37 |             _ => (),
[INFO] [stdout]    |             - matches any value
[INFO] [stdout] 38 |             BaseAction::MoveUp(dist) => self.scroll_up(*dist),
[INFO] [stdout]    |             ^^^^^^^^^^^^^^^^^^^^^^^^ no value can reach this
[INFO] [stdout]    |
[INFO] [stdout]    = note: `#[warn(unreachable_patterns)]` on by default
[INFO] [stdout] 
[INFO] [stdout] 
[INFO] [stdout] warning: unreachable pattern
[INFO] [stdout]   --> src/viewport.rs:39:13
[INFO] [stdout]    |
[INFO] [stdout] 37 |             _ => (),
[INFO] [stdout]    |             - matches any value
[INFO] [stdout] 38 |             BaseAction::MoveUp(dist) => self.scroll_up(*dist),
[INFO] [stdout] 39 |             BaseAction::MoveDown(dist) => self.scroll_down(*dist),
[INFO] [stdout]    |             ^^^^^^^^^^^^^^^^^^^^^^^^^^ no value can reach this
[INFO] [stdout] 
[INFO] [stdout] 
[INFO] [stderr]     Finished `dev` profile [unoptimized + debuginfo] target(s) in 10.96s
[INFO] running `Command { std: "docker" "inspect" "9f16dc844c0342838aa3d6bd88e655efa8abffddcb849f165e5937e19bc657dd", kill_on_drop: false }`
[INFO] running `Command { std: "docker" "rm" "-f" "9f16dc844c0342838aa3d6bd88e655efa8abffddcb849f165e5937e19bc657dd", kill_on_drop: false }`
[INFO] [stdout] 9f16dc844c0342838aa3d6bd88e655efa8abffddcb849f165e5937e19bc657dd
[INFO] running `Command { std: "docker" "create" "-v" "/var/lib/crater-agent-workspace/builds/worker-3-tc2/target:/opt/rustwide/target:rw,Z" "-v" "/var/lib/crater-agent-workspace/builds/worker-3-tc2/source:/opt/rustwide/workdir:ro,Z" "-v" "/var/lib/crater-agent-workspace/cargo-home:/opt/rustwide/cargo-home:ro,Z" "-v" "/var/lib/crater-agent-workspace/rustup-home:/opt/rustwide/rustup-home:ro,Z" "-e" "SOURCE_DIR=/opt/rustwide/workdir" "-e" "CARGO_TARGET_DIR=/opt/rustwide/target" "-e" "CARGO_INCREMENTAL=0" "-e" "RUST_BACKTRACE=full" "-e" "RUSTFLAGS=--cap-lints=forbid -Zrandomize-layout" "-e" "RUSTDOCFLAGS=--cap-lints=forbid" "-e" "CARGO_HOME=/opt/rustwide/cargo-home" "-e" "RUSTUP_HOME=/opt/rustwide/rustup-home" "-w" "/opt/rustwide/workdir" "-m" "1610612736" "--user" "0:0" "--network" "none" "ghcr.io/rust-lang/crates-build-env/linux@sha256:4a844ea9eb2546a2d2c7022eacef16ef2e8229c7fbb2c7d4d55a9ceca922f72d" "/opt/rustwide/cargo-home/bin/cargo" "+nightly-2024-10-28" "test" "--frozen" "--no-run" "--message-format=json", kill_on_drop: false }`
[INFO] [stdout] 5dc2ed00561ccbb488f0aac59ab94b68ee0786257d77b8630fff09fbd8965318
[INFO] running `Command { std: "docker" "start" "-a" "5dc2ed00561ccbb488f0aac59ab94b68ee0786257d77b8630fff09fbd8965318", kill_on_drop: false }`
[INFO] [stderr]    Compiling neotext v0.1.0 (/opt/rustwide/workdir)
[INFO] [stdout] warning: unreachable pattern
[INFO] [stdout]   --> src/viewport.rs:38:13
[INFO] [stdout]    |
[INFO] [stdout] 37 |             _ => (),
[INFO] [stdout]    |             - matches any value
[INFO] [stdout] 38 |             BaseAction::MoveUp(dist) => self.scroll_up(*dist),
[INFO] [stdout]    |             ^^^^^^^^^^^^^^^^^^^^^^^^ no value can reach this
[INFO] [stdout]    |
[INFO] [stdout]    = note: `#[warn(unreachable_patterns)]` on by default
[INFO] [stdout] 
[INFO] [stdout] 
[INFO] [stdout] warning: unreachable pattern
[INFO] [stdout]   --> src/viewport.rs:39:13
[INFO] [stdout]    |
[INFO] [stdout] 37 |             _ => (),
[INFO] [stdout]    |             - matches any value
[INFO] [stdout] 38 |             BaseAction::MoveUp(dist) => self.scroll_up(*dist),
[INFO] [stdout] 39 |             BaseAction::MoveDown(dist) => self.scroll_down(*dist),
[INFO] [stdout]    |             ^^^^^^^^^^^^^^^^^^^^^^^^^^ no value can reach this
[INFO] [stdout] 
[INFO] [stdout] 
[INFO] [stderr]     Finished `test` profile [unoptimized + debuginfo] target(s) in 0.92s
[INFO] running `Command { std: "docker" "inspect" "5dc2ed00561ccbb488f0aac59ab94b68ee0786257d77b8630fff09fbd8965318", kill_on_drop: false }`
[INFO] running `Command { std: "docker" "rm" "-f" "5dc2ed00561ccbb488f0aac59ab94b68ee0786257d77b8630fff09fbd8965318", kill_on_drop: false }`
[INFO] [stdout] 5dc2ed00561ccbb488f0aac59ab94b68ee0786257d77b8630fff09fbd8965318
[INFO] running `Command { std: "docker" "create" "-v" "/var/lib/crater-agent-workspace/builds/worker-3-tc2/target:/opt/rustwide/target:rw,Z" "-v" "/var/lib/crater-agent-workspace/builds/worker-3-tc2/source:/opt/rustwide/workdir:ro,Z" "-v" "/var/lib/crater-agent-workspace/cargo-home:/opt/rustwide/cargo-home:ro,Z" "-v" "/var/lib/crater-agent-workspace/rustup-home:/opt/rustwide/rustup-home:ro,Z" "-e" "SOURCE_DIR=/opt/rustwide/workdir" "-e" "CARGO_TARGET_DIR=/opt/rustwide/target" "-e" "CARGO_INCREMENTAL=0" "-e" "RUST_BACKTRACE=full" "-e" "RUSTFLAGS=--cap-lints=forbid -Zrandomize-layout" "-e" "RUSTDOCFLAGS=--cap-lints=forbid" "-e" "CARGO_HOME=/opt/rustwide/cargo-home" "-e" "RUSTUP_HOME=/opt/rustwide/rustup-home" "-w" "/opt/rustwide/workdir" "-m" "1610612736" "--user" "0:0" "--network" "none" "ghcr.io/rust-lang/crates-build-env/linux@sha256:4a844ea9eb2546a2d2c7022eacef16ef2e8229c7fbb2c7d4d55a9ceca922f72d" "/opt/rustwide/cargo-home/bin/cargo" "+nightly-2024-10-28" "test" "--frozen", kill_on_drop: false }`
[INFO] [stdout] f20f831e1f52776f94e72395d694b9232b35b5656d37f7bd4a6cb2b44000d36b
[INFO] running `Command { std: "docker" "start" "-a" "f20f831e1f52776f94e72395d694b9232b35b5656d37f7bd4a6cb2b44000d36b", kill_on_drop: false }`
[INFO] [stderr] warning: unreachable pattern
[INFO] [stderr]   --> src/viewport.rs:38:13
[INFO] [stderr]    |
[INFO] [stderr] 37 |             _ => (),
[INFO] [stderr]    |             - matches any value
[INFO] [stderr] 38 |             BaseAction::MoveUp(dist) => self.scroll_up(*dist),
[INFO] [stderr]    |             ^^^^^^^^^^^^^^^^^^^^^^^^ no value can reach this
[INFO] [stderr]    |
[INFO] [stderr]    = note: `#[warn(unreachable_patterns)]` on by default
[INFO] [stderr] 
[INFO] [stderr] warning: unreachable pattern
[INFO] [stderr]   --> src/viewport.rs:39:13
[INFO] [stderr]    |
[INFO] [stderr] 37 |             _ => (),
[INFO] [stderr]    |             - matches any value
[INFO] [stderr] 38 |             BaseAction::MoveUp(dist) => self.scroll_up(*dist),
[INFO] [stderr] 39 |             BaseAction::MoveDown(dist) => self.scroll_down(*dist),
[INFO] [stderr]    |             ^^^^^^^^^^^^^^^^^^^^^^^^^^ no value can reach this
[INFO] [stderr] 
[INFO] [stderr] warning: `neotext` (bin "neotext" test) generated 2 warnings
[INFO] [stderr]     Finished `test` profile [unoptimized + debuginfo] target(s) in 0.05s
[INFO] [stderr]      Running unittests src/main.rs (/opt/rustwide/target/debug/deps/neotext-3e263ee80f97ba61)
[INFO] [stdout] 
[INFO] [stdout] running 52 tests
[INFO] [stdout] test buffer::tests::test_delete_across_lines ... ok
[INFO] [stdout] test buffer::tests::test_buffer_independence ... ok
[INFO] [stdout] test buffer::tests::test_delete_across_buffers ... ok
[INFO] [stdout] test buffer::tests::test_delete_entire_line ... ok
[INFO] [stdout] test buffer::tests::test_delete_invalid_range ... ok
[INFO] [stdout] test buffer::tests::test_delete_multiple_full_lines ... ok
[INFO] [stdout] test buffer::tests::test_delete_out_of_bounds ... ok
[INFO] [stdout] test buffer::tests::test_delete_to_end_of_line ... ok
[INFO] [stdout] test buffer::tests::test_delete_within_line ... ok
[INFO] [stdout] test buffer::tests::test_get_partial_buffer_empty_range ... ok
[INFO] [stdout] test buffer::tests::test_get_partial_buffer_from_middle_to_end ... ok
[INFO] [stdout] test buffer::tests::test_get_partial_buffer_from_start_to_middle ... ok
[INFO] [stdout] test buffer::tests::test_get_partial_buffer_invalid_range ... ok
[INFO] [stdout] test buffer::tests::test_get_partial_buffer_full_range ... ok
[INFO] [stdout] test buffer::tests::test_get_partial_buffer_last_line ... ok
[INFO] [stdout] test buffer::tests::test_get_partial_buffer_multiple_lines ... ok
[INFO] [stdout] test buffer::tests::test_get_partial_buffer_single_line ... ok
[INFO] [stdout] test buffer::tests::test_get_text_across_all_lines ... ok
[INFO] [stdout] test buffer::tests::test_get_text_empty_range ... ok
[INFO] [stdout] test buffer::tests::test_get_text_multiple_lines ... ok
[INFO] [stdout] test buffer::tests::test_get_text_single_line ... ok
[INFO] [stdout] test buffer::tests::test_insert_at_end_of_line ... ok
[INFO] [stdout] test buffer::tests::test_get_text_entire_line ... ok
[INFO] [stdout] test buffer::tests::test_insert_at_start_of_buffer ... ok
[INFO] [stdout] test buffer::tests::test_insert_multi_line_newline ... ok
[INFO] [stdout] test buffer::tests::test_insert_newline_at_end_of_buffer ... ok
[INFO] [stdout] test buffer::tests::test_insert_multi_line_not_newline ... ok
[INFO] [stdout] test buffer::tests::test_insert_single_line_newline ... ok
[INFO] [stdout] test buffer::tests::test_insert_single_line_not_newline ... ok
[INFO] [stdout] test buffer::tests::test_replacing_at_buffer_end ... ok
[INFO] [stdout] test buffer::tests::test_replacing_at_line_end ... ok
[INFO] [stdout] test buffer::tests::test_replace_across_multiple_lines ... ok
[INFO] [stdout] test common::tests::test_char_pattern_whitespace ... ok
[INFO] [stdout] test common::tests::test_char_predicate_pattern ... ok
[INFO] [stdout] test common::tests::test_char_predicate_uppercase ... ok
[INFO] [stdout] test common::tests::test_cow_str_pattern ... ok
[INFO] [stdout] test buffer::tests::test_replace_within_single_line ... ok
[INFO] [stdout] test common::tests::test_empty_buffer ... ok
[INFO] [stdout] test common::tests::test_pattern_case_sensitivity ... ok
[INFO] [stdout] test buffer::tests::test_set_plane_and_buffer_operations ... ok
[INFO] [stdout] test common::tests::test_pattern_not_found ... ok
[INFO] [stdout] test common::tests::test_pattern_overlapping ... ok
[INFO] [stdout] test common::tests::test_char_pattern ... ok
[INFO] [stdout] test common::tests::test_pattern_spanning_lines ... ok
[INFO] [stdout] test common::tests::test_str_pattern ... ok
[INFO] [stdout] test common::tests::test_pattern_at_start ... ok
[INFO] [stdout] test common::tests::test_string_pattern ... ok
[INFO] [stdout] test common::tests::test_pattern_at_end ... ok
[INFO] [stdout] test common::tests::test_sequential_char_predicates ... ok
[INFO] [stdout] test buffer::tests::test_replacing_with_more_new_lines_than_old ... ok
[INFO] [stdout] test common::tests::test_pattern_with_special_chars ... ok
[INFO] [stdout] test editor::test::test_jump_two_boundaries ... FAILED
[INFO] [stdout] 
[INFO] [stdout] failures:
[INFO] [stdout] 
[INFO] [stdout] ---- editor::test::test_jump_two_boundaries stdout ----
[INFO] [stdout] thread 'editor::test::test_jump_two_boundaries' panicked at src/viewport.rs:75:37:
[INFO] [stdout] Couldn't start up terminal in raw mode.: Os { code: 6, kind: Uncategorized, message: "No such device or address" }
[INFO] [stdout] stack backtrace:
[INFO] [stdout]    0:     0x6472f173e11a - std::backtrace_rs::backtrace::libunwind::trace::h207520d6e9873551
[INFO] [stdout]                                at /rustc/df4ca44d3fbc9301ee17f30f4d474e6ae4b05252/library/std/src/../../backtrace/src/backtrace/libunwind.rs:116:5
[INFO] [stdout]    1:     0x6472f173e11a - std::backtrace_rs::backtrace::trace_unsynchronized::h2ed7433f370e3eca
[INFO] [stdout]                                at /rustc/df4ca44d3fbc9301ee17f30f4d474e6ae4b05252/library/std/src/../../backtrace/src/backtrace/mod.rs:66:5
[INFO] [stdout]    2:     0x6472f173e11a - std::sys::backtrace::_print_fmt::h916fac51166b18d7
[INFO] [stdout]                                at /rustc/df4ca44d3fbc9301ee17f30f4d474e6ae4b05252/library/std/src/sys/backtrace.rs:66:9
[INFO] [stdout]    3:     0x6472f173e11a - <std::sys::backtrace::BacktraceLock::print::DisplayBacktrace as core::fmt::Display>::fmt::ha0a4c9b8ce3802e6
[INFO] [stdout]                                at /rustc/df4ca44d3fbc9301ee17f30f4d474e6ae4b05252/library/std/src/sys/backtrace.rs:39:26
[INFO] [stdout]    4:     0x6472f1764983 - core::fmt::rt::Argument::fmt::h4cfc8587d52b3eb5
[INFO] [stdout]                                at /rustc/df4ca44d3fbc9301ee17f30f4d474e6ae4b05252/library/core/src/fmt/rt.rs:177:76
[INFO] [stdout]    5:     0x6472f1764983 - core::fmt::write::h522cc39e5b36ae9f
[INFO] [stdout]                                at /rustc/df4ca44d3fbc9301ee17f30f4d474e6ae4b05252/library/core/src/fmt/mod.rs:1190:21
[INFO] [stdout]    6:     0x6472f173ad83 - std::io::Write::write_fmt::h7d3c26752da97734
[INFO] [stdout]                                at /rustc/df4ca44d3fbc9301ee17f30f4d474e6ae4b05252/library/std/src/io/mod.rs:1839:15
[INFO] [stdout]    7:     0x6472f173df62 - std::sys::backtrace::BacktraceLock::print::h4b9e00b29e9c0942
[INFO] [stdout]                                at /rustc/df4ca44d3fbc9301ee17f30f4d474e6ae4b05252/library/std/src/sys/backtrace.rs:42:9
[INFO] [stdout]    8:     0x6472f173f5aa - std::panicking::default_hook::{{closure}}::hb59b88280d0324d9
[INFO] [stdout]                                at /rustc/df4ca44d3fbc9301ee17f30f4d474e6ae4b05252/library/std/src/panicking.rs:268:22
[INFO] [stdout]    9:     0x6472f173f3b4 - std::panicking::default_hook::he1dd496665be4a29
[INFO] [stdout]                                at /rustc/df4ca44d3fbc9301ee17f30f4d474e6ae4b05252/library/std/src/panicking.rs:292:9
[INFO] [stdout]   10:     0x6472f16e0f49 - <alloc::boxed::Box<F,A> as core::ops::function::Fn<Args>>::call::h4ff71de18744e1dc
[INFO] [stdout]                                at /rustc/df4ca44d3fbc9301ee17f30f4d474e6ae4b05252/library/alloc/src/boxed.rs:2468:9
[INFO] [stdout]   11:     0x6472f16e0f49 - test::test_main::{{closure}}::hcf7c055ce117aa81
[INFO] [stdout]                                at /rustc/df4ca44d3fbc9301ee17f30f4d474e6ae4b05252/library/test/src/lib.rs:133:21
[INFO] [stdout]   12:     0x6472f173fca8 - <alloc::boxed::Box<F,A> as core::ops::function::Fn<Args>>::call::h1d66c6bbd60c9692
[INFO] [stdout]                                at /rustc/df4ca44d3fbc9301ee17f30f4d474e6ae4b05252/library/alloc/src/boxed.rs:2468:9
[INFO] [stdout]   13:     0x6472f173fca8 - std::panicking::rust_panic_with_hook::h2ff17fe8f26dfcf8
[INFO] [stdout]                                at /rustc/df4ca44d3fbc9301ee17f30f4d474e6ae4b05252/library/std/src/panicking.rs:809:13
[INFO] [stdout]   14:     0x6472f173fa6a - std::panicking::begin_panic_handler::{{closure}}::h4fad77951c07e101
[INFO] [stdout]                                at /rustc/df4ca44d3fbc9301ee17f30f4d474e6ae4b05252/library/std/src/panicking.rs:674:13
[INFO] [stdout]   15:     0x6472f173e5f9 - std::sys::backtrace::__rust_end_short_backtrace::hb1a25b3da5d0ea08
[INFO] [stdout]                                at /rustc/df4ca44d3fbc9301ee17f30f4d474e6ae4b05252/library/std/src/sys/backtrace.rs:170:18
[INFO] [stdout]   16:     0x6472f173f6fc - rust_begin_unwind
[INFO] [stdout]                                at /rustc/df4ca44d3fbc9301ee17f30f4d474e6ae4b05252/library/std/src/panicking.rs:665:5
[INFO] [stdout]   17:     0x6472f1763320 - core::panicking::panic_fmt::ha9db07b529f9b256
[INFO] [stdout]                                at /rustc/df4ca44d3fbc9301ee17f30f4d474e6ae4b05252/library/core/src/panicking.rs:75:14
[INFO] [stdout]   18:     0x6472f17637a6 - core::result::unwrap_failed::h5e8218e4d4338b8a
[INFO] [stdout]                                at /rustc/df4ca44d3fbc9301ee17f30f4d474e6ae4b05252/library/core/src/result.rs:1698:5
[INFO] [stdout]   19:     0x6472f166cbff - core::result::Result<T,E>::expect::h8e6bd799bd9c8141
[INFO] [stdout]                                at /rustc/df4ca44d3fbc9301ee17f30f4d474e6ae4b05252/library/core/src/result.rs:1060:23
[INFO] [stdout]   20:     0x6472f169973f - <neotext::viewport::ViewPort as core::default::Default>::default::h36a8999b1c3a8ad8
[INFO] [stdout]                                at /opt/rustwide/workdir/src/viewport.rs:75:9
[INFO] [stdout]   21:     0x6472f167a52c - neotext::editor::Editor<Buff>::new::heefc2854b2f6ab46
[INFO] [stdout]                                at /opt/rustwide/workdir/src/editor.rs:65:23
[INFO] [stdout]   22:     0x6472f166ecac - neotext::editor::test::test_jump_two_boundaries::hbf1462a88b4afab9
[INFO] [stdout]                                at /opt/rustwide/workdir/src/editor.rs:835:26
[INFO] [stdout]   23:     0x6472f166eae7 - neotext::editor::test::test_jump_two_boundaries::{{closure}}::h4a3a604d86492923
[INFO] [stdout]                                at /opt/rustwide/workdir/src/editor.rs:826:34
[INFO] [stdout]   24:     0x6472f168d076 - core::ops::function::FnOnce::call_once::ha2039c1bc18d8436
[INFO] [stdout]                                at /rustc/df4ca44d3fbc9301ee17f30f4d474e6ae4b05252/library/core/src/ops/function.rs:250:5
[INFO] [stdout]   25:     0x6472f16e581b - core::ops::function::FnOnce::call_once::h22c3ba5715e93f05
[INFO] [stdout]                                at /rustc/df4ca44d3fbc9301ee17f30f4d474e6ae4b05252/library/core/src/ops/function.rs:250:5
[INFO] [stdout]   26:     0x6472f16e581b - test::__rust_begin_short_backtrace::h8e82d8113d0da17f
[INFO] [stdout]                                at /rustc/df4ca44d3fbc9301ee17f30f4d474e6ae4b05252/library/test/src/lib.rs:621:18
[INFO] [stdout]   27:     0x6472f16e5197 - test::run_test_in_process::{{closure}}::h33235f4f20b7b7c7
[INFO] [stdout]                                at /rustc/df4ca44d3fbc9301ee17f30f4d474e6ae4b05252/library/test/src/lib.rs:644:60
[INFO] [stdout]   28:     0x6472f16e5197 - <core::panic::unwind_safe::AssertUnwindSafe<F> as core::ops::function::FnOnce<()>>::call_once::hb5043206310c586f
[INFO] [stdout]                                at /rustc/df4ca44d3fbc9301ee17f30f4d474e6ae4b05252/library/core/src/panic/unwind_safe.rs:272:9
[INFO] [stdout]   29:     0x6472f16e5197 - std::panicking::try::do_call::h9ad4731a60ab23e2
[INFO] [stdout]                                at /rustc/df4ca44d3fbc9301ee17f30f4d474e6ae4b05252/library/std/src/panicking.rs:557:40
[INFO] [stdout]   30:     0x6472f16e5197 - std::panicking::try::h3824d23db772a716
[INFO] [stdout]                                at /rustc/df4ca44d3fbc9301ee17f30f4d474e6ae4b05252/library/std/src/panicking.rs:520:19
[INFO] [stdout]   31:     0x6472f16e5197 - std::panic::catch_unwind::h5afd514605fde46b
[INFO] [stdout]                                at /rustc/df4ca44d3fbc9301ee17f30f4d474e6ae4b05252/library/std/src/panic.rs:358:14
[INFO] [stdout]   32:     0x6472f16e5197 - test::run_test_in_process::h0d5cbfa7067d1720
[INFO] [stdout]                                at /rustc/df4ca44d3fbc9301ee17f30f4d474e6ae4b05252/library/test/src/lib.rs:644:27
[INFO] [stdout]   33:     0x6472f16e5197 - test::run_test::{{closure}}::h708eb8872708115d
[INFO] [stdout]                                at /rustc/df4ca44d3fbc9301ee17f30f4d474e6ae4b05252/library/test/src/lib.rs:565:43
[INFO] [stdout]   34:     0x6472f16a88b4 - test::run_test::{{closure}}::h392c51cee94713ab
[INFO] [stdout]                                at /rustc/df4ca44d3fbc9301ee17f30f4d474e6ae4b05252/library/test/src/lib.rs:595:41
[INFO] [stdout]   35:     0x6472f16a88b4 - std::sys::backtrace::__rust_begin_short_backtrace::h2f40290710935a8b
[INFO] [stdout]                                at /rustc/df4ca44d3fbc9301ee17f30f4d474e6ae4b05252/library/std/src/sys/backtrace.rs:154:18
[INFO] [stdout]   36:     0x6472f16ac05e - std::thread::Builder::spawn_unchecked_::{{closure}}::{{closure}}::h3fd968d89053a903
[INFO] [stdout]                                at /rustc/df4ca44d3fbc9301ee17f30f4d474e6ae4b05252/library/std/src/thread/mod.rs:541:17
[INFO] [stdout]   37:     0x6472f16ac05e - <core::panic::unwind_safe::AssertUnwindSafe<F> as core::ops::function::FnOnce<()>>::call_once::h743f637ba4229880
[INFO] [stdout]                                at /rustc/df4ca44d3fbc9301ee17f30f4d474e6ae4b05252/library/core/src/panic/unwind_safe.rs:272:9
[INFO] [stdout]   38:     0x6472f16ac05e - std::panicking::try::do_call::h07440897322525a6
[INFO] [stdout]                                at /rustc/df4ca44d3fbc9301ee17f30f4d474e6ae4b05252/library/std/src/panicking.rs:557:40
[INFO] [stdout]   39:     0x6472f16ac05e - std::panicking::try::he5a2e00188156637
[INFO] [stdout]                                at /rustc/df4ca44d3fbc9301ee17f30f4d474e6ae4b05252/library/std/src/panicking.rs:520:19
[INFO] [stdout]   40:     0x6472f16ac05e - std::panic::catch_unwind::hbaf3cae49b3c6433
[INFO] [stdout]                                at /rustc/df4ca44d3fbc9301ee17f30f4d474e6ae4b05252/library/std/src/panic.rs:358:14
[INFO] [stdout]   41:     0x6472f16ac05e - std::thread::Builder::spawn_unchecked_::{{closure}}::h8e141ea224820bce
[INFO] [stdout]                                at /rustc/df4ca44d3fbc9301ee17f30f4d474e6ae4b05252/library/std/src/thread/mod.rs:540:30
[INFO] [stdout]   42:     0x6472f16ac05e - core::ops::function::FnOnce::call_once{{vtable.shim}}::h90d312fedd7b8ea8
[INFO] [stdout]                                at /rustc/df4ca44d3fbc9301ee17f30f4d474e6ae4b05252/library/core/src/ops/function.rs:250:5
[INFO] [stdout]   43:     0x6472f1743b9b - <alloc::boxed::Box<F,A> as core::ops::function::FnOnce<Args>>::call_once::h69aa08ddb6adb8b6
[INFO] [stdout]                                at /rustc/df4ca44d3fbc9301ee17f30f4d474e6ae4b05252/library/alloc/src/boxed.rs:2454:9
[INFO] [stdout]   44:     0x6472f1743b9b - <alloc::boxed::Box<F,A> as core::ops::function::FnOnce<Args>>::call_once::h5aa36efdb79c806f
[INFO] [stdout]                                at /rustc/df4ca44d3fbc9301ee17f30f4d474e6ae4b05252/library/alloc/src/boxed.rs:2454:9
[INFO] [stdout]   45:     0x6472f1743b9b - std::sys::pal::unix::thread::Thread::new::thread_start::h6cd80a1b4be5158d
[INFO] [stdout]                                at /rustc/df4ca44d3fbc9301ee17f30f4d474e6ae4b05252/library/std/src/sys/pal/unix/thread.rs:105:17
[INFO] [stdout]   46:     0x77ba4f7b3ac3 - <unknown>
[INFO] [stdout]   47:     0x77ba4f844a04 - clone
[INFO] [stdout]   48:                0x0 - <unknown>
[INFO] [stdout] 
[INFO] [stdout] 
[INFO] [stdout] failures:
[INFO] [stdout]     editor::test::test_jump_two_boundaries
[INFO] [stdout] 
[INFO] [stdout] test result: FAILED. 51 passed; 1 failed; 0 ignored; 0 measured; 0 filtered out; finished in 0.03s
[INFO] [stdout] 
[INFO] [stderr] error: test failed, to rerun pass `--bin neotext`
[INFO] running `Command { std: "docker" "inspect" "f20f831e1f52776f94e72395d694b9232b35b5656d37f7bd4a6cb2b44000d36b", kill_on_drop: false }`
[INFO] running `Command { std: "docker" "rm" "-f" "f20f831e1f52776f94e72395d694b9232b35b5656d37f7bd4a6cb2b44000d36b", kill_on_drop: false }`
[INFO] [stdout] f20f831e1f52776f94e72395d694b9232b35b5656d37f7bd4a6cb2b44000d36b
