[INFO] fetching crate wukong 0.2.2...
[INFO] testing wukong-0.2.2 against nightly-2024-10-28 for randomize-layout
[INFO] extracting crate wukong 0.2.2 into /workspace/builds/worker-6-tc1/source
[INFO] validating manifest of crates.io crate wukong 0.2.2 on toolchain nightly-2024-10-28
[INFO] running `Command { std: CARGO_HOME="/workspace/cargo-home" RUSTUP_HOME="/workspace/rustup-home" "/workspace/cargo-home/bin/cargo" "+nightly-2024-10-28" "metadata" "--manifest-path" "Cargo.toml" "--no-deps", kill_on_drop: false }`
[INFO] removed /workspace/builds/worker-6-tc1/source/rust-toolchain.toml
[INFO] started tweaking crates.io crate wukong 0.2.2
[INFO] removed 0 missing tests
[INFO] finished tweaking crates.io crate wukong 0.2.2
[INFO] tweaked toml for crates.io crate wukong 0.2.2 written to /workspace/builds/worker-6-tc1/source/Cargo.toml
[INFO] crate crates.io crate wukong 0.2.2 already has a lockfile, it will not be regenerated
[INFO] running `Command { std: CARGO_HOME="/workspace/cargo-home" RUSTUP_HOME="/workspace/rustup-home" "/workspace/cargo-home/bin/cargo" "+nightly-2024-10-28" "fetch" "--manifest-path" "Cargo.toml", kill_on_drop: false }`
[INFO] [stderr]     Updating crates.io index
[INFO] [stderr]  Downloading crates ...
[INFO] [stderr]   Downloaded pest_generator v2.7.13
[INFO] [stderr]   Downloaded oneio v0.17.0
[INFO] [stderr]   Downloaded handlebars v6.1.0
[INFO] [stderr]   Downloaded pest_meta v2.7.13
[INFO] [stderr]   Downloaded pest_derive v2.7.13
[INFO] [stderr]   Downloaded suppaftp v6.0.1
[INFO] [stderr]   Downloaded pest v2.7.13
[INFO] running `Command { std: "docker" "create" "-v" "/var/lib/crater-agent-workspace/builds/worker-6-tc1/target:/opt/rustwide/target:rw,Z" "-v" "/var/lib/crater-agent-workspace/builds/worker-6-tc1/source:/opt/rustwide/workdir:ro,Z" "-v" "/var/lib/crater-agent-workspace/cargo-home:/opt/rustwide/cargo-home:ro,Z" "-v" "/var/lib/crater-agent-workspace/rustup-home:/opt/rustwide/rustup-home:ro,Z" "-e" "SOURCE_DIR=/opt/rustwide/workdir" "-e" "CARGO_TARGET_DIR=/opt/rustwide/target" "-e" "CARGO_HOME=/opt/rustwide/cargo-home" "-e" "RUSTUP_HOME=/opt/rustwide/rustup-home" "-w" "/opt/rustwide/workdir" "-m" "1610612736" "--user" "0:0" "--network" "none" "ghcr.io/rust-lang/crates-build-env/linux@sha256:4a844ea9eb2546a2d2c7022eacef16ef2e8229c7fbb2c7d4d55a9ceca922f72d" "/opt/rustwide/cargo-home/bin/cargo" "+nightly-2024-10-28" "metadata" "--no-deps" "--format-version=1", kill_on_drop: false }`
[INFO] [stdout] 4b99b2d4da70a2c8494818b2c6fe4726a37502d73a72cd9953c8af0e7968d237
[INFO] running `Command { std: "docker" "start" "-a" "4b99b2d4da70a2c8494818b2c6fe4726a37502d73a72cd9953c8af0e7968d237", kill_on_drop: false }`
[INFO] running `Command { std: "docker" "inspect" "4b99b2d4da70a2c8494818b2c6fe4726a37502d73a72cd9953c8af0e7968d237", kill_on_drop: false }`
[INFO] running `Command { std: "docker" "rm" "-f" "4b99b2d4da70a2c8494818b2c6fe4726a37502d73a72cd9953c8af0e7968d237", kill_on_drop: false }`
[INFO] [stdout] 4b99b2d4da70a2c8494818b2c6fe4726a37502d73a72cd9953c8af0e7968d237
[INFO] running `Command { std: "docker" "create" "-v" "/var/lib/crater-agent-workspace/builds/worker-6-tc1/target:/opt/rustwide/target:rw,Z" "-v" "/var/lib/crater-agent-workspace/builds/worker-6-tc1/source:/opt/rustwide/workdir:ro,Z" "-v" "/var/lib/crater-agent-workspace/cargo-home:/opt/rustwide/cargo-home:ro,Z" "-v" "/var/lib/crater-agent-workspace/rustup-home:/opt/rustwide/rustup-home:ro,Z" "-e" "SOURCE_DIR=/opt/rustwide/workdir" "-e" "CARGO_TARGET_DIR=/opt/rustwide/target" "-e" "CARGO_INCREMENTAL=0" "-e" "RUST_BACKTRACE=full" "-e" "RUSTFLAGS=--cap-lints=forbid" "-e" "RUSTDOCFLAGS=--cap-lints=forbid" "-e" "CARGO_HOME=/opt/rustwide/cargo-home" "-e" "RUSTUP_HOME=/opt/rustwide/rustup-home" "-w" "/opt/rustwide/workdir" "-m" "1610612736" "--user" "0:0" "--network" "none" "ghcr.io/rust-lang/crates-build-env/linux@sha256:4a844ea9eb2546a2d2c7022eacef16ef2e8229c7fbb2c7d4d55a9ceca922f72d" "/opt/rustwide/cargo-home/bin/cargo" "+nightly-2024-10-28" "build" "--frozen" "--message-format=json", kill_on_drop: false }`
[INFO] [stdout] 571dc7a65cbf1c8c66826e6612949fe46ec3f03445d71d9540eed2ef9a45cc04
[INFO] running `Command { std: "docker" "start" "-a" "571dc7a65cbf1c8c66826e6612949fe46ec3f03445d71d9540eed2ef9a45cc04", kill_on_drop: false }`
[INFO] [stderr]    Compiling libc v0.2.159
[INFO] [stderr]    Compiling proc-macro2 v1.0.86
[INFO] [stderr]    Compiling unicode-ident v1.0.13
[INFO] [stderr]    Compiling cfg-if v1.0.0
[INFO] [stderr]    Compiling autocfg v1.4.0
[INFO] [stderr]    Compiling shlex v1.3.0
[INFO] [stderr]    Compiling pkg-config v0.3.31
[INFO] [stderr]    Compiling memchr v2.7.4
[INFO] [stderr]    Compiling once_cell v1.20.2
[INFO] [stderr]    Compiling pin-project-lite v0.2.14
[INFO] [stderr]    Compiling version_check v0.9.5
[INFO] [stderr]    Compiling futures-core v0.3.31
[INFO] [stderr]    Compiling typenum v1.17.0
[INFO] [stderr]    Compiling parking_lot_core v0.9.10
[INFO] [stderr]    Compiling itoa v1.0.11
[INFO] [stderr]    Compiling bytes v1.7.2
[INFO] [stderr]    Compiling vcpkg v0.2.15
[INFO] [stderr]    Compiling bitflags v2.6.0
[INFO] [stderr]    Compiling smallvec v1.13.2
[INFO] [stderr]    Compiling scopeguard v1.2.0
[INFO] [stderr]    Compiling futures-sink v0.3.31
[INFO] [stderr]    Compiling thiserror v1.0.64
[INFO] [stderr]    Compiling futures-io v0.3.31
[INFO] [stderr]    Compiling log v0.4.22
[INFO] [stderr]    Compiling fnv v1.0.7
[INFO] [stderr]    Compiling hashbrown v0.15.0
[INFO] [stderr]    Compiling equivalent v1.0.1
[INFO] [stderr]    Compiling serde v1.0.210
[INFO] [stderr]    Compiling tracing-core v0.1.32
[INFO] [stderr]    Compiling openssl v0.10.66
[INFO] [stderr]    Compiling regex-syntax v0.8.5
[INFO] [stderr]    Compiling foreign-types-shared v0.1.1
[INFO] [stderr]    Compiling http v1.1.0
[INFO] [stderr]    Compiling aho-corasick v1.1.3
[INFO] [stderr]    Compiling futures-task v0.3.31
[INFO] [stderr]    Compiling httparse v1.9.5
[INFO] [stderr]    Compiling pin-utils v0.1.0
[INFO] [stderr]    Compiling tracing v0.1.40
[INFO] [stderr]    Compiling quote v1.0.37
[INFO] [stderr]    Compiling indexmap v2.6.0
[INFO] [stderr]    Compiling generic-array v0.14.7
[INFO] [stderr]    Compiling syn v2.0.79
[INFO] [stderr]    Compiling foreign-types v0.3.2
[INFO] [stderr]    Compiling tinyvec_macros v0.1.1
[INFO] [stderr]    Compiling rustix v0.38.37
[INFO] [stderr]    Compiling jobserver v0.1.32
[INFO] [stderr]    Compiling mio v1.0.2
[INFO] [stderr]    Compiling lock_api v0.4.12
[INFO] [stderr]    Compiling slab v0.4.9
[INFO] [stderr]    Compiling cc v1.1.28
[INFO] [stderr]    Compiling signal-hook-registry v1.4.2
[INFO] [stderr]    Compiling socket2 v0.5.7
[INFO] [stderr]    Compiling parking_lot v0.12.3
[INFO] [stderr]    Compiling futures-util v0.3.31
[INFO] [stderr]    Compiling http-body v1.0.1
[INFO] [stderr]    Compiling byteorder v1.5.0
[INFO] [stderr]    Compiling atomic-waker v1.1.2
[INFO] [stderr]    Compiling regex-automata v0.4.8
[INFO] [stderr]    Compiling try-lock v0.2.5
[INFO] [stderr]    Compiling native-tls v0.2.12
[INFO] [stderr]    Compiling want v0.3.1
[INFO] [stderr]    Compiling crypto-common v0.1.6
[INFO] [stderr]    Compiling block-buffer v0.10.4
[INFO] [stderr]    Compiling num-traits v0.2.19
[INFO] [stderr]    Compiling tinyvec v1.8.0
[INFO] [stderr]    Compiling futures-channel v0.3.31
[INFO] [stderr]    Compiling ryu v1.0.18
[INFO] [stderr]    Compiling linux-raw-sys v0.4.14
[INFO] [stderr]    Compiling subtle v2.6.1
[INFO] [stderr]    Compiling openssl-probe v0.1.5
[INFO] [stderr]    Compiling percent-encoding v2.3.1
[INFO] [stderr]    Compiling serde_json v1.0.128
[INFO] [stderr]    Compiling ucd-trie v0.1.7
[INFO] [stderr]    Compiling digest v0.10.7
[INFO] [stderr]    Compiling form_urlencoded v1.2.1
[INFO] [stderr]    Compiling getrandom v0.2.15
[INFO] [stderr]    Compiling crc32fast v1.4.2
[INFO] [stderr]    Compiling tower-service v0.3.3
[INFO] [stderr]    Compiling unicode-bidi v0.3.17
[INFO] [stderr]    Compiling fastrand v2.1.1
[INFO] [stderr]    Compiling utf8parse v0.2.2
[INFO] [stderr]    Compiling adler2 v2.0.0
[INFO] [stderr]    Compiling zstd-safe v7.2.1
[INFO] [stderr]    Compiling anstyle-parse v0.2.5
[INFO] [stderr]    Compiling miniz_oxide v0.8.0
[INFO] [stderr]    Compiling rand_core v0.6.4
[INFO] [stderr]    Compiling inout v0.1.3
[INFO] [stderr]    Compiling encoding_rs v0.8.34
[INFO] [stderr]    Compiling unicode-normalization v0.1.24
[INFO] [stderr]    Compiling cpufeatures v0.2.14
[INFO] [stderr]    Compiling parking v2.2.1
[INFO] [stderr]    Compiling crc-catalog v2.4.0
[INFO] [stderr]    Compiling is_terminal_polyfill v1.70.1
[INFO] [stderr]    Compiling colorchoice v1.0.2
[INFO] [stderr]    Compiling anstyle v1.0.8
[INFO] [stderr]    Compiling anstyle-query v1.1.1
[INFO] [stderr]    Compiling powerfmt v0.2.0
[INFO] [stderr]    Compiling rustls-pki-types v1.9.0
[INFO] [stderr]    Compiling iana-time-zone v0.1.61
[INFO] [stderr]    Compiling deranged v0.3.11
[INFO] [stderr]    Compiling idna v0.5.0
[INFO] [stderr]    Compiling chrono v0.4.38
[INFO] [stderr]    Compiling rustls-pemfile v2.2.0
[INFO] [stderr]    Compiling flate2 v1.0.34
[INFO] [stderr]    Compiling anstream v0.6.15
[INFO] [stderr]    Compiling url v2.5.2
[INFO] [stderr]    Compiling crc v3.2.1
[INFO] [stderr]    Compiling regex v1.11.0
[INFO] [stderr]    Compiling http-body-util v0.1.2
[INFO] [stderr]    Compiling futures-lite v2.3.0
[INFO] [stderr]    Compiling cipher v0.4.4
[INFO] [stderr]    Compiling hmac v0.12.1
[INFO] [stderr]    Compiling sync_wrapper v1.0.1
[INFO] [stderr]    Compiling anyhow v1.0.89
[INFO] [stderr]    Compiling simd-adler32 v0.3.7
[INFO] [stderr]    Compiling lazy_static v1.5.0
[INFO] [stderr]    Compiling option-ext v0.2.0
[INFO] [stderr]    Compiling ipnet v2.10.1
[INFO] [stderr]    Compiling bumpalo v3.16.0
[INFO] [stderr]    Compiling time-core v0.1.2
[INFO] [stderr]    Compiling strsim v0.11.1
[INFO] [stderr]    Compiling zip v2.2.0
[INFO] [stderr]    Compiling clap_lex v0.7.2
[INFO] [stderr]    Compiling lockfree-object-pool v0.1.6
[INFO] [stderr]    Compiling mime v0.3.17
[INFO] [stderr]    Compiling base64 v0.22.1
[INFO] [stderr]    Compiling either v1.13.0
[INFO] [stderr]    Compiling num-conv v0.1.0
[INFO] [stderr]    Compiling time v0.3.36
[INFO] [stderr]    Compiling zopfli v0.8.1
[INFO] [stderr]    Compiling clap_builder v4.5.19
[INFO] [stderr]    Compiling dirs-sys v0.4.1
[INFO] [stderr]    Compiling aes v0.8.4
[INFO] [stderr]    Compiling pbkdf2 v0.12.2
[INFO] [stderr]    Compiling xattr v1.3.1
[INFO] [stderr]    Compiling lzma-rs v0.3.0
[INFO] [stderr]    Compiling sha1 v0.10.6
[INFO] [stderr]    Compiling filetime v0.2.25
[INFO] [stderr]    Compiling home v0.5.9
[INFO] [stderr]    Compiling dotenvy v0.15.7
[INFO] [stderr]    Compiling deflate64 v0.1.9
[INFO] [stderr]    Compiling constant_time_eq v0.3.1
[INFO] [stderr]    Compiling tar v0.4.42
[INFO] [stderr]    Compiling which v6.0.3
[INFO] [stderr]    Compiling dirs v5.0.1
[INFO] [stderr]    Compiling itertools v0.13.0
[INFO] [stderr]    Compiling java-properties v2.0.0
[INFO] [stderr]    Compiling colored v2.1.0
[INFO] [stderr]    Compiling tempfile v3.13.0
[INFO] [stderr]    Compiling exitcode v1.1.2
[INFO] [stderr]    Compiling symlink v0.1.0
[INFO] [stderr]    Compiling fs_extra v1.3.0
[INFO] [stderr]    Compiling openssl-sys v0.9.103
[INFO] [stderr]    Compiling zstd-sys v2.0.13+zstd.1.5.6
[INFO] [stderr]    Compiling bzip2-sys v0.1.11+1.0.8
[INFO] [stderr]    Compiling clap v4.5.19
[INFO] [stderr]    Compiling thiserror-impl v1.0.64
[INFO] [stderr]    Compiling tokio-macros v2.4.0
[INFO] [stderr]    Compiling serde_derive v1.0.210
[INFO] [stderr]    Compiling openssl-macros v0.1.1
[INFO] [stderr]    Compiling zerocopy-derive v0.7.35
[INFO] [stderr]    Compiling lazy-regex-proc_macros v3.3.0
[INFO] [stderr]    Compiling zeroize_derive v1.4.2
[INFO] [stderr]    Compiling bzip2 v0.4.4
[INFO] [stderr]    Compiling displaydoc v0.2.5
[INFO] [stderr]    Compiling tokio v1.40.0
[INFO] [stderr]    Compiling lazy-regex v3.3.0
[INFO] [stderr]    Compiling pest v2.7.13
[INFO] [stderr]    Compiling suppaftp v6.0.1
[INFO] [stderr]    Compiling zerocopy v0.7.35
[INFO] [stderr]    Compiling pest_meta v2.7.13
[INFO] [stderr]    Compiling ppv-lite86 v0.2.20
[INFO] [stderr]    Compiling zeroize v1.8.1
[INFO] [stderr]    Compiling rand_chacha v0.3.1
[INFO] [stderr]    Compiling pest_generator v2.7.13
[INFO] [stderr]    Compiling rand v0.8.5
[INFO] [stderr]    Compiling zstd v0.13.2
[INFO] [stderr]    Compiling tokio-util v0.7.12
[INFO] [stderr]    Compiling tokio-native-tls v0.3.1
[INFO] [stderr]    Compiling pest_derive v2.7.13
[INFO] [stderr]    Compiling h2 v0.4.6
[INFO] [stderr]    Compiling serde_urlencoded v0.7.1
[INFO] [stderr]    Compiling quick-xml v0.36.2
[INFO] [stderr]    Compiling handlebars v6.1.0
[INFO] [stderr]    Compiling hyper v1.4.1
[INFO] [stderr]    Compiling hyper-util v0.1.9
[INFO] [stderr]    Compiling hyper-tls v0.6.0
[INFO] [stderr]    Compiling reqwest v0.12.8
[INFO] [stderr]    Compiling oneio v0.17.0
[INFO] [stderr]    Compiling wukong v0.2.2 (/opt/rustwide/workdir)
[INFO] [stdout] warning: unused import: `fs_extra::dir::CopyOptions`
[INFO] [stdout]  --> src/sdkman_cli/install.rs:3:5
[INFO] [stdout]   |
[INFO] [stdout] 3 | use fs_extra::dir::CopyOptions;
[INFO] [stdout]   |     ^^^^^^^^^^^^^^^^^^^^^^^^^^
[INFO] [stdout]   |
[INFO] [stdout]   = note: `#[warn(unused_imports)]` on by default
[INFO] [stdout] 
[INFO] [stdout] 
[INFO] [stdout] warning: unused import: `colored::Colorize`
[INFO] [stdout]  --> src/mt_cli/mod.rs:2:5
[INFO] [stdout]   |
[INFO] [stdout] 2 | use colored::Colorize;
[INFO] [stdout]   |     ^^^^^^^^^^^^^^^^^
[INFO] [stdout]   |
[INFO] [stdout]   = note: `#[warn(unused_imports)]` on by default
[INFO] [stdout] 
[INFO] [stdout] 
[INFO] [stdout] warning: unused import: `fs_extra::dir::CopyOptions`
[INFO] [stdout]  --> src/sdkman_cli/install.rs:3:5
[INFO] [stdout]   |
[INFO] [stdout] 3 | use fs_extra::dir::CopyOptions;
[INFO] [stdout]   |     ^^^^^^^^^^^^^^^^^^^^^^^^^^
[INFO] [stdout] 
[INFO] [stdout] 
[INFO] [stdout] warning: unused import: `crate::build_jbang_app`
[INFO] [stdout]   --> src/jbang_cli/jdk.rs:10:5
[INFO] [stdout]    |
[INFO] [stdout] 10 | use crate::build_jbang_app;
[INFO] [stdout]    |     ^^^^^^^^^^^^^^^^^^^^^^
[INFO] [stdout]    |
[INFO] [stdout]    = note: `#[warn(unused_imports)]` on by default
[INFO] [stdout] 
[INFO] [stdout] 
[INFO] [stdout] warning: unused import: `std::io::Read`
[INFO] [stdout]   --> src/jbang_cli/mod.rs:21:5
[INFO] [stdout]    |
[INFO] [stdout] 21 | use std::io::Read;
[INFO] [stdout]    |     ^^^^^^^^^^^^^
[INFO] [stdout] 
[INFO] [stdout] 
[INFO] [stdout] warning: function `whence_command` is never used
[INFO] [stdout]    --> src/jenv_cli/mod.rs:159:8
[INFO] [stdout]     |
[INFO] [stdout] 159 | pub fn whence_command(command_matches: &clap::ArgMatches) {
[INFO] [stdout]     |        ^^^^^^^^^^^^^^
[INFO] [stdout]     |
[INFO] [stdout]     = note: `#[warn(dead_code)]` on by default
[INFO] [stdout] 
[INFO] [stdout] 
[INFO] [stdout] warning: function `manage_current` is never used
[INFO] [stdout]  --> src/sdkman_cli/current.rs:3:8
[INFO] [stdout]   |
[INFO] [stdout] 3 | pub fn manage_current(current_matches: &clap::ArgMatches) {
[INFO] [stdout]   |        ^^^^^^^^^^^^^^
[INFO] [stdout]   |
[INFO] [stdout]   = note: `#[warn(dead_code)]` on by default
[INFO] [stdout] 
[INFO] [stdout] 
[INFO] [stdout] warning: function `read_sdkman_config` is never used
[INFO] [stdout]   --> src/sdkman_cli/mod.rs:43:8
[INFO] [stdout]    |
[INFO] [stdout] 43 | pub fn read_sdkman_config() -> HashMap<String, String> {
[INFO] [stdout]    |        ^^^^^^^^^^^^^^^^^^
[INFO] [stdout]    |
[INFO] [stdout]    = note: `#[warn(dead_code)]` on by default
[INFO] [stdout] 
[INFO] [stdout] 
[INFO] [stdout] warning: function `get_remote_candidate_default_version` is never used
[INFO] [stdout]   --> src/sdkman_cli/mod.rs:66:8
[INFO] [stdout]    |
[INFO] [stdout] 66 | pub fn get_remote_candidate_default_version(candidate_name: &str) -> String {
[INFO] [stdout]    |        ^^^^^^^^^^^^^^^^^^^^^^^^^^^^^^^^^^^^
[INFO] [stdout] 
[INFO] [stdout] 
[INFO] [stdout] warning: function `manage_list` is never used
[INFO] [stdout]  --> src/sdkman_cli/list.rs:3:8
[INFO] [stdout]   |
[INFO] [stdout] 3 | pub fn manage_list(list_matches: &clap::ArgMatches) {
[INFO] [stdout]   |        ^^^^^^^^^^^
[INFO] [stdout] 
[INFO] [stdout] 
[INFO] [stdout] warning: function `list_all_candidates` is never used
[INFO] [stdout]   --> src/sdkman_cli/list.rs:11:8
[INFO] [stdout]    |
[INFO] [stdout] 11 | pub fn list_all_candidates() {
[INFO] [stdout]    |        ^^^^^^^^^^^^^^^^^^^
[INFO] [stdout] 
[INFO] [stdout] 
[INFO] [stdout] warning: function `manage_install` is never used
[INFO] [stdout]  --> src/sdkman_cli/install.rs:8:8
[INFO] [stdout]   |
[INFO] [stdout] 8 | pub fn manage_install(install_matches: &clap::ArgMatches) {
[INFO] [stdout]   |        ^^^^^^^^^^^^^^
[INFO] [stdout] 
[INFO] [stdout] 
[INFO] [stdout] warning: function `install_candidate_from_path` is never used
[INFO] [stdout]   --> src/sdkman_cli/install.rs:50:8
[INFO] [stdout]    |
[INFO] [stdout] 50 | pub fn install_candidate_from_path(candidate_name: &str, candidate_version: &str, install_path: &PathBuf) {
[INFO] [stdout]    |        ^^^^^^^^^^^^^^^^^^^^^^^^^^^
[INFO] [stdout] 
[INFO] [stdout] 
[INFO] [stdout] warning: function `manage_default` is never used
[INFO] [stdout]  --> src/sdkman_cli/default.rs:3:8
[INFO] [stdout]   |
[INFO] [stdout] 3 | pub fn manage_default(default_matches: &clap::ArgMatches) {
[INFO] [stdout]   |        ^^^^^^^^^^^^^^
[INFO] [stdout] 
[INFO] [stdout] 
[INFO] [stdout] warning: function `make_candidate_default` is never used
[INFO] [stdout]   --> src/sdkman_cli/default.rs:15:8
[INFO] [stdout]    |
[INFO] [stdout] 15 | pub fn make_candidate_default(candidate_name: &str, candidate_version: &str) {
[INFO] [stdout]    |        ^^^^^^^^^^^^^^^^^^^^^^
[INFO] [stdout] 
[INFO] [stdout] 
[INFO] [stdout] warning: function `manage_use` is never used
[INFO] [stdout]  --> src/sdkman_cli/use_candidate.rs:4:8
[INFO] [stdout]   |
[INFO] [stdout] 4 | pub fn manage_use(use_matches: &clap::ArgMatches) {
[INFO] [stdout]   |        ^^^^^^^^^^
[INFO] [stdout] 
[INFO] [stdout] 
[INFO] [stdout] warning: function `manage_uninstall` is never used
[INFO] [stdout]  --> src/sdkman_cli/uninstall.rs:3:8
[INFO] [stdout]   |
[INFO] [stdout] 3 | pub fn manage_uninstall(uninstall_matches: &clap::ArgMatches) {
[INFO] [stdout]   |        ^^^^^^^^^^^^^^^^
[INFO] [stdout] 
[INFO] [stdout] 
[INFO] [stdout] warning: function `manage_home` is never used
[INFO] [stdout]  --> src/sdkman_cli/home.rs:3:8
[INFO] [stdout]   |
[INFO] [stdout] 3 | pub fn manage_home(home_matches: &clap::ArgMatches) {
[INFO] [stdout]   |        ^^^^^^^^^^^
[INFO] [stdout] 
[INFO] [stdout] 
[INFO] [stdout] warning: function `manage_current` is never used
[INFO] [stdout]  --> src/sdkman_cli/current.rs:3:8
[INFO] [stdout]   |
[INFO] [stdout] 3 | pub fn manage_current(current_matches: &clap::ArgMatches) {
[INFO] [stdout]   |        ^^^^^^^^^^^^^^
[INFO] [stdout] 
[INFO] [stdout] 
[INFO] [stdout] warning: function `manage_env` is never used
[INFO] [stdout]  --> src/sdkman_cli/env.rs:8:8
[INFO] [stdout]   |
[INFO] [stdout] 8 | pub fn manage_env(env_matches: &clap::ArgMatches) {
[INFO] [stdout]   |        ^^^^^^^^^^
[INFO] [stdout] 
[INFO] [stdout] 
[INFO] [stdout] warning: function `env_init` is never used
[INFO] [stdout]   --> src/sdkman_cli/env.rs:19:8
[INFO] [stdout]    |
[INFO] [stdout] 19 | pub fn env_init() {
[INFO] [stdout]    |        ^^^^^^^^
[INFO] [stdout] 
[INFO] [stdout] 
[INFO] [stdout] warning: function `env_install` is never used
[INFO] [stdout]   --> src/sdkman_cli/env.rs:31:8
[INFO] [stdout]    |
[INFO] [stdout] 31 | pub fn env_install() {
[INFO] [stdout]    |        ^^^^^^^^^^^
[INFO] [stdout] 
[INFO] [stdout] 
[INFO] [stdout] warning: function `env_clear` is never used
[INFO] [stdout]   --> src/sdkman_cli/env.rs:48:8
[INFO] [stdout]    |
[INFO] [stdout] 48 | pub fn env_clear() {
[INFO] [stdout]    |        ^^^^^^^^^
[INFO] [stdout] 
[INFO] [stdout] 
[INFO] [stdout] warning: function `write_candidates` is never used
[INFO] [stdout]   --> src/sdkman_cli/env.rs:68:4
[INFO] [stdout]    |
[INFO] [stdout] 68 | fn write_candidates(candidates: Vec<String>) {
[INFO] [stdout]    |    ^^^^^^^^^^^^^^^^
[INFO] [stdout] 
[INFO] [stdout] 
[INFO] [stdout] warning: function `build_env_command` is never used
[INFO] [stdout]   --> src/sdkman_cli/env.rs:77:8
[INFO] [stdout]    |
[INFO] [stdout] 77 | pub fn build_env_command() -> Command {
[INFO] [stdout]    |        ^^^^^^^^^^^^^^^^^
[INFO] [stdout] 
[INFO] [stdout] 
[INFO] [stdout] warning: function `manage_upgrade` is never used
[INFO] [stdout]  --> src/sdkman_cli/upgrade.rs:5:8
[INFO] [stdout]   |
[INFO] [stdout] 5 | pub fn manage_upgrade(upgrade_matches: &clap::ArgMatches) {
[INFO] [stdout]   |        ^^^^^^^^^^^^^^
[INFO] [stdout] 
[INFO] [stdout] 
[INFO] [stdout] warning: function `upgrade_candidate` is never used
[INFO] [stdout]   --> src/sdkman_cli/upgrade.rs:29:4
[INFO] [stdout]    |
[INFO] [stdout] 29 | fn upgrade_candidate(candidate_name: &str, accept_as_default: bool) {
[INFO] [stdout]    |    ^^^^^^^^^^^^^^^^^
[INFO] [stdout] 
[INFO] [stdout] 
[INFO] [stdout] warning: constant `VERSION` is never used
[INFO] [stdout]  --> src/sdkman_cli/clap_app.rs:5:11
[INFO] [stdout]   |
[INFO] [stdout] 5 | pub const VERSION: &str = "0.2.1";
[INFO] [stdout]   |           ^^^^^^^
[INFO] [stdout] 
[INFO] [stdout] 
[INFO] [stdout] warning: function `build_sdkman_app` is never used
[INFO] [stdout]  --> src/sdkman_cli/clap_app.rs:7:8
[INFO] [stdout]   |
[INFO] [stdout] 7 | pub fn build_sdkman_app() -> Command {
[INFO] [stdout]   |        ^^^^^^^^^^^^^^^^
[INFO] [stdout] 
[INFO] [stdout] 
[INFO] [stdout] warning: function `manage_direnv` is never used
[INFO] [stdout]  --> src/sdkman_cli/direnv.rs:9:8
[INFO] [stdout]   |
[INFO] [stdout] 9 | pub fn manage_direnv(direnv_matches: &clap::ArgMatches) {
[INFO] [stdout]   |        ^^^^^^^^^^^^^
[INFO] [stdout] 
[INFO] [stdout] 
[INFO] [stdout] warning: function `direnv_init` is never used
[INFO] [stdout]   --> src/sdkman_cli/direnv.rs:17:8
[INFO] [stdout]    |
[INFO] [stdout] 17 | pub fn direnv_init() {
[INFO] [stdout]    |        ^^^^^^^^^^^
[INFO] [stdout] 
[INFO] [stdout] 
[INFO] [stdout] warning: function `direnv_hook` is never used
[INFO] [stdout]   --> src/sdkman_cli/direnv.rs:30:8
[INFO] [stdout]    |
[INFO] [stdout] 30 | pub fn direnv_hook() {
[INFO] [stdout]    |        ^^^^^^^^^^^
[INFO] [stdout] 
[INFO] [stdout] 
[INFO] [stdout] warning: function `build_direnv_command` is never used
[INFO] [stdout]   --> src/sdkman_cli/direnv.rs:94:8
[INFO] [stdout]    |
[INFO] [stdout] 94 | pub fn build_direnv_command() -> Command {
[INFO] [stdout]    |        ^^^^^^^^^^^^^^^^^^^^
[INFO] [stdout] 
[INFO] [stdout] 
[INFO] [stdout] warning: function `shell_hook` is never used
[INFO] [stdout]  --> src/sdkman_cli/init.rs:3:8
[INFO] [stdout]   |
[INFO] [stdout] 3 | pub fn shell_hook() {
[INFO] [stdout]   |        ^^^^^^^^^^
[INFO] [stdout] 
[INFO] [stdout] 
[INFO] [stdout] warning: function `jdk_home` is never used
[INFO] [stdout]   --> src/jbang_cli/mod.rs:33:8
[INFO] [stdout]    |
[INFO] [stdout] 33 | pub fn jdk_home(jdk_version: &str) -> PathBuf {
[INFO] [stdout]    |        ^^^^^^^^
[INFO] [stdout]    |
[INFO] [stdout]    = note: `#[warn(dead_code)]` on by default
[INFO] [stdout] 
[INFO] [stdout] 
[INFO] [stdout] warning: function `jbang_exec` is never used
[INFO] [stdout]   --> src/jbang_cli/mod.rs:76:8
[INFO] [stdout]    |
[INFO] [stdout] 76 | pub fn jbang_exec() -> PathBuf {
[INFO] [stdout]    |        ^^^^^^^^^^
[INFO] [stdout] 
[INFO] [stdout] 
[INFO] [stdout] warning: function `update_jbang` is never used
[INFO] [stdout]   --> src/jbang_cli/version.rs:28:8
[INFO] [stdout]    |
[INFO] [stdout] 28 | pub fn update_jbang() {
[INFO] [stdout]    |        ^^^^^^^^^^^^
[INFO] [stdout] 
[INFO] [stdout] 
[INFO] [stderr]     Finished `dev` profile [unoptimized] target(s) in 39.48s
[INFO] running `Command { std: "docker" "inspect" "571dc7a65cbf1c8c66826e6612949fe46ec3f03445d71d9540eed2ef9a45cc04", kill_on_drop: false }`
[INFO] running `Command { std: "docker" "rm" "-f" "571dc7a65cbf1c8c66826e6612949fe46ec3f03445d71d9540eed2ef9a45cc04", kill_on_drop: false }`
[INFO] [stdout] 571dc7a65cbf1c8c66826e6612949fe46ec3f03445d71d9540eed2ef9a45cc04
[INFO] running `Command { std: "docker" "create" "-v" "/var/lib/crater-agent-workspace/builds/worker-6-tc1/target:/opt/rustwide/target:rw,Z" "-v" "/var/lib/crater-agent-workspace/builds/worker-6-tc1/source:/opt/rustwide/workdir:ro,Z" "-v" "/var/lib/crater-agent-workspace/cargo-home:/opt/rustwide/cargo-home:ro,Z" "-v" "/var/lib/crater-agent-workspace/rustup-home:/opt/rustwide/rustup-home:ro,Z" "-e" "SOURCE_DIR=/opt/rustwide/workdir" "-e" "CARGO_TARGET_DIR=/opt/rustwide/target" "-e" "CARGO_INCREMENTAL=0" "-e" "RUST_BACKTRACE=full" "-e" "RUSTFLAGS=--cap-lints=forbid" "-e" "RUSTDOCFLAGS=--cap-lints=forbid" "-e" "CARGO_HOME=/opt/rustwide/cargo-home" "-e" "RUSTUP_HOME=/opt/rustwide/rustup-home" "-w" "/opt/rustwide/workdir" "-m" "1610612736" "--user" "0:0" "--network" "none" "ghcr.io/rust-lang/crates-build-env/linux@sha256:4a844ea9eb2546a2d2c7022eacef16ef2e8229c7fbb2c7d4d55a9ceca922f72d" "/opt/rustwide/cargo-home/bin/cargo" "+nightly-2024-10-28" "test" "--frozen" "--no-run" "--message-format=json", kill_on_drop: false }`
[INFO] [stdout] aeb4336592d6bce146be0bbd9c859b21c098b2209ca5d40c793784102f35b059
[INFO] running `Command { std: "docker" "start" "-a" "aeb4336592d6bce146be0bbd9c859b21c098b2209ca5d40c793784102f35b059", kill_on_drop: false }`
[INFO] [stderr]    Compiling wukong v0.2.2 (/opt/rustwide/workdir)
[INFO] [stdout] warning: unused import: `crate::build_jbang_app`
[INFO] [stdout]   --> src/jbang_cli/jdk.rs:10:5
[INFO] [stdout]    |
[INFO] [stdout] 10 | use crate::build_jbang_app;
[INFO] [stdout]    |     ^^^^^^^^^^^^^^^^^^^^^^
[INFO] [stdout]    |
[INFO] [stdout]    = note: `#[warn(unused_imports)]` on by default
[INFO] [stdout] 
[INFO] [stdout] 
[INFO] [stdout] warning: unused import: `std::io::Read`
[INFO] [stdout]   --> src/jbang_cli/mod.rs:21:5
[INFO] [stdout]    |
[INFO] [stdout] 21 | use std::io::Read;
[INFO] [stdout]    |     ^^^^^^^^^^^^^
[INFO] [stdout] 
[INFO] [stdout] 
[INFO] [stdout] warning: function `jdk_home` is never used
[INFO] [stdout]   --> src/jbang_cli/mod.rs:33:8
[INFO] [stdout]    |
[INFO] [stdout] 33 | pub fn jdk_home(jdk_version: &str) -> PathBuf {
[INFO] [stdout]    |        ^^^^^^^^
[INFO] [stdout]    |
[INFO] [stdout]    = note: `#[warn(dead_code)]` on by default
[INFO] [stdout] 
[INFO] [stdout] 
[INFO] [stdout] warning: function `jbang_exec` is never used
[INFO] [stdout]   --> src/jbang_cli/mod.rs:76:8
[INFO] [stdout]    |
[INFO] [stdout] 76 | pub fn jbang_exec() -> PathBuf {
[INFO] [stdout]    |        ^^^^^^^^^^
[INFO] [stdout] 
[INFO] [stdout] 
[INFO] [stdout] warning: function `update_jbang` is never used
[INFO] [stdout]   --> src/jbang_cli/version.rs:28:8
[INFO] [stdout]    |
[INFO] [stdout] 28 | pub fn update_jbang() {
[INFO] [stdout]    |        ^^^^^^^^^^^^
[INFO] [stdout] 
[INFO] [stdout] 
[INFO] [stdout] warning: unused import: `colored::Colorize`
[INFO] [stdout]  --> src/mt_cli/mod.rs:2:5
[INFO] [stdout]   |
[INFO] [stdout] 2 | use colored::Colorize;
[INFO] [stdout]   |     ^^^^^^^^^^^^^^^^^
[INFO] [stdout]   |
[INFO] [stdout]   = note: `#[warn(unused_imports)]` on by default
[INFO] [stdout] 
[INFO] [stdout] 
[INFO] [stdout] warning: unused import: `fs_extra::dir::CopyOptions`
[INFO] [stdout]  --> src/sdkman_cli/install.rs:3:5
[INFO] [stdout]   |
[INFO] [stdout] 3 | use fs_extra::dir::CopyOptions;
[INFO] [stdout]   |     ^^^^^^^^^^^^^^^^^^^^^^^^^^
[INFO] [stdout] 
[INFO] [stdout] 
[INFO] [stdout] warning: function `read_sdkman_config` is never used
[INFO] [stdout]   --> src/sdkman_cli/mod.rs:43:8
[INFO] [stdout]    |
[INFO] [stdout] 43 | pub fn read_sdkman_config() -> HashMap<String, String> {
[INFO] [stdout]    |        ^^^^^^^^^^^^^^^^^^
[INFO] [stdout]    |
[INFO] [stdout]    = note: `#[warn(dead_code)]` on by default
[INFO] [stdout] 
[INFO] [stdout] 
[INFO] [stdout] warning: function `get_remote_candidate_default_version` is never used
[INFO] [stdout]   --> src/sdkman_cli/mod.rs:66:8
[INFO] [stdout]    |
[INFO] [stdout] 66 | pub fn get_remote_candidate_default_version(candidate_name: &str) -> String {
[INFO] [stdout]    |        ^^^^^^^^^^^^^^^^^^^^^^^^^^^^^^^^^^^^
[INFO] [stdout] 
[INFO] [stdout] 
[INFO] [stdout] warning: function `manage_list` is never used
[INFO] [stdout]  --> src/sdkman_cli/list.rs:3:8
[INFO] [stdout]   |
[INFO] [stdout] 3 | pub fn manage_list(list_matches: &clap::ArgMatches) {
[INFO] [stdout]   |        ^^^^^^^^^^^
[INFO] [stdout] 
[INFO] [stdout] 
[INFO] [stdout] warning: function `list_all_candidates` is never used
[INFO] [stdout]   --> src/sdkman_cli/list.rs:11:8
[INFO] [stdout]    |
[INFO] [stdout] 11 | pub fn list_all_candidates() {
[INFO] [stdout]    |        ^^^^^^^^^^^^^^^^^^^
[INFO] [stdout] 
[INFO] [stdout] 
[INFO] [stdout] warning: function `manage_install` is never used
[INFO] [stdout]  --> src/sdkman_cli/install.rs:8:8
[INFO] [stdout]   |
[INFO] [stdout] 8 | pub fn manage_install(install_matches: &clap::ArgMatches) {
[INFO] [stdout]   |        ^^^^^^^^^^^^^^
[INFO] [stdout] 
[INFO] [stdout] 
[INFO] [stdout] warning: function `install_candidate_from_path` is never used
[INFO] [stdout]   --> src/sdkman_cli/install.rs:50:8
[INFO] [stdout]    |
[INFO] [stdout] 50 | pub fn install_candidate_from_path(candidate_name: &str, candidate_version: &str, install_path: &PathBuf) {
[INFO] [stdout]    |        ^^^^^^^^^^^^^^^^^^^^^^^^^^^
[INFO] [stdout] 
[INFO] [stdout] 
[INFO] [stdout] warning: function `manage_default` is never used
[INFO] [stdout]  --> src/sdkman_cli/default.rs:3:8
[INFO] [stdout]   |
[INFO] [stdout] 3 | pub fn manage_default(default_matches: &clap::ArgMatches) {
[INFO] [stdout]   |        ^^^^^^^^^^^^^^
[INFO] [stdout] 
[INFO] [stdout] 
[INFO] [stdout] warning: function `make_candidate_default` is never used
[INFO] [stdout]   --> src/sdkman_cli/default.rs:15:8
[INFO] [stdout]    |
[INFO] [stdout] 15 | pub fn make_candidate_default(candidate_name: &str, candidate_version: &str) {
[INFO] [stdout]    |        ^^^^^^^^^^^^^^^^^^^^^^
[INFO] [stdout] 
[INFO] [stdout] 
[INFO] [stdout] warning: function `manage_use` is never used
[INFO] [stdout]  --> src/sdkman_cli/use_candidate.rs:4:8
[INFO] [stdout]   |
[INFO] [stdout] 4 | pub fn manage_use(use_matches: &clap::ArgMatches) {
[INFO] [stdout]   |        ^^^^^^^^^^
[INFO] [stdout] 
[INFO] [stdout] 
[INFO] [stdout] warning: function `manage_uninstall` is never used
[INFO] [stdout]  --> src/sdkman_cli/uninstall.rs:3:8
[INFO] [stdout]   |
[INFO] [stdout] 3 | pub fn manage_uninstall(uninstall_matches: &clap::ArgMatches) {
[INFO] [stdout]   |        ^^^^^^^^^^^^^^^^
[INFO] [stdout] 
[INFO] [stdout] 
[INFO] [stdout] warning: function `manage_home` is never used
[INFO] [stdout]  --> src/sdkman_cli/home.rs:3:8
[INFO] [stdout]   |
[INFO] [stdout] 3 | pub fn manage_home(home_matches: &clap::ArgMatches) {
[INFO] [stdout]   |        ^^^^^^^^^^^
[INFO] [stdout] 
[INFO] [stdout] 
[INFO] [stdout] warning: function `manage_current` is never used
[INFO] [stdout]  --> src/sdkman_cli/current.rs:3:8
[INFO] [stdout]   |
[INFO] [stdout] 3 | pub fn manage_current(current_matches: &clap::ArgMatches) {
[INFO] [stdout]   |        ^^^^^^^^^^^^^^
[INFO] [stdout] 
[INFO] [stdout] 
[INFO] [stdout] warning: function `manage_env` is never used
[INFO] [stdout]  --> src/sdkman_cli/env.rs:8:8
[INFO] [stdout]   |
[INFO] [stdout] 8 | pub fn manage_env(env_matches: &clap::ArgMatches) {
[INFO] [stdout]   |        ^^^^^^^^^^
[INFO] [stdout] 
[INFO] [stdout] 
[INFO] [stdout] warning: function `env_init` is never used
[INFO] [stdout]   --> src/sdkman_cli/env.rs:19:8
[INFO] [stdout]    |
[INFO] [stdout] 19 | pub fn env_init() {
[INFO] [stdout]    |        ^^^^^^^^
[INFO] [stdout] 
[INFO] [stdout] 
[INFO] [stdout] warning: function `env_install` is never used
[INFO] [stdout]   --> src/sdkman_cli/env.rs:31:8
[INFO] [stdout]    |
[INFO] [stdout] 31 | pub fn env_install() {
[INFO] [stdout]    |        ^^^^^^^^^^^
[INFO] [stdout] 
[INFO] [stdout] 
[INFO] [stdout] warning: function `env_clear` is never used
[INFO] [stdout]   --> src/sdkman_cli/env.rs:48:8
[INFO] [stdout]    |
[INFO] [stdout] 48 | pub fn env_clear() {
[INFO] [stdout]    |        ^^^^^^^^^
[INFO] [stdout] 
[INFO] [stdout] 
[INFO] [stdout] warning: function `write_candidates` is never used
[INFO] [stdout]   --> src/sdkman_cli/env.rs:68:4
[INFO] [stdout]    |
[INFO] [stdout] 68 | fn write_candidates(candidates: Vec<String>) {
[INFO] [stdout]    |    ^^^^^^^^^^^^^^^^
[INFO] [stdout] 
[INFO] [stdout] 
[INFO] [stdout] warning: function `build_env_command` is never used
[INFO] [stdout]   --> src/sdkman_cli/env.rs:77:8
[INFO] [stdout]    |
[INFO] [stdout] 77 | pub fn build_env_command() -> Command {
[INFO] [stdout]    |        ^^^^^^^^^^^^^^^^^
[INFO] [stdout] 
[INFO] [stdout] 
[INFO] [stdout] warning: function `manage_upgrade` is never used
[INFO] [stdout]  --> src/sdkman_cli/upgrade.rs:5:8
[INFO] [stdout]   |
[INFO] [stdout] 5 | pub fn manage_upgrade(upgrade_matches: &clap::ArgMatches) {
[INFO] [stdout]   |        ^^^^^^^^^^^^^^
[INFO] [stdout] 
[INFO] [stdout] 
[INFO] [stdout] warning: function `upgrade_candidate` is never used
[INFO] [stdout]   --> src/sdkman_cli/upgrade.rs:29:4
[INFO] [stdout]    |
[INFO] [stdout] 29 | fn upgrade_candidate(candidate_name: &str, accept_as_default: bool) {
[INFO] [stdout]    |    ^^^^^^^^^^^^^^^^^
[INFO] [stdout] 
[INFO] [stdout] 
[INFO] [stdout] warning: constant `VERSION` is never used
[INFO] [stdout]  --> src/sdkman_cli/clap_app.rs:5:11
[INFO] [stdout]   |
[INFO] [stdout] 5 | pub const VERSION: &str = "0.2.1";
[INFO] [stdout]   |           ^^^^^^^
[INFO] [stdout] 
[INFO] [stdout] 
[INFO] [stdout] warning: function `build_sdkman_app` is never used
[INFO] [stdout]  --> src/sdkman_cli/clap_app.rs:7:8
[INFO] [stdout]   |
[INFO] [stdout] 7 | pub fn build_sdkman_app() -> Command {
[INFO] [stdout]   |        ^^^^^^^^^^^^^^^^
[INFO] [stdout] 
[INFO] [stdout] 
[INFO] [stdout] warning: function `manage_direnv` is never used
[INFO] [stdout]  --> src/sdkman_cli/direnv.rs:9:8
[INFO] [stdout]   |
[INFO] [stdout] 9 | pub fn manage_direnv(direnv_matches: &clap::ArgMatches) {
[INFO] [stdout]   |        ^^^^^^^^^^^^^
[INFO] [stdout] 
[INFO] [stdout] 
[INFO] [stdout] warning: function `direnv_init` is never used
[INFO] [stdout]   --> src/sdkman_cli/direnv.rs:17:8
[INFO] [stdout]    |
[INFO] [stdout] 17 | pub fn direnv_init() {
[INFO] [stdout]    |        ^^^^^^^^^^^
[INFO] [stdout] 
[INFO] [stdout] 
[INFO] [stdout] warning: function `direnv_hook` is never used
[INFO] [stdout]   --> src/sdkman_cli/direnv.rs:30:8
[INFO] [stdout]    |
[INFO] [stdout] 30 | pub fn direnv_hook() {
[INFO] [stdout]    |        ^^^^^^^^^^^
[INFO] [stdout] 
[INFO] [stdout] 
[INFO] [stdout] warning: function `build_direnv_command` is never used
[INFO] [stdout]   --> src/sdkman_cli/direnv.rs:94:8
[INFO] [stdout]    |
[INFO] [stdout] 94 | pub fn build_direnv_command() -> Command {
[INFO] [stdout]    |        ^^^^^^^^^^^^^^^^^^^^
[INFO] [stdout] 
[INFO] [stdout] 
[INFO] [stdout] warning: function `shell_hook` is never used
[INFO] [stdout]  --> src/sdkman_cli/init.rs:3:8
[INFO] [stdout]   |
[INFO] [stdout] 3 | pub fn shell_hook() {
[INFO] [stdout]   |        ^^^^^^^^^^
[INFO] [stdout] 
[INFO] [stdout] 
[INFO] [stdout] warning: unused import: `fs_extra::dir::CopyOptions`
[INFO] [stdout]  --> src/sdkman_cli/install.rs:3:5
[INFO] [stdout]   |
[INFO] [stdout] 3 | use fs_extra::dir::CopyOptions;
[INFO] [stdout]   |     ^^^^^^^^^^^^^^^^^^^^^^^^^^
[INFO] [stdout]   |
[INFO] [stdout]   = note: `#[warn(unused_imports)]` on by default
[INFO] [stdout] 
[INFO] [stdout] 
[INFO] [stdout] warning: function `manage_current` is never used
[INFO] [stdout]  --> src/sdkman_cli/current.rs:3:8
[INFO] [stdout]   |
[INFO] [stdout] 3 | pub fn manage_current(current_matches: &clap::ArgMatches) {
[INFO] [stdout]   |        ^^^^^^^^^^^^^^
[INFO] [stdout]   |
[INFO] [stdout]   = note: `#[warn(dead_code)]` on by default
[INFO] [stdout] 
[INFO] [stdout] 
[INFO] [stdout] warning: function `whence_command` is never used
[INFO] [stdout]    --> src/jenv_cli/mod.rs:159:8
[INFO] [stdout]     |
[INFO] [stdout] 159 | pub fn whence_command(command_matches: &clap::ArgMatches) {
[INFO] [stdout]     |        ^^^^^^^^^^^^^^
[INFO] [stdout]     |
[INFO] [stdout]     = note: `#[warn(dead_code)]` on by default
[INFO] [stdout] 
[INFO] [stdout] 
[INFO] [stdout] warning: unused import: `colored::Colorize`
[INFO] [stdout]  --> src/mt_cli/mod.rs:2:5
[INFO] [stdout]   |
[INFO] [stdout] 2 | use colored::Colorize;
[INFO] [stdout]   |     ^^^^^^^^^^^^^^^^^
[INFO] [stdout]   |
[INFO] [stdout]   = note: `#[warn(unused_imports)]` on by default
[INFO] [stdout] 
[INFO] [stdout] 
[INFO] [stdout] warning: unused import: `std::io::Read`
[INFO] [stdout]   --> src/jbang_cli/mod.rs:21:5
[INFO] [stdout]    |
[INFO] [stdout] 21 | use std::io::Read;
[INFO] [stdout]    |     ^^^^^^^^^^^^^
[INFO] [stdout]    |
[INFO] [stdout]    = note: `#[warn(unused_imports)]` on by default
[INFO] [stdout] 
[INFO] [stdout] 
[INFO] [stdout] warning: function `whence_command` is never used
[INFO] [stdout]    --> src/jenv_cli/mod.rs:159:8
[INFO] [stdout]     |
[INFO] [stdout] 159 | pub fn whence_command(command_matches: &clap::ArgMatches) {
[INFO] [stdout]     |        ^^^^^^^^^^^^^^
[INFO] [stdout]     |
[INFO] [stdout]     = note: `#[warn(dead_code)]` on by default
[INFO] [stdout] 
[INFO] [stdout] 
[INFO] [stdout] warning: function `manage_list` is never used
[INFO] [stdout]  --> src/sdkman_cli/list.rs:3:8
[INFO] [stdout]   |
[INFO] [stdout] 3 | pub fn manage_list(list_matches: &clap::ArgMatches) {
[INFO] [stdout]   |        ^^^^^^^^^^^
[INFO] [stdout]   |
[INFO] [stdout]   = note: `#[warn(dead_code)]` on by default
[INFO] [stdout] 
[INFO] [stdout] 
[INFO] [stdout] warning: function `list_all_candidates` is never used
[INFO] [stdout]   --> src/sdkman_cli/list.rs:11:8
[INFO] [stdout]    |
[INFO] [stdout] 11 | pub fn list_all_candidates() {
[INFO] [stdout]    |        ^^^^^^^^^^^^^^^^^^^
[INFO] [stdout] 
[INFO] [stdout] 
[INFO] [stdout] warning: function `manage_install` is never used
[INFO] [stdout]  --> src/sdkman_cli/install.rs:8:8
[INFO] [stdout]   |
[INFO] [stdout] 8 | pub fn manage_install(install_matches: &clap::ArgMatches) {
[INFO] [stdout]   |        ^^^^^^^^^^^^^^
[INFO] [stdout] 
[INFO] [stdout] 
[INFO] [stdout] warning: function `install_candidate_from_path` is never used
[INFO] [stdout]   --> src/sdkman_cli/install.rs:50:8
[INFO] [stdout]    |
[INFO] [stdout] 50 | pub fn install_candidate_from_path(candidate_name: &str, candidate_version: &str, install_path: &PathBuf) {
[INFO] [stdout]    |        ^^^^^^^^^^^^^^^^^^^^^^^^^^^
[INFO] [stdout] 
[INFO] [stdout] 
[INFO] [stdout] warning: function `manage_use` is never used
[INFO] [stdout]  --> src/sdkman_cli/use_candidate.rs:4:8
[INFO] [stdout]   |
[INFO] [stdout] 4 | pub fn manage_use(use_matches: &clap::ArgMatches) {
[INFO] [stdout]   |        ^^^^^^^^^^
[INFO] [stdout] 
[INFO] [stdout] 
[INFO] [stdout] warning: function `manage_home` is never used
[INFO] [stdout]  --> src/sdkman_cli/home.rs:3:8
[INFO] [stdout]   |
[INFO] [stdout] 3 | pub fn manage_home(home_matches: &clap::ArgMatches) {
[INFO] [stdout]   |        ^^^^^^^^^^^
[INFO] [stdout] 
[INFO] [stdout] 
[INFO] [stdout] warning: function `manage_env` is never used
[INFO] [stdout]  --> src/sdkman_cli/env.rs:8:8
[INFO] [stdout]   |
[INFO] [stdout] 8 | pub fn manage_env(env_matches: &clap::ArgMatches) {
[INFO] [stdout]   |        ^^^^^^^^^^
[INFO] [stdout] 
[INFO] [stdout] 
[INFO] [stdout] warning: function `env_init` is never used
[INFO] [stdout]   --> src/sdkman_cli/env.rs:19:8
[INFO] [stdout]    |
[INFO] [stdout] 19 | pub fn env_init() {
[INFO] [stdout]    |        ^^^^^^^^
[INFO] [stdout] 
[INFO] [stdout] 
[INFO] [stdout] warning: function `env_install` is never used
[INFO] [stdout]   --> src/sdkman_cli/env.rs:31:8
[INFO] [stdout]    |
[INFO] [stdout] 31 | pub fn env_install() {
[INFO] [stdout]    |        ^^^^^^^^^^^
[INFO] [stdout] 
[INFO] [stdout] 
[INFO] [stdout] warning: function `env_clear` is never used
[INFO] [stdout]   --> src/sdkman_cli/env.rs:48:8
[INFO] [stdout]    |
[INFO] [stdout] 48 | pub fn env_clear() {
[INFO] [stdout]    |        ^^^^^^^^^
[INFO] [stdout] 
[INFO] [stdout] 
[INFO] [stdout] warning: function `manage_upgrade` is never used
[INFO] [stdout]  --> src/sdkman_cli/upgrade.rs:5:8
[INFO] [stdout]   |
[INFO] [stdout] 5 | pub fn manage_upgrade(upgrade_matches: &clap::ArgMatches) {
[INFO] [stdout]   |        ^^^^^^^^^^^^^^
[INFO] [stdout] 
[INFO] [stdout] 
[INFO] [stdout] warning: function `manage_direnv` is never used
[INFO] [stdout]  --> src/sdkman_cli/direnv.rs:9:8
[INFO] [stdout]   |
[INFO] [stdout] 9 | pub fn manage_direnv(direnv_matches: &clap::ArgMatches) {
[INFO] [stdout]   |        ^^^^^^^^^^^^^
[INFO] [stdout] 
[INFO] [stdout] 
[INFO] [stdout] warning: function `direnv_init` is never used
[INFO] [stdout]   --> src/sdkman_cli/direnv.rs:17:8
[INFO] [stdout]    |
[INFO] [stdout] 17 | pub fn direnv_init() {
[INFO] [stdout]    |        ^^^^^^^^^^^
[INFO] [stdout] 
[INFO] [stdout] 
[INFO] [stdout] warning: function `jdk_home` is never used
[INFO] [stdout]   --> src/jbang_cli/mod.rs:33:8
[INFO] [stdout]    |
[INFO] [stdout] 33 | pub fn jdk_home(jdk_version: &str) -> PathBuf {
[INFO] [stdout]    |        ^^^^^^^^
[INFO] [stdout]    |
[INFO] [stdout]    = note: `#[warn(dead_code)]` on by default
[INFO] [stdout] 
[INFO] [stdout] 
[INFO] [stdout] warning: function `jbang_exec` is never used
[INFO] [stdout]   --> src/jbang_cli/mod.rs:76:8
[INFO] [stdout]    |
[INFO] [stdout] 76 | pub fn jbang_exec() -> PathBuf {
[INFO] [stdout]    |        ^^^^^^^^^^
[INFO] [stdout] 
[INFO] [stdout] 
[INFO] [stderr]     Finished `test` profile [unoptimized] target(s) in 1.42s
[INFO] running `Command { std: "docker" "inspect" "aeb4336592d6bce146be0bbd9c859b21c098b2209ca5d40c793784102f35b059", kill_on_drop: false }`
[INFO] running `Command { std: "docker" "rm" "-f" "aeb4336592d6bce146be0bbd9c859b21c098b2209ca5d40c793784102f35b059", kill_on_drop: false }`
[INFO] [stdout] aeb4336592d6bce146be0bbd9c859b21c098b2209ca5d40c793784102f35b059
[INFO] running `Command { std: "docker" "create" "-v" "/var/lib/crater-agent-workspace/builds/worker-6-tc1/target:/opt/rustwide/target:rw,Z" "-v" "/var/lib/crater-agent-workspace/builds/worker-6-tc1/source:/opt/rustwide/workdir:ro,Z" "-v" "/var/lib/crater-agent-workspace/cargo-home:/opt/rustwide/cargo-home:ro,Z" "-v" "/var/lib/crater-agent-workspace/rustup-home:/opt/rustwide/rustup-home:ro,Z" "-e" "SOURCE_DIR=/opt/rustwide/workdir" "-e" "CARGO_TARGET_DIR=/opt/rustwide/target" "-e" "CARGO_INCREMENTAL=0" "-e" "RUST_BACKTRACE=full" "-e" "RUSTFLAGS=--cap-lints=forbid" "-e" "RUSTDOCFLAGS=--cap-lints=forbid" "-e" "CARGO_HOME=/opt/rustwide/cargo-home" "-e" "RUSTUP_HOME=/opt/rustwide/rustup-home" "-w" "/opt/rustwide/workdir" "-m" "1610612736" "--user" "0:0" "--network" "none" "ghcr.io/rust-lang/crates-build-env/linux@sha256:4a844ea9eb2546a2d2c7022eacef16ef2e8229c7fbb2c7d4d55a9ceca922f72d" "/opt/rustwide/cargo-home/bin/cargo" "+nightly-2024-10-28" "test" "--frozen", kill_on_drop: false }`
[INFO] [stdout] 459cca03bd36aa37fd743a7e64ee453e23a33b3a54ff5da226263ae1df873b90
[INFO] running `Command { std: "docker" "start" "-a" "459cca03bd36aa37fd743a7e64ee453e23a33b3a54ff5da226263ae1df873b90", kill_on_drop: false }`
[INFO] [stderr] warning: unused import: `crate::build_jbang_app`
[INFO] [stderr]   --> src/jbang_cli/jdk.rs:10:5
[INFO] [stderr]    |
[INFO] [stderr] 10 | use crate::build_jbang_app;
[INFO] [stderr]    |     ^^^^^^^^^^^^^^^^^^^^^^
[INFO] [stderr]    |
[INFO] [stderr]    = note: `#[warn(unused_imports)]` on by default
[INFO] [stderr] 
[INFO] [stderr] warning: unused import: `std::io::Read`
[INFO] [stderr]   --> src/jbang_cli/mod.rs:21:5
[INFO] [stderr]    |
[INFO] [stderr] 21 | use std::io::Read;
[INFO] [stderr]    |     ^^^^^^^^^^^^^
[INFO] [stderr] 
[INFO] [stderr] warning: function `jdk_home` is never used
[INFO] [stderr]   --> src/jbang_cli/mod.rs:33:8
[INFO] [stderr]    |
[INFO] [stderr] 33 | pub fn jdk_home(jdk_version: &str) -> PathBuf {
[INFO] [stderr]    |        ^^^^^^^^
[INFO] [stderr]    |
[INFO] [stderr]    = note: `#[warn(dead_code)]` on by default
[INFO] [stderr] 
[INFO] [stderr] warning: function `jbang_exec` is never used
[INFO] [stderr]   --> src/jbang_cli/mod.rs:76:8
[INFO] [stderr]    |
[INFO] [stderr] 76 | pub fn jbang_exec() -> PathBuf {
[INFO] [stderr]    |        ^^^^^^^^^^
[INFO] [stderr] 
[INFO] [stderr] warning: function `update_jbang` is never used
[INFO] [stderr]   --> src/jbang_cli/version.rs:28:8
[INFO] [stderr]    |
[INFO] [stderr] 28 | pub fn update_jbang() {
[INFO] [stderr]    |        ^^^^^^^^^^^^
[INFO] [stderr] 
[INFO] [stderr] warning: unused import: `fs_extra::dir::CopyOptions`
[INFO] [stderr]  --> src/sdkman_cli/install.rs:3:5
[INFO] [stderr]   |
[INFO] [stderr] 3 | use fs_extra::dir::CopyOptions;
[INFO] [stderr]   |     ^^^^^^^^^^^^^^^^^^^^^^^^^^
[INFO] [stderr]   |
[INFO] [stderr]   = note: `#[warn(unused_imports)]` on by default
[INFO] [stderr] 
[INFO] [stderr] warning: function `manage_current` is never used
[INFO] [stderr]  --> src/sdkman_cli/current.rs:3:8
[INFO] [stderr]   |
[INFO] [stderr] 3 | pub fn manage_current(current_matches: &clap::ArgMatches) {
[INFO] [stderr]   |        ^^^^^^^^^^^^^^
[INFO] [stderr]   |
[INFO] [stderr]   = note: `#[warn(dead_code)]` on by default
[INFO] [stderr] 
[INFO] [stderr] warning: unused import: `std::io::Read`
[INFO] [stderr]   --> src/jbang_cli/mod.rs:21:5
[INFO] [stderr]    |
[INFO] [stderr] 21 | use std::io::Read;
[INFO] [stderr]    |     ^^^^^^^^^^^^^
[INFO] [stderr]    |
[INFO] [stderr]    = note: `#[warn(unused_imports)]` on by default
[INFO] [stderr] 
[INFO] [stderr] warning: function `whence_command` is never used
[INFO] [stderr]    --> src/jenv_cli/mod.rs:159:8
[INFO] [stderr]     |
[INFO] [stderr] 159 | pub fn whence_command(command_matches: &clap::ArgMatches) {
[INFO] [stderr]     |        ^^^^^^^^^^^^^^
[INFO] [stderr]     |
[INFO] [stderr]     = note: `#[warn(dead_code)]` on by default
[INFO] [stderr] 
[INFO] [stderr] warning: unused import: `colored::Colorize`
[INFO] [stderr]  --> src/mt_cli/mod.rs:2:5
[INFO] [stderr]   |
[INFO] [stderr] 2 | use colored::Colorize;
[INFO] [stderr]   |     ^^^^^^^^^^^^^^^^^
[INFO] [stderr]   |
[INFO] [stderr]   = note: `#[warn(unused_imports)]` on by default
[INFO] [stderr] 
[INFO] [stderr] warning: unused import: `fs_extra::dir::CopyOptions`
[INFO] [stderr]  --> src/sdkman_cli/install.rs:3:5
[INFO] [stderr]   |
[INFO] [stderr] 3 | use fs_extra::dir::CopyOptions;
[INFO] [stderr]   |     ^^^^^^^^^^^^^^^^^^^^^^^^^^
[INFO] [stderr] 
[INFO] [stderr] warning: function `read_sdkman_config` is never used
[INFO] [stderr]   --> src/sdkman_cli/mod.rs:43:8
[INFO] [stderr]    |
[INFO] [stderr] 43 | pub fn read_sdkman_config() -> HashMap<String, String> {
[INFO] [stderr]    |        ^^^^^^^^^^^^^^^^^^
[INFO] [stderr]    |
[INFO] [stderr]    = note: `#[warn(dead_code)]` on by default
[INFO] [stderr] 
[INFO] [stderr] warning: function `get_remote_candidate_default_version` is never used
[INFO] [stderr]   --> src/sdkman_cli/mod.rs:66:8
[INFO] [stderr]    |
[INFO] [stderr] 66 | pub fn get_remote_candidate_default_version(candidate_name: &str) -> String {
[INFO] [stderr]    |        ^^^^^^^^^^^^^^^^^^^^^^^^^^^^^^^^^^^^
[INFO] [stderr] 
[INFO] [stderr] warning: function `manage_list` is never used
[INFO] [stderr]  --> src/sdkman_cli/list.rs:3:8
[INFO] [stderr]   |
[INFO] [stderr] 3 | pub fn manage_list(list_matches: &clap::ArgMatches) {
[INFO] [stderr]   |        ^^^^^^^^^^^
[INFO] [stderr] 
[INFO] [stderr] warning: function `list_all_candidates` is never used
[INFO] [stderr]   --> src/sdkman_cli/list.rs:11:8
[INFO] [stderr]    |
[INFO] [stderr] 11 | pub fn list_all_candidates() {
[INFO] [stderr]    |        ^^^^^^^^^^^^^^^^^^^
[INFO] [stderr] 
[INFO] [stderr] warning: function `manage_install` is never used
[INFO] [stderr]  --> src/sdkman_cli/install.rs:8:8
[INFO] [stderr]   |
[INFO] [stderr] 8 | pub fn manage_install(install_matches: &clap::ArgMatches) {
[INFO] [stderr]   |        ^^^^^^^^^^^^^^
[INFO] [stderr] 
[INFO] [stderr] warning: function `install_candidate_from_path` is never used
[INFO] [stderr]   --> src/sdkman_cli/install.rs:50:8
[INFO] [stderr]    |
[INFO] [stderr] 50 | pub fn install_candidate_from_path(candidate_name: &str, candidate_version: &str, install_path: &PathBuf) {
[INFO] [stderr]    |        ^^^^^^^^^^^^^^^^^^^^^^^^^^^
[INFO] [stderr] 
[INFO] [stderr] warning: function `manage_default` is never used
[INFO] [stderr]  --> src/sdkman_cli/default.rs:3:8
[INFO] [stderr]   |
[INFO] [stderr] 3 | pub fn manage_default(default_matches: &clap::ArgMatches) {
[INFO] [stderr]   |        ^^^^^^^^^^^^^^
[INFO] [stderr] 
[INFO] [stderr] warning: function `make_candidate_default` is never used
[INFO] [stderr]   --> src/sdkman_cli/default.rs:15:8
[INFO] [stderr]    |
[INFO] [stderr] 15 | pub fn make_candidate_default(candidate_name: &str, candidate_version: &str) {
[INFO] [stderr]    |        ^^^^^^^^^^^^^^^^^^^^^^
[INFO] [stderr] 
[INFO] [stderr] warning: function `manage_use` is never used
[INFO] [stderr]  --> src/sdkman_cli/use_candidate.rs:4:8
[INFO] [stderr]   |
[INFO] [stderr] 4 | pub fn manage_use(use_matches: &clap::ArgMatches) {
[INFO] [stderr]   |        ^^^^^^^^^^
[INFO] [stderr] 
[INFO] [stderr] warning: function `manage_uninstall` is never used
[INFO] [stderr]  --> src/sdkman_cli/uninstall.rs:3:8
[INFO] [stderr]   |
[INFO] [stderr] 3 | pub fn manage_uninstall(uninstall_matches: &clap::ArgMatches) {
[INFO] [stderr]   |        ^^^^^^^^^^^^^^^^
[INFO] [stderr] 
[INFO] [stderr] warning: function `manage_home` is never used
[INFO] [stderr]  --> src/sdkman_cli/home.rs:3:8
[INFO] [stderr]   |
[INFO] [stderr] 3 | pub fn manage_home(home_matches: &clap::ArgMatches) {
[INFO] [stderr]   |        ^^^^^^^^^^^
[INFO] [stderr] 
[INFO] [stderr] warning: function `manage_current` is never used
[INFO] [stderr]  --> src/sdkman_cli/current.rs:3:8
[INFO] [stderr]   |
[INFO] [stderr] 3 | pub fn manage_current(current_matches: &clap::ArgMatches) {
[INFO] [stderr]   |        ^^^^^^^^^^^^^^
[INFO] [stderr] 
[INFO] [stderr] warning: function `manage_env` is never used
[INFO] [stderr]  --> src/sdkman_cli/env.rs:8:8
[INFO] [stderr]   |
[INFO] [stderr] 8 | pub fn manage_env(env_matches: &clap::ArgMatches) {
[INFO] [stderr]   |        ^^^^^^^^^^
[INFO] [stderr] 
[INFO] [stderr] warning: function `env_init` is never used
[INFO] [stderr]   --> src/sdkman_cli/env.rs:19:8
[INFO] [stderr]    |
[INFO] [stderr] 19 | pub fn env_init() {
[INFO] [stderr]    |        ^^^^^^^^
[INFO] [stderr] 
[INFO] [stderr] warning: function `env_install` is never used
[INFO] [stderr]   --> src/sdkman_cli/env.rs:31:8
[INFO] [stderr]    |
[INFO] [stderr] 31 | pub fn env_install() {
[INFO] [stderr]    |        ^^^^^^^^^^^
[INFO] [stderr] 
[INFO] [stderr] warning: function `env_clear` is never used
[INFO] [stderr]   --> src/sdkman_cli/env.rs:48:8
[INFO] [stderr]    |
[INFO] [stderr] 48 | pub fn env_clear() {
[INFO] [stderr]    |        ^^^^^^^^^
[INFO] [stderr] 
[INFO] [stderr] warning: function `write_candidates` is never used
[INFO] [stderr]   --> src/sdkman_cli/env.rs:68:4
[INFO] [stderr]    |
[INFO] [stderr] 68 | fn write_candidates(candidates: Vec<String>) {
[INFO] [stderr]    |    ^^^^^^^^^^^^^^^^
[INFO] [stderr] 
[INFO] [stderr] warning: function `build_env_command` is never used
[INFO] [stderr]   --> src/sdkman_cli/env.rs:77:8
[INFO] [stderr]    |
[INFO] [stderr] 77 | pub fn build_env_command() -> Command {
[INFO] [stderr]    |        ^^^^^^^^^^^^^^^^^
[INFO] [stderr] 
[INFO] [stderr] warning: function `manage_upgrade` is never used
[INFO] [stderr]  --> src/sdkman_cli/upgrade.rs:5:8
[INFO] [stderr]   |
[INFO] [stderr] 5 | pub fn manage_upgrade(upgrade_matches: &clap::ArgMatches) {
[INFO] [stderr]   |        ^^^^^^^^^^^^^^
[INFO] [stderr] 
[INFO] [stderr] warning: function `upgrade_candidate` is never used
[INFO] [stderr]   --> src/sdkman_cli/upgrade.rs:29:4
[INFO] [stderr]    |
[INFO] [stderr] 29 | fn upgrade_candidate(candidate_name: &str, accept_as_default: bool) {
[INFO] [stderr]    |    ^^^^^^^^^^^^^^^^^
[INFO] [stderr] 
[INFO] [stderr] warning: constant `VERSION` is never used
[INFO] [stderr]  --> src/sdkman_cli/clap_app.rs:5:11
[INFO] [stderr]   |
[INFO] [stderr] 5 | pub const VERSION: &str = "0.2.1";
[INFO] [stderr]   |           ^^^^^^^
[INFO] [stderr] 
[INFO] [stderr] warning: function `build_sdkman_app` is never used
[INFO] [stderr]  --> src/sdkman_cli/clap_app.rs:7:8
[INFO] [stderr]   |
[INFO] [stderr] 7 | pub fn build_sdkman_app() -> Command {
[INFO] [stderr]   |        ^^^^^^^^^^^^^^^^
[INFO] [stderr] 
[INFO] [stderr] warning: function `manage_direnv` is never used
[INFO] [stderr]  --> src/sdkman_cli/direnv.rs:9:8
[INFO] [stderr]   |
[INFO] [stderr] 9 | pub fn manage_direnv(direnv_matches: &clap::ArgMatches) {
[INFO] [stderr]   |        ^^^^^^^^^^^^^
[INFO] [stderr] 
[INFO] [stderr] warning: function `direnv_init` is never used
[INFO] [stderr]   --> src/sdkman_cli/direnv.rs:17:8
[INFO] [stderr]    |
[INFO] [stderr] 17 | pub fn direnv_init() {
[INFO] [stderr]    |        ^^^^^^^^^^^
[INFO] [stderr] 
[INFO] [stderr] warning: function `direnv_hook` is never used
[INFO] [stderr]   --> src/sdkman_cli/direnv.rs:30:8
[INFO] [stderr]    |
[INFO] [stderr] 30 | pub fn direnv_hook() {
[INFO] [stderr]    |        ^^^^^^^^^^^
[INFO] [stderr] 
[INFO] [stderr] warning: function `build_direnv_command` is never used
[INFO] [stderr]   --> src/sdkman_cli/direnv.rs:94:8
[INFO] [stderr]    |
[INFO] [stderr] 94 | pub fn build_direnv_command() -> Command {
[INFO] [stderr]    |        ^^^^^^^^^^^^^^^^^^^^
[INFO] [stderr] 
[INFO] [stderr] warning: function `shell_hook` is never used
[INFO] [stderr]  --> src/sdkman_cli/init.rs:3:8
[INFO] [stderr]   |
[INFO] [stderr] 3 | pub fn shell_hook() {
[INFO] [stderr]   |        ^^^^^^^^^^
[INFO] [stderr] 
[INFO] [stderr] warning: function `manage_list` is never used
[INFO] [stderr]  --> src/sdkman_cli/list.rs:3:8
[INFO] [stderr]   |
[INFO] [stderr] 3 | pub fn manage_list(list_matches: &clap::ArgMatches) {
[INFO] [stderr]   |        ^^^^^^^^^^^
[INFO] [stderr]   |
[INFO] [stderr]   = note: `#[warn(dead_code)]` on by default
[INFO] [stderr] 
[INFO] [stderr] warning: `wukong` (bin "jbang") generated 5 warnings (run `cargo fix --bin "jbang"` to apply 2 suggestions)
[INFO] [stderr] warning: `wukong` (bin "sdk") generated 2 warnings (run `cargo fix --bin "sdk"` to apply 1 suggestion)
[INFO] [stderr] warning: `wukong` (bin "jbang" test) generated 3 warnings (2 duplicates) (run `cargo fix --bin "jbang" --tests` to apply 1 suggestion)
[INFO] [stderr] warning: `wukong` (bin "jenv" test) generated 1 warning
[INFO] [stderr] warning: `wukong` (bin "mt") generated 29 warnings (run `cargo fix --bin "mt"` to apply 2 suggestions)
[INFO] [stderr] warning: `wukong` (bin "jenv") generated 1 warning (1 duplicate)
[INFO] [stderr] warning: `wukong` (bin "mt" test) generated 14 warnings (13 duplicates)
[INFO] [stderr]     Finished `test` profile [unoptimized] target(s) in 0.15s
[INFO] [stderr]      Running unittests src/lib.rs (/opt/rustwide/target/debug/deps/wukong-97c6ffdfc84b41de)
[INFO] [stdout] 
[INFO] [stdout] running 6 tests
[INFO] [stdout] test foojay::tests::test_get_download_url ... ok
[INFO] [stdout] test common::tests::test_download ... FAILED
[INFO] [stdout] test common::tests::test_extract_jdk_mac ... FAILED
[INFO] [stdout] test common::tests::test_extract_maven_zip ... FAILED
[INFO] [stdout] test foojay::tests::test_list_jdk ... FAILED
[INFO] [stdout] test common::tests::test_redirect_url ... FAILED
[INFO] [stdout] 
[INFO] [stdout] failures:
[INFO] [stdout] 
[INFO] [stdout] ---- common::tests::test_download stdout ----
[INFO] [stdout] thread 'common::tests::test_download' panicked at src/common.rs:185:49:
[INFO] [stdout] called `Option::unwrap()` on a `None` value
[INFO] [stdout] stack backtrace:
[INFO] [stdout]    0:     0x5e56ab70d0fa - <std::sys::backtrace::BacktraceLock::print::DisplayBacktrace as core::fmt::Display>::fmt::ha0a4c9b8ce3802e6
[INFO] [stdout]    1:     0x5e56ab738c73 - core::fmt::write::h522cc39e5b36ae9f
[INFO] [stdout]    2:     0x5e56ab7089e3 - std::io::Write::write_fmt::h7d3c26752da97734
[INFO] [stdout]    3:     0x5e56ab70cf42 - std::sys::backtrace::BacktraceLock::print::h4b9e00b29e9c0942
[INFO] [stdout]    4:     0x5e56ab70e58a - std::panicking::default_hook::{{closure}}::hb59b88280d0324d9
[INFO] [stdout]    5:     0x5e56ab70e394 - std::panicking::default_hook::he1dd496665be4a29
[INFO] [stdout]    6:     0x5e56ab4d8659 - test::test_main::{{closure}}::hcf7c055ce117aa81
[INFO] [stdout]    7:     0x5e56ab70ec88 - std::panicking::rust_panic_with_hook::h2ff17fe8f26dfcf8
[INFO] [stdout]    8:     0x5e56ab70ea16 - std::panicking::begin_panic_handler::{{closure}}::h4fad77951c07e101
[INFO] [stdout]    9:     0x5e56ab70d5d9 - std::sys::backtrace::__rust_end_short_backtrace::hb1a25b3da5d0ea08
[INFO] [stdout]   10:     0x5e56ab70e6dc - rust_begin_unwind
[INFO] [stdout]   11:     0x5e56ab736de0 - core::panicking::panic_fmt::ha9db07b529f9b256
[INFO] [stdout]   12:     0x5e56ab736e6c - core::panicking::panic::h993086813d94accc
[INFO] [stdout]   13:     0x5e56ab736d59 - core::option::unwrap_failed::h7d84639b8a1a5da9
[INFO] [stdout]   14:     0x5e56ab37725a - wukong::common::tests::test_download::h2479b4772b48b4cd
[INFO] [stdout]   15:     0x5e56ab377203 - wukong::common::tests::test_download::{{closure}}::h3c5e71cfa72b4d4e
[INFO] [stdout]   16:     0x5e56ab351776 - core::ops::function::FnOnce::call_once::h4c0f3211454673de
[INFO] [stdout]   17:     0x5e56ab4dcf2b - test::__rust_begin_short_backtrace::h8e82d8113d0da17f
[INFO] [stdout]   18:     0x5e56ab4dc8a7 - test::run_test::{{closure}}::h708eb8872708115d
[INFO] [stdout]   19:     0x5e56ab49ffc4 - std::sys::backtrace::__rust_begin_short_backtrace::h2f40290710935a8b
[INFO] [stdout]   20:     0x5e56ab4a376e - core::ops::function::FnOnce::call_once{{vtable.shim}}::h90d312fedd7b8ea8
[INFO] [stdout]   21:     0x5e56ab71373b - std::sys::pal::unix::thread::Thread::new::thread_start::h6cd80a1b4be5158d
[INFO] [stdout]   22:     0x74887e65dac3 - <unknown>
[INFO] [stdout]   23:     0x74887e6eea04 - clone
[INFO] [stdout]   24:                0x0 - <unknown>
[INFO] [stdout] 
[INFO] [stdout] ---- common::tests::test_extract_jdk_mac stdout ----
[INFO] [stdout] thread 'common::tests::test_extract_jdk_mac' panicked at src/common.rs:109:50:
[INFO] [stdout] called `Result::unwrap()` on an `Err` value: Os { code: 2, kind: NotFound, message: "No such file or directory" }
[INFO] [stdout] stack backtrace:
[INFO] [stdout]    0:     0x5e56ab70d0fa - <std::sys::backtrace::BacktraceLock::print::DisplayBacktrace as core::fmt::Display>::fmt::ha0a4c9b8ce3802e6
[INFO] [stdout]    1:     0x5e56ab738c73 - core::fmt::write::h522cc39e5b36ae9f
[INFO] [stdout]    2:     0x5e56ab7089e3 - std::io::Write::write_fmt::h7d3c26752da97734
[INFO] [stdout]    3:     0x5e56ab70cf42 - std::sys::backtrace::BacktraceLock::print::h4b9e00b29e9c0942
[INFO] [stdout]    4:     0x5e56ab70e58a - std::panicking::default_hook::{{closure}}::hb59b88280d0324d9
[INFO] [stdout]    5:     0x5e56ab70e394 - std::panicking::default_hook::he1dd496665be4a29
[INFO] [stdout]    6:     0x5e56ab4d8659 - test::test_main::{{closure}}::hcf7c055ce117aa81
[INFO] [stdout]    7:     0x5e56ab70ec88 - std::panicking::rust_panic_with_hook::h2ff17fe8f26dfcf8
[INFO] [stdout]    8:     0x5e56ab70ea4a - std::panicking::begin_panic_handler::{{closure}}::h4fad77951c07e101
[INFO] [stdout]    9:     0x5e56ab70d5d9 - std::sys::backtrace::__rust_end_short_backtrace::hb1a25b3da5d0ea08
[INFO] [stdout]   10:     0x5e56ab70e6dc - rust_begin_unwind
[INFO] [stdout]   11:     0x5e56ab736de0 - core::panicking::panic_fmt::ha9db07b529f9b256
[INFO] [stdout]   12:     0x5e56ab7372c6 - core::result::unwrap_failed::h5e8218e4d4338b8a
[INFO] [stdout]   13:     0x5e56ab376731 - wukong::common::extract_tgz_from_sub_path::heed28191ba21d610
[INFO] [stdout]   14:     0x5e56ab377562 - wukong::common::tests::test_extract_jdk_mac::h2af9330d7cb1d710
[INFO] [stdout]   15:     0x5e56ab377503 - wukong::common::tests::test_extract_jdk_mac::{{closure}}::h7c8ef3b28a9b2fb6
[INFO] [stdout]   16:     0x5e56ab351966 - core::ops::function::FnOnce::call_once::h9b549bac58164567
[INFO] [stdout]   17:     0x5e56ab4dcf2b - test::__rust_begin_short_backtrace::h8e82d8113d0da17f
[INFO] [stdout]   18:     0x5e56ab4dc8a7 - test::run_test::{{closure}}::h708eb8872708115d
[INFO] [stdout]   19:     0x5e56ab49ffc4 - std::sys::backtrace::__rust_begin_short_backtrace::h2f40290710935a8b
[INFO] [stdout]   20:     0x5e56ab4a376e - core::ops::function::FnOnce::call_once{{vtable.shim}}::h90d312fedd7b8ea8
[INFO] [stdout]   21:     0x5e56ab71373b - std::sys::pal::unix::thread::Thread::new::thread_start::h6cd80a1b4be5158d
[INFO] [stdout]   22:     0x74887e65dac3 - <unknown>
[INFO] [stdout]   23:     0x74887e6eea04 - clone
[INFO] [stdout]   24:                0x0 - <unknown>
[INFO] [stdout] 
[INFO] [stdout] ---- common::tests::test_extract_maven_zip stdout ----
[INFO] [stdout] thread 'common::tests::test_extract_maven_zip' panicked at src/common.rs:65:69:
[INFO] [stdout] called `Result::unwrap()` on an `Err` value: Os { code: 2, kind: NotFound, message: "No such file or directory" }
[INFO] [stdout] stack backtrace:
[INFO] [stdout]    0:     0x5e56ab70d0fa - <std::sys::backtrace::BacktraceLock::print::DisplayBacktrace as core::fmt::Display>::fmt::ha0a4c9b8ce3802e6
[INFO] [stdout]    1:     0x5e56ab738c73 - core::fmt::write::h522cc39e5b36ae9f
[INFO] [stdout]    2:     0x5e56ab7089e3 - std::io::Write::write_fmt::h7d3c26752da97734
[INFO] [stdout]    3:     0x5e56ab70cf42 - std::sys::backtrace::BacktraceLock::print::h4b9e00b29e9c0942
[INFO] [stdout]    4:     0x5e56ab70e58a - std::panicking::default_hook::{{closure}}::hb59b88280d0324d9
[INFO] [stdout]    5:     0x5e56ab70e394 - std::panicking::default_hook::he1dd496665be4a29
[INFO] [stdout]    6:     0x5e56ab4d8659 - test::test_main::{{closure}}::hcf7c055ce117aa81
[INFO] [stdout]    7:     0x5e56ab70ec88 - std::panicking::rust_panic_with_hook::h2ff17fe8f26dfcf8
[INFO] [stdout]    8:     0x5e56ab70ea4a - std::panicking::begin_panic_handler::{{closure}}::h4fad77951c07e101
[INFO] [stdout]    9:     0x5e56ab70d5d9 - std::sys::backtrace::__rust_end_short_backtrace::hb1a25b3da5d0ea08
[INFO] [stdout]   10:     0x5e56ab70e6dc - rust_begin_unwind
[INFO] [stdout]   11:     0x5e56ab736de0 - core::panicking::panic_fmt::ha9db07b529f9b256
[INFO] [stdout]   12:     0x5e56ab7372c6 - core::result::unwrap_failed::h5e8218e4d4338b8a
[INFO] [stdout]   13:     0x5e56ab375be7 - wukong::common::extract_zip::hd5669b262f3a747a
[INFO] [stdout]   14:     0x5e56ab3774aa - wukong::common::tests::test_extract_maven_zip::h959d37b8a20eae44
[INFO] [stdout]   15:     0x5e56ab377453 - wukong::common::tests::test_extract_maven_zip::{{closure}}::h2ef51ef1a04070c0
[INFO] [stdout]   16:     0x5e56ab3517b6 - core::ops::function::FnOnce::call_once::h4c30e809deff5983
[INFO] [stdout]   17:     0x5e56ab4dcf2b - test::__rust_begin_short_backtrace::h8e82d8113d0da17f
[INFO] [stdout]   18:     0x5e56ab4dc8a7 - test::run_test::{{closure}}::h708eb8872708115d
[INFO] [stdout]   19:     0x5e56ab49ffc4 - std::sys::backtrace::__rust_begin_short_backtrace::h2f40290710935a8b
[INFO] [stdout]   20:     0x5e56ab4a376e - core::ops::function::FnOnce::call_once{{vtable.shim}}::h90d312fedd7b8ea8
[INFO] [stdout]   21:     0x5e56ab71373b - std::sys::pal::unix::thread::Thread::new::thread_start::h6cd80a1b4be5158d
[INFO] [stdout]   22:     0x74887e65dac3 - <unknown>
[INFO] [stdout]   23:     0x74887e6eea04 - clone
[INFO] [stdout]   24:                0x0 - <unknown>
[INFO] [stdout] 
[INFO] [stdout] ---- foojay::tests::test_list_jdk stdout ----
[INFO] [stdout] thread 'foojay::tests::test_list_jdk' panicked at src/foojay.rs:93:49:
[INFO] [stdout] called `Result::unwrap()` on an `Err` value: reqwest::Error { kind: Request, url: "https://api.foojay.io/disco/v3.0/packages?release_status=ga&package_type=jdk&latest=available&archive_type=tar.gz&distro=temurin&architecture=x64&operating_system=linux&libc_type=glibc", source: hyper_util::client::legacy::Error(Connect, ConnectError("dns error", Custom { kind: Uncategorized, error: "failed to lookup address information: Temporary failure in name resolution" })) }
[INFO] [stdout] stack backtrace:
[INFO] [stdout]    0:     0x5e56ab70d0fa - <std::sys::backtrace::BacktraceLock::print::DisplayBacktrace as core::fmt::Display>::fmt::ha0a4c9b8ce3802e6
[INFO] [stdout]    1:     0x5e56ab738c73 - core::fmt::write::h522cc39e5b36ae9f
[INFO] [stdout]    2:     0x5e56ab7089e3 - std::io::Write::write_fmt::h7d3c26752da97734
[INFO] [stdout]    3:     0x5e56ab70cf42 - std::sys::backtrace::BacktraceLock::print::h4b9e00b29e9c0942
[INFO] [stdout]    4:     0x5e56ab70e58a - std::panicking::default_hook::{{closure}}::hb59b88280d0324d9
[INFO] [stdout]    5:     0x5e56ab70e394 - std::panicking::default_hook::he1dd496665be4a29
[INFO] [stdout]    6:     0x5e56ab4d8659 - test::test_main::{{closure}}::hcf7c055ce117aa81
[INFO] [stdout]    7:     0x5e56ab70ec88 - std::panicking::rust_panic_with_hook::h2ff17fe8f26dfcf8
[INFO] [stdout]    8:     0x5e56ab70ea4a - std::panicking::begin_panic_handler::{{closure}}::h4fad77951c07e101
[INFO] [stdout]    9:     0x5e56ab70d5d9 - std::sys::backtrace::__rust_end_short_backtrace::hb1a25b3da5d0ea08
[INFO] [stdout]   10:     0x5e56ab70e6dc - rust_begin_unwind
[INFO] [stdout]   11:     0x5e56ab736de0 - core::panicking::panic_fmt::ha9db07b529f9b256
[INFO] [stdout]   12:     0x5e56ab7372c6 - core::result::unwrap_failed::h5e8218e4d4338b8a
[INFO] [stdout]   13:     0x5e56ab37b9ec - wukong::foojay::list_jdk::h986e30e406e0b6f0
[INFO] [stdout]   14:     0x5e56ab37d82f - wukong::foojay::tests::test_list_jdk::hb45f4d19d65859da
[INFO] [stdout]   15:     0x5e56ab37d7e3 - wukong::foojay::tests::test_list_jdk::{{closure}}::hb94f4358bf824644
[INFO] [stdout]   16:     0x5e56ab351736 - core::ops::function::FnOnce::call_once::h3ec7118715eae2a4
[INFO] [stdout]   17:     0x5e56ab4dcf2b - test::__rust_begin_short_backtrace::h8e82d8113d0da17f
[INFO] [stdout]   18:     0x5e56ab4dc8a7 - test::run_test::{{closure}}::h708eb8872708115d
[INFO] [stdout]   19:     0x5e56ab49ffc4 - std::sys::backtrace::__rust_begin_short_backtrace::h2f40290710935a8b
[INFO] [stdout]   20:     0x5e56ab4a376e - core::ops::function::FnOnce::call_once{{vtable.shim}}::h90d312fedd7b8ea8
[INFO] [stdout]   21:     0x5e56ab71373b - std::sys::pal::unix::thread::Thread::new::thread_start::h6cd80a1b4be5158d
[INFO] [stdout]   22:     0x74887e65dac3 - <unknown>
[INFO] [stdout]   23:     0x74887e6eea04 - clone
[INFO] [stdout]   24:                0x0 - <unknown>
[INFO] [stdout] 
[INFO] [stdout] ---- common::tests::test_redirect_url stdout ----
[INFO] [stdout] thread 'common::tests::test_redirect_url' panicked at src/common.rs:210:59:
[INFO] [stdout] called `Result::unwrap()` on an `Err` value: error sending request for url (https://api.sdkman.io/2/broker/download/java/22.0.2-tem/darwinx64)
[INFO] [stdout] 
[INFO] [stdout] Caused by:
[INFO] [stdout]     0: client error (Connect)
[INFO] [stdout]     1: dns error: failed to lookup address information: Temporary failure in name resolution
[INFO] [stdout]     2: failed to lookup address information: Temporary failure in name resolution
[INFO] [stdout] 
[INFO] [stdout] Stack backtrace:
[INFO] [stdout]    0: anyhow::error::<impl core::convert::From<E> for anyhow::Error>::from
[INFO] [stdout]    1: <core::result::Result<T,F> as core::ops::try_trait::FromResidual<core::result::Result<core::convert::Infallible,E>>>::from_residual
[INFO] [stdout]    2: wukong::common::get_redirect_url
[INFO] [stdout]    3: wukong::common::tests::test_redirect_url
[INFO] [stdout]    4: wukong::common::tests::test_redirect_url::{{closure}}
[INFO] [stdout]    5: core::ops::function::FnOnce::call_once
[INFO] [stdout]    6: test::__rust_begin_short_backtrace
[INFO] [stdout]    7: test::run_test::{{closure}}
[INFO] [stdout]    8: std::sys::backtrace::__rust_begin_short_backtrace
[INFO] [stdout]    9: core::ops::function::FnOnce::call_once{{vtable.shim}}
[INFO] [stdout]   10: std::sys::pal::unix::thread::Thread::new::thread_start
[INFO] [stdout]   11: <unknown>
[INFO] [stdout]   12: clone
[INFO] [stdout] stack backtrace:
[INFO] [stdout]    0:     0x5e56ab70d0fa - <std::sys::backtrace::BacktraceLock::print::DisplayBacktrace as core::fmt::Display>::fmt::ha0a4c9b8ce3802e6
[INFO] [stdout]    1:     0x5e56ab738c73 - core::fmt::write::h522cc39e5b36ae9f
[INFO] [stdout]    2:     0x5e56ab7089e3 - std::io::Write::write_fmt::h7d3c26752da97734
[INFO] [stdout]    3:     0x5e56ab70cf42 - std::sys::backtrace::BacktraceLock::print::h4b9e00b29e9c0942
[INFO] [stdout]    4:     0x5e56ab70e58a - std::panicking::default_hook::{{closure}}::hb59b88280d0324d9
[INFO] [stdout]    5:     0x5e56ab70e394 - std::panicking::default_hook::he1dd496665be4a29
[INFO] [stdout]    6:     0x5e56ab4d8659 - test::test_main::{{closure}}::hcf7c055ce117aa81
[INFO] [stdout]    7:     0x5e56ab70ec88 - std::panicking::rust_panic_with_hook::h2ff17fe8f26dfcf8
[INFO] [stdout]    8:     0x5e56ab70ea4a - std::panicking::begin_panic_handler::{{closure}}::h4fad77951c07e101
[INFO] [stdout]    9:     0x5e56ab70d5d9 - std::sys::backtrace::__rust_end_short_backtrace::hb1a25b3da5d0ea08
[INFO] [stdout]   10:     0x5e56ab70e6dc - rust_begin_unwind
[INFO] [stdout]   11:     0x5e56ab736de0 - core::panicking::panic_fmt::ha9db07b529f9b256
[INFO] [stdout]   12:     0x5e56ab7372c6 - core::result::unwrap_failed::h5e8218e4d4338b8a
[INFO] [stdout]   13:     0x5e56ab377655 - wukong::common::tests::test_redirect_url::h7c9237da9d881ce6
[INFO] [stdout]   14:     0x5e56ab3775c3 - wukong::common::tests::test_redirect_url::{{closure}}::h872ecfb669cbce43
[INFO] [stdout]   15:     0x5e56ab351926 - core::ops::function::FnOnce::call_once::h8ccb29b1e96d7f87
[INFO] [stdout]   16:     0x5e56ab4dcf2b - test::__rust_begin_short_backtrace::h8e82d8113d0da17f
[INFO] [stdout]   17:     0x5e56ab4dc8a7 - test::run_test::{{closure}}::h708eb8872708115d
[INFO] [stdout]   18:     0x5e56ab49ffc4 - std::sys::backtrace::__rust_begin_short_backtrace::h2f40290710935a8b
[INFO] [stdout]   19:     0x5e56ab4a376e - core::ops::function::FnOnce::call_once{{vtable.shim}}::h90d312fedd7b8ea8
[INFO] [stdout]   20:     0x5e56ab71373b - std::sys::pal::unix::thread::Thread::new::thread_start::h6cd80a1b4be5158d
[INFO] [stdout]   21:     0x74887e65dac3 - <unknown>
[INFO] [stdout]   22:     0x74887e6eea04 - clone
[INFO] [stdout]   23:                0x0 - <unknown>
[INFO] [stdout] 
[INFO] [stdout] 
[INFO] [stdout] failures:
[INFO] [stdout]     common::tests::test_download
[INFO] [stdout]     common::tests::test_extract_jdk_mac
[INFO] [stdout]     common::tests::test_extract_maven_zip
[INFO] [stdout]     common::tests::test_redirect_url
[INFO] [stdout]     foojay::tests::test_list_jdk
[INFO] [stdout] 
[INFO] [stdout] test result: FAILED. 1 passed; 5 failed; 0 ignored; 0 measured; 0 filtered out; finished in 0.05s
[INFO] [stdout] 
[INFO] [stderr] error: test failed, to rerun pass `--lib`
[INFO] running `Command { std: "docker" "inspect" "459cca03bd36aa37fd743a7e64ee453e23a33b3a54ff5da226263ae1df873b90", kill_on_drop: false }`
[INFO] running `Command { std: "docker" "rm" "-f" "459cca03bd36aa37fd743a7e64ee453e23a33b3a54ff5da226263ae1df873b90", kill_on_drop: false }`
[INFO] [stdout] 459cca03bd36aa37fd743a7e64ee453e23a33b3a54ff5da226263ae1df873b90
