[INFO] fetching crate tmq 0.5.0...
[INFO] testing tmq-0.5.0 against nightly-2024-10-28+rustflags=-Zrandomize-layout for randomize-layout
[INFO] extracting crate tmq 0.5.0 into /workspace/builds/worker-5-tc2/source
[INFO] validating manifest of crates.io crate tmq 0.5.0 on toolchain nightly-2024-10-28
[INFO] running `Command { std: CARGO_HOME="/workspace/cargo-home" RUSTUP_HOME="/workspace/rustup-home" "/workspace/cargo-home/bin/cargo" "+nightly-2024-10-28" "metadata" "--manifest-path" "Cargo.toml" "--no-deps", kill_on_drop: false }`
[INFO] started tweaking crates.io crate tmq 0.5.0
[INFO] removed 0 missing examples
[INFO] removed 0 missing tests
[INFO] finished tweaking crates.io crate tmq 0.5.0
[INFO] tweaked toml for crates.io crate tmq 0.5.0 written to /workspace/builds/worker-5-tc2/source/Cargo.toml
[INFO] crate crates.io crate tmq 0.5.0 already has a lockfile, it will not be regenerated
[INFO] running `Command { std: CARGO_HOME="/workspace/cargo-home" RUSTUP_HOME="/workspace/rustup-home" "/workspace/cargo-home/bin/cargo" "+nightly-2024-10-28" "fetch" "--manifest-path" "Cargo.toml", kill_on_drop: false }`
[INFO] running `Command { std: "docker" "create" "-v" "/var/lib/crater-agent-workspace/builds/worker-5-tc2/target:/opt/rustwide/target:rw,Z" "-v" "/var/lib/crater-agent-workspace/builds/worker-5-tc2/source:/opt/rustwide/workdir:ro,Z" "-v" "/var/lib/crater-agent-workspace/cargo-home:/opt/rustwide/cargo-home:ro,Z" "-v" "/var/lib/crater-agent-workspace/rustup-home:/opt/rustwide/rustup-home:ro,Z" "-e" "SOURCE_DIR=/opt/rustwide/workdir" "-e" "CARGO_TARGET_DIR=/opt/rustwide/target" "-e" "CARGO_HOME=/opt/rustwide/cargo-home" "-e" "RUSTUP_HOME=/opt/rustwide/rustup-home" "-w" "/opt/rustwide/workdir" "-m" "1610612736" "--user" "0:0" "--network" "none" "ghcr.io/rust-lang/crates-build-env/linux@sha256:4a844ea9eb2546a2d2c7022eacef16ef2e8229c7fbb2c7d4d55a9ceca922f72d" "/opt/rustwide/cargo-home/bin/cargo" "+nightly-2024-10-28" "metadata" "--no-deps" "--format-version=1", kill_on_drop: false }`
[INFO] [stdout] ea942b0f4ccf274ae66eb0ac00316a0ec9fd4f8de4550affb0309db9a6a96ac5
[INFO] running `Command { std: "docker" "start" "-a" "ea942b0f4ccf274ae66eb0ac00316a0ec9fd4f8de4550affb0309db9a6a96ac5", kill_on_drop: false }`
[INFO] running `Command { std: "docker" "inspect" "ea942b0f4ccf274ae66eb0ac00316a0ec9fd4f8de4550affb0309db9a6a96ac5", kill_on_drop: false }`
[INFO] running `Command { std: "docker" "rm" "-f" "ea942b0f4ccf274ae66eb0ac00316a0ec9fd4f8de4550affb0309db9a6a96ac5", kill_on_drop: false }`
[INFO] [stdout] ea942b0f4ccf274ae66eb0ac00316a0ec9fd4f8de4550affb0309db9a6a96ac5
[INFO] running `Command { std: "docker" "create" "-v" "/var/lib/crater-agent-workspace/builds/worker-5-tc2/target:/opt/rustwide/target:rw,Z" "-v" "/var/lib/crater-agent-workspace/builds/worker-5-tc2/source:/opt/rustwide/workdir:ro,Z" "-v" "/var/lib/crater-agent-workspace/cargo-home:/opt/rustwide/cargo-home:ro,Z" "-v" "/var/lib/crater-agent-workspace/rustup-home:/opt/rustwide/rustup-home:ro,Z" "-e" "SOURCE_DIR=/opt/rustwide/workdir" "-e" "CARGO_TARGET_DIR=/opt/rustwide/target" "-e" "CARGO_INCREMENTAL=0" "-e" "RUST_BACKTRACE=full" "-e" "RUSTFLAGS=--cap-lints=forbid -Zrandomize-layout" "-e" "RUSTDOCFLAGS=--cap-lints=forbid" "-e" "CARGO_HOME=/opt/rustwide/cargo-home" "-e" "RUSTUP_HOME=/opt/rustwide/rustup-home" "-w" "/opt/rustwide/workdir" "-m" "1610612736" "--user" "0:0" "--network" "none" "ghcr.io/rust-lang/crates-build-env/linux@sha256:4a844ea9eb2546a2d2c7022eacef16ef2e8229c7fbb2c7d4d55a9ceca922f72d" "/opt/rustwide/cargo-home/bin/cargo" "+nightly-2024-10-28" "build" "--frozen" "--message-format=json", kill_on_drop: false }`
[INFO] [stdout] 542a1cbd4f8fb95e58bbd73b7ebbc5e394c225a552616c0ca74dcb5daa496c39
[INFO] running `Command { std: "docker" "start" "-a" "542a1cbd4f8fb95e58bbd73b7ebbc5e394c225a552616c0ca74dcb5daa496c39", kill_on_drop: false }`
[INFO] [stderr]    Compiling crossbeam-utils v0.8.20
[INFO] [stderr]    Compiling libc v0.2.159
[INFO] [stderr]    Compiling serde v1.0.210
[INFO] [stderr]    Compiling rayon-core v1.12.1
[INFO] [stderr]    Compiling hashbrown v0.14.5
[INFO] [stderr]    Compiling either v1.13.0
[INFO] [stderr]    Compiling target-lexicon v0.12.16
[INFO] [stderr]    Compiling equivalent v1.0.1
[INFO] [stderr]    Compiling winnow v0.6.20
[INFO] [stderr]    Compiling same-file v1.0.6
[INFO] [stderr]    Compiling log v0.4.22
[INFO] [stderr]    Compiling shlex v1.3.0
[INFO] [stderr]    Compiling smallvec v1.13.2
[INFO] [stderr]    Compiling pkg-config v0.3.31
[INFO] [stderr]    Compiling proc-macro2 v1.0.86
[INFO] [stderr]    Compiling heck v0.5.0
[INFO] [stderr]    Compiling version-compare v0.2.0
[INFO] [stderr]    Compiling walkdir v2.5.0
[INFO] [stderr]    Compiling unicode-ident v1.0.13
[INFO] [stderr]    Compiling pin-project-lite v0.2.14
[INFO] [stderr]    Compiling futures-sink v0.3.30
[INFO] [stderr]    Compiling futures-core v0.3.30
[INFO] [stderr]    Compiling thiserror v1.0.64
[INFO] [stderr]    Compiling pin-utils v0.1.0
[INFO] [stderr]    Compiling zmq v0.10.0
[INFO] [stderr]    Compiling futures-task v0.3.30
[INFO] [stderr]    Compiling futures-io v0.3.30
[INFO] [stderr]    Compiling bitflags v1.3.2
[INFO] [stderr]    Compiling futures-channel v0.3.30
[INFO] [stderr]    Compiling futures-util v0.3.30
[INFO] [stderr]    Compiling crossbeam-epoch v0.9.18
[INFO] [stderr]    Compiling crossbeam-channel v0.5.13
[INFO] [stderr]    Compiling crossbeam-queue v0.3.11
[INFO] [stderr]    Compiling cfg-expr v0.15.8
[INFO] [stderr]    Compiling quote v1.0.37
[INFO] [stderr]    Compiling indexmap v2.5.0
[INFO] [stderr]    Compiling crossbeam-deque v0.8.5
[INFO] [stderr]    Compiling syn v2.0.79
[INFO] [stderr]    Compiling crossbeam v0.8.4
[INFO] [stderr]    Compiling jobserver v0.1.32
[INFO] [stderr]    Compiling mio v1.0.2
[INFO] [stderr]    Compiling socket2 v0.5.7
[INFO] [stderr]    Compiling cc v1.1.24
[INFO] [stderr]    Compiling rayon v1.10.0
[INFO] [stderr]    Compiling tokio v1.40.0
[INFO] [stderr]    Compiling futures v0.3.30
[INFO] [stderr]    Compiling thiserror-impl v1.0.64
[INFO] [stderr]    Compiling serde_spanned v0.6.8
[INFO] [stderr]    Compiling toml_datetime v0.6.8
[INFO] [stderr]    Compiling toml_edit v0.22.22
[INFO] [stderr]    Compiling jwalk v0.8.1
[INFO] [stderr]    Compiling dircpy v0.3.19
[INFO] [stderr]    Compiling zeromq-src v0.2.6+4.3.4
[INFO] [stderr]    Compiling toml v0.8.19
[INFO] [stderr]    Compiling system-deps v6.2.2
[INFO] [stderr]    Compiling zmq-sys v0.12.0
[INFO] [stderr] The following warnings were emitted during compilation:
[INFO] [stderr] 
[INFO] [stderr] warning: zmq-sys@0.12.0: c++: fatal error: Killed signal terminated program cc1plus
[INFO] [stderr] warning: zmq-sys@0.12.0: compilation terminated.
[INFO] [stderr] warning: zmq-sys@0.12.0: ToolExecError: Command "c++" "-O0" "-ffunction-sections" "-fdata-sections" "-fPIC" "-gdwarf-4" "-fno-omit-frame-pointer" "-m64" "-I" "/opt/rustwide/cargo-home/registry/src/index.crates.io-6f17d22bba15001f/zeromq-src-0.2.6+4.3.4/vendor/include" "-I" "/opt/rustwide/cargo-home/registry/src/index.crates.io-6f17d22bba15001f/zeromq-src-0.2.6+4.3.4/vendor/src" "-I" "/opt/rustwide/cargo-home/registry/src/index.crates.io-6f17d22bba15001f/zeromq-src-0.2.6+4.3.4/vendor/src" "-I" "/opt/rustwide/cargo-home/registry/src/index.crates.io-6f17d22bba15001f/zeromq-src-0.2.6+4.3.4/vendor/external/sha1" "-I" "/opt/rustwide/target/debug/build/zmq-sys-26290f4d78e13318/out" "-Wall" "-Wextra" "-DZMQ_BUILD_TESTS=OFF" "-DZMQ_USE_CV_IMPL_STL11=1" "-DZMQ_STATIC=1" "-DZMQ_USE_BUILTIN_SHA1=1" "-DZMQ_HAVE_WS=1" "-DZMQ_IOTHREAD_POLLER_USE_EPOLL=1" "-DZMQ_POLL_BASED_ON_POLL=1" "-DZMQ_HAVE_IPC=1" "-DHAVE_STRNLEN=1" "-DZMQ_HAVE_UIO=1" "-o" "/opt/rustwide/target/debug/build/zmq-sys-26290f4d78e13318/out/lib/eabcc89cc7b79605-ctx.o" "-c" "/opt/rustwide/cargo-home/registry/src/index.crates.io-6f17d22bba15001f/zeromq-src-0.2.6+4.3.4/vendor/src/ctx.cpp" with args c++ did not execute successfully (status code exit status: 1).
[INFO] [stderr] warning: zmq-sys@0.12.0: /opt/rustwide/cargo-home/registry/src/index.crates.io-6f17d22bba15001f/zeromq-src-0.2.6+4.3.4/vendor/src/ip.cpp: In function 'void zmq::set_socket_priority(zmq::fd_t, int)':
[INFO] [stderr] warning: zmq-sys@0.12.0: /opt/rustwide/cargo-home/registry/src/index.crates.io-6f17d22bba15001f/zeromq-src-0.2.6+4.3.4/vendor/src/ip.cpp:233:37: warning: unused parameter 's_' [-Wunused-parameter]
[INFO] [stderr] warning: zmq-sys@0.12.0:   233 | void zmq::set_socket_priority (fd_t s_, int priority_)
[INFO] [stderr] warning: zmq-sys@0.12.0:       |                                ~~~~~^~
[INFO] [stderr] warning: zmq-sys@0.12.0: /opt/rustwide/cargo-home/registry/src/index.crates.io-6f17d22bba15001f/zeromq-src-0.2.6+4.3.4/vendor/src/ip.cpp:233:45: warning: unused parameter 'priority_' [-Wunused-parameter]
[INFO] [stderr] warning: zmq-sys@0.12.0:   233 | void zmq::set_socket_priority (fd_t s_, int priority_)
[INFO] [stderr] warning: zmq-sys@0.12.0:       |                                         ~~~~^~~~~~~~~
[INFO] [stderr] warning: zmq-sys@0.12.0: /opt/rustwide/cargo-home/registry/src/index.crates.io-6f17d22bba15001f/zeromq-src-0.2.6+4.3.4/vendor/src/session_base.cpp: In member function 'void zmq::session_base_t::engine_error(bool, zmq::i_engine::error_reason_t)':
[INFO] [stderr] warning: zmq-sys@0.12.0: /opt/rustwide/cargo-home/registry/src/index.crates.io-6f17d22bba15001f/zeromq-src-0.2.6+4.3.4/vendor/src/session_base.cpp:453:46: warning: unused parameter 'handshaked_' [-Wunused-parameter]
[INFO] [stderr] warning: zmq-sys@0.12.0:   453 | void zmq::session_base_t::engine_error (bool handshaked_,
[INFO] [stderr] warning: zmq-sys@0.12.0:       |                                         ~~~~~^~~~~~~~~~~
[INFO] [stderr] warning: zmq-sys@0.12.0: /opt/rustwide/cargo-home/registry/src/index.crates.io-6f17d22bba15001f/zeromq-src-0.2.6+4.3.4/vendor/src/session_base.cpp:481:13: warning: this statement may fall through [-Wimplicit-fallthrough=]
[INFO] [stderr] warning: zmq-sys@0.12.0:   481 |             if (_active) {
[INFO] [stderr] warning: zmq-sys@0.12.0:       |             ^~
[INFO] [stderr] warning: zmq-sys@0.12.0: /opt/rustwide/cargo-home/registry/src/index.crates.io-6f17d22bba15001f/zeromq-src-0.2.6+4.3.4/vendor/src/session_base.cpp:486:9: note: here
[INFO] [stderr] warning: zmq-sys@0.12.0:   486 |         case i_engine::protocol_error:
[INFO] [stderr] warning: zmq-sys@0.12.0:       |         ^~~~
[INFO] [stderr] warning: zmq-sys@0.12.0: /opt/rustwide/cargo-home/registry/src/index.crates.io-6f17d22bba15001f/zeromq-src-0.2.6+4.3.4/vendor/src/zmtp_engine.cpp: In member function 'bool zmq::zmtp_engine_t::handshake_v3_x(bool)':
[INFO] [stderr] warning: zmq-sys@0.12.0: /opt/rustwide/cargo-home/registry/src/index.crates.io-6f17d22bba15001f/zeromq-src-0.2.6+4.3.4/vendor/src/zmtp_engine.cpp:345:53: warning: unused parameter 'downgrade_sub_' [-Wunused-parameter]
[INFO] [stderr] warning: zmq-sys@0.12.0:   345 | bool zmq::zmtp_engine_t::handshake_v3_x (const bool downgrade_sub_)
[INFO] [stderr] warning: zmq-sys@0.12.0:       |                                          ~~~~~~~~~~~^~~~~~~~~~~~~~
[INFO] [stderr] 
[INFO] [stderr] error: failed to run custom build command for `zmq-sys v0.12.0`
[INFO] [stderr] note: To improve backtraces for build dependencies, set the CARGO_PROFILE_DEV_BUILD_OVERRIDE_DEBUG=true environment variable to enable debug information generation.
[INFO] [stderr] 
[INFO] [stderr] Caused by:
[INFO] [stderr]   process didn't exit successfully: `/opt/rustwide/target/debug/build/zmq-sys-5722512b400b29b5/build-script-main` (exit status: 1)
[INFO] [stderr]   --- stdout
[INFO] [stderr]   cargo:rerun-if-changed=build/main.rs
[INFO] [stderr]   cargo:rerun-if-env-changed=PROFILE
[INFO] [stderr]   cargo:rerun-if-changed=/opt/rustwide/cargo-home/registry/src/index.crates.io-6f17d22bba15001f/zeromq-src-0.2.6+4.3.4/src/strlcpy.c
[INFO] [stderr]   OPT_LEVEL = Some(0)
[INFO] [stderr]   TARGET = Some(x86_64-unknown-linux-gnu)
[INFO] [stderr]   OUT_DIR = Some(/opt/rustwide/target/debug/build/zmq-sys-26290f4d78e13318/out)
[INFO] [stderr]   HOST = Some(x86_64-unknown-linux-gnu)
[INFO] [stderr]   cargo:rerun-if-env-changed=CC_x86_64-unknown-linux-gnu
[INFO] [stderr]   CC_x86_64-unknown-linux-gnu = None
[INFO] [stderr]   cargo:rerun-if-env-changed=CC_x86_64_unknown_linux_gnu
[INFO] [stderr]   CC_x86_64_unknown_linux_gnu = None
[INFO] [stderr]   cargo:rerun-if-env-changed=HOST_CC
[INFO] [stderr]   HOST_CC = None
[INFO] [stderr]   cargo:rerun-if-env-changed=CC
[INFO] [stderr]   CC = None
[INFO] [stderr]   cargo:rerun-if-env-changed=CC_ENABLE_DEBUG_OUTPUT
[INFO] [stderr]   RUSTC_WRAPPER = None
[INFO] [stderr]   cargo:rerun-if-env-changed=CRATE_CC_NO_DEFAULTS
[INFO] [stderr]   CRATE_CC_NO_DEFAULTS = None
[INFO] [stderr]   DEBUG = Some(true)
[INFO] [stderr]   CARGO_CFG_TARGET_FEATURE = Some(fxsr,sse,sse2)
[INFO] [stderr]   cargo:rerun-if-env-changed=CFLAGS_x86_64-unknown-linux-gnu
[INFO] [stderr]   CFLAGS_x86_64-unknown-linux-gnu = None
[INFO] [stderr]   cargo:rerun-if-env-changed=CFLAGS_x86_64_unknown_linux_gnu
[INFO] [stderr]   CFLAGS_x86_64_unknown_linux_gnu = None
[INFO] [stderr]   cargo:rerun-if-env-changed=HOST_CFLAGS
[INFO] [stderr]   HOST_CFLAGS = None
[INFO] [stderr]   cargo:rerun-if-env-changed=CFLAGS
[INFO] [stderr]   CFLAGS = None
[INFO] [stderr]   TARGET = Some(x86_64-unknown-linux-gnu)
[INFO] [stderr]   OPT_LEVEL = Some(0)
[INFO] [stderr]   HOST = Some(x86_64-unknown-linux-gnu)
[INFO] [stderr]   cargo:rerun-if-env-changed=CXX_x86_64-unknown-linux-gnu
[INFO] [stderr]   CXX_x86_64-unknown-linux-gnu = None
[INFO] [stderr]   cargo:rerun-if-env-changed=CXX_x86_64_unknown_linux_gnu
[INFO] [stderr]   CXX_x86_64_unknown_linux_gnu = None
[INFO] [stderr]   cargo:rerun-if-env-changed=HOST_CXX
[INFO] [stderr]   HOST_CXX = None
[INFO] [stderr]   cargo:rerun-if-env-changed=CXX
[INFO] [stderr]   CXX = None
[INFO] [stderr]   cargo:rerun-if-env-changed=CC_ENABLE_DEBUG_OUTPUT
[INFO] [stderr]   RUSTC_WRAPPER = None
[INFO] [stderr]   cargo:rerun-if-env-changed=CRATE_CC_NO_DEFAULTS
[INFO] [stderr]   CRATE_CC_NO_DEFAULTS = None
[INFO] [stderr]   DEBUG = Some(true)
[INFO] [stderr]   CARGO_CFG_TARGET_FEATURE = Some(fxsr,sse,sse2)
[INFO] [stderr]   cargo:rerun-if-env-changed=CXXFLAGS_x86_64-unknown-linux-gnu
[INFO] [stderr]   CXXFLAGS_x86_64-unknown-linux-gnu = None
[INFO] [stderr]   cargo:rerun-if-env-changed=CXXFLAGS_x86_64_unknown_linux_gnu
[INFO] [stderr]   CXXFLAGS_x86_64_unknown_linux_gnu = None
[INFO] [stderr]   cargo:rerun-if-env-changed=HOST_CXXFLAGS
[INFO] [stderr]   HOST_CXXFLAGS = None
[INFO] [stderr]   cargo:rerun-if-env-changed=CXXFLAGS
[INFO] [stderr]   CXXFLAGS = None
[INFO] [stderr]   exit status: 0
[INFO] [stderr]   exit status: 0
[INFO] [stderr]   exit status: 0
[INFO] [stderr]   exit status: 0
[INFO] [stderr]   exit status: 0
[INFO] [stderr]   exit status: 0
[INFO] [stderr]   exit status: 0
[INFO] [stderr]   exit status: 0
[INFO] [stderr]   cargo:warning=c++: fatal error: Killed signal terminated program cc1plus
[INFO] [stderr]   cargo:warning=compilation terminated.
[INFO] [stderr]   exit status: 0
[INFO] [stderr]   exit status: 0
[INFO] [stderr]   exit status: 0
[INFO] [stderr]   exit status: 0
[INFO] [stderr]   exit status: 1
[INFO] [stderr]   cargo:warning=ToolExecError: Command "c++" "-O0" "-ffunction-sections" "-fdata-sections" "-fPIC" "-gdwarf-4" "-fno-omit-frame-pointer" "-m64" "-I" "/opt/rustwide/cargo-home/registry/src/index.crates.io-6f17d22bba15001f/zeromq-src-0.2.6+4.3.4/vendor/include" "-I" "/opt/rustwide/cargo-home/registry/src/index.crates.io-6f17d22bba15001f/zeromq-src-0.2.6+4.3.4/vendor/src" "-I" "/opt/rustwide/cargo-home/registry/src/index.crates.io-6f17d22bba15001f/zeromq-src-0.2.6+4.3.4/vendor/src" "-I" "/opt/rustwide/cargo-home/registry/src/index.crates.io-6f17d22bba15001f/zeromq-src-0.2.6+4.3.4/vendor/external/sha1" "-I" "/opt/rustwide/target/debug/build/zmq-sys-26290f4d78e13318/out" "-Wall" "-Wextra" "-DZMQ_BUILD_TESTS=OFF" "-DZMQ_USE_CV_IMPL_STL11=1" "-DZMQ_STATIC=1" "-DZMQ_USE_BUILTIN_SHA1=1" "-DZMQ_HAVE_WS=1" "-DZMQ_IOTHREAD_POLLER_USE_EPOLL=1" "-DZMQ_POLL_BASED_ON_POLL=1" "-DZMQ_HAVE_IPC=1" "-DHAVE_STRNLEN=1" "-DZMQ_HAVE_UIO=1" "-o" "/opt/rustwide/target/debug/build/zmq-sys-26290f4d78e13318/out/lib/eabcc89cc7b79605-ctx.o" "-c" "/opt/rustwide/cargo-home/registry/src/index.crates.io-6f17d22bba15001f/zeromq-src-0.2.6+4.3.4/vendor/src/ctx.cpp" with args c++ did not execute successfully (status code exit status: 1).
[INFO] [stderr]   exit status: 0
[INFO] [stderr]   exit status: 0
[INFO] [stderr]   exit status: 0
[INFO] [stderr]   exit status: 0
[INFO] [stderr]   exit status: 0
[INFO] [stderr]   exit status: 0
[INFO] [stderr]   exit status: 0
[INFO] [stderr]   exit status: 0
[INFO] [stderr]   cargo:warning=/opt/rustwide/cargo-home/registry/src/index.crates.io-6f17d22bba15001f/zeromq-src-0.2.6+4.3.4/vendor/src/ip.cpp: In function 'void zmq::set_socket_priority(zmq::fd_t, int)':
[INFO] [stderr]   cargo:warning=/opt/rustwide/cargo-home/registry/src/index.crates.io-6f17d22bba15001f/zeromq-src-0.2.6+4.3.4/vendor/src/ip.cpp:233:37: warning: unused parameter 's_' [-Wunused-parameter]
[INFO] [stderr]   cargo:warning=  233 | void zmq::set_socket_priority (fd_t s_, int priority_)
[INFO] [stderr]   cargo:warning=      |                                ~~~~~^~
[INFO] [stderr]   cargo:warning=/opt/rustwide/cargo-home/registry/src/index.crates.io-6f17d22bba15001f/zeromq-src-0.2.6+4.3.4/vendor/src/ip.cpp:233:45: warning: unused parameter 'priority_' [-Wunused-parameter]
[INFO] [stderr]   cargo:warning=  233 | void zmq::set_socket_priority (fd_t s_, int priority_)
[INFO] [stderr]   cargo:warning=      |                                         ~~~~^~~~~~~~~
[INFO] [stderr]   exit status: 0
[INFO] [stderr]   exit status: 0
[INFO] [stderr]   exit status: 0
[INFO] [stderr]   exit status: 0
[INFO] [stderr]   exit status: 0
[INFO] [stderr]   exit status: 0
[INFO] [stderr]   exit status: 0
[INFO] [stderr]   exit status: 0
[INFO] [stderr]   exit status: 0
[INFO] [stderr]   exit status: 0
[INFO] [stderr]   exit status: 0
[INFO] [stderr]   exit status: 0
[INFO] [stderr]   exit status: 0
[INFO] [stderr]   exit status: 0
[INFO] [stderr]   exit status: 0
[INFO] [stderr]   exit status: 0
[INFO] [stderr]   exit status: 0
[INFO] [stderr]   exit status: 0
[INFO] [stderr]   exit status: 0
[INFO] [stderr]   exit status: 0
[INFO] [stderr]   exit status: 0
[INFO] [stderr]   exit status: 0
[INFO] [stderr]   exit status: 0
[INFO] [stderr]   exit status: 0
[INFO] [stderr]   exit status: 0
[INFO] [stderr]   exit status: 0
[INFO] [stderr]   exit status: 0
[INFO] [stderr]   exit status: 0
[INFO] [stderr]   exit status: 0
[INFO] [stderr]   exit status: 0
[INFO] [stderr]   exit status: 0
[INFO] [stderr]   exit status: 0
[INFO] [stderr]   exit status: 0
[INFO] [stderr]   exit status: 0
[INFO] [stderr]   exit status: 0
[INFO] [stderr]   exit status: 0
[INFO] [stderr]   exit status: 0
[INFO] [stderr]   exit status: 0
[INFO] [stderr]   exit status: 0
[INFO] [stderr]   exit status: 0
[INFO] [stderr]   exit status: 0
[INFO] [stderr]   exit status: 0
[INFO] [stderr]   exit status: 0
[INFO] [stderr]   exit status: 0
[INFO] [stderr]   exit status: 0
[INFO] [stderr]   exit status: 0
[INFO] [stderr]   exit status: 0
[INFO] [stderr]   exit status: 0
[INFO] [stderr]   cargo:warning=/opt/rustwide/cargo-home/registry/src/index.crates.io-6f17d22bba15001f/zeromq-src-0.2.6+4.3.4/vendor/src/session_base.cpp: In member function 'void zmq::session_base_t::engine_error(bool, zmq::i_engine::error_reason_t)':
[INFO] [stderr]   cargo:warning=/opt/rustwide/cargo-home/registry/src/index.crates.io-6f17d22bba15001f/zeromq-src-0.2.6+4.3.4/vendor/src/session_base.cpp:453:46: warning: unused parameter 'handshaked_' [-Wunused-parameter]
[INFO] [stderr]   cargo:warning=  453 | void zmq::session_base_t::engine_error (bool handshaked_,
[INFO] [stderr]   cargo:warning=      |                                         ~~~~~^~~~~~~~~~~
[INFO] [stderr]   cargo:warning=/opt/rustwide/cargo-home/registry/src/index.crates.io-6f17d22bba15001f/zeromq-src-0.2.6+4.3.4/vendor/src/session_base.cpp:481:13: warning: this statement may fall through [-Wimplicit-fallthrough=]
[INFO] [stderr]   cargo:warning=  481 |             if (_active) {
[INFO] [stderr]   cargo:warning=      |             ^~
[INFO] [stderr]   cargo:warning=/opt/rustwide/cargo-home/registry/src/index.crates.io-6f17d22bba15001f/zeromq-src-0.2.6+4.3.4/vendor/src/session_base.cpp:486:9: note: here
[INFO] [stderr]   cargo:warning=  486 |         case i_engine::protocol_error:
[INFO] [stderr]   cargo:warning=      |         ^~~~
[INFO] [stderr]   exit status: 0
[INFO] [stderr]   exit status: 0
[INFO] [stderr]   exit status: 0
[INFO] [stderr]   exit status: 0
[INFO] [stderr]   exit status: 0
[INFO] [stderr]   exit status: 0
[INFO] [stderr]   exit status: 0
[INFO] [stderr]   exit status: 0
[INFO] [stderr]   exit status: 0
[INFO] [stderr]   exit status: 0
[INFO] [stderr]   exit status: 0
[INFO] [stderr]   exit status: 0
[INFO] [stderr]   exit status: 0
[INFO] [stderr]   exit status: 0
[INFO] [stderr]   exit status: 0
[INFO] [stderr]   exit status: 0
[INFO] [stderr]   exit status: 0
[INFO] [stderr]   exit status: 0
[INFO] [stderr]   exit status: 0
[INFO] [stderr]   exit status: 0
[INFO] [stderr]   exit status: 0
[INFO] [stderr]   exit status: 0
[INFO] [stderr]   exit status: 0
[INFO] [stderr]   exit status: 0
[INFO] [stderr]   exit status: 0
[INFO] [stderr]   exit status: 0
[INFO] [stderr]   exit status: 0
[INFO] [stderr]   exit status: 0
[INFO] [stderr]   exit status: 0
[INFO] [stderr]   exit status: 0
[INFO] [stderr]   exit status: 0
[INFO] [stderr]   exit status: 0
[INFO] [stderr]   exit status: 0
[INFO] [stderr]   exit status: 0
[INFO] [stderr]   exit status: 0
[INFO] [stderr]   exit status: 0
[INFO] [stderr]   exit status: 0
[INFO] [stderr]   exit status: 0
[INFO] [stderr]   exit status: 0
[INFO] [stderr]   exit status: 0
[INFO] [stderr]   cargo:warning=/opt/rustwide/cargo-home/registry/src/index.crates.io-6f17d22bba15001f/zeromq-src-0.2.6+4.3.4/vendor/src/zmtp_engine.cpp: In member function 'bool zmq::zmtp_engine_t::handshake_v3_x(bool)':
[INFO] [stderr]   cargo:warning=/opt/rustwide/cargo-home/registry/src/index.crates.io-6f17d22bba15001f/zeromq-src-0.2.6+4.3.4/vendor/src/zmtp_engine.cpp:345:53: warning: unused parameter 'downgrade_sub_' [-Wunused-parameter]
[INFO] [stderr]   cargo:warning=  345 | bool zmq::zmtp_engine_t::handshake_v3_x (const bool downgrade_sub_)
[INFO] [stderr]   cargo:warning=      |                                          ~~~~~~~~~~~^~~~~~~~~~~~~~
[INFO] [stderr]   exit status: 0
[INFO] [stderr]   exit status: 0
[INFO] [stderr]   exit status: 0
[INFO] [stderr]   exit status: 0
[INFO] [stderr]   exit status: 0
[INFO] [stderr]   exit status: 0
[INFO] [stderr]   exit status: 0
[INFO] [stderr]   exit status: 0
[INFO] [stderr]   exit status: 0
[INFO] [stderr] 
[INFO] [stderr]   --- stderr
[INFO] [stderr]   /opt/rustwide/cargo-home/registry/src/index.crates.io-6f17d22bba15001f/zeromq-src-0.2.6+4.3.4/src/strlcpy.c: In function 'main':
[INFO] [stderr]   /opt/rustwide/cargo-home/registry/src/index.crates.io-6f17d22bba15001f/zeromq-src-0.2.6+4.3.4/src/strlcpy.c:5:11: warning: implicit declaration of function 'strlcpy'; did you mean 'strncpy'? [-Wimplicit-function-declaration]
[INFO] [stderr]       5 |     (void)strlcpy(buf, "a", 1);
[INFO] [stderr]         |           ^~~~~~~
[INFO] [stderr]         |           strncpy
[INFO] [stderr]   /usr/bin/ld: /tmp/ccmRzukh.o: in function `main':
[INFO] [stderr]   /opt/rustwide/cargo-home/registry/src/index.crates.io-6f17d22bba15001f/zeromq-src-0.2.6+4.3.4/src/strlcpy.c:5: undefined reference to `strlcpy'
[INFO] [stderr]   collect2: error: ld returned 1 exit status
[INFO] [stderr] 
[INFO] [stderr] 
[INFO] [stderr]   error occurred: Command "c++" "-O0" "-ffunction-sections" "-fdata-sections" "-fPIC" "-gdwarf-4" "-fno-omit-frame-pointer" "-m64" "-I" "/opt/rustwide/cargo-home/registry/src/index.crates.io-6f17d22bba15001f/zeromq-src-0.2.6+4.3.4/vendor/include" "-I" "/opt/rustwide/cargo-home/registry/src/index.crates.io-6f17d22bba15001f/zeromq-src-0.2.6+4.3.4/vendor/src" "-I" "/opt/rustwide/cargo-home/registry/src/index.crates.io-6f17d22bba15001f/zeromq-src-0.2.6+4.3.4/vendor/src" "-I" "/opt/rustwide/cargo-home/registry/src/index.crates.io-6f17d22bba15001f/zeromq-src-0.2.6+4.3.4/vendor/external/sha1" "-I" "/opt/rustwide/target/debug/build/zmq-sys-26290f4d78e13318/out" "-Wall" "-Wextra" "-DZMQ_BUILD_TESTS=OFF" "-DZMQ_USE_CV_IMPL_STL11=1" "-DZMQ_STATIC=1" "-DZMQ_USE_BUILTIN_SHA1=1" "-DZMQ_HAVE_WS=1" "-DZMQ_IOTHREAD_POLLER_USE_EPOLL=1" "-DZMQ_POLL_BASED_ON_POLL=1" "-DZMQ_HAVE_IPC=1" "-DHAVE_STRNLEN=1" "-DZMQ_HAVE_UIO=1" "-o" "/opt/rustwide/target/debug/build/zmq-sys-26290f4d78e13318/out/lib/eabcc89cc7b79605-ctx.o" "-c" "/opt/rustwide/cargo-home/registry/src/index.crates.io-6f17d22bba15001f/zeromq-src-0.2.6+4.3.4/vendor/src/ctx.cpp" with args c++ did not execute successfully (status code exit status: 1).
[INFO] [stderr] 
[INFO] [stderr] 
[INFO] running `Command { std: "docker" "inspect" "542a1cbd4f8fb95e58bbd73b7ebbc5e394c225a552616c0ca74dcb5daa496c39", kill_on_drop: false }`
[INFO] running `Command { std: "docker" "rm" "-f" "542a1cbd4f8fb95e58bbd73b7ebbc5e394c225a552616c0ca74dcb5daa496c39", kill_on_drop: false }`
[INFO] [stdout] 542a1cbd4f8fb95e58bbd73b7ebbc5e394c225a552616c0ca74dcb5daa496c39
