[INFO] fetching crate slinger 0.1.11...
[INFO] testing slinger-0.1.11 against nightly-2024-10-28 for randomize-layout
[INFO] extracting crate slinger 0.1.11 into /workspace/builds/worker-7-tc1/source
[INFO] validating manifest of crates.io crate slinger 0.1.11 on toolchain nightly-2024-10-28
[INFO] running `Command { std: CARGO_HOME="/workspace/cargo-home" RUSTUP_HOME="/workspace/rustup-home" "/workspace/cargo-home/bin/cargo" "+nightly-2024-10-28" "metadata" "--manifest-path" "Cargo.toml" "--no-deps", kill_on_drop: false }`
[INFO] removed /workspace/builds/worker-7-tc1/source/.cargo/config.toml
[INFO] removed /workspace/builds/worker-7-tc1/source/rust-toolchain.toml
[INFO] started tweaking crates.io crate slinger 0.1.11
[INFO] removed 0 missing examples
[INFO] removed 0 missing tests
[INFO] finished tweaking crates.io crate slinger 0.1.11
[INFO] tweaked toml for crates.io crate slinger 0.1.11 written to /workspace/builds/worker-7-tc1/source/Cargo.toml
[INFO] crate crates.io crate slinger 0.1.11 already has a lockfile, it will not be regenerated
[INFO] running `Command { std: CARGO_HOME="/workspace/cargo-home" RUSTUP_HOME="/workspace/rustup-home" "/workspace/cargo-home/bin/cargo" "+nightly-2024-10-28" "fetch" "--manifest-path" "Cargo.toml", kill_on_drop: false }`
[INFO] [stderr]  Downloading crates ...
[INFO] [stderr]   Downloaded openssl-src v300.3.0+3.3.0
[INFO] running `Command { std: "docker" "create" "-v" "/var/lib/crater-agent-workspace/builds/worker-7-tc1/target:/opt/rustwide/target:rw,Z" "-v" "/var/lib/crater-agent-workspace/builds/worker-7-tc1/source:/opt/rustwide/workdir:ro,Z" "-v" "/var/lib/crater-agent-workspace/cargo-home:/opt/rustwide/cargo-home:ro,Z" "-v" "/var/lib/crater-agent-workspace/rustup-home:/opt/rustwide/rustup-home:ro,Z" "-e" "SOURCE_DIR=/opt/rustwide/workdir" "-e" "CARGO_TARGET_DIR=/opt/rustwide/target" "-e" "CARGO_HOME=/opt/rustwide/cargo-home" "-e" "RUSTUP_HOME=/opt/rustwide/rustup-home" "-w" "/opt/rustwide/workdir" "-m" "1610612736" "--user" "0:0" "--network" "none" "ghcr.io/rust-lang/crates-build-env/linux@sha256:4a844ea9eb2546a2d2c7022eacef16ef2e8229c7fbb2c7d4d55a9ceca922f72d" "/opt/rustwide/cargo-home/bin/cargo" "+nightly-2024-10-28" "metadata" "--no-deps" "--format-version=1", kill_on_drop: false }`
[INFO] [stdout] 32695effbaeb87d8999a8b1bab2278fb4ed4f45264c3ede9462eaf1a3bd299ba
[INFO] running `Command { std: "docker" "start" "-a" "32695effbaeb87d8999a8b1bab2278fb4ed4f45264c3ede9462eaf1a3bd299ba", kill_on_drop: false }`
[INFO] running `Command { std: "docker" "inspect" "32695effbaeb87d8999a8b1bab2278fb4ed4f45264c3ede9462eaf1a3bd299ba", kill_on_drop: false }`
[INFO] running `Command { std: "docker" "rm" "-f" "32695effbaeb87d8999a8b1bab2278fb4ed4f45264c3ede9462eaf1a3bd299ba", kill_on_drop: false }`
[INFO] [stdout] 32695effbaeb87d8999a8b1bab2278fb4ed4f45264c3ede9462eaf1a3bd299ba
[INFO] running `Command { std: "docker" "create" "-v" "/var/lib/crater-agent-workspace/builds/worker-7-tc1/target:/opt/rustwide/target:rw,Z" "-v" "/var/lib/crater-agent-workspace/builds/worker-7-tc1/source:/opt/rustwide/workdir:ro,Z" "-v" "/var/lib/crater-agent-workspace/cargo-home:/opt/rustwide/cargo-home:ro,Z" "-v" "/var/lib/crater-agent-workspace/rustup-home:/opt/rustwide/rustup-home:ro,Z" "-e" "SOURCE_DIR=/opt/rustwide/workdir" "-e" "CARGO_TARGET_DIR=/opt/rustwide/target" "-e" "CARGO_INCREMENTAL=0" "-e" "RUST_BACKTRACE=full" "-e" "RUSTFLAGS=--cap-lints=forbid" "-e" "RUSTDOCFLAGS=--cap-lints=forbid" "-e" "CARGO_HOME=/opt/rustwide/cargo-home" "-e" "RUSTUP_HOME=/opt/rustwide/rustup-home" "-w" "/opt/rustwide/workdir" "-m" "1610612736" "--user" "0:0" "--network" "none" "ghcr.io/rust-lang/crates-build-env/linux@sha256:4a844ea9eb2546a2d2c7022eacef16ef2e8229c7fbb2c7d4d55a9ceca922f72d" "/opt/rustwide/cargo-home/bin/cargo" "+nightly-2024-10-28" "build" "--frozen" "--message-format=json", kill_on_drop: false }`
[INFO] [stdout] 32345e067d54dc66dd6663f04d60ea30ef2b5025af66eb8b7fd1bce6384a0e88
[INFO] running `Command { std: "docker" "start" "-a" "32345e067d54dc66dd6663f04d60ea30ef2b5025af66eb8b7fd1bce6384a0e88", kill_on_drop: false }`
[INFO] [stderr]    Compiling proc-macro2 v1.0.84
[INFO] [stderr]    Compiling unicode-ident v1.0.12
[INFO] [stderr]    Compiling libc v0.2.155
[INFO] [stderr]    Compiling thiserror v1.0.61
[INFO] [stderr]    Compiling itoa v1.0.11
[INFO] [stderr]    Compiling fnv v1.0.7
[INFO] [stderr]    Compiling bytes v1.6.1
[INFO] [stderr]    Compiling percent-encoding v2.3.1
[INFO] [stderr]    Compiling base64 v0.22.1
[INFO] [stderr]    Compiling http v1.1.0
[INFO] [stderr]    Compiling quote v1.0.36
[INFO] [stderr]    Compiling syn v2.0.66
[INFO] [stderr]    Compiling socket2 v0.5.7
[INFO] [stderr]    Compiling thiserror-impl v1.0.61
[INFO] [stderr]    Compiling slinger v0.1.11 (/opt/rustwide/workdir)
[INFO] [stderr]     Finished `dev` profile [unoptimized + debuginfo] target(s) in 10.27s
[INFO] running `Command { std: "docker" "inspect" "32345e067d54dc66dd6663f04d60ea30ef2b5025af66eb8b7fd1bce6384a0e88", kill_on_drop: false }`
[INFO] running `Command { std: "docker" "rm" "-f" "32345e067d54dc66dd6663f04d60ea30ef2b5025af66eb8b7fd1bce6384a0e88", kill_on_drop: false }`
[INFO] [stdout] 32345e067d54dc66dd6663f04d60ea30ef2b5025af66eb8b7fd1bce6384a0e88
[INFO] running `Command { std: "docker" "create" "-v" "/var/lib/crater-agent-workspace/builds/worker-7-tc1/target:/opt/rustwide/target:rw,Z" "-v" "/var/lib/crater-agent-workspace/builds/worker-7-tc1/source:/opt/rustwide/workdir:ro,Z" "-v" "/var/lib/crater-agent-workspace/cargo-home:/opt/rustwide/cargo-home:ro,Z" "-v" "/var/lib/crater-agent-workspace/rustup-home:/opt/rustwide/rustup-home:ro,Z" "-e" "SOURCE_DIR=/opt/rustwide/workdir" "-e" "CARGO_TARGET_DIR=/opt/rustwide/target" "-e" "CARGO_INCREMENTAL=0" "-e" "RUST_BACKTRACE=full" "-e" "RUSTFLAGS=--cap-lints=forbid" "-e" "RUSTDOCFLAGS=--cap-lints=forbid" "-e" "CARGO_HOME=/opt/rustwide/cargo-home" "-e" "RUSTUP_HOME=/opt/rustwide/rustup-home" "-w" "/opt/rustwide/workdir" "-m" "1610612736" "--user" "0:0" "--network" "none" "ghcr.io/rust-lang/crates-build-env/linux@sha256:4a844ea9eb2546a2d2c7022eacef16ef2e8229c7fbb2c7d4d55a9ceca922f72d" "/opt/rustwide/cargo-home/bin/cargo" "+nightly-2024-10-28" "test" "--frozen" "--no-run" "--message-format=json", kill_on_drop: false }`
[INFO] [stdout] aa1caf18c29e6c133ffc81ff48f14596f7cc147446448bf7c34aefa5805c92a2
[INFO] running `Command { std: "docker" "start" "-a" "aa1caf18c29e6c133ffc81ff48f14596f7cc147446448bf7c34aefa5805c92a2", kill_on_drop: false }`
[INFO] [stderr]    Compiling proc-macro2 v1.0.84
[INFO] [stderr]    Compiling unicode-ident v1.0.12
[INFO] [stderr]    Compiling libc v0.2.155
[INFO] [stderr]    Compiling thiserror v1.0.61
[INFO] [stderr]    Compiling fnv v1.0.7
[INFO] [stderr]    Compiling bytes v1.6.1
[INFO] [stderr]    Compiling itoa v1.0.11
[INFO] [stderr]    Compiling base64 v0.22.1
[INFO] [stderr]    Compiling percent-encoding v2.3.1
[INFO] [stderr]    Compiling http v1.1.0
[INFO] [stderr]    Compiling quote v1.0.36
[INFO] [stderr]    Compiling syn v2.0.66
[INFO] [stderr]    Compiling socket2 v0.5.7
[INFO] [stderr]    Compiling thiserror-impl v1.0.61
[INFO] [stderr]    Compiling slinger v0.1.11 (/opt/rustwide/workdir)
[INFO] [stderr]     Finished `test` profile [optimized + debuginfo] target(s) in 19.77s
[INFO] running `Command { std: "docker" "inspect" "aa1caf18c29e6c133ffc81ff48f14596f7cc147446448bf7c34aefa5805c92a2", kill_on_drop: false }`
[INFO] running `Command { std: "docker" "rm" "-f" "aa1caf18c29e6c133ffc81ff48f14596f7cc147446448bf7c34aefa5805c92a2", kill_on_drop: false }`
[INFO] [stdout] aa1caf18c29e6c133ffc81ff48f14596f7cc147446448bf7c34aefa5805c92a2
[INFO] running `Command { std: "docker" "create" "-v" "/var/lib/crater-agent-workspace/builds/worker-7-tc1/target:/opt/rustwide/target:rw,Z" "-v" "/var/lib/crater-agent-workspace/builds/worker-7-tc1/source:/opt/rustwide/workdir:ro,Z" "-v" "/var/lib/crater-agent-workspace/cargo-home:/opt/rustwide/cargo-home:ro,Z" "-v" "/var/lib/crater-agent-workspace/rustup-home:/opt/rustwide/rustup-home:ro,Z" "-e" "SOURCE_DIR=/opt/rustwide/workdir" "-e" "CARGO_TARGET_DIR=/opt/rustwide/target" "-e" "CARGO_INCREMENTAL=0" "-e" "RUST_BACKTRACE=full" "-e" "RUSTFLAGS=--cap-lints=forbid" "-e" "RUSTDOCFLAGS=--cap-lints=forbid" "-e" "CARGO_HOME=/opt/rustwide/cargo-home" "-e" "RUSTUP_HOME=/opt/rustwide/rustup-home" "-w" "/opt/rustwide/workdir" "-m" "1610612736" "--user" "0:0" "--network" "none" "ghcr.io/rust-lang/crates-build-env/linux@sha256:4a844ea9eb2546a2d2c7022eacef16ef2e8229c7fbb2c7d4d55a9ceca922f72d" "/opt/rustwide/cargo-home/bin/cargo" "+nightly-2024-10-28" "test" "--frozen", kill_on_drop: false }`
[INFO] [stdout] 83b0081768094df3bb620cd7a77136285de34b64a545957661bcd06f05a5536a
[INFO] running `Command { std: "docker" "start" "-a" "83b0081768094df3bb620cd7a77136285de34b64a545957661bcd06f05a5536a", kill_on_drop: false }`
[INFO] [stderr]     Finished `test` profile [optimized + debuginfo] target(s) in 0.04s
[INFO] [stderr]      Running unittests src/lib.rs (/opt/rustwide/target/debug/deps/slinger-d07a5035e71e01ce)
[INFO] [stdout] 
[INFO] [stdout] running 1 test
[INFO] [stdout] test tests::it_works ... ok
[INFO] [stdout] 
[INFO] [stdout] test result: ok. 1 passed; 0 failed; 0 ignored; 0 measured; 0 filtered out; finished in 0.00s
[INFO] [stdout] 
[INFO] [stderr]      Running tests/tests.rs (/opt/rustwide/target/debug/deps/tests-f58278c253558ae4)
[INFO] [stdout] 
[INFO] [stdout] running 1 test
[INFO] [stdout] test tests::it_works ... ok
[INFO] [stdout] 
[INFO] [stdout] test result: ok. 1 passed; 0 failed; 0 ignored; 0 measured; 0 filtered out; finished in 0.00s
[INFO] [stdout] 
[INFO] [stderr]    Doc-tests slinger
[INFO] [stdout] 
[INFO] [stdout] running 36 tests
[INFO] [stdout] test src/lib.rs - (line 56) ... FAILED
[INFO] [stdout] test src/client.rs - client::ClientBuilder::default_headers (line 565) ... FAILED
[INFO] [stdout] test src/proxy.rs - proxy::Proxy (line 207) ... ok
[INFO] [stdout] test src/lib.rs - (line 35) ... FAILED
[INFO] [stdout] test src/client.rs - client::ClientBuilder::user_agent (line 540) ... ok
[INFO] [stdout] test src/client.rs - client::Client (line 36) ... ok
[INFO] [stdout] test src/request.rs - request::Request::body (line 303) ... ok
[INFO] [stdout] test src/lib.rs - get (line 156) ... ok
[INFO] [stdout] test src/request.rs - request::Request::headers (line 258) ... ok
[INFO] [stdout] test src/lib.rs - (line 80) ... ok
[INFO] [stdout] test src/request.rs - request::Request::builder (line 137) ... ok
[INFO] [stdout] test src/client.rs - client::ClientBuilder (line 458) ... ok
[INFO] [stdout] test src/lib.rs - raw (line 183) ... ok
[INFO] [stdout] test src/proxy.rs - proxy::Proxy (line 224) ... ok
[INFO] [stdout] test src/redirect.rs - redirect::Policy::custom (line 71) ... ok
[INFO] [stdout] test src/request.rs - request::RequestBuilder::send (line 489) - compile ... ok
[INFO] [stdout] test src/request.rs - request::Request::method (line 182) ... ok
[INFO] [stdout] test src/request.rs - request::Request::get_command (line 370) ... ok
[INFO] [stdout] test src/request.rs - request::Request::headers_mut (line 277) ... ok
[INFO] [stdout] test src/request.rs - request::Request::method_mut (line 200) ... ok
[INFO] [stdout] test src/request.rs - request::Request::raw (line 153) ... ok
[INFO] [stdout] test src/response.rs - response::Response::redirect_record (line 378) ... ok
[INFO] [stdout] test src/request.rs - request::Request::version (line 318) ... ok
[INFO] [stdout] test src/request.rs - request::Request::uri_mut (line 237) ... ok
[INFO] [stdout] test src/response.rs - response::Response::body (line 289) ... ok
[INFO] [stdout] test src/response.rs - response::Response::http_record (line 350) ... ok
[INFO] [stdout] test src/response.rs - response::Response::headers (line 228) ... ok
[INFO] [stdout] test src/request.rs - request::Request::version_mut (line 331) ... ok
[INFO] [stdout] test src/response.rs - response::Response::request (line 364) ... ok
[INFO] [stdout] test src/response.rs - response::Response::local_peer_record (line 320) ... ok
[INFO] [stdout] test src/request.rs - request::Request::uri (line 219) ... ok
[INFO] [stdout] test src/request.rs - request::Request::raw_request (line 345) ... ok
[INFO] [stdout] test src/response.rs - response::Response::status_code (line 192) ... ok
[INFO] [stdout] test src/response.rs - response::Response::status_code (line 175) ... ok
[INFO] [stdout] test src/response.rs - response::Response::text (line 152) ... ok
[INFO] [stdout] test src/response.rs - response::Response::uri (line 270) ... ok
[INFO] [stdout] 
[INFO] [stdout] failures:
[INFO] [stdout] 
[INFO] [stdout] ---- src/lib.rs - (line 56) stdout ----
[INFO] [stdout] Couldn't compile the test.
[INFO] [stdout] ---- src/client.rs - client::ClientBuilder::default_headers (line 565) stdout ----
[INFO] [stdout] Couldn't compile the test.
[INFO] [stdout] ---- src/lib.rs - (line 35) stdout ----
[INFO] [stdout] Couldn't compile the test.
[INFO] [stdout] 
[INFO] [stdout] failures:
[INFO] [stdout]     src/client.rs - client::ClientBuilder::default_headers (line 565)
[INFO] [stdout]     src/lib.rs - (line 35)
[INFO] [stdout]     src/lib.rs - (line 56)
[INFO] [stdout] 
[INFO] [stdout] test result: FAILED. 33 passed; 3 failed; 0 ignored; 0 measured; 0 filtered out; finished in 5.54s
[INFO] [stdout] 
[INFO] [stderr] error: doctest failed, to rerun pass `--doc`
[INFO] running `Command { std: "docker" "inspect" "83b0081768094df3bb620cd7a77136285de34b64a545957661bcd06f05a5536a", kill_on_drop: false }`
[INFO] running `Command { std: "docker" "rm" "-f" "83b0081768094df3bb620cd7a77136285de34b64a545957661bcd06f05a5536a", kill_on_drop: false }`
[INFO] [stdout] 83b0081768094df3bb620cd7a77136285de34b64a545957661bcd06f05a5536a
