[INFO] fetching crate quilt-rs 0.8.2...
[INFO] testing quilt-rs-0.8.2 against nightly-2024-10-28 for randomize-layout
[INFO] extracting crate quilt-rs 0.8.2 into /workspace/builds/worker-4-tc1/source
[INFO] validating manifest of crates.io crate quilt-rs 0.8.2 on toolchain nightly-2024-10-28
[INFO] running `Command { std: CARGO_HOME="/workspace/cargo-home" RUSTUP_HOME="/workspace/rustup-home" "/workspace/cargo-home/bin/cargo" "+nightly-2024-10-28" "metadata" "--manifest-path" "Cargo.toml" "--no-deps", kill_on_drop: false }`
[INFO] started tweaking crates.io crate quilt-rs 0.8.2
[INFO] finished tweaking crates.io crate quilt-rs 0.8.2
[INFO] tweaked toml for crates.io crate quilt-rs 0.8.2 written to /workspace/builds/worker-4-tc1/source/Cargo.toml
[INFO] crate crates.io crate quilt-rs 0.8.2 already has a lockfile, it will not be regenerated
[INFO] running `Command { std: CARGO_HOME="/workspace/cargo-home" RUSTUP_HOME="/workspace/rustup-home" "/workspace/cargo-home/bin/cargo" "+nightly-2024-10-28" "fetch" "--manifest-path" "Cargo.toml", kill_on_drop: false }`
[INFO] [stderr]     Updating crates.io index
[INFO] [stderr]  Downloading crates ...
[INFO] [stderr]   Downloaded temp_testdir v0.2.3
[INFO] [stderr]   Downloaded temp-dir v0.1.13
[INFO] [stderr]   Downloaded arrow-string v52.0.0
[INFO] [stderr]   Downloaded arrow-row v52.0.0
[INFO] [stderr]   Downloaded multihash v0.19.1
[INFO] [stderr]   Downloaded arrow-arith v52.0.0
[INFO] [stderr]   Downloaded arrow-ord v52.0.0
[INFO] [stderr]   Downloaded arrow-buffer v52.0.0
[INFO] [stderr]   Downloaded arrow-json v52.0.0
[INFO] [stderr]   Downloaded arrow v52.0.0
[INFO] [stderr]   Downloaded aws-config v1.5.2
[INFO] [stderr]   Downloaded arrow-ipc v52.0.0
[INFO] [stderr]   Downloaded aws-sdk-sts v1.32.0
[INFO] [stderr]   Downloaded aws-sdk-ssooidc v1.33.0
[INFO] [stderr]   Downloaded arrow-cast v52.0.0
[INFO] [stderr]   Downloaded aws-sdk-sso v1.32.0
[INFO] [stderr]   Downloaded aws-runtime v1.3.0
[INFO] [stderr]   Downloaded flatbuffers v24.3.25
[INFO] [stderr]   Downloaded arrow-data v52.0.0
[INFO] [stderr]   Downloaded arrow-select v52.0.0
[INFO] [stderr]   Downloaded parquet v52.0.0
[INFO] [stderr]   Downloaded arrow-csv v52.0.0
[INFO] [stderr]   Downloaded arrow-array v52.0.0
[INFO] [stderr]   Downloaded arrow-schema v52.0.0
[INFO] [stderr]   Downloaded aws-sdk-s3 v1.37.0
[INFO] running `Command { std: "docker" "create" "-v" "/var/lib/crater-agent-workspace/builds/worker-4-tc1/target:/opt/rustwide/target:rw,Z" "-v" "/var/lib/crater-agent-workspace/builds/worker-4-tc1/source:/opt/rustwide/workdir:ro,Z" "-v" "/var/lib/crater-agent-workspace/cargo-home:/opt/rustwide/cargo-home:ro,Z" "-v" "/var/lib/crater-agent-workspace/rustup-home:/opt/rustwide/rustup-home:ro,Z" "-e" "SOURCE_DIR=/opt/rustwide/workdir" "-e" "CARGO_TARGET_DIR=/opt/rustwide/target" "-e" "CARGO_HOME=/opt/rustwide/cargo-home" "-e" "RUSTUP_HOME=/opt/rustwide/rustup-home" "-w" "/opt/rustwide/workdir" "-m" "1610612736" "--user" "0:0" "--network" "none" "ghcr.io/rust-lang/crates-build-env/linux@sha256:4a844ea9eb2546a2d2c7022eacef16ef2e8229c7fbb2c7d4d55a9ceca922f72d" "/opt/rustwide/cargo-home/bin/cargo" "+nightly-2024-10-28" "metadata" "--no-deps" "--format-version=1", kill_on_drop: false }`
[INFO] [stdout] d62091729c21eeced4febb387a15cff55887736c9fe75d3485d20b87be374374
[INFO] running `Command { std: "docker" "start" "-a" "d62091729c21eeced4febb387a15cff55887736c9fe75d3485d20b87be374374", kill_on_drop: false }`
[INFO] running `Command { std: "docker" "inspect" "d62091729c21eeced4febb387a15cff55887736c9fe75d3485d20b87be374374", kill_on_drop: false }`
[INFO] running `Command { std: "docker" "rm" "-f" "d62091729c21eeced4febb387a15cff55887736c9fe75d3485d20b87be374374", kill_on_drop: false }`
[INFO] [stdout] d62091729c21eeced4febb387a15cff55887736c9fe75d3485d20b87be374374
[INFO] running `Command { std: "docker" "create" "-v" "/var/lib/crater-agent-workspace/builds/worker-4-tc1/target:/opt/rustwide/target:rw,Z" "-v" "/var/lib/crater-agent-workspace/builds/worker-4-tc1/source:/opt/rustwide/workdir:ro,Z" "-v" "/var/lib/crater-agent-workspace/cargo-home:/opt/rustwide/cargo-home:ro,Z" "-v" "/var/lib/crater-agent-workspace/rustup-home:/opt/rustwide/rustup-home:ro,Z" "-e" "SOURCE_DIR=/opt/rustwide/workdir" "-e" "CARGO_TARGET_DIR=/opt/rustwide/target" "-e" "CARGO_INCREMENTAL=0" "-e" "RUST_BACKTRACE=full" "-e" "RUSTFLAGS=--cap-lints=forbid" "-e" "RUSTDOCFLAGS=--cap-lints=forbid" "-e" "CARGO_HOME=/opt/rustwide/cargo-home" "-e" "RUSTUP_HOME=/opt/rustwide/rustup-home" "-w" "/opt/rustwide/workdir" "-m" "1610612736" "--user" "0:0" "--network" "none" "ghcr.io/rust-lang/crates-build-env/linux@sha256:4a844ea9eb2546a2d2c7022eacef16ef2e8229c7fbb2c7d4d55a9ceca922f72d" "/opt/rustwide/cargo-home/bin/cargo" "+nightly-2024-10-28" "build" "--frozen" "--message-format=json", kill_on_drop: false }`
[INFO] [stdout] 5dcd16b827f05a4c9b0cab58a6089b3809fc63dfe083c6927adc77ff74e08623
[INFO] running `Command { std: "docker" "start" "-a" "5dcd16b827f05a4c9b0cab58a6089b3809fc63dfe083c6927adc77ff74e08623", kill_on_drop: false }`
[INFO] [stderr]    Compiling libc v0.2.155
[INFO] [stderr]    Compiling proc-macro2 v1.0.85
[INFO] [stderr]    Compiling version_check v0.9.4
[INFO] [stderr]    Compiling autocfg v1.3.0
[INFO] [stderr]    Compiling once_cell v1.19.0
[INFO] [stderr]    Compiling bytes v1.6.0
[INFO] [stderr]    Compiling libm v0.2.8
[INFO] [stderr]    Compiling pin-project-lite v0.2.14
[INFO] [stderr]    Compiling itoa v1.0.11
[INFO] [stderr]    Compiling smallvec v1.13.2
[INFO] [stderr]    Compiling parking_lot_core v0.9.10
[INFO] [stderr]    Compiling futures-core v0.3.30
[INFO] [stderr]    Compiling num-traits v0.2.19
[INFO] [stderr]    Compiling lock_api v0.4.12
[INFO] [stderr]    Compiling scopeguard v1.2.0
[INFO] [stderr]    Compiling slab v0.4.9
[INFO] [stderr]    Compiling futures-sink v0.3.30
[INFO] [stderr]    Compiling ahash v0.8.11
[INFO] [stderr]    Compiling zerocopy v0.7.34
[INFO] [stderr]    Compiling futures-channel v0.3.30
[INFO] [stderr]    Compiling allocator-api2 v0.2.18
[INFO] [stderr]    Compiling quote v1.0.36
[INFO] [stderr]    Compiling futures-io v0.3.30
[INFO] [stderr]    Compiling syn v2.0.66
[INFO] [stderr]    Compiling getrandom v0.2.15
[INFO] [stderr]    Compiling jobserver v0.1.31
[INFO] [stderr]    Compiling socket2 v0.5.7
[INFO] [stderr]    Compiling mio v0.8.11
[INFO] [stderr]    Compiling num_cpus v1.16.0
[INFO] [stderr]    Compiling signal-hook-registry v1.4.2
[INFO] [stderr]    Compiling parking_lot v0.12.3
[INFO] [stderr]    Compiling cc v1.0.99
[INFO] [stderr]    Compiling num-integer v0.1.46
[INFO] [stderr]    Compiling futures-task v0.3.30
[INFO] [stderr]    Compiling fnv v1.0.7
[INFO] [stderr]    Compiling log v0.4.21
[INFO] [stderr]    Compiling ryu v1.0.18
[INFO] [stderr]    Compiling tracing-core v0.1.32
[INFO] [stderr]    Compiling typenum v1.17.0
[INFO] [stderr]    Compiling hashbrown v0.14.5
[INFO] [stderr]    Compiling http v1.1.0
[INFO] [stderr]    Compiling generic-array v0.14.7
[INFO] [stderr]    Compiling subtle v2.6.0
[INFO] [stderr]    Compiling serde v1.0.203
[INFO] [stderr]    Compiling semver v1.0.23
[INFO] [stderr]    Compiling zeroize v1.8.1
[INFO] [stderr]    Compiling http v0.2.12
[INFO] [stderr]    Compiling either v1.12.0
[INFO] [stderr]    Compiling equivalent v1.0.1
[INFO] [stderr]    Compiling powerfmt v0.2.0
[INFO] [stderr]    Compiling indexmap v2.2.6
[INFO] [stderr]    Compiling http-body v1.0.0
[INFO] [stderr]    Compiling rustc_version v0.4.0
[INFO] [stderr]    Compiling deranged v0.3.11
[INFO] [stderr]    Compiling vsimd v0.8.0
[INFO] [stderr]    Compiling time-core v0.1.2
[INFO] [stderr]    Compiling http-body v0.4.6
[INFO] [stderr]    Compiling num-conv v0.1.0
[INFO] [stderr]    Compiling outref v0.5.1
[INFO] [stderr]    Compiling bytes-utils v0.1.4
[INFO] [stderr]    Compiling pkg-config v0.3.30
[INFO] [stderr]    Compiling ring v0.17.8
[INFO] [stderr]    Compiling base64-simd v0.8.0
[INFO] [stderr]    Compiling block-buffer v0.10.4
[INFO] [stderr]    Compiling crypto-common v0.1.6
[INFO] [stderr]    Compiling time v0.3.36
[INFO] [stderr]    Compiling digest v0.10.7
[INFO] [stderr]    Compiling num-bigint v0.4.5
[INFO] [stderr]    Compiling rand_core v0.6.4
[INFO] [stderr]    Compiling num-iter v0.1.45
[INFO] [stderr]    Compiling num-complex v0.4.6
[INFO] [stderr]    Compiling half v2.4.1
[INFO] [stderr]    Compiling iana-time-zone v0.1.60
[INFO] [stderr]    Compiling static_assertions v1.1.0
[INFO] [stderr]    Compiling httparse v1.8.0
[INFO] [stderr]    Compiling const-oid v0.9.6
[INFO] [stderr]    Compiling crc32fast v1.4.2
[INFO] [stderr]    Compiling base64ct v1.6.0
[INFO] [stderr]    Compiling der v0.6.1
[INFO] [stderr]    Compiling arrow-schema v52.0.0
[INFO] [stderr]    Compiling try-lock v0.2.5
[INFO] [stderr]    Compiling want v0.3.1
[INFO] [stderr]    Compiling tower-service v0.3.2
[INFO] [stderr]    Compiling lexical-util v0.8.5
[INFO] [stderr]    Compiling crypto-bigint v0.4.9
[INFO] [stderr]    Compiling num-rational v0.4.2
[INFO] [stderr]    Compiling spki v0.6.0
[INFO] [stderr]    Compiling ff v0.12.1
[INFO] [stderr]    Compiling num v0.4.3
[INFO] [stderr]    Compiling pkcs8 v0.9.0
[INFO] [stderr]    Compiling arrow-buffer v52.0.0
[INFO] [stderr]    Compiling cpufeatures v0.2.12
[INFO] [stderr]    Compiling base16ct v0.1.1
[INFO] [stderr]    Compiling group v0.12.1
[INFO] [stderr]    Compiling hmac v0.12.1
[INFO] [stderr]    Compiling sec1 v0.3.0
[INFO] [stderr]    Compiling vcpkg v0.2.15
[INFO] [stderr]    Compiling rustls v0.21.12
[INFO] [stderr]    Compiling rfc6979 v0.3.1
[INFO] [stderr]    Compiling sha2 v0.10.8
[INFO] [stderr]    Compiling elliptic-curve v0.12.3
[INFO] [stderr]    Compiling signature v1.6.4
[INFO] [stderr]    Compiling arrow-data v52.0.0
[INFO] [stderr]    Compiling syn v1.0.109
[INFO] [stderr]    Compiling tinyvec v1.6.0
[INFO] [stderr]    Compiling ecdsa v0.14.8
[INFO] [stderr]    Compiling lexical-parse-integer v0.8.6
[INFO] [stderr]    Compiling lexical-write-integer v0.8.5
[INFO] [stderr]    Compiling tokio-macros v2.3.0
[INFO] [stderr]    Compiling futures-macro v0.3.30
[INFO] [stderr]    Compiling tracing-attributes v0.1.27
[INFO] [stderr]    Compiling serde_derive v1.0.203
[INFO] [stderr]    Compiling openssl-sys v0.9.102
[INFO] [stderr]    Compiling aws-types v1.3.1
[INFO] [stderr]    Compiling tokio v1.38.0
[INFO] [stderr]    Compiling base64 v0.22.1
[INFO] [stderr]    Compiling httpdate v1.0.3
[INFO] [stderr]    Compiling futures-util v0.3.30
[INFO] [stderr]    Compiling hex v0.4.3
[INFO] [stderr]    Compiling fastrand v2.1.0
[INFO] [stderr]    Compiling unicode-normalization v0.1.23
[INFO] [stderr]    Compiling p256 v0.11.1
[INFO] [stderr]    Compiling tracing v0.1.40
[INFO] [stderr]    Compiling lexical-write-float v0.8.5
[INFO] [stderr]    Compiling lexical-parse-float v0.8.5
[INFO] [stderr]    Compiling crypto-bigint v0.5.5
[INFO] [stderr]    Compiling unicode-bidi v0.3.15
[INFO] [stderr]    Compiling bitflags v2.5.0
[INFO] [stderr]    Compiling lexical-core v0.8.5
[INFO] [stderr]    Compiling zstd-sys v2.0.9+zstd.1.5.5
[INFO] [stderr]    Compiling idna v0.5.0
[INFO] [stderr]    Compiling atoi v2.0.0
[INFO] [stderr]    Compiling openssl v0.10.64
[INFO] [stderr]    Compiling uuid v1.8.0
[INFO] [stderr]    Compiling heck v0.4.1
[INFO] [stderr]    Compiling foreign-types-shared v0.1.1
[INFO] [stderr]    Compiling foreign-types v0.3.2
[INFO] [stderr]    Compiling url v2.5.2
[INFO] [stderr]    Compiling http-body-util v0.1.2
[INFO] [stderr]    Compiling rustls-webpki v0.101.7
[INFO] [stderr]    Compiling sct v0.7.1
[INFO] [stderr]    Compiling pin-project-internal v1.1.5
[INFO] [stderr]    Compiling openssl-macros v0.1.1
[INFO] [stderr]    Compiling flatbuffers v24.3.25
[INFO] [stderr]    Compiling proc-macro2-diagnostics v0.10.1
[INFO] [stderr]    Compiling tokio-util v0.7.11
[INFO] [stderr]    Compiling aws-smithy-async v1.2.1
[INFO] [stderr]    Compiling proc-macro-error-attr v1.0.4
[INFO] [stderr]    Compiling aho-corasick v1.1.3
[INFO] [stderr]    Compiling aws-smithy-types v1.2.0
[INFO] [stderr]    Compiling h2 v0.3.26
[INFO] [stderr]    Compiling doc-comment v0.3.3
[INFO] [stderr]    Compiling regex-lite v0.1.6
[INFO] [stderr]    Compiling chrono v0.4.38
[INFO] [stderr]    Compiling aws-smithy-runtime-api v1.7.0
[INFO] [stderr]    Compiling aws-smithy-eventstream v0.60.4
[INFO] [stderr]    Compiling arrow-array v52.0.0
[INFO] [stderr]    Compiling aws-smithy-http v0.60.8
[INFO] [stderr]    Compiling aws-credential-types v1.2.0
[INFO] [stderr]    Compiling tokio-rustls v0.24.1
[INFO] [stderr]    Compiling aws-sigv4 v1.2.2
[INFO] [stderr]    Compiling aws-smithy-json v0.60.7
[INFO] [stderr]    Compiling atomic-waker v1.1.2
[INFO] [stderr]    Compiling native-tls v0.2.12
[INFO] [stderr]    Compiling regex-syntax v0.8.4
[INFO] [stderr]    Compiling h2 v0.4.5
[INFO] [stderr]    Compiling aws-runtime v1.3.0
[INFO] [stderr]    Compiling arrow-select v52.0.0
[INFO] [stderr]    Compiling hyper v0.14.29
[INFO] [stderr]    Compiling arrow-cast v52.0.0
[INFO] [stderr]    Compiling regex-automata v0.4.7
[INFO] [stderr]    Compiling pin-project v1.1.5
[INFO] [stderr]    Compiling crc32c v0.6.8
[INFO] [stderr]    Compiling proc-macro-error v1.0.4
[INFO] [stderr]    Compiling utf8parse v0.2.2
[INFO] [stderr]    Compiling yansi v1.0.1
[INFO] [stderr]    Compiling zstd-safe v7.0.0
[INFO] [stderr]    Compiling lazy_static v1.4.0
[INFO] [stderr]    Compiling serde_json v1.0.117
[INFO] [stderr]    Compiling bitflags v1.3.2
[INFO] [stderr]    Compiling tower-layer v0.3.2
[INFO] [stderr]    Compiling hyper-rustls v0.24.2
[INFO] [stderr]    Compiling aws-smithy-runtime v1.6.0
[INFO] [stderr]    Compiling alloc-no-stdlib v2.0.4
[INFO] [stderr]    Compiling xmlparser v0.13.6
[INFO] [stderr]    Compiling aws-smithy-xml v0.60.8
[INFO] [stderr]    Compiling alloc-stdlib v0.2.2
[INFO] [stderr]    Compiling tower v0.4.13
[INFO] [stderr]    Compiling regex v1.10.5
[INFO] [stderr]    Compiling hyper v1.3.1
[INFO] [stderr]    Compiling anstyle-parse v0.2.4
[INFO] [stderr]    Compiling snafu-derive v0.7.5
[INFO] [stderr]    Compiling futures-executor v0.3.30
[INFO] [stderr]    Compiling uncased v0.9.10
[INFO] [stderr]    Compiling csv-core v0.1.11
[INFO] [stderr]    Compiling colorchoice v1.0.1
[INFO] [stderr]    Compiling is_terminal_polyfill v1.70.0
[INFO] [stderr]    Compiling adler v1.0.2
[INFO] [stderr]    Compiling rustix v0.38.34
[INFO] [stderr]    Compiling snap v1.1.1
[INFO] [stderr]    Compiling paste v1.0.15
[INFO] [stderr]    Compiling urlencoding v2.1.3
[INFO] [stderr]    Compiling anstyle v1.0.7
[INFO] [stderr]    Compiling anstyle-query v1.1.0
[INFO] [stderr]    Compiling same-file v1.0.6
[INFO] [stderr]    Compiling walkdir v2.5.0
[INFO] [stderr]    Compiling anstream v0.6.14
[INFO] [stderr]    Compiling hyper-util v0.1.5
[INFO] [stderr]    Compiling aws-smithy-query v0.60.7
[INFO] [stderr]    Compiling miniz_oxide v0.7.4
[INFO] [stderr]    Compiling csv v1.3.0
[INFO] [stderr]    Compiling futures v0.3.30
[INFO] [stderr]    Compiling pear_codegen v0.2.9
[INFO] [stderr]    Compiling tokio-native-tls v0.3.1
[INFO] [stderr]    Compiling arrow-ipc v52.0.0
[INFO] [stderr]    Compiling brotli-decompressor v4.0.1
[INFO] [stderr]    Compiling snafu v0.7.5
[INFO] [stderr]    Compiling async-trait v0.1.80
[INFO] [stderr]    Compiling sha1 v0.10.6
[INFO] [stderr]    Compiling twox-hash v1.6.3
[INFO] [stderr]    Compiling md-5 v0.10.6
[INFO] [stderr]    Compiling itertools v0.12.1
[INFO] [stderr]    Compiling ordered-float v2.10.1
[INFO] [stderr]    Compiling figment v0.10.19
[INFO] [stderr]    Compiling heck v0.5.0
[INFO] [stderr]    Compiling linux-raw-sys v0.4.14
[INFO] [stderr]    Compiling bytecount v0.6.8
[INFO] [stderr]    Compiling humantime v2.1.0
[INFO] [stderr]    Compiling integer-encoding v3.0.4
[INFO] [stderr]    Compiling unicode-width v0.1.13
[INFO] [stderr]    Compiling overload v0.1.1
[INFO] [stderr]    Compiling strsim v0.11.1
[INFO] [stderr]    Compiling unsafe-libyaml v0.2.11
[INFO] [stderr]    Compiling clap_lex v0.7.1
[INFO] [stderr]    Compiling rustls-pki-types v1.7.0
[INFO] [stderr]    Compiling thiserror v1.0.61
[INFO] [stderr]    Compiling inlinable_string v0.1.15
[INFO] [stderr]    Compiling rustls-pemfile v2.1.2
[INFO] [stderr]    Compiling clap_builder v4.5.7
[INFO] [stderr]    Compiling object_store v0.10.1
[INFO] [stderr]    Compiling pear v0.2.9
[INFO] [stderr]    Compiling serde_yaml v0.9.34+deprecated
[INFO] [stderr]    Compiling nu-ansi-term v0.46.0
[INFO] [stderr]    Compiling thrift v0.17.0
[INFO] [stderr]    Compiling papergrid v0.11.0
[INFO] [stderr]    Compiling clap_derive v4.5.5
[INFO] [stderr]    Compiling brotli v6.0.0
[INFO] [stderr]    Compiling arrow-json v52.0.0
[INFO] [stderr]    Compiling aws-smithy-checksums v0.60.10
[INFO] [stderr]    Compiling lz4_flex v0.11.3
[INFO] [stderr]    Compiling hyper-tls v0.6.0
[INFO] [stderr]    Compiling tabled_derive v0.7.0
[INFO] [stderr]    Compiling arrow-csv v52.0.0
[INFO] [stderr]    Compiling flate2 v1.0.30
[INFO] [stderr]    Compiling zstd v0.13.0
[INFO] [stderr]    Compiling aws-sdk-sts v1.32.0
[INFO] [stderr]    Compiling aws-sdk-sso v1.32.0
[INFO] [stderr]    Compiling aws-sdk-ssooidc v1.33.0
[INFO] [stderr]    Compiling arrow-string v52.0.0
[INFO] [stderr]    Compiling sharded-slab v0.1.7
[INFO] [stderr]    Compiling arrow-ord v52.0.0
[INFO] [stderr]    Compiling arrow-arith v52.0.0
[INFO] [stderr]    Compiling arrow-row v52.0.0
[INFO] [stderr]    Compiling serde_urlencoded v0.7.1
[INFO] [stderr]    Compiling thiserror-impl v1.0.61
[INFO] [stderr]    Compiling async-stream-impl v0.3.5
[INFO] [stderr]    Compiling lru v0.12.3
[INFO] [stderr]    Compiling tracing-log v0.2.0
[INFO] [stderr]    Compiling thread_local v1.1.8
[INFO] [stderr]    Compiling core2 v0.4.0
[INFO] [stderr]    Compiling encoding_rs v0.8.34
[INFO] [stderr]    Compiling unsigned-varint v0.7.2
[INFO] [stderr]    Compiling mime v0.3.17
[INFO] [stderr]    Compiling sync_wrapper v1.0.1
[INFO] [stderr]    Compiling ipnet v2.9.0
[INFO] [stderr]    Compiling seq-macro v0.3.5
[INFO] [stderr]    Compiling multihash v0.19.1
[INFO] [stderr]    Compiling parquet v52.0.0
[INFO] [stderr]    Compiling tracing-subscriber v0.3.18
[INFO] [stderr]    Compiling reqwest v0.12.5
[INFO] [stderr]    Compiling aws-sdk-s3 v1.37.0
[INFO] [stderr]    Compiling async-stream v0.3.5
[INFO] [stderr]    Compiling arrow v52.0.0
[INFO] [stderr]    Compiling aws-config v1.5.2
[INFO] [stderr]    Compiling tabled v0.15.0
[INFO] [stderr]    Compiling clap v4.5.7
[INFO] [stderr]    Compiling tempfile v3.10.1
[INFO] [stderr]    Compiling tokio-stream v0.1.15
[INFO] [stderr]    Compiling temp-dir v0.1.13
[INFO] [stderr]    Compiling quilt-rs v0.8.2 (/opt/rustwide/workdir)
[INFO] [stderr]     Finished `dev` profile [unoptimized + debuginfo] target(s) in 1m 23s
[INFO] running `Command { std: "docker" "inspect" "5dcd16b827f05a4c9b0cab58a6089b3809fc63dfe083c6927adc77ff74e08623", kill_on_drop: false }`
[INFO] running `Command { std: "docker" "rm" "-f" "5dcd16b827f05a4c9b0cab58a6089b3809fc63dfe083c6927adc77ff74e08623", kill_on_drop: false }`
[INFO] [stdout] 5dcd16b827f05a4c9b0cab58a6089b3809fc63dfe083c6927adc77ff74e08623
[INFO] running `Command { std: "docker" "create" "-v" "/var/lib/crater-agent-workspace/builds/worker-4-tc1/target:/opt/rustwide/target:rw,Z" "-v" "/var/lib/crater-agent-workspace/builds/worker-4-tc1/source:/opt/rustwide/workdir:ro,Z" "-v" "/var/lib/crater-agent-workspace/cargo-home:/opt/rustwide/cargo-home:ro,Z" "-v" "/var/lib/crater-agent-workspace/rustup-home:/opt/rustwide/rustup-home:ro,Z" "-e" "SOURCE_DIR=/opt/rustwide/workdir" "-e" "CARGO_TARGET_DIR=/opt/rustwide/target" "-e" "CARGO_INCREMENTAL=0" "-e" "RUST_BACKTRACE=full" "-e" "RUSTFLAGS=--cap-lints=forbid" "-e" "RUSTDOCFLAGS=--cap-lints=forbid" "-e" "CARGO_HOME=/opt/rustwide/cargo-home" "-e" "RUSTUP_HOME=/opt/rustwide/rustup-home" "-w" "/opt/rustwide/workdir" "-m" "1610612736" "--user" "0:0" "--network" "none" "ghcr.io/rust-lang/crates-build-env/linux@sha256:4a844ea9eb2546a2d2c7022eacef16ef2e8229c7fbb2c7d4d55a9ceca922f72d" "/opt/rustwide/cargo-home/bin/cargo" "+nightly-2024-10-28" "test" "--frozen" "--no-run" "--message-format=json", kill_on_drop: false }`
[INFO] [stdout] 34e16204e76486951e23ae574c8372d623d36d1c31d774abe632dd629765b54c
[INFO] running `Command { std: "docker" "start" "-a" "34e16204e76486951e23ae574c8372d623d36d1c31d774abe632dd629765b54c", kill_on_drop: false }`
[INFO] [stderr]    Compiling tokio v1.38.0
[INFO] [stderr]    Compiling temp_testdir v0.2.3
[INFO] [stderr]    Compiling tokio-util v0.7.11
[INFO] [stderr]    Compiling aws-smithy-async v1.2.1
[INFO] [stderr]    Compiling tokio-rustls v0.24.1
[INFO] [stderr]    Compiling tower v0.4.13
[INFO] [stderr]    Compiling tokio-native-tls v0.3.1
[INFO] [stderr]    Compiling tokio-stream v0.1.15
[INFO] [stderr]    Compiling object_store v0.10.1
[INFO] [stderr]    Compiling tokio-test v0.4.4
[INFO] [stderr]    Compiling aws-smithy-types v1.2.0
[INFO] [stderr]    Compiling h2 v0.3.26
[INFO] [stderr]    Compiling h2 v0.4.5
[INFO] [stderr]    Compiling aws-smithy-runtime-api v1.7.0
[INFO] [stderr]    Compiling aws-smithy-eventstream v0.60.4
[INFO] [stderr]    Compiling aws-smithy-json v0.60.7
[INFO] [stderr]    Compiling aws-smithy-query v0.60.7
[INFO] [stderr]    Compiling aws-smithy-http v0.60.8
[INFO] [stderr]    Compiling aws-credential-types v1.2.0
[INFO] [stderr]    Compiling parquet v52.0.0
[INFO] [stderr]    Compiling aws-types v1.3.1
[INFO] [stderr]    Compiling aws-sigv4 v1.2.2
[INFO] [stderr]    Compiling aws-smithy-checksums v0.60.10
[INFO] [stderr]    Compiling aws-runtime v1.3.0
[INFO] [stderr]    Compiling hyper v0.14.29
[INFO] [stderr]    Compiling hyper v1.3.1
[INFO] [stderr]    Compiling hyper-util v0.1.5
[INFO] [stderr]    Compiling hyper-tls v0.6.0
[INFO] [stderr]    Compiling reqwest v0.12.5
[INFO] [stderr]    Compiling hyper-rustls v0.24.2
[INFO] [stderr]    Compiling aws-smithy-runtime v1.6.0
[INFO] [stderr]    Compiling aws-sdk-ssooidc v1.33.0
[INFO] [stderr]    Compiling aws-sdk-sso v1.32.0
[INFO] [stderr]    Compiling aws-sdk-sts v1.32.0
[INFO] [stderr]    Compiling aws-sdk-s3 v1.37.0
[INFO] [stderr]    Compiling aws-config v1.5.2
[INFO] [stderr]    Compiling quilt-rs v0.8.2 (/opt/rustwide/workdir)
[INFO] [stderr]     Finished `test` profile [unoptimized + debuginfo] target(s) in 1m 12s
[INFO] running `Command { std: "docker" "inspect" "34e16204e76486951e23ae574c8372d623d36d1c31d774abe632dd629765b54c", kill_on_drop: false }`
[INFO] running `Command { std: "docker" "rm" "-f" "34e16204e76486951e23ae574c8372d623d36d1c31d774abe632dd629765b54c", kill_on_drop: false }`
[INFO] [stdout] 34e16204e76486951e23ae574c8372d623d36d1c31d774abe632dd629765b54c
[INFO] running `Command { std: "docker" "create" "-v" "/var/lib/crater-agent-workspace/builds/worker-4-tc1/target:/opt/rustwide/target:rw,Z" "-v" "/var/lib/crater-agent-workspace/builds/worker-4-tc1/source:/opt/rustwide/workdir:ro,Z" "-v" "/var/lib/crater-agent-workspace/cargo-home:/opt/rustwide/cargo-home:ro,Z" "-v" "/var/lib/crater-agent-workspace/rustup-home:/opt/rustwide/rustup-home:ro,Z" "-e" "SOURCE_DIR=/opt/rustwide/workdir" "-e" "CARGO_TARGET_DIR=/opt/rustwide/target" "-e" "CARGO_INCREMENTAL=0" "-e" "RUST_BACKTRACE=full" "-e" "RUSTFLAGS=--cap-lints=forbid" "-e" "RUSTDOCFLAGS=--cap-lints=forbid" "-e" "CARGO_HOME=/opt/rustwide/cargo-home" "-e" "RUSTUP_HOME=/opt/rustwide/rustup-home" "-w" "/opt/rustwide/workdir" "-m" "1610612736" "--user" "0:0" "--network" "none" "ghcr.io/rust-lang/crates-build-env/linux@sha256:4a844ea9eb2546a2d2c7022eacef16ef2e8229c7fbb2c7d4d55a9ceca922f72d" "/opt/rustwide/cargo-home/bin/cargo" "+nightly-2024-10-28" "test" "--frozen", kill_on_drop: false }`
[INFO] [stdout] 6f78c2009c99fcf52fd7ebf6a7e003539b013ee48656a336fb1afe2f33d7080b
[INFO] running `Command { std: "docker" "start" "-a" "6f78c2009c99fcf52fd7ebf6a7e003539b013ee48656a336fb1afe2f33d7080b", kill_on_drop: false }`
[INFO] [stderr]     Finished `test` profile [unoptimized + debuginfo] target(s) in 0.48s
[INFO] [stderr]      Running unittests src/lib.rs (/opt/rustwide/target/debug/deps/quilt_rs-f9cdb53b86788c4f)
[INFO] [stdout] 
[INFO] [stdout] running 85 tests
[INFO] [stdout] test checksum::tests::test_get_compliant_chunked_checksum ... ok
[INFO] [stdout] test checksum::tests::test_sha256 ... ok
[INFO] [stdout] test checksum::tests::test_sha256_chunked_empty ... ok
[INFO] [stdout] test flow::browse::tests::test_if_cached_random_file ... ok
[INFO] [stdout] test flow::commit::tests::test_adding_manifest_already_has_it ... ignored
[INFO] [stdout] test flow::certify_latest::tests::test_certifying_latest ... ok
[INFO] [stdout] test flow::browse::tests::test_if_cached ... ok
[INFO] [stdout] test flow::commit::tests::test_removing_and_commit ... ok
[INFO] [stdout] test flow::commit::tests::test_commit ... ok
[INFO] [stdout] test flow::commit::tests::test_modifying_and_commit ... ok
[INFO] [stdout] test flow::install_package::tests::test_if_already_installed ... ok
[INFO] [stdout] test flow::browse::tests::test_caching_parquet ... ok
[INFO] [stdout] test flow::browse::tests::test_caching_jsonl ... ok
[INFO] [stdout] test flow::pull::tests::test_no_pull_if_changes ... ok
[INFO] [stdout] test flow::pull::tests::test_no_pull_if_commit ... ok
[INFO] [stdout] test flow::pull::tests::test_no_pull_if_diverged ... ok
[INFO] [stdout] test flow::install_paths::tests::test_installing_path_that_doesnt_exists_in_manifest ... ok
[INFO] [stdout] test flow::push::tests::test_multichunk_push ... ignored
[INFO] [stdout] test flow::commit::tests::test_adding_and_commit ... ok
[INFO] [stdout] test flow::pull::tests::test_no_pull_if_up_to_date ... ok
[INFO] [stdout] test flow::install_paths::tests::test_installing_one_cached_path ... ok
[INFO] [stdout] test flow::push::tests::test_no_push_if_no_commit ... ok
[INFO] [stdout] test flow::install_package::tests::test_installing ... ok
[INFO] [stdout] test flow::install_paths::tests::test_installing_one_uncached_path ... ok
[INFO] [stdout] test flow::reset_to_latest::tests::test_if_already_latest ... ok
[INFO] [stdout] test flow::status::tests::test_behind ... ok
[INFO] [stdout] test flow::status::tests::test_ahead ... ok
[INFO] [stdout] test flow::status::tests::test_default_status ... ok
[INFO] [stdout] test flow::status::tests::test_added_files ... ok
[INFO] [stdout] test flow::uninstall_package::tests::test_panic_if_no_installed_package ... ok
[INFO] [stdout] test flow::status::tests::test_diverged ... ok
[INFO] [stdout] test flow::status::tests::test_removed_files ... ok
[INFO] [stdout] test flow::uninstall_paths::tests::uninstall_not_installed_path ... ok
[INFO] [stdout] test flow::uninstall_paths::tests::uninstall_multiple_paths ... ok
[INFO] [stdout] test flow::uninstall_package::tests::test_uninstall_package ... ok
[INFO] [stdout] test io::manifest::tests::test_resolve_existing_hash ... ok
[INFO] [stdout] test flow::push::tests::test_no_entries_push ... ok
[INFO] [stdout] test io::manifest::tests::test_resolve_remote_hash ... ok
[INFO] [stdout] test io::remote::mocks::tests::test_get_object ... ok
[INFO] [stdout] test io::storage::local::tests::test_copy ... ok
[INFO] [stdout] test io::storage::local::tests::test_dirs ... ok
[INFO] [stdout] test io::storage::local::tests::test_getting_file_modified_ts ... ignored
[INFO] [stdout] test flow::uninstall_paths::tests::uninstall_single_path ... ok
[INFO] [stdout] test lineage::tests::test_domain_lineage_create_package_lineage ... ok
[INFO] [stdout] test io::storage::local::tests::test_files ... ok
[INFO] [stdout] test lineage::tests::test_parsing_json_ok ... ok
[INFO] [stdout] test lineage::tests::test_syntax_error ... ok
[INFO] [stdout] test lineage::tests::test_vec8_parsing_json_ok ... ok
[INFO] [stdout] test lineage::tests::test_wrong_key ... ok
[INFO] [stdout] test lineage::tests::test_wrong_value ... ok
[INFO] [stdout] test manifest::manifest::tests::test_equality_of_partialy_equal ... ok
[INFO] [stdout] test lineage::tests::test_domain_lineage_from_nothing ... ok
[INFO] [stdout] test manifest::manifest::tests::test_equality_of_strictly_equal ... ok
[INFO] [stdout] test flow::reset_to_latest::tests::test_reseting_to_latest ... ok
[INFO] [stdout] test manifest::row::tests::test_formatting_without_path ... ok
[INFO] [stdout] test lineage::tests::test_domain_lineage_write ... ok
[INFO] [stdout] test manifest::table::tests::test_formatting_records ... ok
[INFO] [stdout] test flow::push::tests::test_single_chunk_push ... ok
[INFO] [stdout] test lineage::tests::test_domain_lineage_from_file ... ok
[INFO] [stdout] test manifest::table::tests::test_formatting_no_records ... ok
[INFO] [stdout] test perf::test::test_days ... ok
[INFO] [stdout] test perf::test::test_nanoseconds ... ok
[INFO] [stdout] test perf::test::test_seconds ... ok
[INFO] [stdout] test perf::test::test_overflowing ... ok
[INFO] [stdout] test uri::package::tests::test_implicit_str_parsing ... ok
[INFO] [stdout] test uri::package::tests::test_implicit_string_parsing ... ok
[INFO] [stdout] test uri::package::tests::test_incorrect_scheme ... ok
[INFO] [stdout] test uri::package::tests::test_no_bucket ... ok
[INFO] [stdout] test uri::package::tests::test_latest ... ok
[INFO] [stdout] test uri::package::tests::test_no_package ... ok
[INFO] [stdout] test uri::package::tests::test_no_fragment ... ok
[INFO] [stdout] test paths::tests::test_required_paths ... ok
[INFO] [stdout] test uri::package::tests::test_unknown_paramter ... ok
[INFO] [stdout] test uri::s3::tests::test_implicit_parsing ... ok
[INFO] [stdout] test uri::s3::tests::test_incorrect_query ... ok
[INFO] [stdout] test uri::s3::tests::test_multiple_version_id ... ok
[INFO] [stdout] test uri::package::tests::test_path ... ok
[INFO] [stdout] test uri::s3::tests::test_incorrect_scheme ... ok
[INFO] [stdout] test uri::s3::tests::test_spaces_in_path ... ok
[INFO] [stdout] test uri::s3::tests::test_unversioned_uri ... ok
[INFO] [stdout] test uri::s3::tests::test_versioned ... ok
[INFO] [stdout] test uri::s3::tests::test_no_bucket ... ok
[INFO] [stdout] test manifest::table::tests::read_existing_local ... ok
[INFO] [stdout] test checksum::tests::test_edge_case ... ok
[INFO] [stdout] test checksum::tests::test_sha256_chunked_long ... ok
[INFO] [stdout] 
[INFO] [stdout] test result: ok. 82 passed; 0 failed; 3 ignored; 0 measured; 0 filtered out; finished in 0.96s
[INFO] [stdout] 
[INFO] [stderr]      Running unittests src/main.rs (/opt/rustwide/target/debug/deps/quilt_rs-c3b0cb8cc09e951f)
[INFO] [stdout] 
[INFO] [stdout] running 8 tests
[INFO] [stdout] test cli::install::tests::install ... ignored
[INFO] [stdout] test cli::uninstall::tests::uninstall ... ignored
[INFO] [stdout] test perf::test::test_nanoseconds ... ok
[INFO] [stdout] test perf::test::test_days ... ok
[INFO] [stdout] test perf::test::test_overflowing ... ok
[INFO] [stdout] test perf::test::test_seconds ... ok
[INFO] [stdout] test cli::browse::tests::test_model ... FAILED
[INFO] [stdout] test cli::list::tests::list ... FAILED
[INFO] [stdout] 
[INFO] [stdout] failures:
[INFO] [stdout] 
[INFO] [stdout] ---- cli::browse::tests::test_model stdout ----
[INFO] [stdout] Error: Quilt(Reqwest(reqwest::Error { kind: Request, url: Url { scheme: "https", cannot_be_a_base: false, username: "", password: None, host: Some(Domain("s3.amazonaws.com")), port: None, path: "/udp-spec", query: None, fragment: None }, source: hyper_util::client::legacy::Error(Connect, ConnectError("dns error", Custom { kind: Uncategorized, error: "failed to lookup address information: Temporary failure in name resolution" })) }))
[INFO] [stdout] 
[INFO] [stdout] ---- cli::list::tests::list stdout ----
[INFO] [stdout] Error: Quilt(Reqwest(reqwest::Error { kind: Request, url: Url { scheme: "https", cannot_be_a_base: false, username: "", password: None, host: Some(Domain("s3.amazonaws.com")), port: None, path: "/udp-spec", query: None, fragment: None }, source: hyper_util::client::legacy::Error(Connect, ConnectError("dns error", Custom { kind: Uncategorized, error: "failed to lookup address information: Temporary failure in name resolution" })) }))
[INFO] [stdout] 
[INFO] [stdout] 
[INFO] [stdout] failures:
[INFO] [stdout]     cli::browse::tests::test_model
[INFO] [stdout]     cli::list::tests::list
[INFO] [stdout] 
[INFO] [stdout] test result: FAILED. 4 passed; 2 failed; 2 ignored; 0 measured; 0 filtered out; finished in 0.03s
[INFO] [stdout] 
[INFO] [stderr] error: test failed, to rerun pass `--bin quilt-rs`
[INFO] running `Command { std: "docker" "inspect" "6f78c2009c99fcf52fd7ebf6a7e003539b013ee48656a336fb1afe2f33d7080b", kill_on_drop: false }`
[INFO] running `Command { std: "docker" "rm" "-f" "6f78c2009c99fcf52fd7ebf6a7e003539b013ee48656a336fb1afe2f33d7080b", kill_on_drop: false }`
[INFO] [stdout] 6f78c2009c99fcf52fd7ebf6a7e003539b013ee48656a336fb1afe2f33d7080b
