[INFO] fetching crate mobot 0.3.10...
[INFO] testing mobot-0.3.10 against nightly-2024-10-28+rustflags=-Zrandomize-layout for randomize-layout
[INFO] extracting crate mobot 0.3.10 into /workspace/builds/worker-5-tc2/source
[INFO] validating manifest of crates.io crate mobot 0.3.10 on toolchain nightly-2024-10-28
[INFO] running `Command { std: CARGO_HOME="/workspace/cargo-home" RUSTUP_HOME="/workspace/rustup-home" "/workspace/cargo-home/bin/cargo" "+nightly-2024-10-28" "metadata" "--manifest-path" "Cargo.toml" "--no-deps", kill_on_drop: false }`
[INFO] started tweaking crates.io crate mobot 0.3.10
[INFO] finished tweaking crates.io crate mobot 0.3.10
[INFO] tweaked toml for crates.io crate mobot 0.3.10 written to /workspace/builds/worker-5-tc2/source/Cargo.toml
[INFO] crate crates.io crate mobot 0.3.10 already has a lockfile, it will not be regenerated
[INFO] running `Command { std: CARGO_HOME="/workspace/cargo-home" RUSTUP_HOME="/workspace/rustup-home" "/workspace/cargo-home/bin/cargo" "+nightly-2024-10-28" "fetch" "--manifest-path" "Cargo.toml", kill_on_drop: false }`
[INFO] running `Command { std: "docker" "create" "-v" "/var/lib/crater-agent-workspace/builds/worker-5-tc2/target:/opt/rustwide/target:rw,Z" "-v" "/var/lib/crater-agent-workspace/builds/worker-5-tc2/source:/opt/rustwide/workdir:ro,Z" "-v" "/var/lib/crater-agent-workspace/cargo-home:/opt/rustwide/cargo-home:ro,Z" "-v" "/var/lib/crater-agent-workspace/rustup-home:/opt/rustwide/rustup-home:ro,Z" "-e" "SOURCE_DIR=/opt/rustwide/workdir" "-e" "CARGO_TARGET_DIR=/opt/rustwide/target" "-e" "CARGO_HOME=/opt/rustwide/cargo-home" "-e" "RUSTUP_HOME=/opt/rustwide/rustup-home" "-w" "/opt/rustwide/workdir" "-m" "1610612736" "--user" "0:0" "--network" "none" "ghcr.io/rust-lang/crates-build-env/linux@sha256:4a844ea9eb2546a2d2c7022eacef16ef2e8229c7fbb2c7d4d55a9ceca922f72d" "/opt/rustwide/cargo-home/bin/cargo" "+nightly-2024-10-28" "metadata" "--no-deps" "--format-version=1", kill_on_drop: false }`
[INFO] [stdout] aa7e5d2198a84b1ac61ded18cabf863df7cf866566d5681670cc1f496da91555
[INFO] running `Command { std: "docker" "start" "-a" "aa7e5d2198a84b1ac61ded18cabf863df7cf866566d5681670cc1f496da91555", kill_on_drop: false }`
[INFO] running `Command { std: "docker" "inspect" "aa7e5d2198a84b1ac61ded18cabf863df7cf866566d5681670cc1f496da91555", kill_on_drop: false }`
[INFO] running `Command { std: "docker" "rm" "-f" "aa7e5d2198a84b1ac61ded18cabf863df7cf866566d5681670cc1f496da91555", kill_on_drop: false }`
[INFO] [stdout] aa7e5d2198a84b1ac61ded18cabf863df7cf866566d5681670cc1f496da91555
[INFO] running `Command { std: "docker" "create" "-v" "/var/lib/crater-agent-workspace/builds/worker-5-tc2/target:/opt/rustwide/target:rw,Z" "-v" "/var/lib/crater-agent-workspace/builds/worker-5-tc2/source:/opt/rustwide/workdir:ro,Z" "-v" "/var/lib/crater-agent-workspace/cargo-home:/opt/rustwide/cargo-home:ro,Z" "-v" "/var/lib/crater-agent-workspace/rustup-home:/opt/rustwide/rustup-home:ro,Z" "-e" "SOURCE_DIR=/opt/rustwide/workdir" "-e" "CARGO_TARGET_DIR=/opt/rustwide/target" "-e" "CARGO_INCREMENTAL=0" "-e" "RUST_BACKTRACE=full" "-e" "RUSTFLAGS=--cap-lints=forbid -Zrandomize-layout" "-e" "RUSTDOCFLAGS=--cap-lints=forbid" "-e" "CARGO_HOME=/opt/rustwide/cargo-home" "-e" "RUSTUP_HOME=/opt/rustwide/rustup-home" "-w" "/opt/rustwide/workdir" "-m" "1610612736" "--user" "0:0" "--network" "none" "ghcr.io/rust-lang/crates-build-env/linux@sha256:4a844ea9eb2546a2d2c7022eacef16ef2e8229c7fbb2c7d4d55a9ceca922f72d" "/opt/rustwide/cargo-home/bin/cargo" "+nightly-2024-10-28" "build" "--frozen" "--message-format=json", kill_on_drop: false }`
[INFO] [stdout] e6df61f99e07d74722a34a23a42782ed844ed2e5a3319cd1392323c31aa26bc4
[INFO] running `Command { std: "docker" "start" "-a" "e6df61f99e07d74722a34a23a42782ed844ed2e5a3319cd1392323c31aa26bc4", kill_on_drop: false }`
[INFO] [stderr]    Compiling libc v0.2.147
[INFO] [stderr]    Compiling proc-macro2 v1.0.66
[INFO] [stderr]    Compiling autocfg v1.1.0
[INFO] [stderr]    Compiling unicode-ident v1.0.11
[INFO] [stderr]    Compiling cfg-if v1.0.0
[INFO] [stderr]    Compiling memchr v2.5.0
[INFO] [stderr]    Compiling pin-project-lite v0.2.11
[INFO] [stderr]    Compiling futures-core v0.3.28
[INFO] [stderr]    Compiling once_cell v1.18.0
[INFO] [stderr]    Compiling pkg-config v0.3.27
[INFO] [stderr]    Compiling parking_lot_core v0.9.8
[INFO] [stderr]    Compiling scopeguard v1.2.0
[INFO] [stderr]    Compiling futures-channel v0.3.28
[INFO] [stderr]    Compiling bytes v1.4.0
[INFO] [stderr]    Compiling futures-task v0.3.28
[INFO] [stderr]    Compiling smallvec v1.11.0
[INFO] [stderr]    Compiling futures-sink v0.3.28
[INFO] [stderr]    Compiling futures-util v0.3.28
[INFO] [stderr]    Compiling itoa v1.0.9
[INFO] [stderr]    Compiling pin-utils v0.1.0
[INFO] [stderr]    Compiling futures-io v0.3.28
[INFO] [stderr]    Compiling openssl v0.10.55
[INFO] [stderr]    Compiling foreign-types-shared v0.1.1
[INFO] [stderr]    Compiling tracing-core v0.1.31
[INFO] [stderr]    Compiling fnv v1.0.7
[INFO] [stderr]    Compiling foreign-types v0.3.2
[INFO] [stderr]    Compiling serde v1.0.182
[INFO] [stderr]    Compiling bitflags v1.3.2
[INFO] [stderr]    Compiling httparse v1.8.0
[INFO] [stderr]    Compiling syn v1.0.109
[INFO] [stderr]    Compiling tinyvec_macros v0.1.1
[INFO] [stderr]    Compiling native-tls v0.2.11
[INFO] [stderr]    Compiling log v0.4.19
[INFO] [stderr]    Compiling hashbrown v0.12.3
[INFO] [stderr]    Compiling tinyvec v1.6.0
[INFO] [stderr]    Compiling percent-encoding v2.3.0
[INFO] [stderr]    Compiling lock_api v0.4.10
[INFO] [stderr]    Compiling slab v0.4.8
[INFO] [stderr]    Compiling tokio v1.29.1
[INFO] [stderr]    Compiling indexmap v1.9.3
[INFO] [stderr]    Compiling http v0.2.9
[INFO] [stderr]    Compiling rustix v0.38.7
[INFO] [stderr]    Compiling serde_derive v1.0.182
[INFO] [stderr]    Compiling try-lock v0.2.4
[INFO] [stderr]    Compiling openssl-probe v0.1.5
[INFO] [stderr]    Compiling want v0.3.1
[INFO] [stderr]    Compiling tracing v0.1.37
[INFO] [stderr]    Compiling aho-corasick v1.0.2
[INFO] [stderr]    Compiling form_urlencoded v1.2.0
[INFO] [stderr]    Compiling num-traits v0.2.16
[INFO] [stderr]    Compiling httpdate v1.0.2
[INFO] [stderr]    Compiling quote v1.0.32
[INFO] [stderr]    Compiling regex-syntax v0.7.4
[INFO] [stderr]    Compiling tower-service v0.3.2
[INFO] [stderr]    Compiling serde_json v1.0.104
[INFO] [stderr]    Compiling bitflags v2.3.3
[INFO] [stderr]    Compiling unicode-bidi v0.3.13
[INFO] [stderr]    Compiling syn v2.0.28
[INFO] [stderr]    Compiling cc v1.0.81
[INFO] [stderr]    Compiling socket2 v0.4.9
[INFO] [stderr]    Compiling num_cpus v1.16.0
[INFO] [stderr]    Compiling mio v0.8.8
[INFO] [stderr]    Compiling signal-hook-registry v1.4.1
[INFO] [stderr]    Compiling getrandom v0.2.10
[INFO] [stderr]    Compiling parking_lot v0.12.1
[INFO] [stderr]    Compiling unicode-normalization v0.1.22
[INFO] [stderr]    Compiling ryu v1.0.15
[INFO] [stderr]    Compiling linux-raw-sys v0.4.5
[INFO] [stderr]    Compiling http-body v0.4.5
[INFO] [stderr]    Compiling rand_core v0.6.4
[INFO] [stderr]    Compiling argh_shared v0.1.10
[INFO] [stderr]    Compiling async-trait v0.1.72
[INFO] [stderr]    Compiling ppv-lite86 v0.2.17
[INFO] [stderr]    Compiling thiserror v1.0.44
[INFO] [stderr]    Compiling anyhow v1.0.72
[INFO] [stderr]    Compiling time v0.1.45
[INFO] [stderr]    Compiling idna v0.4.0
[INFO] [stderr]    Compiling encoding_rs v0.8.32
[INFO] [stderr]    Compiling convert_case v0.4.0
[INFO] [stderr]    Compiling humantime v2.1.0
[INFO] [stderr]    Compiling iana-time-zone v0.1.57
[INFO] [stderr]    Compiling rand_chacha v0.3.1
[INFO] [stderr]    Compiling ipnet v2.8.0
[INFO] [stderr]    Compiling openssl-sys v0.9.90
[INFO] [stderr]    Compiling termcolor v1.2.0
[INFO] [stderr]    Compiling base64 v0.21.2
[INFO] [stderr]    Compiling mime v0.3.17
[INFO] [stderr]    Compiling url v2.4.0
[INFO] [stderr]    Compiling is-terminal v0.4.9
[INFO] [stderr]    Compiling rand v0.8.5
[INFO] [stderr]    Compiling lazy_static v1.4.0
[INFO] [stderr]    Compiling chrono v0.4.26
[INFO] [stderr]    Compiling regex-automata v0.3.6
[INFO] [stderr]    Compiling serde_urlencoded v0.7.1
[INFO] [stderr]    Compiling argh_derive v0.1.10
[INFO] [stderr]    Compiling derive_more v0.99.17
[INFO] [stderr]    Compiling futures-macro v0.3.28
[INFO] [stderr]    Compiling tokio-macros v2.1.0
[INFO] [stderr]    Compiling openssl-macros v0.1.1
[INFO] [stderr]    Compiling thiserror-impl v1.0.44
[INFO] [stderr]    Compiling mobot-derive v0.1.3
[INFO] [stderr]    Compiling argh v0.1.10
[INFO] [stderr]    Compiling regex v1.9.3
[INFO] [stderr]    Compiling env_logger v0.10.0
[INFO] [stderr]    Compiling futures-executor v0.3.28
[INFO] [stderr]    Compiling futures v0.3.28
[INFO] [stderr]    Compiling tokio-util v0.7.8
[INFO] [stderr]    Compiling tokio-native-tls v0.3.1
[INFO] [stderr]    Compiling h2 v0.3.20
[INFO] [stderr]    Compiling hyper v0.14.27
[INFO] [stderr]    Compiling hyper-tls v0.5.0
[INFO] [stderr]    Compiling reqwest v0.11.18
[INFO] [stderr]    Compiling mobot v0.3.10 (/opt/rustwide/workdir)
[INFO] [stderr] error: could not compile `mobot` (bin "uptime")
[INFO] [stderr] 
[INFO] [stderr] Caused by:
[INFO] [stderr]   process didn't exit successfully: `/opt/rustwide/rustup-home/toolchains/nightly-2024-10-28-x86_64-unknown-linux-gnu/bin/rustc --crate-name uptime --edition=2021 src/bin/uptime.rs --error-format=json --json=diagnostic-rendered-ansi,artifacts,future-incompat --crate-type bin --emit=dep-info,link -C embed-bitcode=no -C debuginfo=2 --check-cfg 'cfg(docsrs)' --check-cfg 'cfg(feature, values())' -C metadata=893d7b84549a9037 -C extra-filename=-893d7b84549a9037 --out-dir /opt/rustwide/target/debug/deps -L dependency=/opt/rustwide/target/debug/deps --extern anyhow=/opt/rustwide/target/debug/deps/libanyhow-f0d64982bb7b8f4e.rlib --extern argh=/opt/rustwide/target/debug/deps/libargh-347fc077a01d9f77.rlib --extern async_trait=/opt/rustwide/target/debug/deps/libasync_trait-61b27d398a2e5779.so --extern bytes=/opt/rustwide/target/debug/deps/libbytes-8cb5c9c819f9ddea.rlib --extern chrono=/opt/rustwide/target/debug/deps/libchrono-1ddcf8777e51988d.rlib --extern derive_more=/opt/rustwide/target/debug/deps/libderive_more-4a56b26ebc332c46.so --extern env_logger=/opt/rustwide/target/debug/deps/libenv_logger-d1ec6a14f8452f51.rlib --extern futures=/opt/rustwide/target/debug/deps/libfutures-d5c4f18081acd666.rlib --extern lazy_static=/opt/rustwide/target/debug/deps/liblazy_static-b82c15677deef9e2.rlib --extern log=/opt/rustwide/target/debug/deps/liblog-e36f1c34d09735e4.rlib --extern mobot=/opt/rustwide/target/debug/deps/libmobot-190c61c21f2b147c.rlib --extern mobot_derive=/opt/rustwide/target/debug/deps/libmobot_derive-fa86455d8281a4ef.so --extern rand=/opt/rustwide/target/debug/deps/librand-65438dc9b38608f0.rlib --extern regex=/opt/rustwide/target/debug/deps/libregex-aac47584f2f385fd.rlib --extern reqwest=/opt/rustwide/target/debug/deps/libreqwest-9c21eaa3d9e35707.rlib --extern serde=/opt/rustwide/target/debug/deps/libserde-33974d3118a267c6.rlib --extern serde_json=/opt/rustwide/target/debug/deps/libserde_json-79e9ade10a60754f.rlib --extern thiserror=/opt/rustwide/target/debug/deps/libthiserror-3f1aa2617698bc03.rlib --extern tokio=/opt/rustwide/target/debug/deps/libtokio-d22934de235fa819.rlib --cap-lints=forbid -Zrandomize-layout` (signal: 9, SIGKILL: kill)
[INFO] [stderr] warning: build failed, waiting for other jobs to finish...
[INFO] [stderr] error: could not compile `mobot` (bin "redirect")
[INFO] [stderr] 
[INFO] [stderr] Caused by:
[INFO] [stderr]   process didn't exit successfully: `/opt/rustwide/rustup-home/toolchains/nightly-2024-10-28-x86_64-unknown-linux-gnu/bin/rustc --crate-name redirect --edition=2021 src/bin/redirect.rs --error-format=json --json=diagnostic-rendered-ansi,artifacts,future-incompat --crate-type bin --emit=dep-info,link -C embed-bitcode=no -C debuginfo=2 --check-cfg 'cfg(docsrs)' --check-cfg 'cfg(feature, values())' -C metadata=e34b98354118c5e9 -C extra-filename=-e34b98354118c5e9 --out-dir /opt/rustwide/target/debug/deps -L dependency=/opt/rustwide/target/debug/deps --extern anyhow=/opt/rustwide/target/debug/deps/libanyhow-f0d64982bb7b8f4e.rlib --extern argh=/opt/rustwide/target/debug/deps/libargh-347fc077a01d9f77.rlib --extern async_trait=/opt/rustwide/target/debug/deps/libasync_trait-61b27d398a2e5779.so --extern bytes=/opt/rustwide/target/debug/deps/libbytes-8cb5c9c819f9ddea.rlib --extern chrono=/opt/rustwide/target/debug/deps/libchrono-1ddcf8777e51988d.rlib --extern derive_more=/opt/rustwide/target/debug/deps/libderive_more-4a56b26ebc332c46.so --extern env_logger=/opt/rustwide/target/debug/deps/libenv_logger-d1ec6a14f8452f51.rlib --extern futures=/opt/rustwide/target/debug/deps/libfutures-d5c4f18081acd666.rlib --extern lazy_static=/opt/rustwide/target/debug/deps/liblazy_static-b82c15677deef9e2.rlib --extern log=/opt/rustwide/target/debug/deps/liblog-e36f1c34d09735e4.rlib --extern mobot=/opt/rustwide/target/debug/deps/libmobot-190c61c21f2b147c.rlib --extern mobot_derive=/opt/rustwide/target/debug/deps/libmobot_derive-fa86455d8281a4ef.so --extern rand=/opt/rustwide/target/debug/deps/librand-65438dc9b38608f0.rlib --extern regex=/opt/rustwide/target/debug/deps/libregex-aac47584f2f385fd.rlib --extern reqwest=/opt/rustwide/target/debug/deps/libreqwest-9c21eaa3d9e35707.rlib --extern serde=/opt/rustwide/target/debug/deps/libserde-33974d3118a267c6.rlib --extern serde_json=/opt/rustwide/target/debug/deps/libserde_json-79e9ade10a60754f.rlib --extern thiserror=/opt/rustwide/target/debug/deps/libthiserror-3f1aa2617698bc03.rlib --extern tokio=/opt/rustwide/target/debug/deps/libtokio-d22934de235fa819.rlib --cap-lints=forbid -Zrandomize-layout` (signal: 9, SIGKILL: kill)
[ERROR] error running command: no output for 300 seconds
[INFO] running `Command { std: "docker" "inspect" "e6df61f99e07d74722a34a23a42782ed844ed2e5a3319cd1392323c31aa26bc4", kill_on_drop: false }`
[INFO] running `Command { std: "docker" "rm" "-f" "e6df61f99e07d74722a34a23a42782ed844ed2e5a3319cd1392323c31aa26bc4", kill_on_drop: false }`
[INFO] [stderr] Error response from daemon: Could not kill running container e6df61f99e07d74722a34a23a42782ed844ed2e5a3319cd1392323c31aa26bc4, cannot remove - container e6df61f99e07 PID 735743 is zombie and can not be killed. Use the --init option when creating containers to run an init inside the container that forwards signals and reaps processes
[ERROR] failed to delete container e6df61f99e07d74722a34a23a42782ed844ed2e5a3319cd1392323c31aa26bc4
[ERROR] caused by: command failed: exit status: 1
