[INFO] fetching crate metry 0.1.1...
[INFO] testing metry-0.1.1 against nightly-2024-10-28 for randomize-layout
[INFO] extracting crate metry 0.1.1 into /workspace/builds/worker-7-tc1/source
[INFO] validating manifest of crates.io crate metry 0.1.1 on toolchain nightly-2024-10-28
[INFO] running `Command { std: CARGO_HOME="/workspace/cargo-home" RUSTUP_HOME="/workspace/rustup-home" "/workspace/cargo-home/bin/cargo" "+nightly-2024-10-28" "metadata" "--manifest-path" "Cargo.toml" "--no-deps", kill_on_drop: false }`
[INFO] started tweaking crates.io crate metry 0.1.1
[INFO] finished tweaking crates.io crate metry 0.1.1
[INFO] tweaked toml for crates.io crate metry 0.1.1 written to /workspace/builds/worker-7-tc1/source/Cargo.toml
[INFO] running `Command { std: CARGO_HOME="/workspace/cargo-home" RUSTUP_HOME="/workspace/rustup-home" "/workspace/cargo-home/bin/cargo" "+nightly-2024-10-28" "generate-lockfile" "--manifest-path" "Cargo.toml", kill_on_drop: false }`
[INFO] [stderr]     Updating crates.io index
[INFO] [stderr]      Locking 253 packages to latest compatible versions
[INFO] [stderr]       Adding opentelemetry v0.22.0 (available: v0.26.0)
[INFO] [stderr]       Adding opentelemetry-appender-tracing v0.3.0 (available: v0.26.0)
[INFO] [stderr]       Adding opentelemetry-aws v0.10.0 (available: v0.14.0)
[INFO] [stderr]       Adding opentelemetry-otlp v0.15.0 (available: v0.26.0)
[INFO] [stderr]       Adding opentelemetry-semantic-conventions v0.15.0 (available: v0.26.0)
[INFO] [stderr]       Adding opentelemetry-stdout v0.3.0 (available: v0.26.0)
[INFO] [stderr]       Adding opentelemetry_sdk v0.22.1 (available: v0.26.0)
[INFO] [stderr]       Adding tracing-opentelemetry v0.23.0 (available: v0.27.0)
[INFO] running `Command { std: CARGO_HOME="/workspace/cargo-home" RUSTUP_HOME="/workspace/rustup-home" "/workspace/cargo-home/bin/cargo" "+nightly-2024-10-28" "fetch" "--manifest-path" "Cargo.toml", kill_on_drop: false }`
[INFO] [stderr]  Downloading crates ...
[INFO] [stderr]   Downloaded opentelemetry-stdout v0.3.0
[INFO] [stderr]   Downloaded opentelemetry-proto v0.5.0
[INFO] [stderr]   Downloaded opentelemetry-http v0.11.1
[INFO] [stderr]   Downloaded opentelemetry-otlp v0.15.0
[INFO] [stderr]   Downloaded opentelemetry-appender-tracing v0.3.0
[INFO] [stderr]   Downloaded opentelemetry-semantic-conventions v0.14.0
[INFO] [stderr]   Downloaded opentelemetry-semantic-conventions v0.15.0
[INFO] [stderr]   Downloaded aws-smithy-compression v0.0.2
[INFO] [stderr]   Downloaded aws-smithy-checksums v0.60.13
[INFO] [stderr]   Downloaded p256 v0.11.1
[INFO] [stderr]   Downloaded aws-sdk-s3 v1.59.0
[INFO] [stderr]   Downloaded opentelemetry-aws v0.10.0
[INFO] [stderr]   Downloaded aws-sdk-xray v1.48.0
[INFO] [stderr]   Downloaded aws-sdk-cloudwatch v1.53.0
[INFO] running `Command { std: "docker" "create" "-v" "/var/lib/crater-agent-workspace/builds/worker-7-tc1/target:/opt/rustwide/target:rw,Z" "-v" "/var/lib/crater-agent-workspace/builds/worker-7-tc1/source:/opt/rustwide/workdir:ro,Z" "-v" "/var/lib/crater-agent-workspace/cargo-home:/opt/rustwide/cargo-home:ro,Z" "-v" "/var/lib/crater-agent-workspace/rustup-home:/opt/rustwide/rustup-home:ro,Z" "-e" "SOURCE_DIR=/opt/rustwide/workdir" "-e" "CARGO_TARGET_DIR=/opt/rustwide/target" "-e" "CARGO_HOME=/opt/rustwide/cargo-home" "-e" "RUSTUP_HOME=/opt/rustwide/rustup-home" "-w" "/opt/rustwide/workdir" "-m" "1610612736" "--user" "0:0" "--network" "none" "ghcr.io/rust-lang/crates-build-env/linux@sha256:4a844ea9eb2546a2d2c7022eacef16ef2e8229c7fbb2c7d4d55a9ceca922f72d" "/opt/rustwide/cargo-home/bin/cargo" "+nightly-2024-10-28" "metadata" "--no-deps" "--format-version=1", kill_on_drop: false }`
[INFO] [stdout] 9f2d25689688917ce26addcbb4b95c0ba9fb771e9381191bd05e65fb2c8f504c
[INFO] running `Command { std: "docker" "start" "-a" "9f2d25689688917ce26addcbb4b95c0ba9fb771e9381191bd05e65fb2c8f504c", kill_on_drop: false }`
[INFO] running `Command { std: "docker" "inspect" "9f2d25689688917ce26addcbb4b95c0ba9fb771e9381191bd05e65fb2c8f504c", kill_on_drop: false }`
[INFO] running `Command { std: "docker" "rm" "-f" "9f2d25689688917ce26addcbb4b95c0ba9fb771e9381191bd05e65fb2c8f504c", kill_on_drop: false }`
[INFO] [stdout] 9f2d25689688917ce26addcbb4b95c0ba9fb771e9381191bd05e65fb2c8f504c
[INFO] running `Command { std: "docker" "create" "-v" "/var/lib/crater-agent-workspace/builds/worker-7-tc1/target:/opt/rustwide/target:rw,Z" "-v" "/var/lib/crater-agent-workspace/builds/worker-7-tc1/source:/opt/rustwide/workdir:ro,Z" "-v" "/var/lib/crater-agent-workspace/cargo-home:/opt/rustwide/cargo-home:ro,Z" "-v" "/var/lib/crater-agent-workspace/rustup-home:/opt/rustwide/rustup-home:ro,Z" "-e" "SOURCE_DIR=/opt/rustwide/workdir" "-e" "CARGO_TARGET_DIR=/opt/rustwide/target" "-e" "CARGO_INCREMENTAL=0" "-e" "RUST_BACKTRACE=full" "-e" "RUSTFLAGS=--cap-lints=forbid" "-e" "RUSTDOCFLAGS=--cap-lints=forbid" "-e" "CARGO_HOME=/opt/rustwide/cargo-home" "-e" "RUSTUP_HOME=/opt/rustwide/rustup-home" "-w" "/opt/rustwide/workdir" "-m" "1610612736" "--user" "0:0" "--network" "none" "ghcr.io/rust-lang/crates-build-env/linux@sha256:4a844ea9eb2546a2d2c7022eacef16ef2e8229c7fbb2c7d4d55a9ceca922f72d" "/opt/rustwide/cargo-home/bin/cargo" "+nightly-2024-10-28" "build" "--frozen" "--message-format=json", kill_on_drop: false }`
[INFO] [stdout] b2541915c76d7f44c0b59f14e6e98cb0ca118b6df98a8beab2bb79059358f9c2
[INFO] running `Command { std: "docker" "start" "-a" "b2541915c76d7f44c0b59f14e6e98cb0ca118b6df98a8beab2bb79059358f9c2", kill_on_drop: false }`
[INFO] [stderr]    Compiling num-traits v0.2.19
[INFO] [stderr]    Compiling tracing-core v0.1.32
[INFO] [stderr]    Compiling either v1.13.0
[INFO] [stderr]    Compiling syn v2.0.86
[INFO] [stderr]    Compiling signal-hook-registry v1.4.2
[INFO] [stderr]    Compiling getrandom v0.2.15
[INFO] [stderr]    Compiling typenum v1.17.0
[INFO] [stderr]    Compiling version_check v0.9.5
[INFO] [stderr]    Compiling tokio v1.41.0
[INFO] [stderr]    Compiling rand_core v0.6.4
[INFO] [stderr]    Compiling generic-array v0.14.7
[INFO] [stderr]    Compiling zeroize v1.8.1
[INFO] [stderr]    Compiling subtle v2.6.1
[INFO] [stderr]    Compiling http v1.1.0
[INFO] [stderr]    Compiling powerfmt v0.2.0
[INFO] [stderr]    Compiling num-conv v0.1.0
[INFO] [stderr]    Compiling deranged v0.3.11
[INFO] [stderr]    Compiling outref v0.5.1
[INFO] [stderr]    Compiling vsimd v0.8.0
[INFO] [stderr]    Compiling time-core v0.1.2
[INFO] [stderr]    Compiling bytes-utils v0.1.4
[INFO] [stderr]    Compiling num-integer v0.1.46
[INFO] [stderr]    Compiling foldhash v0.1.3
[INFO] [stderr]    Compiling base64-simd v0.8.0
[INFO] [stderr]    Compiling allocator-api2 v0.2.18
[INFO] [stderr]    Compiling http-body v1.0.1
[INFO] [stderr]    Compiling time v0.3.36
[INFO] [stderr]    Compiling ring v0.17.8
[INFO] [stderr]    Compiling hashbrown v0.15.0
[INFO] [stderr]    Compiling semver v1.0.23
[INFO] [stderr]    Compiling crypto-common v0.1.6
[INFO] [stderr]    Compiling block-buffer v0.10.4
[INFO] [stderr]    Compiling log v0.4.22
[INFO] [stderr]    Compiling digest v0.10.7
[INFO] [stderr]    Compiling spin v0.9.8
[INFO] [stderr]    Compiling const-oid v0.9.6
[INFO] [stderr]    Compiling untrusted v0.9.0
[INFO] [stderr]    Compiling der v0.6.1
[INFO] [stderr]    Compiling rustc_version v0.4.1
[INFO] [stderr]    Compiling crc32fast v1.4.2
[INFO] [stderr]    Compiling indexmap v2.6.0
[INFO] [stderr]    Compiling base64ct v1.6.0
[INFO] [stderr]    Compiling byteorder v1.5.0
[INFO] [stderr]    Compiling crypto-bigint v0.4.9
[INFO] [stderr]    Compiling ff v0.12.1
[INFO] [stderr]    Compiling urlencoding v2.1.3
[INFO] [stderr]    Compiling spki v0.6.0
[INFO] [stderr]    Compiling rustls v0.21.12
[INFO] [stderr]    Compiling pkcs8 v0.9.0
[INFO] [stderr]    Compiling cpufeatures v0.2.14
[INFO] [stderr]    Compiling base16ct v0.1.1
[INFO] [stderr]    Compiling group v0.12.1
[INFO] [stderr]    Compiling hmac v0.12.1
[INFO] [stderr]    Compiling serde v1.0.214
[INFO] [stderr]    Compiling sec1 v0.3.0
[INFO] [stderr]    Compiling sha2 v0.10.8
[INFO] [stderr]    Compiling signature v1.6.4
[INFO] [stderr]    Compiling elliptic-curve v0.12.3
[INFO] [stderr]    Compiling rfc6979 v0.3.1
[INFO] [stderr]    Compiling rustversion v1.0.18
[INFO] [stderr]    Compiling thiserror v1.0.66
[INFO] [stderr]    Compiling rustls-native-certs v0.6.3
[INFO] [stderr]    Compiling ecdsa v0.14.8
[INFO] [stderr]    Compiling aws-types v1.3.3
[INFO] [stderr]    Compiling hex v0.4.3
[INFO] [stderr]    Compiling crossbeam-utils v0.8.20
[INFO] [stderr]    Compiling crypto-bigint v0.5.5
[INFO] [stderr]    Compiling p256 v0.11.1
[INFO] [stderr]    Compiling fastrand v2.1.1
[INFO] [stderr]    Compiling tokio-util v0.7.12
[INFO] [stderr]    Compiling tokio-stream v0.1.16
[INFO] [stderr]    Compiling uuid v1.11.0
[INFO] [stderr]    Compiling crossbeam-channel v0.5.13
[INFO] [stderr]    Compiling ordered-float v4.4.0
[INFO] [stderr]    Compiling indexmap v1.9.3
[INFO] [stderr]    Compiling anyhow v1.0.92
[INFO] [stderr]    Compiling regex-lite v0.1.6
[INFO] [stderr]    Compiling glob v0.3.1
[INFO] [stderr]    Compiling axum-core v0.3.4
[INFO] [stderr]    Compiling tower-layer v0.3.3
[INFO] [stderr]    Compiling futures-macro v0.3.31
[INFO] [stderr]    Compiling tracing-attributes v0.1.27
[INFO] [stderr]    Compiling zerocopy-derive v0.7.35
[INFO] [stderr]    Compiling async-trait v0.1.83
[INFO] [stderr]    Compiling serde_derive v1.0.214
[INFO] [stderr]    Compiling futures-util v0.3.31
[INFO] [stderr]    Compiling rustls-webpki v0.101.7
[INFO] [stderr]    Compiling zerocopy v0.7.35
[INFO] [stderr]    Compiling sct v0.7.1
[INFO] [stderr]    Compiling thiserror-impl v1.0.66
[INFO] [stderr]    Compiling pin-project-internal v1.1.7
[INFO] [stderr]    Compiling tracing v0.1.40
[INFO] [stderr]    Compiling ppv-lite86 v0.2.20
[INFO] [stderr]    Compiling rand_chacha v0.3.1
[INFO] [stderr]    Compiling rand v0.8.5
[INFO] [stderr]    Compiling pin-project v1.1.7
[INFO] [stderr]    Compiling axum v0.6.20
[INFO] [stderr]    Compiling opentelemetry v0.22.0
[INFO] [stderr]    Compiling itertools v0.12.1
[INFO] [stderr]    Compiling xmlparser v0.13.6
[INFO] [stderr]    Compiling regex-syntax v0.8.5
[INFO] [stderr]    Compiling regex-syntax v0.6.29
[INFO] [stderr]    Compiling aws-smithy-xml v0.60.9
[INFO] [stderr]    Compiling http-body-util v0.1.2
[INFO] [stderr]    Compiling aws-smithy-async v1.2.1
[INFO] [stderr]    Compiling aws-smithy-types v1.2.8
[INFO] [stderr]    Compiling h2 v0.3.26
[INFO] [stderr]    Compiling tokio-rustls v0.24.1
[INFO] [stderr]    Compiling futures-executor v0.3.31
[INFO] [stderr]    Compiling regex-automata v0.4.8
[INFO] [stderr]    Compiling aws-smithy-runtime-api v1.7.2
[INFO] [stderr]    Compiling aws-smithy-eventstream v0.60.5
[INFO] [stderr]    Compiling aws-smithy-http v0.60.11
[INFO] [stderr]    Compiling aws-credential-types v1.2.1
[INFO] [stderr]    Compiling aws-sigv4 v1.2.5
[INFO] [stderr]    Compiling hyper v0.14.31
[INFO] [stderr]    Compiling aws-smithy-json v0.60.7
[INFO] [stderr]    Compiling regex-automata v0.1.10
[INFO] [stderr]    Compiling serde_json v1.0.132
[INFO] [stderr]    Compiling prost-derive v0.12.6
[INFO] [stderr]    Compiling tower v0.4.13
[INFO] [stderr]    Compiling async-stream-impl v0.3.6
[INFO] [stderr]    Compiling tokio-io-timeout v1.2.0
[INFO] [stderr]    Compiling opentelemetry_sdk v0.22.1
[INFO] [stderr]    Compiling crc32c v0.6.8
[INFO] [stderr]    Compiling overload v0.1.1
[INFO] [stderr]    Compiling matchit v0.7.3
[INFO] [stderr]    Compiling adler2 v2.0.0
[INFO] [stderr]    Compiling sharded-slab v0.1.7
[INFO] [stderr]    Compiling miniz_oxide v0.8.0
[INFO] [stderr]    Compiling nu-ansi-term v0.46.0
[INFO] [stderr]    Compiling async-stream v0.3.6
[INFO] [stderr]    Compiling prost v0.12.6
[INFO] [stderr]    Compiling matchers v0.1.0
[INFO] [stderr]    Compiling regex v1.11.1
[INFO] [stderr]    Compiling aws-smithy-query v0.60.7
[INFO] [stderr]    Compiling tracing-log v0.2.0
[INFO] [stderr]    Compiling thread_local v1.1.8
[INFO] [stderr]    Compiling smallvec v1.13.2
[INFO] [stderr]    Compiling tracing-subscriber v0.3.18
[INFO] [stderr]    Compiling flate2 v1.0.34
[INFO] [stderr]    Compiling sha1 v0.10.6
[INFO] [stderr]    Compiling hyper-rustls v0.24.2
[INFO] [stderr]    Compiling hyper-timeout v0.4.1
[INFO] [stderr]    Compiling aws-smithy-runtime v1.7.3
[INFO] [stderr]    Compiling md-5 v0.10.6
[INFO] [stderr]    Compiling opentelemetry-http v0.11.1
[INFO] [stderr]    Compiling aws-smithy-checksums v0.60.13
[INFO] [stderr]    Compiling aws-smithy-compression v0.0.2
[INFO] [stderr]    Compiling lru v0.12.5
[INFO] [stderr]    Compiling chrono v0.4.38
[INFO] [stderr]    Compiling opentelemetry-semantic-conventions v0.14.0
[INFO] [stderr]    Compiling opentelemetry-aws v0.10.0
[INFO] [stderr]    Compiling opentelemetry-semantic-conventions v0.15.0
[INFO] [stderr]    Compiling opentelemetry-appender-tracing v0.3.0
[INFO] [stderr]    Compiling opentelemetry-stdout v0.3.0
[INFO] [stderr]    Compiling tracing-opentelemetry v0.23.0
[INFO] [stderr]    Compiling aws-runtime v1.4.3
[INFO] [stderr]    Compiling aws-sdk-ssooidc v1.49.0
[INFO] [stderr]    Compiling aws-sdk-sso v1.48.0
[INFO] [stderr]    Compiling aws-sdk-sts v1.48.0
[INFO] [stderr]    Compiling tonic v0.11.0
[INFO] [stderr]    Compiling aws-sdk-xray v1.48.0
[INFO] [stderr]    Compiling aws-sdk-s3 v1.59.0
[INFO] [stderr]    Compiling aws-sdk-cloudwatch v1.53.0
[INFO] [stderr]    Compiling opentelemetry-proto v0.5.0
[INFO] [stderr]    Compiling opentelemetry-otlp v0.15.0
[INFO] [stderr]    Compiling aws-config v1.5.9
[INFO] [stderr]    Compiling metry v0.1.1 (/opt/rustwide/workdir)
[INFO] [stderr]     Finished `dev` profile [unoptimized + debuginfo] target(s) in 47.69s
[INFO] running `Command { std: "docker" "inspect" "b2541915c76d7f44c0b59f14e6e98cb0ca118b6df98a8beab2bb79059358f9c2", kill_on_drop: false }`
[INFO] running `Command { std: "docker" "rm" "-f" "b2541915c76d7f44c0b59f14e6e98cb0ca118b6df98a8beab2bb79059358f9c2", kill_on_drop: false }`
[INFO] [stdout] b2541915c76d7f44c0b59f14e6e98cb0ca118b6df98a8beab2bb79059358f9c2
[INFO] running `Command { std: "docker" "create" "-v" "/var/lib/crater-agent-workspace/builds/worker-7-tc1/target:/opt/rustwide/target:rw,Z" "-v" "/var/lib/crater-agent-workspace/builds/worker-7-tc1/source:/opt/rustwide/workdir:ro,Z" "-v" "/var/lib/crater-agent-workspace/cargo-home:/opt/rustwide/cargo-home:ro,Z" "-v" "/var/lib/crater-agent-workspace/rustup-home:/opt/rustwide/rustup-home:ro,Z" "-e" "SOURCE_DIR=/opt/rustwide/workdir" "-e" "CARGO_TARGET_DIR=/opt/rustwide/target" "-e" "CARGO_INCREMENTAL=0" "-e" "RUST_BACKTRACE=full" "-e" "RUSTFLAGS=--cap-lints=forbid" "-e" "RUSTDOCFLAGS=--cap-lints=forbid" "-e" "CARGO_HOME=/opt/rustwide/cargo-home" "-e" "RUSTUP_HOME=/opt/rustwide/rustup-home" "-w" "/opt/rustwide/workdir" "-m" "1610612736" "--user" "0:0" "--network" "none" "ghcr.io/rust-lang/crates-build-env/linux@sha256:4a844ea9eb2546a2d2c7022eacef16ef2e8229c7fbb2c7d4d55a9ceca922f72d" "/opt/rustwide/cargo-home/bin/cargo" "+nightly-2024-10-28" "test" "--frozen" "--no-run" "--message-format=json", kill_on_drop: false }`
[INFO] [stdout] 7206becd0fbeccd99c066b79dc5d579602da90062a03fd427010ba5608464be0
[INFO] running `Command { std: "docker" "start" "-a" "7206becd0fbeccd99c066b79dc5d579602da90062a03fd427010ba5608464be0", kill_on_drop: false }`
[INFO] [stderr]    Compiling metry v0.1.1 (/opt/rustwide/workdir)
[INFO] [stderr]     Finished `test` profile [unoptimized + debuginfo] target(s) in 4.02s
[INFO] running `Command { std: "docker" "inspect" "7206becd0fbeccd99c066b79dc5d579602da90062a03fd427010ba5608464be0", kill_on_drop: false }`
[INFO] running `Command { std: "docker" "rm" "-f" "7206becd0fbeccd99c066b79dc5d579602da90062a03fd427010ba5608464be0", kill_on_drop: false }`
[INFO] [stdout] 7206becd0fbeccd99c066b79dc5d579602da90062a03fd427010ba5608464be0
[INFO] running `Command { std: "docker" "create" "-v" "/var/lib/crater-agent-workspace/builds/worker-7-tc1/target:/opt/rustwide/target:rw,Z" "-v" "/var/lib/crater-agent-workspace/builds/worker-7-tc1/source:/opt/rustwide/workdir:ro,Z" "-v" "/var/lib/crater-agent-workspace/cargo-home:/opt/rustwide/cargo-home:ro,Z" "-v" "/var/lib/crater-agent-workspace/rustup-home:/opt/rustwide/rustup-home:ro,Z" "-e" "SOURCE_DIR=/opt/rustwide/workdir" "-e" "CARGO_TARGET_DIR=/opt/rustwide/target" "-e" "CARGO_INCREMENTAL=0" "-e" "RUST_BACKTRACE=full" "-e" "RUSTFLAGS=--cap-lints=forbid" "-e" "RUSTDOCFLAGS=--cap-lints=forbid" "-e" "CARGO_HOME=/opt/rustwide/cargo-home" "-e" "RUSTUP_HOME=/opt/rustwide/rustup-home" "-w" "/opt/rustwide/workdir" "-m" "1610612736" "--user" "0:0" "--network" "none" "ghcr.io/rust-lang/crates-build-env/linux@sha256:4a844ea9eb2546a2d2c7022eacef16ef2e8229c7fbb2c7d4d55a9ceca922f72d" "/opt/rustwide/cargo-home/bin/cargo" "+nightly-2024-10-28" "test" "--frozen", kill_on_drop: false }`
[INFO] [stdout] 26131c5cb9b028e6b3b40e07b31564cda03f5f00883964cf4d25ea5cdc37a5c8
[INFO] running `Command { std: "docker" "start" "-a" "26131c5cb9b028e6b3b40e07b31564cda03f5f00883964cf4d25ea5cdc37a5c8", kill_on_drop: false }`
[INFO] [stderr]     Finished `test` profile [unoptimized + debuginfo] target(s) in 0.24s
[INFO] [stderr]      Running unittests src/lib.rs (/opt/rustwide/target/debug/deps/metry-5ac1679caa680d5a)
[INFO] [stdout] 
[INFO] [stdout] running 0 tests
[INFO] [stdout] 
[INFO] [stdout] test result: ok. 0 passed; 0 failed; 0 ignored; 0 measured; 0 filtered out; finished in 0.00s
[INFO] [stdout] 
[INFO] [stderr]    Doc-tests metry
[INFO] [stdout] 
[INFO] [stdout] running 4 tests
[INFO] [stdout] test src/telemetry/mod.rs - telemetry (line 25) - compile ... FAILED
[INFO] [stdout] test src/telemetry/mod.rs - telemetry (line 13) - compile ... FAILED
[INFO] [stdout] test src/telemetry/mod.rs - telemetry (line 97) - compile ... FAILED
[INFO] [stdout] test src/telemetry/mod.rs - telemetry (line 38) - compile ... FAILED
[INFO] [stdout] 
[INFO] [stdout] failures:
[INFO] [stdout] 
[INFO] [stdout] ---- src/telemetry/mod.rs - telemetry (line 25) stdout ----
[INFO] [stdout] error: this file contains an unclosed delimiter
[INFO] [stdout]  --> src/telemetry/mod.rs:34:12
[INFO] [stdout]   |
[INFO] [stdout] 7 |     .with_traces(trace::LayerBuilder::Stdout(trace::TraceOptions::default())
[INFO] [stdout]   |                 - unclosed delimiter
[INFO] [stdout] 8 |     .init()
[INFO] [stdout] 9 |     .await;
[INFO] [stdout]   |            ^
[INFO] [stdout] 
[INFO] [stdout] error: aborting due to 1 previous error
[INFO] [stdout] 
[INFO] [stdout] Couldn't compile the test.
[INFO] [stdout] ---- src/telemetry/mod.rs - telemetry (line 13) stdout ----
[INFO] [stdout] error[E0728]: `await` is only allowed inside `async` functions and blocks
[INFO] [stdout]   --> src/telemetry/mod.rs:22:6
[INFO] [stdout]    |
[INFO] [stdout] 4  | fn main() { #[allow(non_snake_case)] fn _doctest_main_src_telemetry_mod_rs_13_0() {
[INFO] [stdout]    |                                      -------------------------------------------- this is not `async`
[INFO] [stdout] ...
[INFO] [stdout] 12 |     .await;
[INFO] [stdout]    |      ^^^^^ only allowed inside `async` functions and blocks
[INFO] [stdout] 
[INFO] [stdout] error: aborting due to 1 previous error
[INFO] [stdout] 
[INFO] [stdout] For more information about this error, try `rustc --explain E0728`.
[INFO] [stdout] Couldn't compile the test.
[INFO] [stdout] ---- src/telemetry/mod.rs - telemetry (line 97) stdout ----
[INFO] [stdout] error[E0425]: cannot find value `some_future` in this scope
[INFO] [stdout]   --> src/telemetry/mod.rs:115:31
[INFO] [stdout]    |
[INFO] [stdout] 20 | let future_result: Vec<u64> = some_future
[INFO] [stdout]    |                               ^^^^^^^^^^^ not found in this scope
[INFO] [stdout] 
[INFO] [stdout] error[E0728]: `await` is only allowed inside `async` functions and blocks
[INFO] [stdout]   --> src/telemetry/mod.rs:117:6
[INFO] [stdout]    |
[INFO] [stdout] 2  | fn main() { #[allow(non_snake_case)] fn _doctest_main_src_telemetry_mod_rs_97_0() {
[INFO] [stdout]    |                                      -------------------------------------------- this is not `async`
[INFO] [stdout] ...
[INFO] [stdout] 22 |     .await;
[INFO] [stdout]    |      ^^^^^ only allowed inside `async` functions and blocks
[INFO] [stdout] 
[INFO] [stdout] error: aborting due to 2 previous errors
[INFO] [stdout] 
[INFO] [stdout] Some errors have detailed explanations: E0425, E0728.
[INFO] [stdout] For more information about an error, try `rustc --explain E0425`.
[INFO] [stdout] Couldn't compile the test.
[INFO] [stdout] ---- src/telemetry/mod.rs - telemetry (line 38) stdout ----
[INFO] [stdout] error: expected `;`, found keyword `use`
[INFO] [stdout]   --> src/telemetry/mod.rs:48:28
[INFO] [stdout]    |
[INFO] [stdout] 13 | use opentelemetry::KeyValue
[INFO] [stdout]    |                            ^ help: add `;` here
[INFO] [stdout] 14 | use opentelemetry_aws::trace::XrayIdGenerator;
[INFO] [stdout]    | --- unexpected token
[INFO] [stdout] 
[INFO] [stdout] error[E0432]: unresolved imports `metry::log`, `metry::Level`
[INFO] [stdout]   --> src/telemetry/mod.rs:43:5
[INFO] [stdout]    |
[INFO] [stdout] 8  |     log,
[INFO] [stdout]    |     ^^^
[INFO] [stdout]    |     |
[INFO] [stdout]    |     no `log` in the root
[INFO] [stdout]    |     help: a similar name exists in the module: `logs`
[INFO] [stdout] ...
[INFO] [stdout] 11 |     Level
[INFO] [stdout]    |     ^^^^^ no `Level` in the root
[INFO] [stdout]    |
[INFO] [stdout]    = help: consider importing one of these items instead:
[INFO] [stdout]            metry::telemetry::Level
[INFO] [stdout]            tracing::Level
[INFO] [stdout]            tracing_core::Level
[INFO] [stdout] 
[INFO] [stdout] error[E0433]: failed to resolve: use of undeclared crate or module `logs`
[INFO] [stdout]   --> src/telemetry/mod.rs:59:9
[INFO] [stdout]    |
[INFO] [stdout] 24 |         logs::LogOptions::with_log_config(opentelemetry_sdk::logs::config().with_resource(resource)),
[INFO] [stdout]    |         ^^^^ use of undeclared crate or module `logs`
[INFO] [stdout]    |
[INFO] [stdout] help: consider importing this struct
[INFO] [stdout]    |
[INFO] [stdout] 2  + use metry::logs::LogOptions;
[INFO] [stdout]    |
[INFO] [stdout] help: if you import `LogOptions`, refer to it directly
[INFO] [stdout]    |
[INFO] [stdout] 24 -         logs::LogOptions::with_log_config(opentelemetry_sdk::logs::config().with_resource(resource)),
[INFO] [stdout] 24 +         LogOptions::with_log_config(opentelemetry_sdk::logs::config().with_resource(resource)),
[INFO] [stdout]    |
[INFO] [stdout] 
[INFO] [stdout] error[E0412]: cannot find type `Instrument` in this scope
[INFO] [stdout]   --> src/telemetry/mod.rs:65:47
[INFO] [stdout]    |
[INFO] [stdout] 30 |             .with_view(Box::new(|instrument: &Instrument| -> Option<Stream> {
[INFO] [stdout]    |                                               ^^^^^^^^^^ not found in this scope
[INFO] [stdout]    |
[INFO] [stdout] help: consider importing one of these items
[INFO] [stdout]    |
[INFO] [stdout] 2  + use opentelemetry_sdk::metrics::Instrument;
[INFO] [stdout]    |
[INFO] [stdout] 2  + use tracing::Instrument;
[INFO] [stdout]    |
[INFO] [stdout] 
[INFO] [stdout] error[E0412]: cannot find type `Stream` in this scope
[INFO] [stdout]   --> src/telemetry/mod.rs:65:69
[INFO] [stdout]    |
[INFO] [stdout] 30 |             .with_view(Box::new(|instrument: &Instrument| -> Option<Stream> {
[INFO] [stdout]    |                                                                     ^^^^^^ not found in this scope
[INFO] [stdout]    |
[INFO] [stdout] help: consider importing one of these items
[INFO] [stdout]    |
[INFO] [stdout] 2  + use futures_core::Stream;
[INFO] [stdout]    |
[INFO] [stdout] 2  + use opentelemetry_sdk::metrics::Stream;
[INFO] [stdout]    |
[INFO] [stdout] 
[INFO] [stdout] error[E0433]: failed to resolve: use of undeclared type `Stream`
[INFO] [stdout]   --> src/telemetry/mod.rs:70:25
[INFO] [stdout]    |
[INFO] [stdout] 35 |                         Stream::new()
[INFO] [stdout]    |                         ^^^^^^ use of undeclared type `Stream`
[INFO] [stdout]    |
[INFO] [stdout] help: consider importing one of these items
[INFO] [stdout]    |
[INFO] [stdout] 2  + use futures_core::Stream;
[INFO] [stdout]    |
[INFO] [stdout] 2  + use opentelemetry_sdk::metrics::Stream;
[INFO] [stdout]    |
[INFO] [stdout] 
[INFO] [stdout] error[E0433]: failed to resolve: use of undeclared type `Key`
[INFO] [stdout]   --> src/telemetry/mod.rs:72:54
[INFO] [stdout]    |
[INFO] [stdout] 37 | ...                   .allowed_attribute_keys([Key::from("allowed_key")]),
[INFO] [stdout]    |                                                ^^^ use of undeclared type `Key`
[INFO] [stdout]    |
[INFO] [stdout] help: consider importing this struct
[INFO] [stdout]    |
[INFO] [stdout] 2  + use opentelemetry::Key;
[INFO] [stdout]    |
[INFO] [stdout] 
[INFO] [stdout] error[E0728]: `await` is only allowed inside `async` functions and blocks
[INFO] [stdout]   --> src/telemetry/mod.rs:87:6
[INFO] [stdout]    |
[INFO] [stdout] 4  | fn main() { #[allow(non_snake_case)] fn _doctest_main_src_telemetry_mod_rs_38_0() {
[INFO] [stdout]    |                                      -------------------------------------------- this is not `async`
[INFO] [stdout] ...
[INFO] [stdout] 52 |     .await;
[INFO] [stdout]    |      ^^^^^ only allowed inside `async` functions and blocks
[INFO] [stdout] 
[INFO] [stdout] error: aborting due to 8 previous errors
[INFO] [stdout] 
[INFO] [stdout] Some errors have detailed explanations: E0412, E0432, E0433, E0728.
[INFO] [stdout] For more information about an error, try `rustc --explain E0412`.
[INFO] [stdout] Couldn't compile the test.
[INFO] [stdout] 
[INFO] [stdout] failures:
[INFO] [stdout]     src/telemetry/mod.rs - telemetry (line 13)
[INFO] [stdout]     src/telemetry/mod.rs - telemetry (line 25)
[INFO] [stdout]     src/telemetry/mod.rs - telemetry (line 38)
[INFO] [stdout]     src/telemetry/mod.rs - telemetry (line 97)
[INFO] [stdout] 
[INFO] [stdout] test result: FAILED. 0 passed; 4 failed; 0 ignored; 0 measured; 0 filtered out; finished in 0.22s
[INFO] [stdout] 
[INFO] [stderr] error: doctest failed, to rerun pass `--doc`
[INFO] running `Command { std: "docker" "inspect" "26131c5cb9b028e6b3b40e07b31564cda03f5f00883964cf4d25ea5cdc37a5c8", kill_on_drop: false }`
[INFO] running `Command { std: "docker" "rm" "-f" "26131c5cb9b028e6b3b40e07b31564cda03f5f00883964cf4d25ea5cdc37a5c8", kill_on_drop: false }`
[INFO] [stdout] 26131c5cb9b028e6b3b40e07b31564cda03f5f00883964cf4d25ea5cdc37a5c8
