[INFO] fetching crate fiddler 0.3.1...
[INFO] testing fiddler-0.3.1 against nightly-2024-10-28 for randomize-layout
[INFO] extracting crate fiddler 0.3.1 into /workspace/builds/worker-6-tc1/source
[INFO] validating manifest of crates.io crate fiddler 0.3.1 on toolchain nightly-2024-10-28
[INFO] running `Command { std: CARGO_HOME="/workspace/cargo-home" RUSTUP_HOME="/workspace/rustup-home" "/workspace/cargo-home/bin/cargo" "+nightly-2024-10-28" "metadata" "--manifest-path" "Cargo.toml" "--no-deps", kill_on_drop: false }`
[INFO] started tweaking crates.io crate fiddler 0.3.1
[INFO] finished tweaking crates.io crate fiddler 0.3.1
[INFO] tweaked toml for crates.io crate fiddler 0.3.1 written to /workspace/builds/worker-6-tc1/source/Cargo.toml
[INFO] running `Command { std: CARGO_HOME="/workspace/cargo-home" RUSTUP_HOME="/workspace/rustup-home" "/workspace/cargo-home/bin/cargo" "+nightly-2024-10-28" "generate-lockfile" "--manifest-path" "Cargo.toml", kill_on_drop: false }`
[INFO] [stderr]     Updating crates.io index
[INFO] [stderr]      Locking 288 packages to latest compatible versions
[INFO] [stderr]       Adding bollard-stubs v1.42.0-rc.3 (available: v1.42.0-rc.8)
[INFO] [stderr]       Adding handlebars v5.1.2 (available: v6.2.0)
[INFO] [stderr]       Adding jsonschema v0.17.1 (available: v0.26.1)
[INFO] [stderr]       Adding pyo3 v0.21.2 (available: v0.22.5)
[INFO] [stderr]       Adding testcontainers v0.15.0 (available: v0.23.1)
[INFO] [stderr]       Adding testcontainers-modules v0.3.7 (available: v0.11.3)
[INFO] running `Command { std: CARGO_HOME="/workspace/cargo-home" RUSTUP_HOME="/workspace/rustup-home" "/workspace/cargo-home/bin/cargo" "+nightly-2024-10-28" "fetch" "--manifest-path" "Cargo.toml", kill_on_drop: false }`
[INFO] [stderr]  Downloading crates ...
[INFO] [stderr]   Downloaded jsonschema v0.17.1
[INFO] [stderr]   Downloaded jmespath v0.3.0
[INFO] [stderr]   Downloaded bollard-stubs v1.42.0-rc.3
[INFO] [stderr]   Downloaded fraction v0.13.1
[INFO] [stderr]   Downloaded handlebars v5.1.2
[INFO] [stderr]   Downloaded testcontainers v0.15.0
[INFO] [stderr]   Downloaded testcontainers-modules v0.3.7
[INFO] [stderr]   Downloaded elasticsearch v8.5.0-alpha.1
[INFO] [stderr]   Downloaded fiddler-macros v0.3.1
[INFO] running `Command { std: "docker" "create" "-v" "/var/lib/crater-agent-workspace/builds/worker-6-tc1/target:/opt/rustwide/target:rw,Z" "-v" "/var/lib/crater-agent-workspace/builds/worker-6-tc1/source:/opt/rustwide/workdir:ro,Z" "-v" "/var/lib/crater-agent-workspace/cargo-home:/opt/rustwide/cargo-home:ro,Z" "-v" "/var/lib/crater-agent-workspace/rustup-home:/opt/rustwide/rustup-home:ro,Z" "-e" "SOURCE_DIR=/opt/rustwide/workdir" "-e" "CARGO_TARGET_DIR=/opt/rustwide/target" "-e" "CARGO_HOME=/opt/rustwide/cargo-home" "-e" "RUSTUP_HOME=/opt/rustwide/rustup-home" "-w" "/opt/rustwide/workdir" "-m" "1610612736" "--user" "0:0" "--network" "none" "ghcr.io/rust-lang/crates-build-env/linux@sha256:4a844ea9eb2546a2d2c7022eacef16ef2e8229c7fbb2c7d4d55a9ceca922f72d" "/opt/rustwide/cargo-home/bin/cargo" "+nightly-2024-10-28" "metadata" "--no-deps" "--format-version=1", kill_on_drop: false }`
[INFO] [stdout] aa8fe82a3188dc4adf391b00087d405a1b4a8d92077ecaae1e74f4478afe128e
[INFO] running `Command { std: "docker" "start" "-a" "aa8fe82a3188dc4adf391b00087d405a1b4a8d92077ecaae1e74f4478afe128e", kill_on_drop: false }`
[INFO] running `Command { std: "docker" "inspect" "aa8fe82a3188dc4adf391b00087d405a1b4a8d92077ecaae1e74f4478afe128e", kill_on_drop: false }`
[INFO] running `Command { std: "docker" "rm" "-f" "aa8fe82a3188dc4adf391b00087d405a1b4a8d92077ecaae1e74f4478afe128e", kill_on_drop: false }`
[INFO] [stdout] aa8fe82a3188dc4adf391b00087d405a1b4a8d92077ecaae1e74f4478afe128e
[INFO] running `Command { std: "docker" "create" "-v" "/var/lib/crater-agent-workspace/builds/worker-6-tc1/target:/opt/rustwide/target:rw,Z" "-v" "/var/lib/crater-agent-workspace/builds/worker-6-tc1/source:/opt/rustwide/workdir:ro,Z" "-v" "/var/lib/crater-agent-workspace/cargo-home:/opt/rustwide/cargo-home:ro,Z" "-v" "/var/lib/crater-agent-workspace/rustup-home:/opt/rustwide/rustup-home:ro,Z" "-e" "SOURCE_DIR=/opt/rustwide/workdir" "-e" "CARGO_TARGET_DIR=/opt/rustwide/target" "-e" "CARGO_INCREMENTAL=0" "-e" "RUST_BACKTRACE=full" "-e" "RUSTFLAGS=--cap-lints=forbid" "-e" "RUSTDOCFLAGS=--cap-lints=forbid" "-e" "CARGO_HOME=/opt/rustwide/cargo-home" "-e" "RUSTUP_HOME=/opt/rustwide/rustup-home" "-w" "/opt/rustwide/workdir" "-m" "1610612736" "--user" "0:0" "--network" "none" "ghcr.io/rust-lang/crates-build-env/linux@sha256:4a844ea9eb2546a2d2c7022eacef16ef2e8229c7fbb2c7d4d55a9ceca922f72d" "/opt/rustwide/cargo-home/bin/cargo" "+nightly-2024-10-28" "build" "--frozen" "--message-format=json", kill_on_drop: false }`
[INFO] [stdout] 3eaece9a18a42fa0f2da23125a58f2ab653d87c934a87fd52d15458fad75e0d2
[INFO] running `Command { std: "docker" "start" "-a" "3eaece9a18a42fa0f2da23125a58f2ab653d87c934a87fd52d15458fad75e0d2", kill_on_drop: false }`
[INFO] [stderr]    Compiling futures-io v0.3.31
[INFO] [stderr]    Compiling serde v1.0.214
[INFO] [stderr]    Compiling parking v2.2.1
[INFO] [stderr]    Compiling libc v0.2.161
[INFO] [stderr]    Compiling num-traits v0.2.19
[INFO] [stderr]    Compiling futures-channel v0.3.31
[INFO] [stderr]    Compiling concurrent-queue v2.5.0
[INFO] [stderr]    Compiling rustix v0.38.38
[INFO] [stderr]    Compiling value-bag v1.10.0
[INFO] [stderr]    Compiling http v0.2.12
[INFO] [stderr]    Compiling httparse v1.9.5
[INFO] [stderr]    Compiling utf8parse v0.2.2
[INFO] [stderr]    Compiling linux-raw-sys v0.4.14
[INFO] [stderr]    Compiling ucd-trie v0.1.7
[INFO] [stderr]    Compiling anstyle-query v1.1.2
[INFO] [stderr]    Compiling colorchoice v1.0.3
[INFO] [stderr]    Compiling futures-lite v2.4.0
[INFO] [stderr]    Compiling anstyle-parse v0.2.6
[INFO] [stderr]    Compiling async-task v4.7.1
[INFO] [stderr]    Compiling is_terminal_polyfill v1.70.1
[INFO] [stderr]    Compiling pest v2.7.14
[INFO] [stderr]    Compiling log v0.4.22
[INFO] [stderr]    Compiling event-listener v5.3.1
[INFO] [stderr]    Compiling futures-util v0.3.31
[INFO] [stderr]    Compiling anstyle v1.0.9
[INFO] [stderr]    Compiling atomic-waker v1.1.2
[INFO] [stderr]    Compiling try-lock v0.2.5
[INFO] [stderr]    Compiling deunicode v1.6.0
[INFO] [stderr]    Compiling piper v0.2.4
[INFO] [stderr]    Compiling ahash v0.8.11
[INFO] [stderr]    Compiling want v0.3.1
[INFO] [stderr]    Compiling event-listener-strategy v0.5.2
[INFO] [stderr]    Compiling anstream v0.6.17
[INFO] [stderr]    Compiling async-channel v2.3.1
[INFO] [stderr]    Compiling slug v0.1.6
[INFO] [stderr]    Compiling async-lock v3.4.0
[INFO] [stderr]    Compiling strsim v0.11.1
[INFO] [stderr]    Compiling httpdate v1.0.3
[INFO] [stderr]    Compiling byteorder v1.5.0
[INFO] [stderr]    Compiling tower-service v0.3.3
[INFO] [stderr]    Compiling http-body v0.4.6
[INFO] [stderr]    Compiling clap_lex v0.7.2
[INFO] [stderr]    Compiling clap_derive v4.5.18
[INFO] [stderr]    Compiling nom v7.1.3
[INFO] [stderr]    Compiling num-integer v0.1.46
[INFO] [stderr]    Compiling num-complex v0.4.6
[INFO] [stderr]    Compiling clap_builder v4.5.20
[INFO] [stderr]    Compiling bit-set v0.5.3
[INFO] [stderr]    Compiling zerocopy v0.7.35
[INFO] [stderr]    Compiling blocking v1.6.1
[INFO] [stderr]    Compiling num-bigint v0.4.6
[INFO] [stderr]    Compiling num-iter v0.1.45
[INFO] [stderr]    Compiling async-executor v1.13.1
[INFO] [stderr]    Compiling time-macros v0.2.18
[INFO] [stderr]    Compiling parking_lot_core v0.9.10
[INFO] [stderr]    Compiling signal-hook-registry v1.4.2
[INFO] [stderr]    Compiling mio v1.0.2
[INFO] [stderr]    Compiling socket2 v0.5.7
[INFO] [stderr]    Compiling parking_lot v0.12.3
[INFO] [stderr]    Compiling pest_meta v2.7.14
[INFO] [stderr]    Compiling getrandom v0.2.15
[INFO] [stderr]    Compiling encoding_rs v0.8.35
[INFO] [stderr]    Compiling mime v0.3.17
[INFO] [stderr]    Compiling event-listener v2.5.3
[INFO] [stderr]    Compiling tokio v1.41.0
[INFO] [stderr]    Compiling ipnet v2.10.1
[INFO] [stderr]    Compiling fs_extra v1.3.0
[INFO] [stderr]    Compiling sync_wrapper v0.1.2
[INFO] [stderr]    Compiling async-channel v1.9.0
[INFO] [stderr]    Compiling fancy-regex v0.11.0
[INFO] [stderr]    Compiling kv-log-macro v1.0.7
[INFO] [stderr]    Compiling unsafe-libyaml v0.2.11
[INFO] [stderr]    Compiling num-rational v0.4.2
[INFO] [stderr]    Compiling fiddler v0.3.1 (/opt/rustwide/workdir)
[INFO] [stderr]    Compiling pest_generator v2.7.14
[INFO] [stderr]    Compiling num v0.4.3
[INFO] [stderr]    Compiling fraction v0.13.1
[INFO] [stderr]    Compiling serde_json v1.0.132
[INFO] [stderr]    Compiling serde_urlencoded v0.7.1
[INFO] [stderr]    Compiling time v0.3.36
[INFO] [stderr]    Compiling futures-executor v0.3.31
[INFO] [stderr]    Compiling iso8601 v0.6.1
[INFO] [stderr]    Compiling num-cmp v0.1.0
[INFO] [stderr]    Compiling clap v4.5.20
[INFO] [stderr]    Compiling uuid v1.11.0
[INFO] [stderr]    Compiling bytecount v0.6.8
[INFO] [stderr]    Compiling futures v0.3.31
[INFO] [stderr]    Compiling serde_yaml v0.9.34+deprecated
[INFO] [stderr]    Compiling num_cpus v1.16.0
[INFO] [stderr]    Compiling fiddler-macros v0.3.1
[INFO] [stderr] warning: fiddler@0.3.1: Skipping ./src/modules/processors/python due to feature not being enabled.
[INFO] [stderr] warning: fiddler@0.3.1: Skipping ./src/modules/outputs/elasticsearch due to feature not being enabled.
[INFO] [stderr]    Compiling pest_derive v2.7.14
[INFO] [stderr]    Compiling handlebars v5.1.2
[INFO] [stderr]    Compiling jmespath v0.3.0
[INFO] [stderr]    Compiling polling v3.7.3
[INFO] [stderr]    Compiling async-io v2.3.4
[INFO] [stderr]    Compiling async-global-executor v2.4.1
[INFO] [stderr]    Compiling tokio-util v0.7.12
[INFO] [stderr]    Compiling async-std v1.13.0
[INFO] [stderr]    Compiling h2 v0.3.26
[INFO] [stderr]    Compiling hyper v0.14.31
[INFO] [stderr]    Compiling reqwest v0.11.27
[INFO] [stderr]    Compiling jsonschema v0.17.1
[INFO] [stderr]     Finished `dev` profile [unoptimized + debuginfo] target(s) in 18.49s
[INFO] running `Command { std: "docker" "inspect" "3eaece9a18a42fa0f2da23125a58f2ab653d87c934a87fd52d15458fad75e0d2", kill_on_drop: false }`
[INFO] running `Command { std: "docker" "rm" "-f" "3eaece9a18a42fa0f2da23125a58f2ab653d87c934a87fd52d15458fad75e0d2", kill_on_drop: false }`
[INFO] [stdout] 3eaece9a18a42fa0f2da23125a58f2ab653d87c934a87fd52d15458fad75e0d2
[INFO] running `Command { std: "docker" "create" "-v" "/var/lib/crater-agent-workspace/builds/worker-6-tc1/target:/opt/rustwide/target:rw,Z" "-v" "/var/lib/crater-agent-workspace/builds/worker-6-tc1/source:/opt/rustwide/workdir:ro,Z" "-v" "/var/lib/crater-agent-workspace/cargo-home:/opt/rustwide/cargo-home:ro,Z" "-v" "/var/lib/crater-agent-workspace/rustup-home:/opt/rustwide/rustup-home:ro,Z" "-e" "SOURCE_DIR=/opt/rustwide/workdir" "-e" "CARGO_TARGET_DIR=/opt/rustwide/target" "-e" "CARGO_INCREMENTAL=0" "-e" "RUST_BACKTRACE=full" "-e" "RUSTFLAGS=--cap-lints=forbid" "-e" "RUSTDOCFLAGS=--cap-lints=forbid" "-e" "CARGO_HOME=/opt/rustwide/cargo-home" "-e" "RUSTUP_HOME=/opt/rustwide/rustup-home" "-w" "/opt/rustwide/workdir" "-m" "1610612736" "--user" "0:0" "--network" "none" "ghcr.io/rust-lang/crates-build-env/linux@sha256:4a844ea9eb2546a2d2c7022eacef16ef2e8229c7fbb2c7d4d55a9ceca922f72d" "/opt/rustwide/cargo-home/bin/cargo" "+nightly-2024-10-28" "test" "--frozen" "--no-run" "--message-format=json", kill_on_drop: false }`
[INFO] [stdout] 883cd91299313c2fef3c5ad2b439fa4e8dcaaf6a484f2682c765b8f6bb650345
[INFO] running `Command { std: "docker" "start" "-a" "883cd91299313c2fef3c5ad2b439fa4e8dcaaf6a484f2682c765b8f6bb650345", kill_on_drop: false }`
[INFO] [stderr]    Compiling ident_case v1.0.1
[INFO] [stderr]    Compiling strsim v0.10.0
[INFO] [stderr]    Compiling ppv-lite86 v0.2.20
[INFO] [stderr]    Compiling rand_core v0.6.4
[INFO] [stderr]    Compiling hmac v0.12.1
[INFO] [stderr]    Compiling async-stream-impl v0.3.6
[INFO] [stderr] warning: fiddler@0.3.1: Skipping ./src/modules/processors/python due to feature not being enabled.
[INFO] [stderr] warning: fiddler@0.3.1: Skipping ./src/modules/outputs/elasticsearch due to feature not being enabled.
[INFO] [stderr]    Compiling tokio-stream v0.1.16
[INFO] [stderr]    Compiling darling_core v0.13.4
[INFO] [stderr]    Compiling rand_chacha v0.3.1
[INFO] [stderr]    Compiling async-stream v0.3.6
[INFO] [stderr]    Compiling tokio-test v0.4.4
[INFO] [stderr]    Compiling rand v0.8.5
[INFO] [stderr]    Compiling darling_macro v0.13.4
[INFO] [stderr]    Compiling darling v0.13.4
[INFO] [stderr]    Compiling serde_with_macros v1.5.2
[INFO] [stderr]    Compiling serde_with v1.14.0
[INFO] [stderr]    Compiling bollard-stubs v1.42.0-rc.3
[INFO] [stderr]    Compiling testcontainers v0.15.0
[INFO] [stderr]    Compiling testcontainers-modules v0.3.7
[INFO] [stderr]    Compiling fiddler v0.3.1 (/opt/rustwide/workdir)
[INFO] [stderr]     Finished `test` profile [unoptimized + debuginfo] target(s) in 14.59s
[INFO] running `Command { std: "docker" "inspect" "883cd91299313c2fef3c5ad2b439fa4e8dcaaf6a484f2682c765b8f6bb650345", kill_on_drop: false }`
[INFO] running `Command { std: "docker" "rm" "-f" "883cd91299313c2fef3c5ad2b439fa4e8dcaaf6a484f2682c765b8f6bb650345", kill_on_drop: false }`
[INFO] [stdout] 883cd91299313c2fef3c5ad2b439fa4e8dcaaf6a484f2682c765b8f6bb650345
[INFO] running `Command { std: "docker" "create" "-v" "/var/lib/crater-agent-workspace/builds/worker-6-tc1/target:/opt/rustwide/target:rw,Z" "-v" "/var/lib/crater-agent-workspace/builds/worker-6-tc1/source:/opt/rustwide/workdir:ro,Z" "-v" "/var/lib/crater-agent-workspace/cargo-home:/opt/rustwide/cargo-home:ro,Z" "-v" "/var/lib/crater-agent-workspace/rustup-home:/opt/rustwide/rustup-home:ro,Z" "-e" "SOURCE_DIR=/opt/rustwide/workdir" "-e" "CARGO_TARGET_DIR=/opt/rustwide/target" "-e" "CARGO_INCREMENTAL=0" "-e" "RUST_BACKTRACE=full" "-e" "RUSTFLAGS=--cap-lints=forbid" "-e" "RUSTDOCFLAGS=--cap-lints=forbid" "-e" "CARGO_HOME=/opt/rustwide/cargo-home" "-e" "RUSTUP_HOME=/opt/rustwide/rustup-home" "-w" "/opt/rustwide/workdir" "-m" "1610612736" "--user" "0:0" "--network" "none" "ghcr.io/rust-lang/crates-build-env/linux@sha256:4a844ea9eb2546a2d2c7022eacef16ef2e8229c7fbb2c7d4d55a9ceca922f72d" "/opt/rustwide/cargo-home/bin/cargo" "+nightly-2024-10-28" "test" "--frozen", kill_on_drop: false }`
[INFO] [stdout] 131acf1208f30b1c9b4a2d098080326a4d43603e0fb8c51f789b47552f755ad4
[INFO] running `Command { std: "docker" "start" "-a" "131acf1208f30b1c9b4a2d098080326a4d43603e0fb8c51f789b47552f755ad4", kill_on_drop: false }`
[INFO] [stderr] warning: fiddler@0.3.1: Skipping ./src/modules/processors/python due to feature not being enabled.
[INFO] [stderr] warning: fiddler@0.3.1: Skipping ./src/modules/outputs/elasticsearch due to feature not being enabled.
[INFO] [stderr]     Finished `test` profile [unoptimized + debuginfo] target(s) in 0.40s
[INFO] [stderr]      Running unittests src/lib.rs (/opt/rustwide/target/debug/deps/fiddler-d0c1433d168b4f9f)
[INFO] [stdout] 
[INFO] [stdout] running 11 tests
[INFO] [stdout] test config::test::load_configuration ... ok
[INFO] [stdout] test modules::outputs::stdout::test::register_plugin ... ok
[INFO] [stdout] test modules::outputs::drop::test::register_plugin ... ok
[INFO] [stdout] test modules::inputs::stdin::test::register_plugin ... ok
[INFO] [stdout] test modules::processors::lines::test::register_plugin ... ok
[INFO] [stdout] test modules::processors::noop::test::register_plugin ... ok
[INFO] [stdout] test modules::inputs::file::test::register_plugin ... ok
[INFO] [stdout] test modules::processors::switch::test::register_plugin ... ok
[INFO] [stdout] test config::test::validate_configuration_item ... ok
[INFO] [stdout] test config::test::expect_schema_failure ... ok
[INFO] [stdout] test modules::outputs::switch::test::register_plugin ... ok
[INFO] [stdout] 
[INFO] [stdout] test result: ok. 11 passed; 0 failed; 0 ignored; 0 measured; 0 filtered out; finished in 0.01s
[INFO] [stdout] 
[INFO] [stderr]      Running tests/elasticsearch_test.rs (/opt/rustwide/target/debug/deps/elasticsearch_test-4879a626c795b8ba)
[INFO] [stdout] 
[INFO] [stdout] running 0 tests
[INFO] [stdout] 
[INFO] [stderr]      Running tests/integration_test.rs (/opt/rustwide/target/debug/deps/integration_test-fc352fdb4d353fd9)
[INFO] [stdout] test result: ok. 0 passed; 0 failed; 0 ignored; 0 measured; 0 filtered out; finished in 0.00s
[INFO] [stdout] 
[INFO] [stdout] 
[INFO] [stdout] running 3 tests
[INFO] [stdout] test fiddler_file_reader_test ... ok
[INFO] [stdout] test fiddler_file_reader_test_full ... ok
[INFO] [stdout] test end_to_end ... ok
[INFO] [stdout] 
[INFO] [stdout] test result: ok. 3 passed; 0 failed; 0 ignored; 0 measured; 0 filtered out; finished in 1.26s
[INFO] [stdout] 
[INFO] [stderr]    Doc-tests fiddler
[INFO] [stdout] 
[INFO] [stdout] running 12 tests
[INFO] [stdout] test src/env/mod.rs - env::Environment::run (line 196) - compile ... ok
[INFO] [stdout] test src/config/mod.rs - config::Config::validate (line 140) ... FAILED
[INFO] [stdout] test src/config/mod.rs - config::ConfigSpec::from_schema (line 244) ... ok
[INFO] [stdout] test src/config/mod.rs - config::ConfigSpec::validate (line 278) ... ok
[INFO] [stdout] test src/env/mod.rs - env::Environment::from_config (line 55) ... ok
[INFO] [stdout] test src/config/validate.rs - config::validate::parse_configuration_item (line 9) ... ok
[INFO] [stdout] test src/config/registration.rs - config::registration::register_plugin (line 8) ... ok
[INFO] [stdout] test src/env/mod.rs - env::Environment::get_label (line 119) ... ok
[INFO] [stdout] test src/env/mod.rs - env::Environment::set_output (line 168) ... ok
[INFO] [stdout] test src/env/mod.rs - env::Environment::set_label (line 100) ... ok
[INFO] [stdout] test src/env/mod.rs - env::Environment::set_label (line 86) ... ok
[INFO] [stdout] test src/env/mod.rs - env::Environment::set_input (line 138) ... ok
[INFO] [stdout] 
[INFO] [stdout] failures:
[INFO] [stdout] 
[INFO] [stdout] ---- src/config/mod.rs - config::Config::validate (line 140) stdout ----
[INFO] [stdout] error: linking with `cc` failed: exit status: 1
[INFO] [stdout]   |
[INFO] [stdout]   = note: LC_ALL="C" PATH="/opt/rustwide/rustup-home/toolchains/nightly-2024-10-28-x86_64-unknown-linux-gnu/lib/rustlib/x86_64-unknown-linux-gnu/bin:/opt/rustwide/rustup-home/toolchains/nightly-2024-10-28-x86_64-unknown-linux-gnu/lib/rustlib/x86_64-unknown-linux-gnu/bin/self-contained:/opt/rustwide/cargo-home/bin:/usr/local/sbin:/usr/local/bin:/usr/sbin:/usr/bin:/sbin:/bin" VSLANG="1033" "cc" "-m64" "/tmp/rustcupuvGo/symbols.o" "/tmp/rustdoctestixco27/rust_out.rust_out.16b4434b3f29390-cgu.0.rcgu.o" "/tmp/rustdoctestixco27/rust_out.433cx8cl382ppljrnwzuxa40f.rcgu.o" "-Wl,--as-needed" "-Wl,-Bstatic" "/opt/rustwide/target/debug/deps/libfiddler-4d5a10c8241d2fc1.rlib" "/opt/rustwide/target/debug/deps/libjmespath-421af7f44daa4988.rlib" "/opt/rustwide/target/debug/deps/libnum_cpus-9f00ffc1fed9ef56.rlib" "/opt/rustwide/target/debug/deps/libasync_std-12f8372207a41621.rlib" "/opt/rustwide/target/debug/deps/libasync_global_executor-2493e248e14930d0.rlib" "/opt/rustwide/target/debug/deps/libblocking-88f62dd7b53f7ccd.rlib" "/opt/rustwide/target/debug/deps/libpiper-423642849c4d058d.rlib" "/opt/rustwide/target/debug/deps/libatomic_waker-139ffb07fa982694.rlib" "/opt/rustwide/target/debug/deps/libasync_channel-12ef068a2b96c941.rlib" "/opt/rustwide/target/debug/deps/libasync_executor-a9030edf15dd6200.rlib" "/opt/rustwide/target/debug/deps/libasync_task-2d5a68482422eb94.rlib" "/opt/rustwide/target/debug/deps/libasync_io-22330fe8724cdb85.rlib" "/opt/rustwide/target/debug/deps/libpolling-15313db51769ded3.rlib" "/opt/rustwide/target/debug/deps/librustix-7cc869b126155a90.rlib" "/opt/rustwide/target/debug/deps/libbitflags-2a54fc7d8f815a15.rlib" "/opt/rustwide/target/debug/deps/liblinux_raw_sys-43996374951f38e8.rlib" "/opt/rustwide/target/debug/deps/libfutures_lite-f17ab318cd62983c.rlib" "/opt/rustwide/target/debug/deps/libfastrand-f623a11bfaa18180.rlib" "/opt/rustwide/target/debug/deps/libasync_channel-6c01a0403025f73a.rlib" "/opt/rustwide/target/debug/deps/libevent_listener-872bd2a5ff3ed10e.rlib" "/opt/rustwide/target/debug/deps/libconcurrent_queue-5c4064e40e7c30e3.rlib" "/opt/rustwide/target/debug/deps/libasync_lock-9a0c0726815e15bb.rlib" "/opt/rustwide/target/debug/deps/libevent_listener_strategy-8dd40949ab0b9094.rlib" "/opt/rustwide/target/debug/deps/libevent_listener-512cbfabe1dd9af7.rlib" "/opt/rustwide/target/debug/deps/libparking-830295ee54f1534e.rlib" "/opt/rustwide/target/debug/deps/libkv_log_macro-5c7fe271975493b1.rlib" "/opt/rustwide/target/debug/deps/libcrossbeam_channel-1464f29486f25e3e.rlib" "/opt/rustwide/target/debug/deps/libcrossbeam_utils-fd980c92aed8cdbe.rlib" "/opt/rustwide/target/debug/deps/libserde_yaml-c1f78a7b6e4a9661.rlib" "/opt/rustwide/target/debug/deps/libunsafe_libyaml-18c724e223d22ffd.rlib" "/opt/rustwide/target/debug/deps/libjsonschema-4e3fd773e7372ccc.rlib" "/opt/rustwide/target/debug/deps/libreqwest-9d1ae64077c3c2ec.rlib" "/opt/rustwide/target/debug/deps/libipnet-f8f4f35acfc01e80.rlib" "/opt/rustwide/target/debug/deps/libserde_urlencoded-a1a727a21fe75acb.rlib" "/opt/rustwide/target/debug/deps/libmime-34c62d26cca01717.rlib" "/opt/rustwide/target/debug/deps/libencoding_rs-87763af8bd0f20d8.rlib" "/opt/rustwide/target/debug/deps/libhyper-7b7c4272e815d150.rlib" "/opt/rustwide/target/debug/deps/libwant-e685d7a406130720.rlib" "/opt/rustwide/target/debug/deps/libtry_lock-c81c639303c73d15.rlib" "/opt/rustwide/target/debug/deps/libhttparse-51f001110b5a7f34.rlib" "/opt/rustwide/target/debug/deps/libh2-fc9ee81839720929.rlib" "/opt/rustwide/target/debug/deps/libindexmap-dc95a38cbf6415fa.rlib" "/opt/rustwide/target/debug/deps/libequivalent-9e89cbd86631a94f.rlib" "/opt/rustwide/target/debug/deps/libhashbrown-29cea3b674da82b3.rlib" "/opt/rustwide/target/debug/deps/libtokio_util-909eb4021c59c3a2.rlib" "/opt/rustwide/target/debug/deps/libtower_service-44dbed632a843492.rlib" "/opt/rustwide/target/debug/deps/libtracing-2c9927f5386c31e8.rlib" "/opt/rustwide/target/debug/deps/libtracing_core-7c30351e8178d82b.rlib" "/opt/rustwide/target/debug/deps/libsync_wrapper-e6943188b4be07f5.rlib" "/opt/rustwide/target/debug/deps/libhttp_body-05665cfcfea503ff.rlib" "/opt/rustwide/target/debug/deps/liblog-53f87dc68f9343b9.rlib" "/opt/rustwide/target/debug/deps/libvalue_bag-81de8515fdf37fbc.rlib" "/opt/rustwide/target/debug/deps/libfutures_util-c42719d338dcd37a.rlib" "/opt/rustwide/target/debug/deps/libfutures_io-0b51a8a9204dd001.rlib" "/opt/rustwide/target/debug/deps/libslab-d637e80c635d9ae6.rlib" "/opt/rustwide/target/debug/deps/libfutures_channel-1411bf70963dfe9b.rlib" "/opt/rustwide/target/debug/deps/libfutures_sink-96446479240e3330.rlib" "/opt/rustwide/target/debug/deps/libfutures_task-6b7e7a881f61604a.rlib" "/opt/rustwide/target/debug/deps/libpin_utils-76c2785263cdb1c1.rlib" "/opt/rustwide/target/debug/deps/libfutures_core-3267ce8fda4a14eb.rlib" "/opt/rustwide/target/debug/deps/libhttp-97a25e6db0f40089.rlib" "/opt/rustwide/target/debug/deps/libfnv-574dedeaa4c89e1d.rlib" "/opt/rustwide/target/debug/deps/libiso8601-e17bc35c06ef582d.rlib" "/opt/rustwide/target/debug/deps/libnom-48e4e1234102c37d.rlib" "/opt/rustwide/target/debug/deps/libbytecount-791a27f22e86c4f1.rlib" "/opt/rustwide/target/debug/deps/libanyhow-c6bfdd57e897141e.rlib" "/opt/rustwide/target/debug/deps/libtime-8e35dc1075f2436b.rlib" "/opt/rustwide/target/debug/deps/libtime_core-f088bdeda82daaaf.rlib" "/opt/rustwide/target/debug/deps/libnum_conv-c07d2bc8a05763c7.rlib" "/opt/rustwide/target/debug/deps/libderanged-268d6cdc91cf6c69.rlib" "/opt/rustwide/target/debug/deps/libpowerfmt-b5bd7be737233b4b.rlib" "/opt/rustwide/target/debug/deps/libfraction-e95198ce1ed9b336.rlib" "/opt/rustwide/target/debug/deps/liblazy_static-7af2f34f8b124b26.rlib" "/opt/rustwide/target/debug/deps/libnum-9e0547169cd3267d.rlib" "/opt/rustwide/target/debug/deps/libnum_iter-9f610af8ae8f255a.rlib" "/opt/rustwide/target/debug/deps/libnum_rational-03dd5a2a46665b39.rlib" "/opt/rustwide/target/debug/deps/libnum_complex-ce9e8b62de413cfa.rlib" "/opt/rustwide/target/debug/deps/libnum_bigint-7d5fed33d0e1367f.rlib" "/opt/rustwide/target/debug/deps/libnum_integer-fa6db5f03e61b627.rlib" "/opt/rustwide/target/debug/deps/libnum_traits-a581670d454dc91e.rlib" "/opt/rustwide/target/debug/deps/libuuid-4dd31087acace212.rlib" "/opt/rustwide/target/debug/deps/libfancy_regex-bb65bc7995d6279d.rlib" "/opt/rustwide/target/debug/deps/libregex-e2f88c391915fb65.rlib" "/opt/rustwide/target/debug/deps/libregex_automata-9a62ad214a6aa684.rlib" "/opt/rustwide/target/debug/deps/libaho_corasick-417a2760a2457731.rlib" "/opt/rustwide/target/debug/deps/libregex_syntax-eddb13b0f2ea78f9.rlib" "/opt/rustwide/target/debug/deps/libbit_set-2a33e3ce6ff17b81.rlib" "/opt/rustwide/target/debug/deps/libbit_vec-9e3ffed94b5799cd.rlib" "/opt/rustwide/target/debug/deps/libnum_cmp-7c0300fe97015125.rlib" "/opt/rustwide/target/debug/deps/libbase64-309ef582bd843d33.rlib" "/opt/rustwide/target/debug/deps/libahash-04d7d719335a8c78.rlib" "/opt/rustwide/target/debug/deps/libgetrandom-da3690749e102382.rlib" "/opt/rustwide/target/debug/deps/libonce_cell-6dc575c335e8f5a1.rlib" "/opt/rustwide/target/debug/deps/libzerocopy-367101920b232284.rlib" "/opt/rustwide/target/debug/deps/libbyteorder-7817d47eb31dfb0c.rlib" "/opt/rustwide/target/debug/deps/liburl-3ecc82cacc8bd093.rlib" "/opt/rustwide/target/debug/deps/libidna-077fbd60ed77fff8.rlib" "/opt/rustwide/target/debug/deps/libunicode_normalization-9ddc68976d8cc053.rlib" "/opt/rustwide/target/debug/deps/libtinyvec-51759a03d8e7a380.rlib" "/opt/rustwide/target/debug/deps/libtinyvec_macros-66661c55905090ec.rlib" "/opt/rustwide/target/debug/deps/libunicode_bidi-7cad909d6a4c23f7.rlib" "/opt/rustwide/target/debug/deps/libform_urlencoded-07a2dedb236e9598.rlib" "/opt/rustwide/target/debug/deps/libpercent_encoding-a400589552762a21.rlib" "/opt/rustwide/target/debug/deps/libhandlebars-f14993047340901c.rlib" "/opt/rustwide/target/debug/deps/libpest-2a09c180be08aa1e.rlib" "/opt/rustwide/target/debug/deps/libucd_trie-abe42ba3ff408997.rlib" "/opt/rustwide/target/debug/deps/libthiserror-5a39efff23e33189.rlib" "/opt/rustwide/target/debug/deps/libtokio-8a4b1a1a8b6a823a.rlib" "/opt/rustwide/target/debug/deps/libsignal_hook_registry-f4b0f12f99c30704.rlib" "/opt/rustwide/target/debug/deps/libsocket2-c91733397a2bbe57.rlib" "/opt/rustwide/target/debug/deps/libbytes-6a4c7ea0a880895d.rlib" "/opt/rustwide/target/debug/deps/libmio-19adc1467f4847a6.rlib" "/opt/rustwide/target/debug/deps/libparking_lot-09b7a4a9b5951eeb.rlib" "/opt/rustwide/target/debug/deps/libparking_lot_core-a109529253807ce3.rlib" "/opt/rustwide/target/debug/deps/liblibc-cf06f29c0a4f6ede.rlib" "/opt/rustwide/target/debug/deps/libcfg_if-57bf25c23e31efdb.rlib" "/opt/rustwide/target/debug/deps/libsmallvec-756ee87804f0eec5.rlib" "/opt/rustwide/target/debug/deps/liblock_api-e2cb0d427dfba242.rlib" "/opt/rustwide/target/debug/deps/libscopeguard-003ee3b9b09cebdb.rlib" "/opt/rustwide/target/debug/deps/libpin_project_lite-2633596a5f246a3b.rlib" "/opt/rustwide/target/debug/deps/libserde_json-3b42397ae6d92924.rlib" "/opt/rustwide/target/debug/deps/libmemchr-c7ff0286392b94eb.rlib" "/opt/rustwide/target/debug/deps/libitoa-add5260810035b6e.rlib" "/opt/rustwide/target/debug/deps/libryu-2ae7af5af0bb88e0.rlib" "/opt/rustwide/target/debug/deps/libserde-6cd590547d1fcfd2.rlib" "/opt/rustwide/rustup-home/toolchains/nightly-2024-10-28-x86_64-unknown-linux-gnu/lib/rustlib/x86_64-unknown-linux-gnu/lib/libstd-fb8c387236db3c10.rlib" "/opt/rustwide/rustup-home/toolchains/nightly-2024-10-28-x86_64-unknown-linux-gnu/lib/rustlib/x86_64-unknown-linux-gnu/lib/libpanic_unwind-b251837809b2f64b.rlib" "/opt/rustwide/rustup-home/toolchains/nightly-2024-10-28-x86_64-unknown-linux-gnu/lib/rustlib/x86_64-unknown-linux-gnu/lib/libobject-cbef83eaa4e01f04.rlib" "/opt/rustwide/rustup-home/toolchains/nightly-2024-10-28-x86_64-unknown-linux-gnu/lib/rustlib/x86_64-unknown-linux-gnu/lib/libmemchr-12a772286de2fca7.rlib" "/opt/rustwide/rustup-home/toolchains/nightly-2024-10-28-x86_64-unknown-linux-gnu/lib/rustlib/x86_64-unknown-linux-gnu/lib/libaddr2line-023bbe5ada7abfc3.rlib" "/opt/rustwide/rustup-home/toolchains/nightly-2024-10-28-x86_64-unknown-linux-gnu/lib/rustlib/x86_64-unknown-linux-gnu/lib/libgimli-de2bcdf10ec69c2b.rlib" "/opt/rustwide/rustup-home/toolchains/nightly-2024-10-28-x86_64-unknown-linux-gnu/lib/rustlib/x86_64-unknown-linux-gnu/lib/librustc_demangle-8e1754df350800fd.rlib" "/opt/rustwide/rustup-home/toolchains/nightly-2024-10-28-x86_64-unknown-linux-gnu/lib/rustlib/x86_64-unknown-linux-gnu/lib/libstd_detect-06c2ab7b9c32e037.rlib" "/opt/rustwide/rustup-home/toolchains/nightly-2024-10-28-x86_64-unknown-linux-gnu/lib/rustlib/x86_64-unknown-linux-gnu/lib/libhashbrown-51d2621fc57a281b.rlib" "/opt/rustwide/rustup-home/toolchains/nightly-2024-10-28-x86_64-unknown-linux-gnu/lib/rustlib/x86_64-unknown-linux-gnu/lib/librustc_std_workspace_alloc-54a930408793772f.rlib" "/opt/rustwide/rustup-home/toolchains/nightly-2024-10-28-x86_64-unknown-linux-gnu/lib/rustlib/x86_64-unknown-linux-gnu/lib/libminiz_oxide-0c7d01cba400dcb2.rlib" "/opt/rustwide/rustup-home/toolchains/nightly-2024-10-28-x86_64-unknown-linux-gnu/lib/rustlib/x86_64-unknown-linux-gnu/lib/libadler-b9f84d69e331b75b.rlib" "/opt/rustwide/rustup-home/toolchains/nightly-2024-10-28-x86_64-unknown-linux-gnu/lib/rustlib/x86_64-unknown-linux-gnu/lib/libunwind-eec95493246aae39.rlib" "/opt/rustwide/rustup-home/toolchains/nightly-2024-10-28-x86_64-unknown-linux-gnu/lib/rustlib/x86_64-unknown-linux-gnu/lib/libcfg_if-6f6676c475e08ab0.rlib" "/opt/rustwide/rustup-home/toolchains/nightly-2024-10-28-x86_64-unknown-linux-gnu/lib/rustlib/x86_64-unknown-linux-gnu/lib/liblibc-799d520624f8b2e0.rlib" "/opt/rustwide/rustup-home/toolchains/nightly-2024-10-28-x86_64-unknown-linux-gnu/lib/rustlib/x86_64-unknown-linux-gnu/lib/liballoc-fcf93d4842acd9a9.rlib" "/opt/rustwide/rustup-home/toolchains/nightly-2024-10-28-x86_64-unknown-linux-gnu/lib/rustlib/x86_64-unknown-linux-gnu/lib/librustc_std_workspace_core-395a38b8e0851c9b.rlib" "/opt/rustwide/rustup-home/toolchains/nightly-2024-10-28-x86_64-unknown-linux-gnu/lib/rustlib/x86_64-unknown-linux-gnu/lib/libcore-d453bab70303062c.rlib" "/opt/rustwide/rustup-home/toolchains/nightly-2024-10-28-x86_64-unknown-linux-gnu/lib/rustlib/x86_64-unknown-linux-gnu/lib/libcompiler_builtins-0e6386368b0a24e8.rlib" "-Wl,-Bdynamic" "-lgcc_s" "-lutil" "-lrt" "-lpthread" "-lm" "-ldl" "-lc" "-B/opt/rustwide/rustup-home/toolchains/nightly-2024-10-28-x86_64-unknown-linux-gnu/lib/rustlib/x86_64-unknown-linux-gnu/bin/gcc-ld" "-fuse-ld=lld" "-Wl,--eh-frame-hdr" "-Wl,-z,noexecstack" "-L" "/opt/rustwide/rustup-home/toolchains/nightly-2024-10-28-x86_64-unknown-linux-gnu/lib/rustlib/x86_64-unknown-linux-gnu/lib" "-o" "/tmp/rustdoctestixco27/rust_out" "-Wl,--gc-sections" "-pie" "-Wl,-z,relro,-z,now" "-nodefaultlibs"
[INFO] [stdout]   = note: collect2: fatal error: ld terminated with signal 9 [Killed]
[INFO] [stdout]           compilation terminated.
[INFO] [stdout]           
[INFO] [stdout] 
[INFO] [stdout] error: aborting due to 1 previous error
[INFO] [stdout] 
[INFO] [stdout] Couldn't compile the test.
[INFO] [stdout] 
[INFO] [stdout] failures:
[INFO] [stdout]     src/config/mod.rs - config::Config::validate (line 140)
[INFO] [stdout] 
[INFO] [stdout] test result: FAILED. 11 passed; 1 failed; 0 ignored; 0 measured; 0 filtered out; finished in 16.37s
[INFO] [stdout] 
[INFO] [stderr] error: doctest failed, to rerun pass `--doc`
[INFO] running `Command { std: "docker" "inspect" "131acf1208f30b1c9b4a2d098080326a4d43603e0fb8c51f789b47552f755ad4", kill_on_drop: false }`
[INFO] running `Command { std: "docker" "rm" "-f" "131acf1208f30b1c9b4a2d098080326a4d43603e0fb8c51f789b47552f755ad4", kill_on_drop: false }`
[INFO] [stdout] 131acf1208f30b1c9b4a2d098080326a4d43603e0fb8c51f789b47552f755ad4
