[INFO] fetching crate bevy_text_edit 0.3.1...
[INFO] testing bevy_text_edit-0.3.1 against nightly-2024-10-28 for randomize-layout
[INFO] extracting crate bevy_text_edit 0.3.1 into /workspace/builds/worker-5-tc1/source
[INFO] validating manifest of crates.io crate bevy_text_edit 0.3.1 on toolchain nightly-2024-10-28
[INFO] running `Command { std: CARGO_HOME="/workspace/cargo-home" RUSTUP_HOME="/workspace/rustup-home" "/workspace/cargo-home/bin/cargo" "+nightly-2024-10-28" "metadata" "--manifest-path" "Cargo.toml" "--no-deps", kill_on_drop: false }`
[INFO] started tweaking crates.io crate bevy_text_edit 0.3.1
[INFO] finished tweaking crates.io crate bevy_text_edit 0.3.1
[INFO] tweaked toml for crates.io crate bevy_text_edit 0.3.1 written to /workspace/builds/worker-5-tc1/source/Cargo.toml
[INFO] crate crates.io crate bevy_text_edit 0.3.1 already has a lockfile, it will not be regenerated
[INFO] running `Command { std: CARGO_HOME="/workspace/cargo-home" RUSTUP_HOME="/workspace/rustup-home" "/workspace/cargo-home/bin/cargo" "+nightly-2024-10-28" "fetch" "--manifest-path" "Cargo.toml", kill_on_drop: false }`
[INFO] [stderr]  Downloading crates ...
[INFO] [stderr]   Downloaded wayland-client v0.31.4
[INFO] [stderr]   Downloaded syn v2.0.69
[INFO] [stderr]   Downloaded wayland-sys v0.31.3
[INFO] [stderr]   Downloaded wayland-backend v0.3.5
[INFO] [stderr]   Downloaded wayland-cursor v0.31.4
[INFO] [stderr]   Downloaded gilrs-core v0.5.12
[INFO] [stderr]   Downloaded cc v1.0.105
[INFO] [stderr]   Downloaded wayland-scanner v0.31.3
[INFO] [stderr]   Downloaded sctk-adwaita v0.9.1
[INFO] running `Command { std: "docker" "create" "-v" "/var/lib/crater-agent-workspace/builds/worker-5-tc1/target:/opt/rustwide/target:rw,Z" "-v" "/var/lib/crater-agent-workspace/builds/worker-5-tc1/source:/opt/rustwide/workdir:ro,Z" "-v" "/var/lib/crater-agent-workspace/cargo-home:/opt/rustwide/cargo-home:ro,Z" "-v" "/var/lib/crater-agent-workspace/rustup-home:/opt/rustwide/rustup-home:ro,Z" "-e" "SOURCE_DIR=/opt/rustwide/workdir" "-e" "CARGO_TARGET_DIR=/opt/rustwide/target" "-e" "CARGO_HOME=/opt/rustwide/cargo-home" "-e" "RUSTUP_HOME=/opt/rustwide/rustup-home" "-w" "/opt/rustwide/workdir" "-m" "1610612736" "--user" "0:0" "--network" "none" "ghcr.io/rust-lang/crates-build-env/linux@sha256:4a844ea9eb2546a2d2c7022eacef16ef2e8229c7fbb2c7d4d55a9ceca922f72d" "/opt/rustwide/cargo-home/bin/cargo" "+nightly-2024-10-28" "metadata" "--no-deps" "--format-version=1", kill_on_drop: false }`
[INFO] [stdout] 04b76c528b95912eea5eb3a868d05d1eaa26086a44370d4d3484c732d4942805
[INFO] running `Command { std: "docker" "start" "-a" "04b76c528b95912eea5eb3a868d05d1eaa26086a44370d4d3484c732d4942805", kill_on_drop: false }`
[INFO] running `Command { std: "docker" "inspect" "04b76c528b95912eea5eb3a868d05d1eaa26086a44370d4d3484c732d4942805", kill_on_drop: false }`
[INFO] running `Command { std: "docker" "rm" "-f" "04b76c528b95912eea5eb3a868d05d1eaa26086a44370d4d3484c732d4942805", kill_on_drop: false }`
[INFO] [stdout] 04b76c528b95912eea5eb3a868d05d1eaa26086a44370d4d3484c732d4942805
[INFO] running `Command { std: "docker" "create" "-v" "/var/lib/crater-agent-workspace/builds/worker-5-tc1/target:/opt/rustwide/target:rw,Z" "-v" "/var/lib/crater-agent-workspace/builds/worker-5-tc1/source:/opt/rustwide/workdir:ro,Z" "-v" "/var/lib/crater-agent-workspace/cargo-home:/opt/rustwide/cargo-home:ro,Z" "-v" "/var/lib/crater-agent-workspace/rustup-home:/opt/rustwide/rustup-home:ro,Z" "-e" "SOURCE_DIR=/opt/rustwide/workdir" "-e" "CARGO_TARGET_DIR=/opt/rustwide/target" "-e" "CARGO_INCREMENTAL=0" "-e" "RUST_BACKTRACE=full" "-e" "RUSTFLAGS=--cap-lints=forbid" "-e" "RUSTDOCFLAGS=--cap-lints=forbid" "-e" "CARGO_HOME=/opt/rustwide/cargo-home" "-e" "RUSTUP_HOME=/opt/rustwide/rustup-home" "-w" "/opt/rustwide/workdir" "-m" "1610612736" "--user" "0:0" "--network" "none" "ghcr.io/rust-lang/crates-build-env/linux@sha256:4a844ea9eb2546a2d2c7022eacef16ef2e8229c7fbb2c7d4d55a9ceca922f72d" "/opt/rustwide/cargo-home/bin/cargo" "+nightly-2024-10-28" "build" "--frozen" "--message-format=json", kill_on_drop: false }`
[INFO] [stdout] e5b9d39bb70a6e8058ff414636fdd7e0415804c94e677cb3379ab211791f5569
[INFO] running `Command { std: "docker" "start" "-a" "e5b9d39bb70a6e8058ff414636fdd7e0415804c94e677cb3379ab211791f5569", kill_on_drop: false }`
[INFO] [stderr]    Compiling proc-macro2 v1.0.86
[INFO] [stderr]    Compiling unicode-ident v1.0.12
[INFO] [stderr]    Compiling cfg-if v1.0.0
[INFO] [stderr]    Compiling serde v1.0.204
[INFO] [stderr]    Compiling libc v0.2.155
[INFO] [stderr]    Compiling autocfg v1.3.0
[INFO] [stderr]    Compiling version_check v0.9.4
[INFO] [stderr]    Compiling once_cell v1.19.0
[INFO] [stderr]    Compiling pin-project-lite v0.2.14
[INFO] [stderr]    Compiling zerocopy v0.7.35
[INFO] [stderr]    Compiling hashbrown v0.14.5
[INFO] [stderr]    Compiling allocator-api2 v0.2.18
[INFO] [stderr]    Compiling toml_datetime v0.6.6
[INFO] [stderr]    Compiling crossbeam-utils v0.8.20
[INFO] [stderr]    Compiling winnow v0.6.13
[INFO] [stderr]    Compiling thiserror v1.0.61
[INFO] [stderr]    Compiling parking v2.2.0
[INFO] [stderr]    Compiling smallvec v1.13.2
[INFO] [stderr]    Compiling rand_core v0.6.4
[INFO] [stderr]    Compiling rand v0.8.5
[INFO] [stderr]    Compiling futures-core v0.3.30
[INFO] [stderr]    Compiling futures-io v0.3.30
[INFO] [stderr]    Compiling tracing-core v0.1.32
[INFO] [stderr]    Compiling fastrand v2.1.0
[INFO] [stderr]    Compiling thread_local v1.1.8
[INFO] [stderr]    Compiling typeid v1.0.0
[INFO] [stderr]    Compiling async-task v4.7.1
[INFO] [stderr]    Compiling web-time v1.1.0
[INFO] [stderr]    Compiling bevy_ptr v0.14.0
[INFO] [stderr]    Compiling smol_str v0.2.2
[INFO] [stderr]    Compiling slab v0.4.9
[INFO] [stderr]    Compiling ahash v0.8.11
[INFO] [stderr]    Compiling indexmap v2.2.6
[INFO] [stderr]    Compiling futures-lite v2.3.0
[INFO] [stderr]    Compiling downcast-rs v1.2.1
[INFO] [stderr]    Compiling fixedbitset v0.4.2
[INFO] [stderr]    Compiling nonmax v0.5.5
[INFO] [stderr]    Compiling fixedbitset v0.5.7
[INFO] [stderr]    Compiling num-traits v0.2.19
[INFO] [stderr]    Compiling log v0.4.22
[INFO] [stderr]    Compiling cfg_aliases v0.1.1
[INFO] [stderr]    Compiling arrayvec v0.7.4
[INFO] [stderr]    Compiling quote v1.0.36
[INFO] [stderr]    Compiling concurrent-queue v2.5.0
[INFO] [stderr]    Compiling lock_api v0.4.12
[INFO] [stderr]    Compiling parking_lot_core v0.9.10
[INFO] [stderr]    Compiling syn v2.0.69
[INFO] [stderr]    Compiling unicode-width v0.1.13
[INFO] [stderr]    Compiling event-listener v5.3.1
[INFO] [stderr]    Compiling scopeguard v1.2.0
[INFO] [stderr]    Compiling bit-vec v0.6.3
[INFO] [stderr]    Compiling aho-corasick v1.1.3
[INFO] [stderr]    Compiling codespan-reporting v0.11.1
[INFO] [stderr]    Compiling regex-syntax v0.8.4
[INFO] [stderr]    Compiling unicode-xid v0.2.4
[INFO] [stderr]    Compiling hexf-parse v0.2.1
[INFO] [stderr]    Compiling ash v0.37.3+1.3.251
[INFO] [stderr]    Compiling khronos-egl v6.0.0
[INFO] [stderr]    Compiling event-listener-strategy v0.5.2
[INFO] [stderr]    Compiling bit-set v0.5.3
[INFO] [stderr]    Compiling rustc-hash v1.1.0
[INFO] [stderr]    Compiling crossbeam-channel v0.5.13
[INFO] [stderr]    Compiling wgpu-hal v0.21.1
[INFO] [stderr]    Compiling libloading v0.8.4
[INFO] [stderr]    Compiling libloading v0.7.4
[INFO] [stderr]    Compiling atomic-waker v1.1.2
[INFO] [stderr]    Compiling getrandom v0.2.15
[INFO] [stderr]    Compiling raw-window-handle v0.6.2
[INFO] [stderr]    Compiling cc v1.0.105
[INFO] [stderr]    Compiling uuid v1.9.1
[INFO] [stderr]    Compiling async-executor v1.12.0
[INFO] [stderr]    Compiling piper v0.2.3
[INFO] [stderr]    Compiling async-channel v2.3.1
[INFO] [stderr]    Compiling wgpu-core v0.21.1
[INFO] [stderr]    Compiling renderdoc-sys v1.1.0
[INFO] [stderr]    Compiling profiling v1.0.15
[INFO] [stderr]    Compiling litrs v0.4.1
[INFO] [stderr]    Compiling glow v0.13.1
[INFO] [stderr]    Compiling async-lock v3.4.0
[INFO] [stderr]    Compiling blocking v1.6.1
[INFO] [stderr]    Compiling wgpu v0.20.1
[INFO] [stderr]    Compiling bevy_tasks v0.14.0
[INFO] [stderr]    Compiling accesskit v0.14.0
[INFO] [stderr]    Compiling const_soft_float v0.1.4
[INFO] [stderr]    Compiling event-listener v2.5.3
[INFO] [stderr]    Compiling base64 v0.21.7
[INFO] [stderr]    Compiling parking_lot v0.12.3
[INFO] [stderr]    Compiling const_panic v0.2.8
[INFO] [stderr]    Compiling toml_edit v0.22.14
[INFO] [stderr]    Compiling document-features v0.2.8
[INFO] [stderr]    Compiling constant_time_eq v0.3.0
[INFO] [stderr]    Compiling arrayref v0.3.7
[INFO] [stderr]    Compiling constgebra v0.1.4
[INFO] [stderr]    Compiling async-broadcast v0.5.1
[INFO] [stderr]    Compiling async-fs v2.1.2
[INFO] [stderr]    Compiling cfg_aliases v0.2.1
[INFO] [stderr]    Compiling byteorder v1.5.0
[INFO] [stderr]    Compiling pkg-config v0.3.30
[INFO] [stderr]    Compiling const-fnv1a-hash v1.1.0
[INFO] [stderr]    Compiling data-encoding v2.6.0
[INFO] [stderr]    Compiling static_assertions v1.1.0
[INFO] [stderr]    Compiling nix v0.29.0
[INFO] [stderr]    Compiling ttf-parser v0.24.0
[INFO] [stderr]    Compiling inotify-sys v0.1.5
[INFO] [stderr]    Compiling euclid v0.22.10
[INFO] [stderr]    Compiling slotmap v1.0.7
[INFO] [stderr]    Compiling radsort v0.1.0
[INFO] [stderr]    Compiling regex-syntax v0.6.29
[INFO] [stderr]    Compiling svg_fmt v0.4.3
[INFO] [stderr]    Compiling bitflags v1.3.2
[INFO] [stderr]    Compiling ab_glyph_rasterizer v0.1.8
[INFO] [stderr]    Compiling inotify v0.10.2
[INFO] [stderr]    Compiling blake3 v1.5.1
[INFO] [stderr]    Compiling approx v0.5.1
[INFO] [stderr]    Compiling xi-unicode v0.3.0
[INFO] [stderr]    Compiling guillotiere v0.6.2
[INFO] [stderr]    Compiling vec_map v0.8.2
[INFO] [stderr]    Compiling overload v0.1.1
[INFO] [stderr]    Compiling rectangle-pack v0.4.2
[INFO] [stderr]    Compiling libudev-sys v0.1.4
[INFO] [stderr]    Compiling gilrs v0.10.8
[INFO] [stderr]    Compiling lazy_static v1.5.0
[INFO] [stderr]    Compiling sharded-slab v0.1.7
[INFO] [stderr]    Compiling nu-ansi-term v0.46.0
[INFO] [stderr]    Compiling regex-automata v0.4.7
[INFO] [stderr]    Compiling tracing-log v0.2.0
[INFO] [stderr]    Compiling grid v0.14.0
[INFO] [stderr]    Compiling fnv v1.0.7
[INFO] [stderr]    Compiling regex-lite v0.1.6
[INFO] [stderr]    Compiling taffy v0.5.2
[INFO] [stderr]    Compiling owned_ttf_parser v0.24.0
[INFO] [stderr]    Compiling ab_glyph v0.2.28
[INFO] [stderr]    Compiling regex-automata v0.1.10
[INFO] [stderr]    Compiling glyph_brush_layout v0.2.4
[INFO] [stderr]    Compiling matchers v0.1.0
[INFO] [stderr]    Compiling bevy_macro_utils v0.14.0
[INFO] [stderr]    Compiling encase_derive_impl v0.8.0
[INFO] [stderr]    Compiling serde_derive v1.0.204
[INFO] [stderr]    Compiling thiserror-impl v1.0.61
[INFO] [stderr]    Compiling bytemuck_derive v1.7.0
[INFO] [stderr]    Compiling tracing-attributes v0.1.27
[INFO] [stderr]    Compiling bevy_utils_proc_macros v0.14.0
[INFO] [stderr]    Compiling bevy_reflect_derive v0.14.0
[INFO] [stderr]    Compiling bevy_ecs_macros v0.14.0
[INFO] [stderr]    Compiling bevy_derive v0.14.0
[INFO] [stderr]    Compiling encase_derive v0.8.0
[INFO] [stderr]    Compiling bevy_asset_macros v0.14.0
[INFO] [stderr]    Compiling bevy_render_macros v0.14.0
[INFO] [stderr]    Compiling bevy_encase_derive v0.14.0
[INFO] [stderr]    Compiling bevy_state_macros v0.14.0
[INFO] [stderr]    Compiling regex v1.10.5
[INFO] [stderr]    Compiling bytemuck v1.16.1
[INFO] [stderr]    Compiling tracing v0.1.40
[INFO] [stderr]    Compiling tracing-subscriber v0.3.18
[INFO] [stderr]    Compiling image v0.25.1
[INFO] [stderr]    Compiling bitflags v2.6.0
[INFO] [stderr]    Compiling glam v0.27.0
[INFO] [stderr]    Compiling erased-serde v0.4.5
[INFO] [stderr]    Compiling spirv v0.3.0+sdk-1.3.268.0
[INFO] [stderr]    Compiling gpu-alloc-types v0.3.0
[INFO] [stderr]    Compiling gpu-descriptor-types v0.2.0
[INFO] [stderr]    Compiling wgpu-types v0.20.0
[INFO] [stderr]    Compiling ron v0.8.1
[INFO] [stderr]    Compiling gpu-alloc v0.6.0
[INFO] [stderr]    Compiling gilrs-core v0.5.12
[INFO] [stderr]    Compiling bevy_utils v0.14.0
[INFO] [stderr]    Compiling gpu-descriptor v0.3.0
[INFO] [stderr]    Compiling petgraph v0.6.5
[INFO] [stderr]    Compiling naga v0.20.0
[INFO] [stderr]    Compiling bevy_reflect v0.14.0
[INFO] [stderr]    Compiling encase v0.8.0
[INFO] [stderr]    Compiling hexasphere v12.0.0
[INFO] [stderr]    Compiling bevy_mikktspace v0.14.0
[INFO] [stderr]    Compiling bevy_ecs v0.14.0
[INFO] [stderr]    Compiling bevy_math v0.14.0
[INFO] [stderr]    Compiling naga_oil v0.14.0
[INFO] [stderr]    Compiling bevy_color v0.14.1
[INFO] [stderr]    Compiling bevy_app v0.14.0
[INFO] [stderr]    Compiling bevy_core v0.14.0
[INFO] [stderr]    Compiling bevy_time v0.14.0
[INFO] [stderr]    Compiling bevy_a11y v0.14.0
[INFO] [stderr]    Compiling bevy_asset v0.14.0
[INFO] [stderr]    Compiling bevy_input v0.14.0
[INFO] [stderr]    Compiling bevy_log v0.14.0
[INFO] [stderr]    Compiling bevy_window v0.14.0
[INFO] [stderr]    Compiling bevy_hierarchy v0.14.0
[INFO] [stderr]    Compiling bevy_transform v0.14.0
[INFO] [stderr]    Compiling bevy_state v0.14.0
[INFO] [stderr]    Compiling bevy_diagnostic v0.14.0
[INFO] [stderr]    Compiling bevy_gilrs v0.14.0
[INFO] [stderr]    Compiling bevy_render v0.14.0
[INFO] [stderr]    Compiling bevy_core_pipeline v0.14.0
[INFO] [stderr]    Compiling bevy_sprite v0.14.0
[INFO] [stderr]    Compiling bevy_text v0.14.0
[INFO] [stderr]    Compiling bevy_ui v0.14.0
[INFO] [stderr]    Compiling bevy_internal v0.14.0
[INFO] [stderr]    Compiling bevy v0.14.0
[INFO] [stderr]    Compiling bevy_text_edit v0.3.1 (/opt/rustwide/workdir)
[INFO] [stderr]     Finished `dev` profile [unoptimized + debuginfo] target(s) in 3m 05s
[INFO] running `Command { std: "docker" "inspect" "e5b9d39bb70a6e8058ff414636fdd7e0415804c94e677cb3379ab211791f5569", kill_on_drop: false }`
[INFO] running `Command { std: "docker" "rm" "-f" "e5b9d39bb70a6e8058ff414636fdd7e0415804c94e677cb3379ab211791f5569", kill_on_drop: false }`
[INFO] [stdout] e5b9d39bb70a6e8058ff414636fdd7e0415804c94e677cb3379ab211791f5569
[INFO] running `Command { std: "docker" "create" "-v" "/var/lib/crater-agent-workspace/builds/worker-5-tc1/target:/opt/rustwide/target:rw,Z" "-v" "/var/lib/crater-agent-workspace/builds/worker-5-tc1/source:/opt/rustwide/workdir:ro,Z" "-v" "/var/lib/crater-agent-workspace/cargo-home:/opt/rustwide/cargo-home:ro,Z" "-v" "/var/lib/crater-agent-workspace/rustup-home:/opt/rustwide/rustup-home:ro,Z" "-e" "SOURCE_DIR=/opt/rustwide/workdir" "-e" "CARGO_TARGET_DIR=/opt/rustwide/target" "-e" "CARGO_INCREMENTAL=0" "-e" "RUST_BACKTRACE=full" "-e" "RUSTFLAGS=--cap-lints=forbid" "-e" "RUSTDOCFLAGS=--cap-lints=forbid" "-e" "CARGO_HOME=/opt/rustwide/cargo-home" "-e" "RUSTUP_HOME=/opt/rustwide/rustup-home" "-w" "/opt/rustwide/workdir" "-m" "1610612736" "--user" "0:0" "--network" "none" "ghcr.io/rust-lang/crates-build-env/linux@sha256:4a844ea9eb2546a2d2c7022eacef16ef2e8229c7fbb2c7d4d55a9ceca922f72d" "/opt/rustwide/cargo-home/bin/cargo" "+nightly-2024-10-28" "test" "--frozen" "--no-run" "--message-format=json", kill_on_drop: false }`
[INFO] [stdout] 4994d36fbc35671405ad1cdd313d4ad929639fbea3d66cb79bced712af78ead3
[INFO] running `Command { std: "docker" "start" "-a" "4994d36fbc35671405ad1cdd313d4ad929639fbea3d66cb79bced712af78ead3", kill_on_drop: false }`
[INFO] [stderr]    Compiling bitflags v2.6.0
[INFO] [stderr]    Compiling ahash v0.8.11
[INFO] [stderr]    Compiling bytemuck v1.16.1
[INFO] [stderr]    Compiling rustix v0.38.34
[INFO] [stderr]    Compiling linux-raw-sys v0.4.14
[INFO] [stderr]    Compiling wayland-sys v0.31.3
[INFO] [stderr]    Compiling dlib v0.5.2
[INFO] [stderr]    Compiling wayland-backend v0.3.5
[INFO] [stderr]    Compiling scoped-tls v1.0.1
[INFO] [stderr]    Compiling memchr v2.7.4
[INFO] [stderr]    Compiling wayland-client v0.31.4
[INFO] [stderr]    Compiling cursor-icon v1.1.0
[INFO] [stderr]    Compiling xkeysym v0.2.1
[INFO] [stderr]    Compiling smithay-client-toolkit v0.18.1
[INFO] [stderr]    Compiling strict-num v0.1.1
[INFO] [stderr]    Compiling xcursor v0.3.5
[INFO] [stderr]    Compiling memmap2 v0.9.4
[INFO] [stderr]    Compiling winit v0.30.3
[INFO] [stderr]    Compiling spirv v0.3.0+sdk-1.3.268.0
[INFO] [stderr]    Compiling wgpu-types v0.20.0
[INFO] [stderr]    Compiling gpu-alloc-types v0.3.0
[INFO] [stderr]    Compiling gpu-descriptor-types v0.2.0
[INFO] [stderr]    Compiling ron v0.8.1
[INFO] [stderr]    Compiling nix v0.29.0
[INFO] [stderr]    Compiling dpi v0.1.1
[INFO] [stderr]    Compiling glam v0.27.0
[INFO] [stderr]    Compiling image v0.25.1
[INFO] [stderr]    Compiling gpu-alloc v0.6.0
[INFO] [stderr]    Compiling tiny-skia-path v0.11.4
[INFO] [stderr]    Compiling hashbrown v0.14.5
[INFO] [stderr]    Compiling quick-xml v0.34.0
[INFO] [stderr]    Compiling gilrs-core v0.5.12
[INFO] [stderr]    Compiling tiny-skia v0.11.4
[INFO] [stderr]    Compiling xkbcommon-dl v0.4.2
[INFO] [stderr]    Compiling gilrs v0.10.8
[INFO] [stderr]    Compiling indexmap v2.2.6
[INFO] [stderr]    Compiling bevy_utils v0.14.0
[INFO] [stderr]    Compiling gpu-descriptor v0.3.0
[INFO] [stderr]    Compiling wayland-scanner v0.31.3
[INFO] [stderr]    Compiling petgraph v0.6.5
[INFO] [stderr]    Compiling naga v0.20.0
[INFO] [stderr]    Compiling bevy_reflect v0.14.0
[INFO] [stderr]    Compiling encase v0.8.0
[INFO] [stderr]    Compiling hexasphere v12.0.0
[INFO] [stderr]    Compiling bevy_mikktspace v0.14.0
[INFO] [stderr]    Compiling polling v3.7.2
[INFO] [stderr]    Compiling calloop v0.12.4
[INFO] [stderr]    Compiling wayland-csd-frame v0.3.0
[INFO] [stderr]    Compiling wayland-protocols v0.31.2
[INFO] [stderr]    Compiling calloop-wayland-source v0.2.0
[INFO] [stderr]    Compiling wayland-cursor v0.31.4
[INFO] [stderr]    Compiling bevy_ecs v0.14.0
[INFO] [stderr]    Compiling bevy_math v0.14.0
[INFO] [stderr]    Compiling wgpu-hal v0.21.1
[INFO] [stderr]    Compiling naga_oil v0.14.0
[INFO] [stderr]    Compiling bevy_color v0.14.1
[INFO] [stderr]    Compiling wayland-protocols-wlr v0.2.0
[INFO] [stderr]    Compiling wayland-protocols-plasma v0.2.0
[INFO] [stderr]    Compiling wgpu-core v0.21.1
[INFO] [stderr]    Compiling sctk-adwaita v0.9.1
[INFO] [stderr]    Compiling bevy_app v0.14.0
[INFO] [stderr]    Compiling accesskit_winit v0.20.4
[INFO] [stderr]    Compiling bevy_core v0.14.0
[INFO] [stderr]    Compiling bevy_time v0.14.0
[INFO] [stderr]    Compiling bevy_a11y v0.14.0
[INFO] [stderr]    Compiling bevy_asset v0.14.0
[INFO] [stderr]    Compiling bevy_input v0.14.0
[INFO] [stderr]    Compiling bevy_log v0.14.0
[INFO] [stderr]    Compiling bevy_window v0.14.0
[INFO] [stderr]    Compiling bevy_hierarchy v0.14.0
[INFO] [stderr]    Compiling bevy_transform v0.14.0
[INFO] [stderr]    Compiling bevy_state v0.14.0
[INFO] [stderr]    Compiling bevy_diagnostic v0.14.0
[INFO] [stderr]    Compiling wgpu v0.20.1
[INFO] [stderr]    Compiling bevy_winit v0.14.0
[INFO] [stderr]    Compiling bevy_gilrs v0.14.0
[INFO] [stderr]    Compiling bevy_render v0.14.0
[INFO] [stderr]    Compiling bevy_core_pipeline v0.14.0
[INFO] [stderr]    Compiling bevy_sprite v0.14.0
[INFO] [stderr]    Compiling bevy_text v0.14.0
[INFO] [stderr]    Compiling bevy_ui v0.14.0
[INFO] [stderr]    Compiling bevy_internal v0.14.0
[INFO] [stderr]    Compiling bevy_dylib v0.14.0
[INFO] [stderr]    Compiling bevy v0.14.0
[INFO] [stderr]    Compiling bevy_text_edit v0.3.1 (/opt/rustwide/workdir)
[INFO] [stderr]     Finished `test` profile [unoptimized + debuginfo] target(s) in 2m 32s
[INFO] running `Command { std: "docker" "inspect" "4994d36fbc35671405ad1cdd313d4ad929639fbea3d66cb79bced712af78ead3", kill_on_drop: false }`
[INFO] running `Command { std: "docker" "rm" "-f" "4994d36fbc35671405ad1cdd313d4ad929639fbea3d66cb79bced712af78ead3", kill_on_drop: false }`
[INFO] [stdout] 4994d36fbc35671405ad1cdd313d4ad929639fbea3d66cb79bced712af78ead3
[INFO] running `Command { std: "docker" "create" "-v" "/var/lib/crater-agent-workspace/builds/worker-5-tc1/target:/opt/rustwide/target:rw,Z" "-v" "/var/lib/crater-agent-workspace/builds/worker-5-tc1/source:/opt/rustwide/workdir:ro,Z" "-v" "/var/lib/crater-agent-workspace/cargo-home:/opt/rustwide/cargo-home:ro,Z" "-v" "/var/lib/crater-agent-workspace/rustup-home:/opt/rustwide/rustup-home:ro,Z" "-e" "SOURCE_DIR=/opt/rustwide/workdir" "-e" "CARGO_TARGET_DIR=/opt/rustwide/target" "-e" "CARGO_INCREMENTAL=0" "-e" "RUST_BACKTRACE=full" "-e" "RUSTFLAGS=--cap-lints=forbid" "-e" "RUSTDOCFLAGS=--cap-lints=forbid" "-e" "CARGO_HOME=/opt/rustwide/cargo-home" "-e" "RUSTUP_HOME=/opt/rustwide/rustup-home" "-w" "/opt/rustwide/workdir" "-m" "1610612736" "--user" "0:0" "--network" "none" "ghcr.io/rust-lang/crates-build-env/linux@sha256:4a844ea9eb2546a2d2c7022eacef16ef2e8229c7fbb2c7d4d55a9ceca922f72d" "/opt/rustwide/cargo-home/bin/cargo" "+nightly-2024-10-28" "test" "--frozen", kill_on_drop: false }`
[INFO] [stdout] 19c2d06ed316f71a2e4584d8c69386df73c2a07a8eafceb80c6a8a174da9ae3b
[INFO] running `Command { std: "docker" "start" "-a" "19c2d06ed316f71a2e4584d8c69386df73c2a07a8eafceb80c6a8a174da9ae3b", kill_on_drop: false }`
[INFO] [stderr]     Finished `test` profile [unoptimized + debuginfo] target(s) in 0.57s
[INFO] [stderr]      Running unittests src/lib.rs (/opt/rustwide/target/debug/deps/bevy_text_edit-91057bc241b117c6)
[INFO] [stderr]    Doc-tests bevy_text_edit
[INFO] [stdout] 
[INFO] [stdout] running 0 tests
[INFO] [stdout] 
[INFO] [stdout] test result: ok. 0 passed; 0 failed; 0 ignored; 0 measured; 0 filtered out; finished in 0.00s
[INFO] [stdout] 
[INFO] [stdout] 
[INFO] [stdout] running 5 tests
[INFO] [stdout] test src/lib.rs - (line 37) ... FAILED
[INFO] [stdout] test src/lib.rs - TextEditable (line 166) ... FAILED
[INFO] [stdout] test src/lib.rs - (line 24) ... FAILED
[INFO] [stdout] test src/lib.rs - (line 52) ... FAILED
[INFO] [stdout] test src/lib.rs - (line 7) ... FAILED
[INFO] [stdout] 
[INFO] [stdout] failures:
[INFO] [stdout] 
[INFO] [stdout] ---- src/lib.rs - (line 37) stdout ----
[INFO] [stdout] error[E0425]: cannot find value `commands` in this scope
[INFO] [stdout]  --> src/lib.rs:38:1
[INFO] [stdout]   |
[INFO] [stdout] 3 | commands.spawn((
[INFO] [stdout]   | ^^^^^^^^ not found in this scope
[INFO] [stdout] 
[INFO] [stdout] error[E0433]: failed to resolve: use of undeclared type `TextEditable`
[INFO] [stdout]  --> src/lib.rs:39:5
[INFO] [stdout]   |
[INFO] [stdout] 4 |     TextEditable::default(), // Mark text is editable
[INFO] [stdout]   |     ^^^^^^^^^^^^ use of undeclared type `TextEditable`
[INFO] [stdout]   |
[INFO] [stdout] help: consider importing this struct
[INFO] [stdout]   |
[INFO] [stdout] 2 + use bevy_text_edit::TextEditable;
[INFO] [stdout]   |
[INFO] [stdout] 
[INFO] [stdout] error[E0433]: failed to resolve: use of undeclared type `Interaction`
[INFO] [stdout]  --> src/lib.rs:40:5
[INFO] [stdout]   |
[INFO] [stdout] 5 |     Interaction::None,       // Mark entity is interactable
[INFO] [stdout]   |     ^^^^^^^^^^^ use of undeclared type `Interaction`
[INFO] [stdout]   |
[INFO] [stdout] help: consider importing this enum
[INFO] [stdout]   |
[INFO] [stdout] 2 + use bevy::prelude::Interaction;
[INFO] [stdout]   |
[INFO] [stdout] 
[INFO] [stdout] error[E0433]: failed to resolve: use of undeclared type `TextBundle`
[INFO] [stdout]  --> src/lib.rs:41:5
[INFO] [stdout]   |
[INFO] [stdout] 6 |     TextBundle::from_section(
[INFO] [stdout]   |     ^^^^^^^^^^ use of undeclared type `TextBundle`
[INFO] [stdout]   |
[INFO] [stdout] help: consider importing this struct
[INFO] [stdout]   |
[INFO] [stdout] 2 + use bevy::prelude::TextBundle;
[INFO] [stdout]   |
[INFO] [stdout] 
[INFO] [stdout] error[E0433]: failed to resolve: use of undeclared type `TextStyle`
[INFO] [stdout]  --> src/lib.rs:43:9
[INFO] [stdout]   |
[INFO] [stdout] 8 |         TextStyle::default(),
[INFO] [stdout]   |         ^^^^^^^^^ use of undeclared type `TextStyle`
[INFO] [stdout]   |
[INFO] [stdout] help: consider importing this struct
[INFO] [stdout]   |
[INFO] [stdout] 2 + use bevy::prelude::TextStyle;
[INFO] [stdout]   |
[INFO] [stdout] 
[INFO] [stdout] error: aborting due to 5 previous errors
[INFO] [stdout] 
[INFO] [stdout] Some errors have detailed explanations: E0425, E0433.
[INFO] [stdout] For more information about an error, try `rustc --explain E0425`.
[INFO] [stdout] Couldn't compile the test.
[INFO] [stdout] ---- src/lib.rs - TextEditable (line 166) stdout ----
[INFO] [stdout] error[E0425]: cannot find value `commands` in this scope
[INFO] [stdout]  --> src/lib.rs:167:1
[INFO] [stdout]   |
[INFO] [stdout] 3 | commands.spawn((
[INFO] [stdout]   | ^^^^^^^^ not found in this scope
[INFO] [stdout] 
[INFO] [stdout] error[E0422]: cannot find struct, variant or union type `TextEditable` in this scope
[INFO] [stdout]  --> src/lib.rs:168:5
[INFO] [stdout]   |
[INFO] [stdout] 4 |     TextEditable {
[INFO] [stdout]   |     ^^^^^^^^^^^^ not found in this scope
[INFO] [stdout]   |
[INFO] [stdout] help: consider importing this struct
[INFO] [stdout]   |
[INFO] [stdout] 2 + use bevy_text_edit::TextEditable;
[INFO] [stdout]   |
[INFO] [stdout] 
[INFO] [stdout] error[E0433]: failed to resolve: use of undeclared type `Interaction`
[INFO] [stdout]  --> src/lib.rs:172:5
[INFO] [stdout]   |
[INFO] [stdout] 8 |     Interaction::None,
[INFO] [stdout]   |     ^^^^^^^^^^^ use of undeclared type `Interaction`
[INFO] [stdout]   |
[INFO] [stdout] help: consider importing this enum
[INFO] [stdout]   |
[INFO] [stdout] 2 + use bevy::prelude::Interaction;
[INFO] [stdout]   |
[INFO] [stdout] 
[INFO] [stdout] error[E0433]: failed to resolve: use of undeclared type `TextBundle`
[INFO] [stdout]  --> src/lib.rs:173:5
[INFO] [stdout]   |
[INFO] [stdout] 9 |     TextBundle::from_section(
[INFO] [stdout]   |     ^^^^^^^^^^ use of undeclared type `TextBundle`
[INFO] [stdout]   |
[INFO] [stdout] help: consider importing this struct
[INFO] [stdout]   |
[INFO] [stdout] 2 + use bevy::prelude::TextBundle;
[INFO] [stdout]   |
[INFO] [stdout] 
[INFO] [stdout] error[E0433]: failed to resolve: use of undeclared type `TextStyle`
[INFO] [stdout]   --> src/lib.rs:175:9
[INFO] [stdout]    |
[INFO] [stdout] 11 |         TextStyle::default(),
[INFO] [stdout]    |         ^^^^^^^^^ use of undeclared type `TextStyle`
[INFO] [stdout]    |
[INFO] [stdout] help: consider importing this struct
[INFO] [stdout]    |
[INFO] [stdout] 2  + use bevy::prelude::TextStyle;
[INFO] [stdout]    |
[INFO] [stdout] 
[INFO] [stdout] error: aborting due to 5 previous errors
[INFO] [stdout] 
[INFO] [stdout] Some errors have detailed explanations: E0422, E0425, E0433.
[INFO] [stdout] For more information about an error, try `rustc --explain E0422`.
[INFO] [stdout] Couldn't compile the test.
[INFO] [stdout] ---- src/lib.rs - (line 24) stdout ----
[INFO] [stdout] error[E0433]: failed to resolve: use of undeclared type `App`
[INFO] [stdout]  --> src/lib.rs:25:1
[INFO] [stdout]   |
[INFO] [stdout] 3 | App::new()
[INFO] [stdout]   | ^^^ use of undeclared type `App`
[INFO] [stdout]   |
[INFO] [stdout] help: consider importing this struct
[INFO] [stdout]   |
[INFO] [stdout] 2 + use bevy::prelude::App;
[INFO] [stdout]   |
[INFO] [stdout] 
[INFO] [stdout] error[E0425]: cannot find value `DefaultPlugins` in this scope
[INFO] [stdout]  --> src/lib.rs:26:18
[INFO] [stdout]   |
[INFO] [stdout] 4 |     .add_plugins(DefaultPlugins)
[INFO] [stdout]   |                  ^^^^^^^^^^^^^^ not found in this scope
[INFO] [stdout]   |
[INFO] [stdout] help: consider importing this unit struct
[INFO] [stdout]   |
[INFO] [stdout] 2 + use bevy::DefaultPlugins;
[INFO] [stdout]   |
[INFO] [stdout] 
[INFO] [stdout] error[E0425]: cannot find value `TextEditPluginNoState` in this scope
[INFO] [stdout]  --> src/lib.rs:28:18
[INFO] [stdout]   |
[INFO] [stdout] 6 |     .add_plugins(TextEditPluginNoState)
[INFO] [stdout]   |                  ^^^^^^^^^^^^^^^^^^^^^ not found in this scope
[INFO] [stdout]   |
[INFO] [stdout] help: consider importing this unit struct
[INFO] [stdout]   |
[INFO] [stdout] 2 + use bevy_text_edit::TextEditPluginNoState;
[INFO] [stdout]   |
[INFO] [stdout] 
[INFO] [stdout] error[E0425]: cannot find value `Startup` in this scope
[INFO] [stdout]  --> src/lib.rs:29:18
[INFO] [stdout]   |
[INFO] [stdout] 7 |     .add_systems(Startup, setup)
[INFO] [stdout]   |                  ^^^^^^^ not found in this scope
[INFO] [stdout]   |
[INFO] [stdout] help: consider importing this unit struct
[INFO] [stdout]   |
[INFO] [stdout] 2 + use bevy::prelude::Startup;
[INFO] [stdout]   |
[INFO] [stdout] 
[INFO] [stdout] error[E0425]: cannot find value `setup` in this scope
[INFO] [stdout]  --> src/lib.rs:29:27
[INFO] [stdout]   |
[INFO] [stdout] 7 |     .add_systems(Startup, setup)
[INFO] [stdout]   |                           ^^^^^ not found in this scope
[INFO] [stdout] 
[INFO] [stdout] error: aborting due to 5 previous errors
[INFO] [stdout] 
[INFO] [stdout] Some errors have detailed explanations: E0425, E0433.
[INFO] [stdout] For more information about an error, try `rustc --explain E0425`.
[INFO] [stdout] Couldn't compile the test.
[INFO] [stdout] ---- src/lib.rs - (line 52) stdout ----
[INFO] [stdout] error[E0425]: cannot find value `commands` in this scope
[INFO] [stdout]  --> src/lib.rs:53:1
[INFO] [stdout]   |
[INFO] [stdout] 3 | commands.spawn((
[INFO] [stdout]   | ^^^^^^^^ not found in this scope
[INFO] [stdout] 
[INFO] [stdout] error[E0422]: cannot find struct, variant or union type `TextEditable` in this scope
[INFO] [stdout]  --> src/lib.rs:54:5
[INFO] [stdout]   |
[INFO] [stdout] 4 |     TextEditable {
[INFO] [stdout]   |     ^^^^^^^^^^^^ not found in this scope
[INFO] [stdout]   |
[INFO] [stdout] help: consider importing this struct
[INFO] [stdout]   |
[INFO] [stdout] 2 + use bevy_text_edit::TextEditable;
[INFO] [stdout]   |
[INFO] [stdout] 
[INFO] [stdout] error[E0425]: cannot find function `default` in this scope
[INFO] [stdout]  --> src/lib.rs:57:11
[INFO] [stdout]   |
[INFO] [stdout] 7 |         ..default()
[INFO] [stdout]   |           ^^^^^^^ not found in this scope
[INFO] [stdout]   |
[INFO] [stdout] help: consider importing this function
[INFO] [stdout]   |
[INFO] [stdout] 2 + use bevy::prelude::default;
[INFO] [stdout]   |
[INFO] [stdout] 
[INFO] [stdout] error[E0433]: failed to resolve: use of undeclared type `Interaction`
[INFO] [stdout]  --> src/lib.rs:59:5
[INFO] [stdout]   |
[INFO] [stdout] 9 |     Interaction::None,
[INFO] [stdout]   |     ^^^^^^^^^^^ use of undeclared type `Interaction`
[INFO] [stdout]   |
[INFO] [stdout] help: consider importing this enum
[INFO] [stdout]   |
[INFO] [stdout] 2 + use bevy::prelude::Interaction;
[INFO] [stdout]   |
[INFO] [stdout] 
[INFO] [stdout] error[E0433]: failed to resolve: use of undeclared type `TextBundle`
[INFO] [stdout]   --> src/lib.rs:60:5
[INFO] [stdout]    |
[INFO] [stdout] 10 |     TextBundle::from_section(
[INFO] [stdout]    |     ^^^^^^^^^^ use of undeclared type `TextBundle`
[INFO] [stdout]    |
[INFO] [stdout] help: consider importing this struct
[INFO] [stdout]    |
[INFO] [stdout] 2  + use bevy::prelude::TextBundle;
[INFO] [stdout]    |
[INFO] [stdout] 
[INFO] [stdout] error[E0433]: failed to resolve: use of undeclared type `TextStyle`
[INFO] [stdout]   --> src/lib.rs:62:9
[INFO] [stdout]    |
[INFO] [stdout] 12 |         TextStyle::default(),
[INFO] [stdout]    |         ^^^^^^^^^ use of undeclared type `TextStyle`
[INFO] [stdout]    |
[INFO] [stdout] help: consider importing this struct
[INFO] [stdout]    |
[INFO] [stdout] 2  + use bevy::prelude::TextStyle;
[INFO] [stdout]    |
[INFO] [stdout] 
[INFO] [stdout] error: aborting due to 6 previous errors
[INFO] [stdout] 
[INFO] [stdout] Some errors have detailed explanations: E0422, E0425, E0433.
[INFO] [stdout] For more information about an error, try `rustc --explain E0422`.
[INFO] [stdout] Couldn't compile the test.
[INFO] [stdout] ---- src/lib.rs - (line 7) stdout ----
[INFO] [stdout] error: cannot find derive macro `States` in this scope
[INFO] [stdout]  --> src/lib.rs:8:54
[INFO] [stdout]   |
[INFO] [stdout] 2 | #[derive(Clone, Debug, Default, Eq, PartialEq, Hash, States)]
[INFO] [stdout]   |                                                      ^^^^^^
[INFO] [stdout]   |
[INFO] [stdout] help: consider importing this derive macro
[INFO] [stdout]   |
[INFO] [stdout] 2 + use bevy::prelude::States;
[INFO] [stdout]   |
[INFO] [stdout] 
[INFO] [stdout] error[E0433]: failed to resolve: use of undeclared type `App`
[INFO] [stdout]  --> src/lib.rs:15:5
[INFO] [stdout]   |
[INFO] [stdout] 9 |     App::new()
[INFO] [stdout]   |     ^^^ use of undeclared type `App`
[INFO] [stdout]   |
[INFO] [stdout] help: consider importing this struct
[INFO] [stdout]   |
[INFO] [stdout] 2 + use bevy::prelude::App;
[INFO] [stdout]   |
[INFO] [stdout] 
[INFO] [stdout] error[E0425]: cannot find value `DefaultPlugins` in this scope
[INFO] [stdout]   --> src/lib.rs:16:22
[INFO] [stdout]    |
[INFO] [stdout] 10 |         .add_plugins(DefaultPlugins)
[INFO] [stdout]    |                      ^^^^^^^^^^^^^^ not found in this scope
[INFO] [stdout]    |
[INFO] [stdout] help: consider importing this unit struct
[INFO] [stdout]    |
[INFO] [stdout] 2  + use bevy::DefaultPlugins;
[INFO] [stdout]    |
[INFO] [stdout] 
[INFO] [stdout] error[E0433]: failed to resolve: use of undeclared type `TextEditPlugin`
[INFO] [stdout]   --> src/lib.rs:18:22
[INFO] [stdout]    |
[INFO] [stdout] 12 |         .add_plugins(TextEditPlugin::new(vec![GameState::Menu]))
[INFO] [stdout]    |                      ^^^^^^^^^^^^^^ use of undeclared type `TextEditPlugin`
[INFO] [stdout]    |
[INFO] [stdout] help: consider importing this struct
[INFO] [stdout]    |
[INFO] [stdout] 2  + use bevy_text_edit::TextEditPlugin;
[INFO] [stdout]    |
[INFO] [stdout] 
[INFO] [stdout] error: aborting due to 4 previous errors
[INFO] [stdout] 
[INFO] [stdout] Some errors have detailed explanations: E0425, E0433.
[INFO] [stdout] For more information about an error, try `rustc --explain E0425`.
[INFO] [stdout] Couldn't compile the test.
[INFO] [stdout] 
[INFO] [stdout] failures:
[INFO] [stdout]     src/lib.rs - (line 24)
[INFO] [stdout]     src/lib.rs - (line 37)
[INFO] [stdout]     src/lib.rs - (line 52)
[INFO] [stdout]     src/lib.rs - (line 7)
[INFO] [stdout]     src/lib.rs - TextEditable (line 166)
[INFO] [stdout] 
[INFO] [stdout] test result: FAILED. 0 passed; 5 failed; 0 ignored; 0 measured; 0 filtered out; finished in 0.38s
[INFO] [stdout] 
[INFO] [stderr] error: doctest failed, to rerun pass `--doc`
[INFO] running `Command { std: "docker" "inspect" "19c2d06ed316f71a2e4584d8c69386df73c2a07a8eafceb80c6a8a174da9ae3b", kill_on_drop: false }`
[INFO] running `Command { std: "docker" "rm" "-f" "19c2d06ed316f71a2e4584d8c69386df73c2a07a8eafceb80c6a8a174da9ae3b", kill_on_drop: false }`
[INFO] [stdout] 19c2d06ed316f71a2e4584d8c69386df73c2a07a8eafceb80c6a8a174da9ae3b
