[INFO] fetching crate bevy_mod_scripting_lua_derive 0.6.0...
[INFO] testing bevy_mod_scripting_lua_derive-0.6.0 against nightly-2024-10-28 for randomize-layout
[INFO] extracting crate bevy_mod_scripting_lua_derive 0.6.0 into /workspace/builds/worker-5-tc1/source
[INFO] validating manifest of crates.io crate bevy_mod_scripting_lua_derive 0.6.0 on toolchain nightly-2024-10-28
[INFO] running `Command { std: CARGO_HOME="/workspace/cargo-home" RUSTUP_HOME="/workspace/rustup-home" "/workspace/cargo-home/bin/cargo" "+nightly-2024-10-28" "metadata" "--manifest-path" "Cargo.toml" "--no-deps", kill_on_drop: false }`
[INFO] started tweaking crates.io crate bevy_mod_scripting_lua_derive 0.6.0
[INFO] finished tweaking crates.io crate bevy_mod_scripting_lua_derive 0.6.0
[INFO] tweaked toml for crates.io crate bevy_mod_scripting_lua_derive 0.6.0 written to /workspace/builds/worker-5-tc1/source/Cargo.toml
[INFO] running `Command { std: CARGO_HOME="/workspace/cargo-home" RUSTUP_HOME="/workspace/rustup-home" "/workspace/cargo-home/bin/cargo" "+nightly-2024-10-28" "generate-lockfile" "--manifest-path" "Cargo.toml", kill_on_drop: false }`
[INFO] [stderr]     Updating crates.io index
[INFO] [stderr]      Locking 358 packages to latest compatible versions
[INFO] [stderr]       Adding bevy v0.13.1 (available: v0.13.2)
[INFO] [stderr]       Adding block-sys v0.1.0-beta.1 (available: v0.1.0-beta.2)
[INFO] [stderr]       Adding block2 v0.2.0-alpha.6 (available: v0.2.0)
[INFO] [stderr]       Adding convert_case v0.5.0 (available: v0.6.0)
[INFO] [stderr]       Adding indexmap v1.9.3 (available: v2.6.0)
[INFO] [stderr]       Adding objc-sys v0.2.0-beta.2 (available: v0.2.0-beta.3)
[INFO] [stderr]       Adding objc2 v0.3.0-beta.3.patch-leaks.3 (available: v0.3.0-beta.5)
[INFO] [stderr]       Adding objc2-encode v2.0.0-pre.2 (available: v2.0.0)
[INFO] [stderr]       Adding rustdoc-types v0.11.0 (available: v0.32.2)
[INFO] [stderr]       Adding strum v0.24.1 (available: v0.26.3)
[INFO] running `Command { std: CARGO_HOME="/workspace/cargo-home" RUSTUP_HOME="/workspace/rustup-home" "/workspace/cargo-home/bin/cargo" "+nightly-2024-10-28" "fetch" "--manifest-path" "Cargo.toml", kill_on_drop: false }`
[INFO] [stderr]  Downloading crates ...
[INFO] [stderr]   Downloaded trybuild v1.0.101
[INFO] [stderr]   Downloaded bevy_internal v0.13.2
[INFO] [stderr]   Downloaded convert_case v0.5.0
[INFO] [stderr]   Downloaded bevy_encase_derive v0.13.2
[INFO] [stderr]   Downloaded bevy_gizmos_macros v0.13.2
[INFO] [stderr]   Downloaded bevy_macro_utils v0.13.2
[INFO] [stderr]   Downloaded bevy_transform v0.13.2
[INFO] [stderr]   Downloaded encase_derive_impl v0.7.0
[INFO] [stderr]   Downloaded bevy_utils v0.13.2
[INFO] [stderr]   Downloaded bevy_asset_macros v0.13.2
[INFO] [stderr]   Downloaded bevy_animation v0.13.2
[INFO] [stderr]   Downloaded bevy_gizmos v0.13.2
[INFO] [stderr]   Downloaded bevy_scene v0.13.2
[INFO] [stderr]   Downloaded wgpu-types v0.19.2
[INFO] [stderr]   Downloaded naga_oil v0.13.0
[INFO] [stderr]   Downloaded bevy_asset v0.13.2
[INFO] [stderr]   Downloaded wgpu v0.19.4
[INFO] [stderr]   Downloaded bevy_pbr v0.13.2
[INFO] [stderr]   Downloaded objc2 v0.4.1
[INFO] [stderr]   Downloaded wgpu-core v0.19.4
[INFO] [stderr]   Downloaded android-activity v0.5.2
[INFO] [stderr]   Downloaded bevy_render v0.13.2
[INFO] [stderr]   Downloaded wgpu-hal v0.19.5
[INFO] [stderr]   Downloaded bevy_ecs v0.13.2
[INFO] [stderr]   Downloaded bevy v0.13.1
[INFO] [stderr]   Downloaded glam v0.25.0
[INFO] [stderr]   Downloaded taffy v0.3.19
[INFO] [stderr]   Downloaded bevy_reflect v0.13.2
[INFO] [stderr]   Downloaded winit v0.29.15
[INFO] [stderr]   Downloaded naga v0.19.2
[INFO] [stderr]   Downloaded bevy_core_pipeline v0.13.2
[INFO] [stderr]   Downloaded bevy_winit v0.13.2
[INFO] [stderr]   Downloaded bevy_mikktspace v0.13.2
[INFO] [stderr]   Downloaded bevy_math v0.13.2
[INFO] [stderr]   Downloaded accesskit_windows v0.15.1
[INFO] [stderr]   Downloaded bevy_mod_scripting_common v0.6.0
[INFO] [stderr]   Downloaded rustdoc-types v0.11.0
[INFO] [stderr]   Downloaded icrate v0.0.4
[INFO] [stderr]   Downloaded bevy_event_priority v0.6.0
[INFO] [stderr]   Downloaded bevy_mod_scripting_core v0.6.0
[INFO] [stderr]   Downloaded accesskit_winit v0.17.0
[INFO] [stderr]   Downloaded block-sys v0.2.1
[INFO] [stderr]   Downloaded bevy_sprite v0.13.2
[INFO] [stderr]   Downloaded bevy_core v0.13.2
[INFO] [stderr]   Downloaded bevy_ui v0.13.2
[INFO] [stderr]   Downloaded accesskit v0.12.3
[INFO] [stderr]   Downloaded bevy_app v0.13.2
[INFO] [stderr]   Downloaded bevy_tasks v0.13.2
[INFO] [stderr]   Downloaded bevy_reflect_derive v0.13.2
[INFO] [stderr]   Downloaded bevy_diagnostic v0.13.2
[INFO] [stderr]   Downloaded bevy_gltf v0.13.2
[INFO] [stderr]   Downloaded accesskit_macos v0.10.1
[INFO] [stderr]   Downloaded windows-implement v0.48.0
[INFO] [stderr]   Downloaded windows-interface v0.48.0
[INFO] [stderr]   Downloaded block2 v0.3.0
[INFO] [stderr]   Downloaded objc2-encode v3.0.0
[INFO] [stderr]   Downloaded encase v0.7.0
[INFO] [stderr]   Downloaded hexasphere v10.0.0
[INFO] [stderr]   Downloaded tracing-log v0.1.4
[INFO] [stderr]   Downloaded bevy_log v0.13.2
[INFO] [stderr]   Downloaded grid v0.10.0
[INFO] [stderr]   Downloaded bevy_ptr v0.13.2
[INFO] [stderr]   Downloaded web-time v0.2.4
[INFO] [stderr]   Downloaded bevy_window v0.13.2
[INFO] [stderr]   Downloaded accesskit_consumer v0.16.1
[INFO] [stderr]   Downloaded bevy_render_macros v0.13.2
[INFO] [stderr]   Downloaded d3d12 v0.19.0
[INFO] [stderr]   Downloaded bevy_text v0.13.2
[INFO] [stderr]   Downloaded bevy_hierarchy v0.13.2
[INFO] [stderr]   Downloaded bevy_input v0.13.2
[INFO] [stderr]   Downloaded encase_derive v0.7.0
[INFO] [stderr]   Downloaded bevy_a11y v0.13.2
[INFO] [stderr]   Downloaded bevy_utils_proc_macros v0.13.2
[INFO] [stderr]   Downloaded bevy_time v0.13.2
[INFO] [stderr]   Downloaded bevy_derive v0.13.2
[INFO] [stderr]   Downloaded bevy_ecs_macros v0.13.2
[INFO] [stderr]   Downloaded target-triple v0.1.3
[INFO] running `Command { std: "docker" "create" "-v" "/var/lib/crater-agent-workspace/builds/worker-5-tc1/target:/opt/rustwide/target:rw,Z" "-v" "/var/lib/crater-agent-workspace/builds/worker-5-tc1/source:/opt/rustwide/workdir:ro,Z" "-v" "/var/lib/crater-agent-workspace/cargo-home:/opt/rustwide/cargo-home:ro,Z" "-v" "/var/lib/crater-agent-workspace/rustup-home:/opt/rustwide/rustup-home:ro,Z" "-e" "SOURCE_DIR=/opt/rustwide/workdir" "-e" "CARGO_TARGET_DIR=/opt/rustwide/target" "-e" "CARGO_HOME=/opt/rustwide/cargo-home" "-e" "RUSTUP_HOME=/opt/rustwide/rustup-home" "-w" "/opt/rustwide/workdir" "-m" "1610612736" "--user" "0:0" "--network" "none" "ghcr.io/rust-lang/crates-build-env/linux@sha256:4a844ea9eb2546a2d2c7022eacef16ef2e8229c7fbb2c7d4d55a9ceca922f72d" "/opt/rustwide/cargo-home/bin/cargo" "+nightly-2024-10-28" "metadata" "--no-deps" "--format-version=1", kill_on_drop: false }`
[INFO] [stdout] a44df8ade363a55af97ee18751aa251a5e9907b4e7a59b315bc9bc2e20c698f9
[INFO] running `Command { std: "docker" "start" "-a" "a44df8ade363a55af97ee18751aa251a5e9907b4e7a59b315bc9bc2e20c698f9", kill_on_drop: false }`
[INFO] running `Command { std: "docker" "inspect" "a44df8ade363a55af97ee18751aa251a5e9907b4e7a59b315bc9bc2e20c698f9", kill_on_drop: false }`
[INFO] running `Command { std: "docker" "rm" "-f" "a44df8ade363a55af97ee18751aa251a5e9907b4e7a59b315bc9bc2e20c698f9", kill_on_drop: false }`
[INFO] [stdout] a44df8ade363a55af97ee18751aa251a5e9907b4e7a59b315bc9bc2e20c698f9
[INFO] running `Command { std: "docker" "create" "-v" "/var/lib/crater-agent-workspace/builds/worker-5-tc1/target:/opt/rustwide/target:rw,Z" "-v" "/var/lib/crater-agent-workspace/builds/worker-5-tc1/source:/opt/rustwide/workdir:ro,Z" "-v" "/var/lib/crater-agent-workspace/cargo-home:/opt/rustwide/cargo-home:ro,Z" "-v" "/var/lib/crater-agent-workspace/rustup-home:/opt/rustwide/rustup-home:ro,Z" "-e" "SOURCE_DIR=/opt/rustwide/workdir" "-e" "CARGO_TARGET_DIR=/opt/rustwide/target" "-e" "CARGO_INCREMENTAL=0" "-e" "RUST_BACKTRACE=full" "-e" "RUSTFLAGS=--cap-lints=forbid" "-e" "RUSTDOCFLAGS=--cap-lints=forbid" "-e" "CARGO_HOME=/opt/rustwide/cargo-home" "-e" "RUSTUP_HOME=/opt/rustwide/rustup-home" "-w" "/opt/rustwide/workdir" "-m" "1610612736" "--user" "0:0" "--network" "none" "ghcr.io/rust-lang/crates-build-env/linux@sha256:4a844ea9eb2546a2d2c7022eacef16ef2e8229c7fbb2c7d4d55a9ceca922f72d" "/opt/rustwide/cargo-home/bin/cargo" "+nightly-2024-10-28" "build" "--frozen" "--message-format=json", kill_on_drop: false }`
[INFO] [stdout] 8be56de0fbe017583bd2fbdd8ca608cd811dbdf0154cbc03c6a9bf94d464ab34
[INFO] running `Command { std: "docker" "start" "-a" "8be56de0fbe017583bd2fbdd8ca608cd811dbdf0154cbc03c6a9bf94d464ab34", kill_on_drop: false }`
[INFO] [stderr]    Compiling syn v1.0.109
[INFO] [stderr]    Compiling strsim v0.11.1
[INFO] [stderr]    Compiling fnv v1.0.7
[INFO] [stderr]    Compiling ident_case v1.0.1
[INFO] [stderr]    Compiling hashbrown v0.12.3
[INFO] [stderr]    Compiling convert_case v0.5.0
[INFO] [stderr]    Compiling vec1 v1.12.1
[INFO] [stderr]    Compiling serde v1.0.214
[INFO] [stderr]    Compiling indexmap v1.9.3
[INFO] [stderr]    Compiling syn v2.0.86
[INFO] [stderr]    Compiling strum_macros v0.24.3
[INFO] [stderr]    Compiling darling_core v0.20.10
[INFO] [stderr]    Compiling strum v0.24.1
[INFO] [stderr]    Compiling serde_derive v1.0.214
[INFO] [stderr]    Compiling darling_macro v0.20.10
[INFO] [stderr]    Compiling darling v0.20.10
[INFO] [stderr]    Compiling rustdoc-types v0.11.0
[INFO] [stderr]    Compiling bevy_mod_scripting_common v0.6.0
[INFO] [stderr]    Compiling bevy_mod_scripting_lua_derive v0.6.0 (/opt/rustwide/workdir)
[INFO] [stdout] warning: field `attrs` is never read
[INFO] [stdout]   --> src/arg.rs:21:9
[INFO] [stdout]    |
[INFO] [stdout] 20 | pub struct Arg {
[INFO] [stdout]    |            --- field in this struct
[INFO] [stdout] 21 |     pub attrs: ArgAttributes,
[INFO] [stdout]    |         ^^^^^
[INFO] [stdout]    |
[INFO] [stdout]    = note: `Arg` has a derived impl for the trait `Debug`, but this is intentionally ignored during dead code analysis
[INFO] [stdout]    = note: `#[warn(dead_code)]` on by default
[INFO] [stdout] 
[INFO] [stdout] 
[INFO] [stdout] warning: field `id` is never read
[INFO] [stdout]    --> src/function.rs:128:9
[INFO] [stdout]     |
[INFO] [stdout] 127 | pub struct CompositeFunction {
[INFO] [stdout]     |            ----------------- field in this struct
[INFO] [stdout] 128 |     pub id: String,
[INFO] [stdout]     |         ^^
[INFO] [stdout]     |
[INFO] [stdout]     = note: `CompositeFunction` has a derived impl for the trait `Debug`, but this is intentionally ignored during dead code analysis
[INFO] [stdout] 
[INFO] [stdout] 
[INFO] [stderr]     Finished `dev` profile [unoptimized + debuginfo] target(s) in 19.09s
[INFO] running `Command { std: "docker" "inspect" "8be56de0fbe017583bd2fbdd8ca608cd811dbdf0154cbc03c6a9bf94d464ab34", kill_on_drop: false }`
[INFO] running `Command { std: "docker" "rm" "-f" "8be56de0fbe017583bd2fbdd8ca608cd811dbdf0154cbc03c6a9bf94d464ab34", kill_on_drop: false }`
[INFO] [stdout] 8be56de0fbe017583bd2fbdd8ca608cd811dbdf0154cbc03c6a9bf94d464ab34
[INFO] running `Command { std: "docker" "create" "-v" "/var/lib/crater-agent-workspace/builds/worker-5-tc1/target:/opt/rustwide/target:rw,Z" "-v" "/var/lib/crater-agent-workspace/builds/worker-5-tc1/source:/opt/rustwide/workdir:ro,Z" "-v" "/var/lib/crater-agent-workspace/cargo-home:/opt/rustwide/cargo-home:ro,Z" "-v" "/var/lib/crater-agent-workspace/rustup-home:/opt/rustwide/rustup-home:ro,Z" "-e" "SOURCE_DIR=/opt/rustwide/workdir" "-e" "CARGO_TARGET_DIR=/opt/rustwide/target" "-e" "CARGO_INCREMENTAL=0" "-e" "RUST_BACKTRACE=full" "-e" "RUSTFLAGS=--cap-lints=forbid" "-e" "RUSTDOCFLAGS=--cap-lints=forbid" "-e" "CARGO_HOME=/opt/rustwide/cargo-home" "-e" "RUSTUP_HOME=/opt/rustwide/rustup-home" "-w" "/opt/rustwide/workdir" "-m" "1610612736" "--user" "0:0" "--network" "none" "ghcr.io/rust-lang/crates-build-env/linux@sha256:4a844ea9eb2546a2d2c7022eacef16ef2e8229c7fbb2c7d4d55a9ceca922f72d" "/opt/rustwide/cargo-home/bin/cargo" "+nightly-2024-10-28" "test" "--frozen" "--no-run" "--message-format=json", kill_on_drop: false }`
[INFO] [stdout] 90f144d304c9c607c74120a4f0fbf9f21d608864f86ced903f8836c6d8ce51de
[INFO] running `Command { std: "docker" "start" "-a" "90f144d304c9c607c74120a4f0fbf9f21d608864f86ced903f8836c6d8ce51de", kill_on_drop: false }`
[INFO] [stderr]    Compiling crossbeam-utils v0.8.20
[INFO] [stderr]    Compiling ahash v0.8.11
[INFO] [stderr]    Compiling zerocopy v0.7.35
[INFO] [stderr]    Compiling tracing-core v0.1.32
[INFO] [stderr]    Compiling allocator-api2 v0.2.18
[INFO] [stderr]    Compiling fastrand v2.1.1
[INFO] [stderr]    Compiling async-task v4.7.1
[INFO] [stderr]    Compiling typeid v1.0.2
[INFO] [stderr]    Compiling fixedbitset v0.4.2
[INFO] [stderr]    Compiling memchr v2.7.4
[INFO] [stderr]    Compiling nonmax v0.5.5
[INFO] [stderr]    Compiling web-time v0.2.4
[INFO] [stderr]    Compiling num-traits v0.2.19
[INFO] [stderr]    Compiling syn v2.0.86
[INFO] [stderr]    Compiling getrandom v0.2.15
[INFO] [stderr]    Compiling thread_local v1.1.8
[INFO] [stderr]    Compiling downcast-rs v1.2.1
[INFO] [stderr]    Compiling petgraph v0.6.5
[INFO] [stderr]    Compiling bevy_ptr v0.13.2
[INFO] [stderr]    Compiling futures-lite v2.4.0
[INFO] [stderr]    Compiling smol_str v0.2.2
[INFO] [stderr]    Compiling regex-syntax v0.8.5
[INFO] [stderr]    Compiling cfg_aliases v0.1.1
[INFO] [stderr]    Compiling lazy_static v1.5.0
[INFO] [stderr]    Compiling regex-syntax v0.6.29
[INFO] [stderr]    Compiling lock_api v0.4.12
[INFO] [stderr]    Compiling overload v0.1.1
[INFO] [stderr]    Compiling sharded-slab v0.1.7
[INFO] [stderr]    Compiling nu-ansi-term v0.46.0
[INFO] [stderr]    Compiling aho-corasick v1.1.3
[INFO] [stderr]    Compiling tracing-log v0.2.0
[INFO] [stderr]    Compiling arrayvec v0.7.6
[INFO] [stderr]    Compiling unicode-width v0.1.14
[INFO] [stderr]    Compiling bit-vec v0.6.3
[INFO] [stderr]    Compiling concurrent-queue v2.5.0
[INFO] [stderr]    Compiling codespan-reporting v0.11.1
[INFO] [stderr]    Compiling bit-set v0.5.3
[INFO] [stderr]    Compiling tracing-log v0.1.4
[INFO] [stderr]    Compiling ash v0.37.3+1.3.251
[INFO] [stderr]    Compiling unicode-xid v0.2.6
[INFO] [stderr]    Compiling event-listener v5.3.1
[INFO] [stderr]    Compiling async-executor v1.13.1
[INFO] [stderr]    Compiling khronos-egl v6.0.0
[INFO] [stderr]    Compiling hexf-parse v0.2.1
[INFO] [stderr]    Compiling wgpu-hal v0.19.5
[INFO] [stderr]    Compiling libloading v0.8.5
[INFO] [stderr]    Compiling event-listener-strategy v0.5.2
[INFO] [stderr]    Compiling libloading v0.7.4
[INFO] [stderr]    Compiling atomic-waker v1.1.2
[INFO] [stderr]    Compiling raw-window-handle v0.6.2
[INFO] [stderr]    Compiling blake3 v1.5.4
[INFO] [stderr]    Compiling async-channel v2.3.1
[INFO] [stderr]    Compiling piper v0.2.4
[INFO] [stderr]    Compiling bevy_tasks v0.13.2
[INFO] [stderr]    Compiling crossbeam-channel v0.5.13
[INFO] [stderr]    Compiling wgpu-core v0.19.4
[INFO] [stderr]    Compiling glow v0.13.1
[INFO] [stderr]    Compiling profiling v1.0.16
[INFO] [stderr]    Compiling renderdoc-sys v1.1.0
[INFO] [stderr]    Compiling blocking v1.6.1
[INFO] [stderr]    Compiling async-lock v3.4.0
[INFO] [stderr]    Compiling wgpu v0.19.4
[INFO] [stderr]    Compiling accesskit v0.12.3
[INFO] [stderr]    Compiling constant_time_eq v0.3.1
[INFO] [stderr]    Compiling arrayref v0.3.9
[INFO] [stderr]    Compiling byteorder v1.5.0
[INFO] [stderr]    Compiling const_soft_float v0.1.4
[INFO] [stderr]    Compiling async-broadcast v0.5.1
[INFO] [stderr]    Compiling data-encoding v2.6.0
[INFO] [stderr]    Compiling color_quant v1.1.0
[INFO] [stderr]    Compiling const_panic v0.2.10
[INFO] [stderr]    Compiling regex-automata v0.1.10
[INFO] [stderr]    Compiling constgebra v0.1.4
[INFO] [stderr]    Compiling radsort v0.1.1
[INFO] [stderr]    Compiling ttf-parser v0.25.0
[INFO] [stderr]    Compiling euclid v0.22.11
[INFO] [stderr]    Compiling async-fs v2.1.2
[INFO] [stderr]    Compiling slotmap v1.0.7
[INFO] [stderr]    Compiling inflections v1.1.1
[INFO] [stderr]    Compiling svg_fmt v0.4.3
[INFO] [stderr]    Compiling ab_glyph_rasterizer v0.1.8
[INFO] [stderr]    Compiling approx v0.5.1
[INFO] [stderr]    Compiling xi-unicode v0.3.0
[INFO] [stderr]    Compiling rectangle-pack v0.4.2
[INFO] [stderr]    Compiling grid v0.10.0
[INFO] [stderr]    Compiling regex-automata v0.4.8
[INFO] [stderr]    Compiling sysinfo v0.30.13
[INFO] [stderr]    Compiling strsim v0.11.1
[INFO] [stderr]    Compiling ident_case v1.0.1
[INFO] [stderr]    Compiling const-fnv1a-hash v1.1.0
[INFO] [stderr]    Compiling syn v1.0.109
[INFO] [stderr]    Compiling indexmap v1.9.3
[INFO] [stderr]    Compiling matchers v0.1.0
[INFO] [stderr]    Compiling guillotiere v0.6.2
[INFO] [stderr]    Compiling winnow v0.6.20
[INFO] [stderr]    Compiling target-triple v0.1.3
[INFO] [stderr]    Compiling taffy v0.3.19
[INFO] [stderr]    Compiling convert_case v0.5.0
[INFO] [stderr]    Compiling glob v0.3.1
[INFO] [stderr]    Compiling vec1 v1.12.1
[INFO] [stderr]    Compiling encase_derive_impl v0.7.0
[INFO] [stderr]    Compiling darling_core v0.20.10
[INFO] [stderr]    Compiling owned_ttf_parser v0.25.0
[INFO] [stderr]    Compiling ab_glyph v0.2.29
[INFO] [stderr]    Compiling glyph_brush_layout v0.2.4
[INFO] [stderr]    Compiling regex v1.11.1
[INFO] [stderr]    Compiling strum_macros v0.24.3
[INFO] [stderr]    Compiling serde_derive v1.0.214
[INFO] [stderr]    Compiling thiserror-impl v1.0.66
[INFO] [stderr]    Compiling bytemuck_derive v1.8.0
[INFO] [stderr]    Compiling tracing-attributes v0.1.27
[INFO] [stderr]    Compiling bevy_utils_proc_macros v0.13.2
[INFO] [stderr]    Compiling encase_derive v0.7.0
[INFO] [stderr]    Compiling gltf-derive v1.4.1
[INFO] [stderr]    Compiling strum v0.24.1
[INFO] [stderr]    Compiling thiserror v1.0.66
[INFO] [stderr]    Compiling bytemuck v1.19.0
[INFO] [stderr]    Compiling darling_macro v0.20.10
[INFO] [stderr]    Compiling tracing v0.1.40
[INFO] [stderr]    Compiling image v0.24.9
[INFO] [stderr]    Compiling darling v0.20.10
[INFO] [stderr]    Compiling serde v1.0.214
[INFO] [stderr]    Compiling toml_datetime v0.6.8
[INFO] [stderr]    Compiling smallvec v1.13.2
[INFO] [stderr]    Compiling hashbrown v0.14.5
[INFO] [stderr]    Compiling glam v0.25.0
[INFO] [stderr]    Compiling uuid v1.11.0
[INFO] [stderr]    Compiling bitflags v2.6.0
[INFO] [stderr]    Compiling erased-serde v0.4.5
[INFO] [stderr]    Compiling serde_json v1.0.132
[INFO] [stderr]    Compiling serde_spanned v0.6.8
[INFO] [stderr]    Compiling rustdoc-types v0.11.0
[INFO] [stderr]    Compiling toml_edit v0.21.1
[INFO] [stderr]    Compiling spirv v0.3.0+sdk-1.3.268.0
[INFO] [stderr]    Compiling gpu-alloc-types v0.3.0
[INFO] [stderr]    Compiling parking_lot_core v0.9.10
[INFO] [stderr]    Compiling tracing-subscriber v0.3.18
[INFO] [stderr]    Compiling gpu-descriptor-types v0.1.2
[INFO] [stderr]    Compiling wgpu-types v0.19.2
[INFO] [stderr]    Compiling ron v0.8.1
[INFO] [stderr]    Compiling parking_lot v0.12.3
[INFO] [stderr]    Compiling gpu-alloc v0.6.0
[INFO] [stderr]    Compiling toml_edit v0.22.22
[INFO] [stderr]    Compiling bevy_mod_scripting_common v0.6.0
[INFO] [stderr]    Compiling bevy_utils v0.13.2
[INFO] [stderr]    Compiling gpu-descriptor v0.2.4
[INFO] [stderr]    Compiling gltf-json v1.4.1
[INFO] [stderr]    Compiling naga v0.19.2
[INFO] [stderr]    Compiling bevy_mod_scripting_lua_derive v0.6.0 (/opt/rustwide/workdir)
[INFO] [stderr]    Compiling bevy_macro_utils v0.13.2
[INFO] [stderr]    Compiling toml v0.8.19
[INFO] [stdout] warning: field `attrs` is never read
[INFO] [stdout]   --> src/arg.rs:21:9
[INFO] [stdout]    |
[INFO] [stdout] 20 | pub struct Arg {
[INFO] [stdout]    |            --- field in this struct
[INFO] [stdout] 21 |     pub attrs: ArgAttributes,
[INFO] [stdout]    |         ^^^^^
[INFO] [stdout]    |
[INFO] [stdout]    = note: `Arg` has a derived impl for the trait `Debug`, but this is intentionally ignored during dead code analysis
[INFO] [stdout]    = note: `#[warn(dead_code)]` on by default
[INFO] [stdout] 
[INFO] [stdout] 
[INFO] [stdout] warning: field `id` is never read
[INFO] [stdout]    --> src/function.rs:128:9
[INFO] [stdout]     |
[INFO] [stdout] 127 | pub struct CompositeFunction {
[INFO] [stdout]     |            ----------------- field in this struct
[INFO] [stdout] 128 |     pub id: String,
[INFO] [stdout]     |         ^^
[INFO] [stdout]     |
[INFO] [stdout]     = note: `CompositeFunction` has a derived impl for the trait `Debug`, but this is intentionally ignored during dead code analysis
[INFO] [stdout] 
[INFO] [stdout] 
[INFO] [stderr]    Compiling bevy_reflect_derive v0.13.2
[INFO] [stderr]    Compiling bevy_ecs_macros v0.13.2
[INFO] [stderr]    Compiling bevy_derive v0.13.2
[INFO] [stderr]    Compiling bevy_asset_macros v0.13.2
[INFO] [stderr]    Compiling bevy_render_macros v0.13.2
[INFO] [stderr]    Compiling bevy_encase_derive v0.13.2
[INFO] [stderr]    Compiling trybuild v1.0.101
[INFO] [stderr]    Compiling gltf v1.4.1
[INFO] [stderr]    Compiling bevy_math v0.13.2
[INFO] [stderr]    Compiling hexasphere v10.0.0
[INFO] [stderr]    Compiling bevy_mikktspace v0.13.2
[INFO] [stderr]    Compiling encase v0.7.0
[INFO] [stderr]    Compiling bevy_reflect v0.13.2
[INFO] [stderr]    Compiling naga_oil v0.13.0
[INFO] [stderr]    Compiling bevy_ecs v0.13.2
[INFO] [stderr]    Compiling bevy_app v0.13.2
[INFO] [stderr]    Compiling bevy_log v0.13.2
[INFO] [stderr]    Compiling bevy_core v0.13.2
[INFO] [stderr]    Compiling bevy_a11y v0.13.2
[INFO] [stderr]    Compiling bevy_input v0.13.2
[INFO] [stderr]    Compiling bevy_time v0.13.2
[INFO] [stderr]    Compiling bevy_asset v0.13.2
[INFO] [stderr]    Compiling bevy_hierarchy v0.13.2
[INFO] [stderr]    Compiling bevy_diagnostic v0.13.2
[INFO] [stderr]    Compiling bevy_transform v0.13.2
[INFO] [stderr]    Compiling bevy_window v0.13.2
[INFO] [stderr]    Compiling bevy_render v0.13.2
[INFO] [stderr]    Compiling bevy_core_pipeline v0.13.2
[INFO] [stderr]    Compiling bevy_scene v0.13.2
[INFO] [stderr]    Compiling bevy_animation v0.13.2
[INFO] [stderr]    Compiling bevy_sprite v0.13.2
[INFO] [stderr]    Compiling bevy_pbr v0.13.2
[INFO] [stderr]    Compiling bevy_text v0.13.2
[INFO] [stderr]    Compiling bevy_ui v0.13.2
[INFO] [stderr]    Compiling bevy_gltf v0.13.2
[INFO] [stderr]    Compiling bevy_internal v0.13.2
[INFO] [stderr]    Compiling bevy v0.13.1
[INFO] [stderr]    Compiling bevy_event_priority v0.6.0
[INFO] [stderr]    Compiling bevy_mod_scripting_core v0.6.0
[INFO] [stdout] warning: field `attrs` is never read
[INFO] [stdout]   --> src/arg.rs:21:9
[INFO] [stdout]    |
[INFO] [stdout] 20 | pub struct Arg {
[INFO] [stdout]    |            --- field in this struct
[INFO] [stdout] 21 |     pub attrs: ArgAttributes,
[INFO] [stdout]    |         ^^^^^
[INFO] [stdout]    |
[INFO] [stdout]    = note: `Arg` has a derived impl for the trait `Debug`, but this is intentionally ignored during dead code analysis
[INFO] [stdout]    = note: `#[warn(dead_code)]` on by default
[INFO] [stdout] 
[INFO] [stdout] 
[INFO] [stdout] warning: field `id` is never read
[INFO] [stdout]    --> src/function.rs:128:9
[INFO] [stdout]     |
[INFO] [stdout] 127 | pub struct CompositeFunction {
[INFO] [stdout]     |            ----------------- field in this struct
[INFO] [stdout] 128 |     pub id: String,
[INFO] [stdout]     |         ^^
[INFO] [stdout]     |
[INFO] [stdout]     = note: `CompositeFunction` has a derived impl for the trait `Debug`, but this is intentionally ignored during dead code analysis
[INFO] [stdout] 
[INFO] [stdout] 
[INFO] [stderr]     Finished `test` profile [unoptimized + debuginfo] target(s) in 3m 29s
[INFO] running `Command { std: "docker" "inspect" "90f144d304c9c607c74120a4f0fbf9f21d608864f86ced903f8836c6d8ce51de", kill_on_drop: false }`
[INFO] running `Command { std: "docker" "rm" "-f" "90f144d304c9c607c74120a4f0fbf9f21d608864f86ced903f8836c6d8ce51de", kill_on_drop: false }`
[INFO] [stdout] 90f144d304c9c607c74120a4f0fbf9f21d608864f86ced903f8836c6d8ce51de
[INFO] running `Command { std: "docker" "create" "-v" "/var/lib/crater-agent-workspace/builds/worker-5-tc1/target:/opt/rustwide/target:rw,Z" "-v" "/var/lib/crater-agent-workspace/builds/worker-5-tc1/source:/opt/rustwide/workdir:ro,Z" "-v" "/var/lib/crater-agent-workspace/cargo-home:/opt/rustwide/cargo-home:ro,Z" "-v" "/var/lib/crater-agent-workspace/rustup-home:/opt/rustwide/rustup-home:ro,Z" "-e" "SOURCE_DIR=/opt/rustwide/workdir" "-e" "CARGO_TARGET_DIR=/opt/rustwide/target" "-e" "CARGO_INCREMENTAL=0" "-e" "RUST_BACKTRACE=full" "-e" "RUSTFLAGS=--cap-lints=forbid" "-e" "RUSTDOCFLAGS=--cap-lints=forbid" "-e" "CARGO_HOME=/opt/rustwide/cargo-home" "-e" "RUSTUP_HOME=/opt/rustwide/rustup-home" "-w" "/opt/rustwide/workdir" "-m" "1610612736" "--user" "0:0" "--network" "none" "ghcr.io/rust-lang/crates-build-env/linux@sha256:4a844ea9eb2546a2d2c7022eacef16ef2e8229c7fbb2c7d4d55a9ceca922f72d" "/opt/rustwide/cargo-home/bin/cargo" "+nightly-2024-10-28" "test" "--frozen", kill_on_drop: false }`
[INFO] [stdout] 7fb6a91a445352b8898355dffed117a42f97010201c0d3ab7822f3ac81e7d997
[INFO] running `Command { std: "docker" "start" "-a" "7fb6a91a445352b8898355dffed117a42f97010201c0d3ab7822f3ac81e7d997", kill_on_drop: false }`
[INFO] [stderr] warning: field `attrs` is never read
[INFO] [stderr]   --> src/arg.rs:21:9
[INFO] [stderr]    |
[INFO] [stderr] 20 | pub struct Arg {
[INFO] [stderr]    |            --- field in this struct
[INFO] [stderr] 21 |     pub attrs: ArgAttributes,
[INFO] [stderr]    |         ^^^^^
[INFO] [stderr]    |
[INFO] [stderr]    = note: `Arg` has a derived impl for the trait `Debug`, but this is intentionally ignored during dead code analysis
[INFO] [stderr]    = note: `#[warn(dead_code)]` on by default
[INFO] [stderr] 
[INFO] [stderr] warning: field `id` is never read
[INFO] [stderr]    --> src/function.rs:128:9
[INFO] [stderr]     |
[INFO] [stderr] 127 | pub struct CompositeFunction {
[INFO] [stderr]     |            ----------------- field in this struct
[INFO] [stderr] 128 |     pub id: String,
[INFO] [stderr]     |         ^^
[INFO] [stderr]     |
[INFO] [stderr]     = note: `CompositeFunction` has a derived impl for the trait `Debug`, but this is intentionally ignored during dead code analysis
[INFO] [stderr] 
[INFO] [stderr] warning: `bevy_mod_scripting_lua_derive` (lib) generated 2 warnings
[INFO] [stderr] warning: `bevy_mod_scripting_lua_derive` (lib test) generated 2 warnings (2 duplicates)
[INFO] [stderr]     Finished `test` profile [unoptimized + debuginfo] target(s) in 0.57s
[INFO] [stderr]      Running unittests src/lib.rs (/opt/rustwide/target/debug/deps/bevy_mod_scripting_lua_derive-e5deb23d51d0aa84)
[INFO] [stdout] 
[INFO] [stdout] running 7 tests
[INFO] [stdout] test visitor::test::test_lua_argument_wrapper_non_proxy ... ok
[INFO] [stdout] test visitor::test::test_lua_argument_wrapper_simple_proxy ... ok
[INFO] [stdout] test visitor::test::test_lua_argument_unwrapper_simple_proxy ... ok
[INFO] [stdout] test test::test_parse_function_attributes_parses ... ok
[INFO] [stderr]      Running tests/macro_tests.rs (/opt/rustwide/target/debug/deps/macro_tests-f34ba519c54b1961)
[INFO] [stdout] test visitor::test::test_lua_argument_unwrapper_vec ... ok
[INFO] [stdout] test visitor::test::test_lua_argument_wrapper_vec ... ok
[INFO] [stdout] test visitor::test::test_lua_argument_unwrapper_non_proxy ... ok
[INFO] [stdout] 
[INFO] [stdout] test result: ok. 7 passed; 0 failed; 0 ignored; 0 measured; 0 filtered out; finished in 0.01s
[INFO] [stdout] 
[INFO] [stdout] 
[INFO] [stdout] running 2 tests
[INFO] [stderr]    Compiling proc-macro2 v1.0.89
[INFO] [stderr]    Compiling unicode-ident v1.0.13
[INFO] [stderr]    Compiling serde v1.0.214
[INFO] [stderr]    Compiling autocfg v1.4.0
[INFO] [stderr]     Checking cfg-if v1.0.0
[INFO] [stderr]    Compiling libc v0.2.161
[INFO] [stderr]     Checking once_cell v1.20.2
[INFO] [stderr]     Checking pin-project-lite v0.2.15
[INFO] [stderr]    Compiling version_check v0.9.5
[INFO] [stderr]    Compiling crossbeam-utils v0.8.20
[INFO] [stderr]    Compiling hashbrown v0.15.0
[INFO] [stderr]    Compiling thiserror v1.0.66
[INFO] [stderr]    Compiling equivalent v1.0.1
[INFO] [stderr]    Compiling toml_datetime v0.6.8
[INFO] [stderr]     Checking parking v2.2.1
[INFO] [stderr]    Compiling winnow v0.5.40
[INFO] [stderr]    Compiling rustc-hash v1.1.0
[INFO] [stderr]     Checking zerocopy v0.7.35
[INFO] [stderr]     Checking allocator-api2 v0.2.18
[INFO] [stderr]     Checking futures-core v0.3.31
[INFO] [stderr]     Checking futures-io v0.3.31
[INFO] [stderr]     Checking tracing-core v0.1.32
[INFO] [stderr]     Checking fastrand v2.1.1
[INFO] [stderr]    Compiling typeid v1.0.2
[INFO] [stderr]     Checking async-task v4.7.1
[INFO] [stderr]     Checking fixedbitset v0.4.2
[INFO] [stderr]     Checking nonmax v0.5.5
[INFO] [stderr]     Checking futures-lite v2.4.0
[INFO] [stderr]    Compiling ahash v0.8.11
[INFO] [stderr]     Checking web-time v0.2.4
[INFO] [stderr]     Checking thread_local v1.1.8
[INFO] [stderr]     Checking smol_str v0.2.2
[INFO] [stderr]     Checking bevy_ptr v0.13.2
[INFO] [stderr]    Compiling indexmap v2.6.0
[INFO] [stderr]     Checking log v0.4.22
[INFO] [stderr]     Checking downcast-rs v1.2.1
[INFO] [stderr]     Checking memchr v2.7.4
[INFO] [stderr]    Compiling cfg_aliases v0.1.1
[INFO] [stderr]    Compiling slab v0.4.9
[INFO] [stderr]    Compiling num-traits v0.2.19
[INFO] [stderr]     Checking regex-syntax v0.8.5
[INFO] [stderr]     Checking lazy_static v1.5.0
[INFO] [stderr]     Checking regex-syntax v0.6.29
[INFO] [stderr]    Compiling lock_api v0.4.12
[INFO] [stderr]     Checking concurrent-queue v2.5.0
[INFO] [stderr]     Checking overload v0.1.1
[INFO] [stderr]    Compiling parking_lot_core v0.9.10
[INFO] [stderr]     Checking nu-ansi-term v0.46.0
[INFO] [stderr]     Checking tracing-log v0.2.0
[INFO] [stderr]     Checking event-listener v5.3.1
[INFO] [stderr]     Checking sharded-slab v0.1.7
[INFO] [stderr]    Compiling quote v1.0.37
[INFO] [stderr]     Checking termcolor v1.4.1
[INFO] [stderr]     Checking arrayvec v0.7.6
[INFO] [stderr]     Checking bit-vec v0.6.3
[INFO] [stderr]     Checking getrandom v0.2.15
[INFO] [stderr]     Checking aho-corasick v1.1.3
[INFO] [stderr]     Checking event-listener-strategy v0.5.2
[INFO] [stderr]    Compiling syn v2.0.86
[INFO] [stderr]     Checking async-channel v2.3.1
[INFO] [stderr]     Checking unicode-width v0.1.14
[INFO] [stderr]     Checking scopeguard v1.2.0
[INFO] [stderr]     Checking async-executor v1.13.1
[INFO] [stderr]    Compiling uuid v1.11.0
[INFO] [stderr]     Checking bit-set v0.5.3
[INFO] [stderr]     Checking tracing-log v0.1.4
[INFO] [stderr]     Checking bevy_tasks v0.13.2
[INFO] [stderr]     Checking petgraph v0.6.5
[INFO] [stderr]     Checking codespan-reporting v0.11.1
[INFO] [stderr]    Compiling ash v0.37.3+1.3.251
[INFO] [stderr]    Compiling khronos-egl v6.0.0
[INFO] [stderr]     Checking hexf-parse v0.2.1
[INFO] [stderr]    Compiling shlex v1.3.0
[INFO] [stderr]     Checking unicode-xid v0.2.6
[INFO] [stderr]    Compiling wgpu-hal v0.19.5
[INFO] [stderr]     Checking libloading v0.8.5
[INFO] [stderr]     Checking libloading v0.7.4
[INFO] [stderr]     Checking atomic-waker v1.1.2
[INFO] [stderr]     Checking raw-window-handle v0.6.2
[INFO] [stderr]     Checking piper v0.2.4
[INFO] [stderr]    Compiling cc v1.1.31
[INFO] [stderr]     Checking crossbeam-channel v0.5.13
[INFO] [stderr]    Compiling wgpu-core v0.19.4
[INFO] [stderr]     Checking renderdoc-sys v1.1.0
[INFO] [stderr]     Checking profiling v1.0.16
[INFO] [stderr]     Checking glow v0.13.1
[INFO] [stderr]     Checking blocking v1.6.1
[INFO] [stderr]     Checking async-lock v3.4.0
[INFO] [stderr]    Compiling wgpu v0.19.4
[INFO] [stderr]     Checking accesskit v0.12.3
[INFO] [stderr]     Checking base64 v0.21.7
[INFO] [stderr]     Checking arrayref v0.3.9
[INFO] [stderr]     Checking byteorder v1.5.0
[INFO] [stderr]     Checking event-listener v2.5.3
[INFO] [stderr]     Checking constant_time_eq v0.3.1
[INFO] [stderr]     Checking const_soft_float v0.1.4
[INFO] [stderr]     Checking async-broadcast v0.5.1
[INFO] [stderr]     Checking static_assertions v1.1.0
[INFO] [stderr]     Checking const_panic v0.2.10
[INFO] [stderr]     Checking color_quant v1.1.0
[INFO] [stderr]     Checking data-encoding v2.6.0
[INFO] [stderr]     Checking radsort v0.1.1
[INFO] [stderr]    Compiling toml_edit v0.21.1
[INFO] [stderr]     Checking async-fs v2.1.2
[INFO] [stderr]     Checking ttf-parser v0.25.0
[INFO] [stderr]    Compiling serde_json v1.0.132
[INFO] [stderr]     Checking euclid v0.22.11
[INFO] [stderr]    Compiling slotmap v1.0.7
[INFO] [stderr]    Compiling inflections v1.1.1
[INFO] [stderr]     Checking constgebra v0.1.4
[INFO] [stderr]     Checking ab_glyph_rasterizer v0.1.8
[INFO] [stderr]     Checking svg_fmt v0.4.3
[INFO] [stderr]     Checking itoa v1.0.11
[INFO] [stderr]    Compiling rustversion v1.0.18
[INFO] [stderr]    Compiling syn v1.0.109
[INFO] [stderr]     Checking ryu v1.0.18
[INFO] [stderr]     Checking approx v0.5.1
[INFO] [stderr]    Compiling indexmap v1.9.3
[INFO] [stderr]    Compiling strsim v0.11.1
[INFO] [stderr]    Compiling ident_case v1.0.1
[INFO] [stderr]    Compiling fnv v1.0.7
[INFO] [stderr]     Checking regex-automata v0.1.10
[INFO] [stderr]     Checking rectangle-pack v0.4.2
[INFO] [stderr]     Checking xi-unicode v0.3.0
[INFO] [stderr]     Checking regex-automata v0.4.8
[INFO] [stderr]    Compiling paste v1.0.15
[INFO] [stderr]     Checking guillotiere v0.6.2
[INFO] [stderr]    Compiling heck v0.4.1
[INFO] [stderr]     Checking grid v0.10.0
[INFO] [stderr]     Checking sysinfo v0.30.13
[INFO] [stderr]     Checking const-fnv1a-hash v1.1.0
[INFO] [stderr]     Checking percent-encoding v2.3.1
[INFO] [stderr]     Checking taffy v0.3.19
[INFO] [stderr]    Compiling hashbrown v0.12.3
[INFO] [stderr]    Compiling anyhow v1.0.92
[INFO] [stderr]     Checking matchers v0.1.0
[INFO] [stderr]    Compiling convert_case v0.5.0
[INFO] [stderr]    Compiling vec1 v1.12.1
[INFO] [stderr]    Compiling blake3 v1.5.4
[INFO] [stderr]     Checking regex v1.11.1
[INFO] [stderr]     Checking owned_ttf_parser v0.25.0
[INFO] [stderr]     Checking ab_glyph v0.2.29
[INFO] [stderr]     Checking glyph_brush_layout v0.2.4
[INFO] [stderr]    Compiling strum_macros v0.24.3
[INFO] [stderr]    Compiling bevy_macro_utils v0.13.2
[INFO] [stderr]    Compiling encase_derive_impl v0.7.0
[INFO] [stderr]    Compiling darling_core v0.20.10
[INFO] [stderr]    Compiling strum v0.24.1
[INFO] [stderr]    Compiling serde_derive v1.0.214
[INFO] [stderr]    Compiling thiserror-impl v1.0.66
[INFO] [stderr]    Compiling bytemuck_derive v1.8.0
[INFO] [stderr]    Compiling tracing-attributes v0.1.27
[INFO] [stderr]    Compiling bevy_utils_proc_macros v0.13.2
[INFO] [stderr]    Compiling bevy_reflect_derive v0.13.2
[INFO] [stderr]    Compiling bevy_ecs_macros v0.13.2
[INFO] [stderr]    Compiling bevy_derive v0.13.2
[INFO] [stderr]    Compiling bevy_asset_macros v0.13.2
[INFO] [stderr]    Compiling encase_derive v0.7.0
[INFO] [stderr]    Compiling bevy_encase_derive v0.13.2
[INFO] [stderr]    Compiling bevy_render_macros v0.13.2
[INFO] [stderr]    Compiling gltf-derive v1.4.1
[INFO] [stderr]     Checking tracing v0.1.40
[INFO] [stderr]     Checking bytemuck v1.19.0
[INFO] [stderr]    Compiling darling_macro v0.20.10
[INFO] [stderr]     Checking image v0.24.9
[INFO] [stderr]    Compiling darling v0.20.10
[INFO] [stdout] test fail has been running for over 60 seconds
[INFO] [stdout] test success has been running for over 60 seconds
[INFO] [stderr]     Checking smallvec v1.13.2
[INFO] [stderr]     Checking hashbrown v0.14.5
[INFO] [stderr]     Checking glam v0.25.0
[INFO] [stderr]     Checking bitflags v2.6.0
[INFO] [stderr]     Checking erased-serde v0.4.5
[INFO] [stderr]     Checking rustdoc-types v0.11.0
[INFO] [stderr]     Checking tracing-subscriber v0.3.18
[INFO] [stderr]     Checking spirv v0.3.0+sdk-1.3.268.0
[INFO] [stderr]     Checking gpu-descriptor-types v0.1.2
[INFO] [stderr]     Checking gpu-alloc-types v0.3.0
[INFO] [stderr]     Checking wgpu-types v0.19.2
[INFO] [stderr]     Checking ron v0.8.1
[INFO] [stderr]     Checking gpu-alloc v0.6.0
[INFO] [stderr]     Checking parking_lot v0.12.3
[INFO] [stderr]    Compiling bevy_mod_scripting_common v0.6.0
[INFO] [stderr]     Checking bevy_utils v0.13.2
[INFO] [stderr]     Checking gpu-descriptor v0.2.4
[INFO] [stderr]     Checking gltf-json v1.4.1
[INFO] [stderr]     Checking naga v0.19.2
[INFO] [stderr]    Compiling bevy_mod_scripting_lua_derive v0.6.0 (/opt/rustwide/workdir)
[INFO] [stderr] warning: field `attrs` is never read
[INFO] [stderr]   --> /opt/rustwide/workdir/src/arg.rs:21:9
[INFO] [stderr]    |
[INFO] [stderr] 20 | pub struct Arg {
[INFO] [stderr]    |            --- field in this struct
[INFO] [stderr] 21 |     pub attrs: ArgAttributes,
[INFO] [stderr]    |         ^^^^^
[INFO] [stderr]    |
[INFO] [stderr]    = note: `Arg` has a derived impl for the trait `Debug`, but this is intentionally ignored during dead code analysis
[INFO] [stderr]    = note: `#[warn(dead_code)]` on by default
[INFO] [stderr] 
[INFO] [stderr] warning: field `id` is never read
[INFO] [stderr]    --> /opt/rustwide/workdir/src/function.rs:128:9
[INFO] [stderr]     |
[INFO] [stderr] 127 | pub struct CompositeFunction {
[INFO] [stderr]     |            ----------------- field in this struct
[INFO] [stderr] 128 |     pub id: String,
[INFO] [stderr]     |         ^^
[INFO] [stderr]     |
[INFO] [stderr]     = note: `CompositeFunction` has a derived impl for the trait `Debug`, but this is intentionally ignored during dead code analysis
[INFO] [stderr] 
[INFO] [stderr] warning: `bevy_mod_scripting_lua_derive` (lib) generated 2 warnings
[INFO] [stderr]     Checking bevy_math v0.13.2
[INFO] [stderr]     Checking hexasphere v10.0.0
[INFO] [stderr]     Checking encase v0.7.0
[INFO] [stderr]     Checking bevy_mikktspace v0.13.2
[INFO] [stderr]     Checking gltf v1.4.1
[INFO] [stderr]     Checking bevy_reflect v0.13.2
[INFO] [stderr]     Checking naga_oil v0.13.0
[INFO] [stderr]     Checking bevy_ecs v0.13.2
[INFO] [stderr]     Checking bevy_app v0.13.2
[INFO] [stderr]     Checking bevy_log v0.13.2
[INFO] [stderr]     Checking bevy_core v0.13.2
[INFO] [stderr]     Checking bevy_a11y v0.13.2
[INFO] [stderr]     Checking bevy_time v0.13.2
[INFO] [stderr]     Checking bevy_input v0.13.2
[INFO] [stderr]     Checking bevy_asset v0.13.2
[INFO] [stderr]     Checking bevy_hierarchy v0.13.2
[INFO] [stderr]     Checking bevy_diagnostic v0.13.2
[INFO] [stderr]     Checking bevy_transform v0.13.2
[INFO] [stderr]     Checking bevy_window v0.13.2
[INFO] [stderr]     Checking bevy_render v0.13.2
[INFO] [stderr]     Checking bevy_core_pipeline v0.13.2
[INFO] [stderr]     Checking bevy_scene v0.13.2
[INFO] [stderr]     Checking bevy_animation v0.13.2
[INFO] [stderr]     Checking bevy_sprite v0.13.2
[INFO] [stderr]     Checking bevy_pbr v0.13.2
[INFO] [stderr]     Checking bevy_text v0.13.2
[INFO] [stderr]     Checking bevy_ui v0.13.2
[INFO] [stderr]     Checking bevy_gltf v0.13.2
[INFO] [stderr]     Checking bevy_internal v0.13.2
[INFO] [stderr]     Checking bevy v0.13.1
[INFO] [stderr]     Checking bevy_event_priority v0.6.0
[INFO] [stderr]     Checking bevy_mod_scripting_core v0.6.0
[INFO] [stderr]     Checking bevy_mod_scripting_lua_derive-tests v0.0.0 (/opt/rustwide/target/tests/trybuild/bevy_mod_scripting_lua_derive)
[INFO] [stderr]     Finished `dev` profile [unoptimized + debuginfo] target(s) in 2m 17s
[INFO] [stderr] 
[INFO] [stderr] 
[INFO] [stderr] test tests/fail/references/non-proxy-reference.rs ... mismatch
[INFO] [stderr] 
[INFO] [stderr] EXPECTED:
[INFO] [stderr] ┈┈┈┈┈┈┈┈┈┈┈┈┈┈┈┈┈┈┈┈┈┈┈┈┈┈┈┈┈┈┈┈┈┈┈┈┈┈┈┈┈┈┈┈┈┈┈┈┈┈┈┈┈┈┈┈┈┈┈┈
[INFO] [stderr] error[E0277]: the trait bound `&str: FromLua<'_>` is not satisfied
[INFO] [stderr]  --> tests/fail/references/non-proxy-reference.rs:4:10
[INFO] [stderr]   |
[INFO] [stderr] 4 | #[derive(LuaProxy, Reflect, Clone)]
[INFO] [stderr]   |          ^^^^^^^^ the trait `FromLua<'_>` is not implemented for `&str`, which is required by `&str: FromLuaMulti<'lua>`
[INFO] [stderr]   |
[INFO] [stderr]   = help: the trait `FromLua<'_>` is implemented for `std::string::String`
[INFO] [stderr]   = help: for that trait implementation, expected `std::string::String`, found `&str`
[INFO] [stderr]   = note: required for `&str` to implement `FromLuaMulti<'lua>`
[INFO] [stderr] note: required by a bound in `bevy_mod_scripting_lua::tealr::mlu::TealDataMethods::add_function`
[INFO] [stderr]  --> $CARGO/tealr-0.9.1/src/mlu/teal_data_methods.rs
[INFO] [stderr]   |
[INFO] [stderr]   |     fn add_function<S, A, R, F>(&mut self, name: &S, function: F)
[INFO] [stderr]   |        ------------ required by a bound in this associated function
[INFO] [stderr] ...
[INFO] [stderr]   |         A: FromLuaMulti<'lua> + TealMultiValue,
[INFO] [stderr]   |            ^^^^^^^^^^^^^^^^^^ required by this bound in `TealDataMethods::add_function`
[INFO] [stderr]   = note: this error originates in the derive macro `LuaProxy` (in Nightly builds, run with -Z macro-backtrace for more info)
[INFO] [stderr] ┈┈┈┈┈┈┈┈┈┈┈┈┈┈┈┈┈┈┈┈┈┈┈┈┈┈┈┈┈┈┈┈┈┈┈┈┈┈┈┈┈┈┈┈┈┈┈┈┈┈┈┈┈┈┈┈┈┈┈┈
[INFO] [stderr] 
[INFO] [stderr] ACTUAL OUTPUT:
[INFO] [stderr] ┈┈┈┈┈┈┈┈┈┈┈┈┈┈┈┈┈┈┈┈┈┈┈┈┈┈┈┈┈┈┈┈┈┈┈┈┈┈┈┈┈┈┈┈┈┈┈┈┈┈┈┈┈┈┈┈┈┈┈┈
[INFO] [stderr] error[E0433]: failed to resolve: use of undeclared crate or module `bevy_mod_scripting`
[INFO] [stderr]  --> tests/fail/references/non-proxy-reference.rs:2:5
[INFO] [stderr]   |
[INFO] [stderr] 2 | use bevy_mod_scripting::api::*;
[INFO] [stderr]   |     ^^^^^^^^^^^^^^^^^^ use of undeclared crate or module `bevy_mod_scripting`
[INFO] [stderr]   |
[INFO] [stderr] help: there is a crate or module with a similar name
[INFO] [stderr]   |
[INFO] [stderr] 2 | use bevy_mod_scripting_core::api::*;
[INFO] [stderr]   |     ~~~~~~~~~~~~~~~~~~~~~~~
[INFO] [stderr] 
[INFO] [stderr] error: cannot find derive macro `LuaProxy` in this scope
[INFO] [stderr]  --> tests/fail/references/non-proxy-reference.rs:4:10
[INFO] [stderr]   |
[INFO] [stderr] 4 | #[derive(LuaProxy, Reflect, Clone)]
[INFO] [stderr]   |          ^^^^^^^^
[INFO] [stderr]   |
[INFO] [stderr] help: consider importing this derive macro
[INFO] [stderr]   |
[INFO] [stderr] 1 + use bevy_mod_scripting_lua_derive::LuaProxy;
[INFO] [stderr]   |
[INFO] [stderr] 
[INFO] [stderr] error: cannot find attribute `proxy` in this scope
[INFO] [stderr]  --> tests/fail/references/non-proxy-reference.rs:5:3
[INFO] [stderr]   |
[INFO] [stderr] 5 | #[proxy(functions[
[INFO] [stderr]   |   ^^^^^
[INFO] [stderr] ┈┈┈┈┈┈┈┈┈┈┈┈┈┈┈┈┈┈┈┈┈┈┈┈┈┈┈┈┈┈┈┈┈┈┈┈┈┈┈┈┈┈┈┈┈┈┈┈┈┈┈┈┈┈┈┈┈┈┈┈
[INFO] [stderr] note: If the actual output is the correct output you can bless it by rerunning
[INFO] [stderr]       your test with the environment variable TRYBUILD=overwrite
[INFO] [stderr] 
[INFO] [stderr] test tests/fail/references/output-with-proxy-reference.rs ... mismatch
[INFO] [stderr] 
[INFO] [stderr] EXPECTED:
[INFO] [stderr] ┈┈┈┈┈┈┈┈┈┈┈┈┈┈┈┈┈┈┈┈┈┈┈┈┈┈┈┈┈┈┈┈┈┈┈┈┈┈┈┈┈┈┈┈┈┈┈┈┈┈┈┈┈┈┈┈┈┈┈┈
[INFO] [stderr] error[E0308]: mismatched types
[INFO] [stderr]  --> tests/fail/references/output-with-proxy-reference.rs:4:10
[INFO] [stderr]   |
[INFO] [stderr] 4 | #[derive(LuaProxy, Reflect, Clone)]
[INFO] [stderr]   |          ^^^^^^^^
[INFO] [stderr]   |          |
[INFO] [stderr]   |          expected `MyStruct`, found `&MyStruct`
[INFO] [stderr]   |          arguments to this function are incorrect
[INFO] [stderr]   |
[INFO] [stderr] note: associated function defined here
[INFO] [stderr]  --> tests/fail/references/output-with-proxy-reference.rs:5:1
[INFO] [stderr]   |
[INFO] [stderr] 5 | #[proxy(functions[
[INFO] [stderr]   | ^
[INFO] [stderr]   = note: this error originates in the derive macro `LuaProxy` which comes from the expansion of the macro `bevy_script_api::make_script_wrapper` (in Nightly builds, run with -Z macro-backtrace for more info)
[INFO] [stderr] help: consider using clone here
[INFO] [stderr]   |
[INFO] [stderr] 4 | #[derive(LuaProxy.clone(), Reflect, Clone)]
[INFO] [stderr]   |                  ++++++++
[INFO] [stderr] 
[INFO] [stderr] error[E0308]: mismatched types
[INFO] [stderr]  --> tests/fail/references/output-with-proxy-reference.rs:4:10
[INFO] [stderr]   |
[INFO] [stderr] 4 | #[derive(LuaProxy, Reflect, Clone)]
[INFO] [stderr]   |          ^^^^^^^^
[INFO] [stderr]   |          |
[INFO] [stderr]   |          expected `&LuaMyStruct`, found `LuaMyStruct`
[INFO] [stderr]   |          expected due to this
[INFO] [stderr]   |
[INFO] [stderr]   = note: this error originates in the derive macro `LuaProxy` (in Nightly builds, run with -Z macro-backtrace for more info)
[INFO] [stderr] 
[INFO] [stderr] error[E0277]: the trait bound `&LuaMyStruct: ToTypename` is not satisfied
[INFO] [stderr]  --> tests/fail/references/output-with-proxy-reference.rs:4:10
[INFO] [stderr]   |
[INFO] [stderr] 4 | #[derive(LuaProxy, Reflect, Clone)]
[INFO] [stderr]   |          ^^^^^^^^ the trait `ToTypename` is not implemented for `&LuaMyStruct`, which is required by `&LuaMyStruct: TealMultiValue`
[INFO] [stderr]   |
[INFO] [stderr]   = help: the trait `ToTypename` is implemented for `LuaMyStruct`
[INFO] [stderr]   = note: required for `&LuaMyStruct` to implement `TealMultiValue`
[INFO] [stderr] note: required by a bound in `bevy_mod_scripting_lua::tealr::mlu::TealDataMethods::add_function`
[INFO] [stderr]  --> $CARGO/tealr-0.9.1/src/mlu/teal_data_methods.rs
[INFO] [stderr]   |
[INFO] [stderr]   |     fn add_function<S, A, R, F>(&mut self, name: &S, function: F)
[INFO] [stderr]   |        ------------ required by a bound in this associated function
[INFO] [stderr] ...
[INFO] [stderr]   |         R: ToLuaMulti<'lua> + TealMultiValue,
[INFO] [stderr]   |                               ^^^^^^^^^^^^^^ required by this bound in `TealDataMethods::add_function`
[INFO] [stderr]   = note: this error originates in the derive macro `LuaProxy` (in Nightly builds, run with -Z macro-backtrace for more info)
[INFO] [stderr] 
[INFO] [stderr] error[E0277]: the trait bound `&LuaMyStruct: LuaUserData` is not satisfied
[INFO] [stderr]  --> tests/fail/references/output-with-proxy-reference.rs:4:10
[INFO] [stderr]   |
[INFO] [stderr] 4 | #[derive(LuaProxy, Reflect, Clone)]
[INFO] [stderr]   |          ^^^^^^^^ the trait `LuaUserData` is not implemented for `&LuaMyStruct`, which is required by `&LuaMyStruct: IntoLuaMulti<'lua>`
[INFO] [stderr]   |
[INFO] [stderr]   = help: the trait `LuaUserData` is implemented for `LuaMyStruct`
[INFO] [stderr]   = note: required for `&LuaMyStruct` to implement `IntoLua<'_>`
[INFO] [stderr]   = note: required for `&LuaMyStruct` to implement `IntoLuaMulti<'lua>`
[INFO] [stderr] note: required by a bound in `bevy_mod_scripting_lua::tealr::mlu::TealDataMethods::add_function`
[INFO] [stderr]  --> $CARGO/tealr-0.9.1/src/mlu/teal_data_methods.rs
[INFO] [stderr]   |
[INFO] [stderr]   |     fn add_function<S, A, R, F>(&mut self, name: &S, function: F)
[INFO] [stderr]   |        ------------ required by a bound in this associated function
[INFO] [stderr] ...
[INFO] [stderr]   |         R: ToLuaMulti<'lua> + TealMultiValue,
[INFO] [stderr]   |            ^^^^^^^^^^^^^^^^ required by this bound in `TealDataMethods::add_function`
[INFO] [stderr]   = note: this error originates in the derive macro `LuaProxy` (in Nightly builds, run with -Z macro-backtrace for more info)
[INFO] [stderr] ┈┈┈┈┈┈┈┈┈┈┈┈┈┈┈┈┈┈┈┈┈┈┈┈┈┈┈┈┈┈┈┈┈┈┈┈┈┈┈┈┈┈┈┈┈┈┈┈┈┈┈┈┈┈┈┈┈┈┈┈
[INFO] [stderr] 
[INFO] [stderr] ACTUAL OUTPUT:
[INFO] [stderr] ┈┈┈┈┈┈┈┈┈┈┈┈┈┈┈┈┈┈┈┈┈┈┈┈┈┈┈┈┈┈┈┈┈┈┈┈┈┈┈┈┈┈┈┈┈┈┈┈┈┈┈┈┈┈┈┈┈┈┈┈
[INFO] [stderr] error[E0433]: failed to resolve: use of undeclared crate or module `bevy_mod_scripting`
[INFO] [stderr]  --> tests/fail/references/output-with-proxy-reference.rs:2:5
[INFO] [stderr]   |
[INFO] [stderr] 2 | use bevy_mod_scripting::api::*;
[INFO] [stderr]   |     ^^^^^^^^^^^^^^^^^^ use of undeclared crate or module `bevy_mod_scripting`
[INFO] [stderr]   |
[INFO] [stderr] help: there is a crate or module with a similar name
[INFO] [stderr]   |
[INFO] [stderr] 2 | use bevy_mod_scripting_core::api::*;
[INFO] [stderr]   |     ~~~~~~~~~~~~~~~~~~~~~~~
[INFO] [stderr] 
[INFO] [stderr] error: cannot find derive macro `LuaProxy` in this scope
[INFO] [stderr]  --> tests/fail/references/output-with-proxy-reference.rs:4:10
[INFO] [stderr]   |
[INFO] [stderr] 4 | #[derive(LuaProxy, Reflect, Clone)]
[INFO] [stderr]   |          ^^^^^^^^
[INFO] [stderr]   |
[INFO] [stderr] help: consider importing this derive macro
[INFO] [stderr]   |
[INFO] [stderr] 1 + use bevy_mod_scripting_lua_derive::LuaProxy;
[INFO] [stderr]   |
[INFO] [stderr] 
[INFO] [stderr] error: cannot find attribute `proxy` in this scope
[INFO] [stderr]  --> tests/fail/references/output-with-proxy-reference.rs:5:3
[INFO] [stderr]   |
[INFO] [stderr] 5 | #[proxy(functions[
[INFO] [stderr]   |   ^^^^^
[INFO] [stderr] ┈┈┈┈┈┈┈┈┈┈┈┈┈┈┈┈┈┈┈┈┈┈┈┈┈┈┈┈┈┈┈┈┈┈┈┈┈┈┈┈┈┈┈┈┈┈┈┈┈┈┈┈┈┈┈┈┈┈┈┈
[INFO] [stderr] note: If the actual output is the correct output you can bless it by rerunning
[INFO] [stderr]       your test with the environment variable TRYBUILD=overwrite
[INFO] [stderr] 
[INFO] [stderr] test tests/fail/simple/invalid-argument-count.rs ... mismatch
[INFO] [stderr] 
[INFO] [stderr] EXPECTED:
[INFO] [stderr] ┈┈┈┈┈┈┈┈┈┈┈┈┈┈┈┈┈┈┈┈┈┈┈┈┈┈┈┈┈┈┈┈┈┈┈┈┈┈┈┈┈┈┈┈┈┈┈┈┈┈┈┈┈┈┈┈┈┈┈┈
[INFO] [stderr] error[E0061]: this function takes 2 arguments but 1 argument was supplied
[INFO] [stderr]   --> tests/fail/simple/invalid-argument-count.rs:4:10
[INFO] [stderr]    |
[INFO] [stderr] 4  | #[derive(LuaProxy, Reflect, Clone)]
[INFO] [stderr]    |          ^^^^^^^^ an argument of type `usize` is missing
[INFO] [stderr]    |
[INFO] [stderr] note: method defined here
[INFO] [stderr]   --> tests/fail/simple/invalid-argument-count.rs:14:12
[INFO] [stderr]    |
[INFO] [stderr] 14 |     pub fn my_fn(&self, _: usize) {}
[INFO] [stderr]    |            ^^^^^ -----  --------
[INFO] [stderr]    = note: this error originates in the derive macro `LuaProxy` (in Nightly builds, run with -Z macro-backtrace for more info)
[INFO] [stderr] help: provide the argument
[INFO] [stderr]    |
[INFO] [stderr] 4  | #[derive(LuaProxy(LuaProxy, /* usize */), Reflect, Clone)]
[INFO] [stderr]    |                  +++++++++++++++++++++++
[INFO] [stderr] ┈┈┈┈┈┈┈┈┈┈┈┈┈┈┈┈┈┈┈┈┈┈┈┈┈┈┈┈┈┈┈┈┈┈┈┈┈┈┈┈┈┈┈┈┈┈┈┈┈┈┈┈┈┈┈┈┈┈┈┈
[INFO] [stderr] 
[INFO] [stderr] ACTUAL OUTPUT:
[INFO] [stderr] ┈┈┈┈┈┈┈┈┈┈┈┈┈┈┈┈┈┈┈┈┈┈┈┈┈┈┈┈┈┈┈┈┈┈┈┈┈┈┈┈┈┈┈┈┈┈┈┈┈┈┈┈┈┈┈┈┈┈┈┈
[INFO] [stderr] error[E0433]: failed to resolve: use of undeclared crate or module `bevy_mod_scripting`
[INFO] [stderr]  --> tests/fail/simple/invalid-argument-count.rs:2:5
[INFO] [stderr]   |
[INFO] [stderr] 2 | use bevy_mod_scripting::api::*;
[INFO] [stderr]   |     ^^^^^^^^^^^^^^^^^^ use of undeclared crate or module `bevy_mod_scripting`
[INFO] [stderr]   |
[INFO] [stderr] help: there is a crate or module with a similar name
[INFO] [stderr]   |
[INFO] [stderr] 2 | use bevy_mod_scripting_core::api::*;
[INFO] [stderr]   |     ~~~~~~~~~~~~~~~~~~~~~~~
[INFO] [stderr] 
[INFO] [stderr] error: cannot find derive macro `LuaProxy` in this scope
[INFO] [stderr]  --> tests/fail/simple/invalid-argument-count.rs:4:10
[INFO] [stderr]   |
[INFO] [stderr] 4 | #[derive(LuaProxy, Reflect, Clone)]
[INFO] [stderr]   |          ^^^^^^^^
[INFO] [stderr]   |
[INFO] [stderr] help: consider importing this derive macro
[INFO] [stderr]   |
[INFO] [stderr] 1 + use bevy_mod_scripting_lua_derive::LuaProxy;
[INFO] [stderr]   |
[INFO] [stderr] 
[INFO] [stderr] error: cannot find attribute `proxy` in this scope
[INFO] [stderr]  --> tests/fail/simple/invalid-argument-count.rs:5:3
[INFO] [stderr]   |
[INFO] [stderr] 5 | #[proxy(functions[
[INFO] [stderr]   |   ^^^^^
[INFO] [stderr] ┈┈┈┈┈┈┈┈┈┈┈┈┈┈┈┈┈┈┈┈┈┈┈┈┈┈┈┈┈┈┈┈┈┈┈┈┈┈┈┈┈┈┈┈┈┈┈┈┈┈┈┈┈┈┈┈┈┈┈┈
[INFO] [stderr] note: If the actual output is the correct output you can bless it by rerunning
[INFO] [stderr]       your test with the environment variable TRYBUILD=overwrite
[INFO] [stderr] 
[INFO] [stderr] test tests/fail/simple/invalid-argument-type.rs ... mismatch
[INFO] [stderr] 
[INFO] [stderr] EXPECTED:
[INFO] [stderr] ┈┈┈┈┈┈┈┈┈┈┈┈┈┈┈┈┈┈┈┈┈┈┈┈┈┈┈┈┈┈┈┈┈┈┈┈┈┈┈┈┈┈┈┈┈┈┈┈┈┈┈┈┈┈┈┈┈┈┈┈
[INFO] [stderr] error[E0308]: mismatched types
[INFO] [stderr]   --> tests/fail/simple/invalid-argument-type.rs:4:10
[INFO] [stderr]    |
[INFO] [stderr] 4  | #[derive(LuaProxy, Reflect, Clone)]
[INFO] [stderr]    |          ^^^^^^^^
[INFO] [stderr]    |          |
[INFO] [stderr]    |          expected `usize`, found `String`
[INFO] [stderr]    |          arguments to this function are incorrect
[INFO] [stderr]    |
[INFO] [stderr] note: method defined here
[INFO] [stderr]   --> tests/fail/simple/invalid-argument-type.rs:14:12
[INFO] [stderr]    |
[INFO] [stderr] 14 |     pub fn my_fn(&self, _: usize) {}
[INFO] [stderr]    |            ^^^^^        --------
[INFO] [stderr]    = note: this error originates in the derive macro `LuaProxy` (in Nightly builds, run with -Z macro-backtrace for more info)
[INFO] [stderr] ┈┈┈┈┈┈┈┈┈┈┈┈┈┈┈┈┈┈┈┈┈┈┈┈┈┈┈┈┈┈┈┈┈┈┈┈┈┈┈┈┈┈┈┈┈┈┈┈┈┈┈┈┈┈┈┈┈┈┈┈
[INFO] [stderr] 
[INFO] [stderr] ACTUAL OUTPUT:
[INFO] [stderr] ┈┈┈┈┈┈┈┈┈┈┈┈┈┈┈┈┈┈┈┈┈┈┈┈┈┈┈┈┈┈┈┈┈┈┈┈┈┈┈┈┈┈┈┈┈┈┈┈┈┈┈┈┈┈┈┈┈┈┈┈
[INFO] [stderr] error[E0433]: failed to resolve: use of undeclared crate or module `bevy_mod_scripting`
[INFO] [stderr]  --> tests/fail/simple/invalid-argument-type.rs:2:5
[INFO] [stderr]   |
[INFO] [stderr] 2 | use bevy_mod_scripting::api::*;
[INFO] [stderr]   |     ^^^^^^^^^^^^^^^^^^ use of undeclared crate or module `bevy_mod_scripting`
[INFO] [stderr]   |
[INFO] [stderr] help: there is a crate or module with a similar name
[INFO] [stderr]   |
[INFO] [stderr] 2 | use bevy_mod_scripting_core::api::*;
[INFO] [stderr]   |     ~~~~~~~~~~~~~~~~~~~~~~~
[INFO] [stderr] 
[INFO] [stderr] error: cannot find derive macro `LuaProxy` in this scope
[INFO] [stderr]  --> tests/fail/simple/invalid-argument-type.rs:4:10
[INFO] [stderr]   |
[INFO] [stderr] 4 | #[derive(LuaProxy, Reflect, Clone)]
[INFO] [stderr]   |          ^^^^^^^^
[INFO] [stderr]   |
[INFO] [stderr] help: consider importing this derive macro
[INFO] [stderr]   |
[INFO] [stderr] 1 + use bevy_mod_scripting_lua_derive::LuaProxy;
[INFO] [stderr]   |
[INFO] [stderr] 
[INFO] [stderr] error: cannot find attribute `proxy` in this scope
[INFO] [stderr]  --> tests/fail/simple/invalid-argument-type.rs:5:3
[INFO] [stderr]   |
[INFO] [stderr] 5 | #[proxy(functions[
[INFO] [stderr]   |   ^^^^^
[INFO] [stderr] ┈┈┈┈┈┈┈┈┈┈┈┈┈┈┈┈┈┈┈┈┈┈┈┈┈┈┈┈┈┈┈┈┈┈┈┈┈┈┈┈┈┈┈┈┈┈┈┈┈┈┈┈┈┈┈┈┈┈┈┈
[INFO] [stderr] note: If the actual output is the correct output you can bless it by rerunning
[INFO] [stderr]       your test with the environment variable TRYBUILD=overwrite
[INFO] [stderr] 
[INFO] [stderr] test tests/fail/simple/invalid-function-type.rs ... mismatch
[INFO] [stderr] 
[INFO] [stderr] EXPECTED:
[INFO] [stderr] ┈┈┈┈┈┈┈┈┈┈┈┈┈┈┈┈┈┈┈┈┈┈┈┈┈┈┈┈┈┈┈┈┈┈┈┈┈┈┈┈┈┈┈┈┈┈┈┈┈┈┈┈┈┈┈┈┈┈┈┈
[INFO] [stderr] error: Unknown literal value `AMASJDIASDKAW`
[INFO] [stderr]  --> tests/fail/simple/invalid-function-type.rs:4:10
[INFO] [stderr]   |
[INFO] [stderr] 4 | #[derive(LuaProxy, Reflect, Clone)]
[INFO] [stderr]   |          ^^^^^^^^
[INFO] [stderr]   |
[INFO] [stderr]   = note: this error originates in the derive macro `LuaProxy` (in Nightly builds, run with -Z macro-backtrace for more info)
[INFO] [stderr] ┈┈┈┈┈┈┈┈┈┈┈┈┈┈┈┈┈┈┈┈┈┈┈┈┈┈┈┈┈┈┈┈┈┈┈┈┈┈┈┈┈┈┈┈┈┈┈┈┈┈┈┈┈┈┈┈┈┈┈┈
[INFO] [stderr] 
[INFO] [stderr] ACTUAL OUTPUT:
[INFO] [stderr] ┈┈┈┈┈┈┈┈┈┈┈┈┈┈┈┈┈┈┈┈┈┈┈┈┈┈┈┈┈┈┈┈┈┈┈┈┈┈┈┈┈┈┈┈┈┈┈┈┈┈┈┈┈┈┈┈┈┈┈┈
[INFO] [stderr] error[E0433]: failed to resolve: use of undeclared crate or module `bevy_mod_scripting`
[INFO] [stderr]  --> tests/fail/simple/invalid-function-type.rs:2:5
[INFO] [stderr]   |
[INFO] [stderr] 2 | use bevy_mod_scripting::api::*;
[INFO] [stderr]   |     ^^^^^^^^^^^^^^^^^^ use of undeclared crate or module `bevy_mod_scripting`
[INFO] [stderr]   |
[INFO] [stderr] help: there is a crate or module with a similar name
[INFO] [stderr]   |
[INFO] [stderr] 2 | use bevy_mod_scripting_core::api::*;
[INFO] [stderr]   |     ~~~~~~~~~~~~~~~~~~~~~~~
[INFO] [stderr] 
[INFO] [stderr] error: cannot find derive macro `LuaProxy` in this scope
[INFO] [stderr]  --> tests/fail/simple/invalid-function-type.rs:4:10
[INFO] [stderr]   |
[INFO] [stderr] 4 | #[derive(LuaProxy, Reflect, Clone)]
[INFO] [stderr]   |          ^^^^^^^^
[INFO] [stderr]   |
[INFO] [stderr] help: consider importing this derive macro
[INFO] [stderr]   |
[INFO] [stderr] 1 + use bevy_mod_scripting_lua_derive::LuaProxy;
[INFO] [stderr]   |
[INFO] [stderr] 
[INFO] [stderr] error: cannot find attribute `proxy` in this scope
[INFO] [stderr]  --> tests/fail/simple/invalid-function-type.rs:5:3
[INFO] [stderr]   |
[INFO] [stderr] 5 | #[proxy(functions[
[INFO] [stderr]   |   ^^^^^
[INFO] [stderr] ┈┈┈┈┈┈┈┈┈┈┈┈┈┈┈┈┈┈┈┈┈┈┈┈┈┈┈┈┈┈┈┈┈┈┈┈┈┈┈┈┈┈┈┈┈┈┈┈┈┈┈┈┈┈┈┈┈┈┈┈
[INFO] [stderr] note: If the actual output is the correct output you can bless it by rerunning
[INFO] [stderr]       your test with the environment variable TRYBUILD=overwrite
[INFO] [stderr] 
[INFO] [stderr] test tests/fail/simple/invalid-output-type-custom-body.rs ... mismatch
[INFO] [stderr] 
[INFO] [stderr] EXPECTED:
[INFO] [stderr] ┈┈┈┈┈┈┈┈┈┈┈┈┈┈┈┈┈┈┈┈┈┈┈┈┈┈┈┈┈┈┈┈┈┈┈┈┈┈┈┈┈┈┈┈┈┈┈┈┈┈┈┈┈┈┈┈┈┈┈┈
[INFO] [stderr] error[E0308]: mismatched types
[INFO] [stderr]   --> tests/fail/simple/invalid-output-type-custom-body.rs:4:10
[INFO] [stderr]    |
[INFO] [stderr] 4  | #[derive(LuaProxy, Reflect, Clone)]
[INFO] [stderr]    |          ^^^^^^^^ expected `MyStruct`, found integer
[INFO] [stderr] ...
[INFO] [stderr] 13 | pub struct MyStruct;
[INFO] [stderr]    |            -------- expected due to this
[INFO] [stderr]    |
[INFO] [stderr]    = note: this error originates in the derive macro `LuaProxy` (in Nightly builds, run with -Z macro-backtrace for more info)
[INFO] [stderr] ┈┈┈┈┈┈┈┈┈┈┈┈┈┈┈┈┈┈┈┈┈┈┈┈┈┈┈┈┈┈┈┈┈┈┈┈┈┈┈┈┈┈┈┈┈┈┈┈┈┈┈┈┈┈┈┈┈┈┈┈
[INFO] [stderr] 
[INFO] [stderr] ACTUAL OUTPUT:
[INFO] [stderr] ┈┈┈┈┈┈┈┈┈┈┈┈┈┈┈┈┈┈┈┈┈┈┈┈┈┈┈┈┈┈┈┈┈┈┈┈┈┈┈┈┈┈┈┈┈┈┈┈┈┈┈┈┈┈┈┈┈┈┈┈
[INFO] [stderr] error[E0433]: failed to resolve: use of undeclared crate or module `bevy_mod_scripting`
[INFO] [stderr]  --> tests/fail/simple/invalid-output-type-custom-body.rs:2:5
[INFO] [stderr]   |
[INFO] [stderr] 2 | use bevy_mod_scripting::api::*;
[INFO] [stderr]   |     ^^^^^^^^^^^^^^^^^^ use of undeclared crate or module `bevy_mod_scripting`
[INFO] [stderr]   |
[INFO] [stderr] help: there is a crate or module with a similar name
[INFO] [stderr]   |
[INFO] [stderr] 2 | use bevy_mod_scripting_core::api::*;
[INFO] [stderr]   |     ~~~~~~~~~~~~~~~~~~~~~~~
[INFO] [stderr] 
[INFO] [stderr] error: cannot find derive macro `LuaProxy` in this scope
[INFO] [stderr]  --> tests/fail/simple/invalid-output-type-custom-body.rs:4:10
[INFO] [stderr]   |
[INFO] [stderr] 4 | #[derive(LuaProxy, Reflect, Clone)]
[INFO] [stderr]   |          ^^^^^^^^
[INFO] [stderr]   |
[INFO] [stderr] help: consider importing this derive macro
[INFO] [stderr]   |
[INFO] [stderr] 1 + use bevy_mod_scripting_lua_derive::LuaProxy;
[INFO] [stderr]   |
[INFO] [stderr] 
[INFO] [stderr] error: cannot find attribute `proxy` in this scope
[INFO] [stderr]  --> tests/fail/simple/invalid-output-type-custom-body.rs:5:3
[INFO] [stderr]   |
[INFO] [stderr] 5 | #[proxy(functions[
[INFO] [stderr]   |   ^^^^^
[INFO] [stderr] ┈┈┈┈┈┈┈┈┈┈┈┈┈┈┈┈┈┈┈┈┈┈┈┈┈┈┈┈┈┈┈┈┈┈┈┈┈┈┈┈┈┈┈┈┈┈┈┈┈┈┈┈┈┈┈┈┈┈┈┈
[INFO] [stderr] note: If the actual output is the correct output you can bless it by rerunning
[INFO] [stderr]       your test with the environment variable TRYBUILD=overwrite
[INFO] [stderr] 
[INFO] [stderr] test tests/fail/simple/invalid-output-type.rs ... mismatch
[INFO] [stderr] 
[INFO] [stderr] EXPECTED:
[INFO] [stderr] ┈┈┈┈┈┈┈┈┈┈┈┈┈┈┈┈┈┈┈┈┈┈┈┈┈┈┈┈┈┈┈┈┈┈┈┈┈┈┈┈┈┈┈┈┈┈┈┈┈┈┈┈┈┈┈┈┈┈┈┈
[INFO] [stderr] error[E0308]: mismatched types
[INFO] [stderr]  --> tests/fail/simple/invalid-output-type.rs:4:10
[INFO] [stderr]   |
[INFO] [stderr] 4 | #[derive(LuaProxy, Reflect, Clone)]
[INFO] [stderr]   |          ^^^^^^^^
[INFO] [stderr]   |          |
[INFO] [stderr]   |          expected `usize`, found `MyStruct`
[INFO] [stderr]   |          expected due to this
[INFO] [stderr]   |
[INFO] [stderr]   = note: this error originates in the derive macro `LuaProxy` (in Nightly builds, run with -Z macro-backtrace for more info)
[INFO] [stderr] ┈┈┈┈┈┈┈┈┈┈┈┈┈┈┈┈┈┈┈┈┈┈┈┈┈┈┈┈┈┈┈┈┈┈┈┈┈┈┈┈┈┈┈┈┈┈┈┈┈┈┈┈┈┈┈┈┈┈┈┈
[INFO] [stderr] 
[INFO] [stderr] ACTUAL OUTPUT:
[INFO] [stderr] ┈┈┈┈┈┈┈┈┈┈┈┈┈┈┈┈┈┈┈┈┈┈┈┈┈┈┈┈┈┈┈┈┈┈┈┈┈┈┈┈┈┈┈┈┈┈┈┈┈┈┈┈┈┈┈┈┈┈┈┈
[INFO] [stderr] error[E0433]: failed to resolve: use of undeclared crate or module `bevy_mod_scripting`
[INFO] [stderr]  --> tests/fail/simple/invalid-output-type.rs:2:5
[INFO] [stderr]   |
[INFO] [stderr] 2 | use bevy_mod_scripting::api::*;
[INFO] [stderr]   |     ^^^^^^^^^^^^^^^^^^ use of undeclared crate or module `bevy_mod_scripting`
[INFO] [stderr]   |
[INFO] [stderr] help: there is a crate or module with a similar name
[INFO] [stderr]   |
[INFO] [stderr] 2 | use bevy_mod_scripting_core::api::*;
[INFO] [stderr]   |     ~~~~~~~~~~~~~~~~~~~~~~~
[INFO] [stderr] 
[INFO] [stderr] error: cannot find derive macro `LuaProxy` in this scope
[INFO] [stderr]  --> tests/fail/simple/invalid-output-type.rs:4:10
[INFO] [stderr]   |
[INFO] [stderr] 4 | #[derive(LuaProxy, Reflect, Clone)]
[INFO] [stderr]   |          ^^^^^^^^
[INFO] [stderr]   |
[INFO] [stderr] help: consider importing this derive macro
[INFO] [stderr]   |
[INFO] [stderr] 1 + use bevy_mod_scripting_lua_derive::LuaProxy;
[INFO] [stderr]   |
[INFO] [stderr] 
[INFO] [stderr] error: cannot find attribute `proxy` in this scope
[INFO] [stderr]  --> tests/fail/simple/invalid-output-type.rs:5:3
[INFO] [stderr]   |
[INFO] [stderr] 5 | #[proxy(functions[
[INFO] [stderr]   |   ^^^^^
[INFO] [stderr] ┈┈┈┈┈┈┈┈┈┈┈┈┈┈┈┈┈┈┈┈┈┈┈┈┈┈┈┈┈┈┈┈┈┈┈┈┈┈┈┈┈┈┈┈┈┈┈┈┈┈┈┈┈┈┈┈┈┈┈┈
[INFO] [stderr] note: If the actual output is the correct output you can bless it by rerunning
[INFO] [stderr]       your test with the environment variable TRYBUILD=overwrite
[INFO] [stderr] 
[INFO] [stderr] test tests/fail/simple/method-without-receiver.rs ... mismatch
[INFO] [stderr] 
[INFO] [stderr] EXPECTED:
[INFO] [stderr] ┈┈┈┈┈┈┈┈┈┈┈┈┈┈┈┈┈┈┈┈┈┈┈┈┈┈┈┈┈┈┈┈┈┈┈┈┈┈┈┈┈┈┈┈┈┈┈┈┈┈┈┈┈┈┈┈┈┈┈┈
[INFO] [stderr] error: Expected receiver as first argument in the signature
[INFO] [stderr]  --> tests/fail/simple/method-without-receiver.rs:4:10
[INFO] [stderr]   |
[INFO] [stderr] 4 | #[derive(LuaProxy, Reflect, Clone)]
[INFO] [stderr]   |          ^^^^^^^^
[INFO] [stderr]   |
[INFO] [stderr]   = note: this error originates in the derive macro `LuaProxy` (in Nightly builds, run with -Z macro-backtrace for more info)
[INFO] [stderr] ┈┈┈┈┈┈┈┈┈┈┈┈┈┈┈┈┈┈┈┈┈┈┈┈┈┈┈┈┈┈┈┈┈┈┈┈┈┈┈┈┈┈┈┈┈┈┈┈┈┈┈┈┈┈┈┈┈┈┈┈
[INFO] [stderr] 
[INFO] [stderr] ACTUAL OUTPUT:
[INFO] [stderr] ┈┈┈┈┈┈┈┈┈┈┈┈┈┈┈┈┈┈┈┈┈┈┈┈┈┈┈┈┈┈┈┈┈┈┈┈┈┈┈┈┈┈┈┈┈┈┈┈┈┈┈┈┈┈┈┈┈┈┈┈
[INFO] [stderr] error[E0433]: failed to resolve: use of undeclared crate or module `bevy_mod_scripting`
[INFO] [stderr]  --> tests/fail/simple/method-without-receiver.rs:2:5
[INFO] [stderr]   |
[INFO] [stderr] 2 | use bevy_mod_scripting::api::*;
[INFO] [stderr]   |     ^^^^^^^^^^^^^^^^^^ use of undeclared crate or module `bevy_mod_scripting`
[INFO] [stderr]   |
[INFO] [stderr] help: there is a crate or module with a similar name
[INFO] [stderr]   |
[INFO] [stderr] 2 | use bevy_mod_scripting_core::api::*;
[INFO] [stderr]   |     ~~~~~~~~~~~~~~~~~~~~~~~
[INFO] [stderr] 
[INFO] [stderr] error: cannot find derive macro `LuaProxy` in this scope
[INFO] [stderr]  --> tests/fail/simple/method-without-receiver.rs:4:10
[INFO] [stderr]   |
[INFO] [stderr] 4 | #[derive(LuaProxy, Reflect, Clone)]
[INFO] [stderr]   |          ^^^^^^^^
[INFO] [stderr]   |
[INFO] [stderr] help: consider importing this derive macro
[INFO] [stderr]   |
[INFO] [stderr] 1 + use bevy_mod_scripting_lua_derive::LuaProxy;
[INFO] [stderr]   |
[INFO] [stderr] 
[INFO] [stderr] error: cannot find attribute `proxy` in this scope
[INFO] [stderr]  --> tests/fail/simple/method-without-receiver.rs:5:3
[INFO] [stderr]   |
[INFO] [stderr] 5 | #[proxy(functions[
[INFO] [stderr]   |   ^^^^^
[INFO] [stderr] ┈┈┈┈┈┈┈┈┈┈┈┈┈┈┈┈┈┈┈┈┈┈┈┈┈┈┈┈┈┈┈┈┈┈┈┈┈┈┈┈┈┈┈┈┈┈┈┈┈┈┈┈┈┈┈┈┈┈┈┈
[INFO] [stderr] note: If the actual output is the correct output you can bless it by rerunning
[INFO] [stderr]       your test with the environment variable TRYBUILD=overwrite
[INFO] [stderr] 
[INFO] [stderr] 
[INFO] [stderr] 
[INFO] [stdout] test fail ... FAILED
[INFO] [stderr]    Compiling serde v1.0.214
[INFO] [stderr]    Compiling cfg-if v1.0.0
[INFO] [stderr]    Compiling once_cell v1.20.2
[INFO] [stderr]    Compiling pin-project-lite v0.2.15
[INFO] [stderr]    Compiling hashbrown v0.15.0
[INFO] [stderr]    Compiling equivalent v1.0.1
[INFO] [stderr]    Compiling parking v2.2.1
[INFO] [stderr]    Compiling zerocopy v0.7.35
[INFO] [stderr]    Compiling futures-core v0.3.31
[INFO] [stderr]    Compiling libc v0.2.161
[INFO] [stderr]    Compiling crossbeam-utils v0.8.20
[INFO] [stderr]    Compiling thiserror v1.0.66
[INFO] [stderr]    Compiling bytemuck v1.19.0
[INFO] [stderr]    Compiling allocator-api2 v0.2.18
[INFO] [stderr]    Compiling futures-io v0.3.31
[INFO] [stderr]    Compiling fastrand v2.1.1
[INFO] [stderr]    Compiling rustc-hash v1.1.0
[INFO] [stderr]    Compiling async-task v4.7.1
[INFO] [stderr]    Compiling fixedbitset v0.4.2
[INFO] [stderr]    Compiling slab v0.4.9
[INFO] [stderr]    Compiling typeid v1.0.2
[INFO] [stderr]    Compiling nonmax v0.5.5
[INFO] [stderr]    Compiling web-time v0.2.4
[INFO] [stderr]    Compiling bevy_ptr v0.13.2
[INFO] [stderr]    Compiling tracing-core v0.1.32
[INFO] [stderr]    Compiling futures-lite v2.4.0
[INFO] [stderr]    Compiling thread_local v1.1.8
[INFO] [stderr]    Compiling downcast-rs v1.2.1
[INFO] [stderr]    Compiling log v0.4.22
[INFO] [stderr]    Compiling memchr v2.7.4
[INFO] [stderr]    Compiling smol_str v0.2.2
[INFO] [stderr]    Compiling num-traits v0.2.19
[INFO] [stderr]    Compiling regex-syntax v0.8.5
[INFO] [stderr]    Compiling lazy_static v1.5.0
[INFO] [stderr]    Compiling regex-syntax v0.6.29
[INFO] [stderr]    Compiling overload v0.1.1
[INFO] [stderr]    Compiling unicode-ident v1.0.13
[INFO] [stderr]    Compiling nu-ansi-term v0.46.0
[INFO] [stderr]    Compiling sharded-slab v0.1.7
[INFO] [stderr]    Compiling scopeguard v1.2.0
[INFO] [stderr]    Compiling termcolor v1.4.1
[INFO] [stderr]    Compiling unicode-width v0.1.14
[INFO] [stderr]    Compiling indexmap v2.6.0
[INFO] [stderr]    Compiling tracing v0.1.40
[INFO] [stderr]    Compiling tracing-log v0.2.0
[INFO] [stderr]    Compiling concurrent-queue v2.5.0
[INFO] [stderr]    Compiling bit-vec v0.6.3
[INFO] [stderr]    Compiling getrandom v0.2.15
[INFO] [stderr]    Compiling aho-corasick v1.1.3
[INFO] [stderr]    Compiling arrayvec v0.7.6
[INFO] [stderr]    Compiling ahash v0.8.11
[INFO] [stderr]    Compiling codespan-reporting v0.11.1
[INFO] [stderr]    Compiling event-listener v5.3.1
[INFO] [stderr]    Compiling bit-set v0.5.3
[INFO] [stderr]    Compiling tracing-log v0.1.4
[INFO] [stderr]    Compiling lock_api v0.4.12
[INFO] [stderr]    Compiling hexf-parse v0.2.1
[INFO] [stderr]    Compiling unicode-xid v0.2.6
[INFO] [stderr]    Compiling libloading v0.7.4
[INFO] [stderr]    Compiling async-executor v1.13.1
[INFO] [stderr]    Compiling event-listener-strategy v0.5.2
[INFO] [stderr]    Compiling async-channel v2.3.1
[INFO] [stderr]    Compiling libloading v0.8.5
[INFO] [stderr]    Compiling raw-window-handle v0.6.2
[INFO] [stderr]    Compiling atomic-waker v1.1.2
[INFO] [stderr]    Compiling ash v0.37.3+1.3.251
[INFO] [stderr]    Compiling piper v0.2.4
[INFO] [stderr]    Compiling crossbeam-channel v0.5.13
[INFO] [stderr]    Compiling khronos-egl v6.0.0
[INFO] [stderr]    Compiling bevy_tasks v0.13.2
[INFO] [stderr]    Compiling renderdoc-sys v1.1.0
[INFO] [stderr]    Compiling glow v0.13.1
[INFO] [stderr]    Compiling profiling v1.0.16
[INFO] [stderr]    Compiling blocking v1.6.1
[INFO] [stderr]    Compiling async-lock v3.4.0
[INFO] [stderr]    Compiling petgraph v0.6.5
[INFO] [stderr]    Compiling event-listener v2.5.3
[INFO] [stderr]    Compiling constant_time_eq v0.3.1
[INFO] [stderr]    Compiling accesskit v0.12.3
[INFO] [stderr]    Compiling arrayref v0.3.9
[INFO] [stderr]    Compiling const_soft_float v0.1.4
[INFO] [stderr]    Compiling byteorder v1.5.0
[INFO] [stderr]    Compiling base64 v0.21.7
[INFO] [stderr]    Compiling async-fs v2.1.2
[INFO] [stderr]    Compiling async-broadcast v0.5.1
[INFO] [stderr]    Compiling blake3 v1.5.4
[INFO] [stderr]    Compiling constgebra v0.1.4
[INFO] [stderr]    Compiling data-encoding v2.6.0
[INFO] [stderr]    Compiling color_quant v1.1.0
[INFO] [stderr]    Compiling const_panic v0.2.10
[INFO] [stderr]    Compiling static_assertions v1.1.0
[INFO] [stderr]    Compiling image v0.24.9
[INFO] [stderr]    Compiling radsort v0.1.1
[INFO] [stderr]    Compiling ttf-parser v0.25.0
[INFO] [stderr]    Compiling euclid v0.22.11
[INFO] [stderr]    Compiling svg_fmt v0.4.3
[INFO] [stderr]    Compiling ab_glyph_rasterizer v0.1.8
[INFO] [stderr]    Compiling itoa v1.0.11
[INFO] [stderr]    Compiling ryu v1.0.18
[INFO] [stderr]    Compiling approx v0.5.1
[INFO] [stderr]    Compiling rectangle-pack v0.4.2
[INFO] [stderr]    Compiling xi-unicode v0.3.0
[INFO] [stderr]    Compiling slotmap v1.0.7
[INFO] [stderr]    Compiling grid v0.10.0
[INFO] [stderr]    Compiling proc-macro2 v1.0.89
[INFO] [stderr]    Compiling regex-automata v0.1.10
[INFO] [stderr]    Compiling sysinfo v0.30.13
[INFO] [stderr]    Compiling const-fnv1a-hash v1.1.0
[INFO] [stderr]    Compiling percent-encoding v2.3.1
[INFO] [stderr]    Compiling regex-automata v0.4.8
[INFO] [stderr]    Compiling taffy v0.3.19
[INFO] [stderr]    Compiling strsim v0.11.1
[INFO] [stderr]    Compiling guillotiere v0.6.2
[INFO] [stderr] error: could not compile `regex-syntax` (lib)
[INFO] [stderr] 
[INFO] [stderr] Caused by:
[INFO] [stderr]   process didn't exit successfully: `/opt/rustwide/rustup-home/toolchains/nightly-2024-10-28-x86_64-unknown-linux-gnu/bin/rustc --crate-name regex_syntax --edition=2021 /opt/rustwide/cargo-home/registry/src/index.crates.io-6f17d22bba15001f/regex-syntax-0.8.5/src/lib.rs --error-format=json --json=diagnostic-rendered-ansi,artifacts,future-incompat --crate-type lib --emit=dep-info,metadata,link -C embed-bitcode=no -C debuginfo=2 --cfg 'feature="default"' --cfg 'feature="std"' --cfg 'feature="unicode"' --cfg 'feature="unicode-age"' --cfg 'feature="unicode-bool"' --cfg 'feature="unicode-case"' --cfg 'feature="unicode-gencat"' --cfg 'feature="unicode-perl"' --cfg 'feature="unicode-script"' --cfg 'feature="unicode-segment"' --check-cfg 'cfg(docsrs)' --check-cfg 'cfg(feature, values("arbitrary", "default", "std", "unicode", "unicode-age", "unicode-bool", "unicode-case", "unicode-gencat", "unicode-perl", "unicode-script", "unicode-segment"))' -C metadata=d89c1097cf13501a -C extra-filename=-d89c1097cf13501a --out-dir /opt/rustwide/target/tests/trybuild/x86_64-unknown-linux-gnu/debug/deps --target x86_64-unknown-linux-gnu -L dependency=/opt/rustwide/target/tests/trybuild/x86_64-unknown-linux-gnu/debug/deps -L dependency=/opt/rustwide/target/tests/trybuild/debug/deps --cap-lints allow --cfg trybuild --verbose -A dead_code` (signal: 9, SIGKILL: kill)
[INFO] [stderr] warning: build failed, waiting for other jobs to finish...
[INFO] [stderr] error: could not compile `ash` (lib)
[INFO] [stderr] 
[INFO] [stderr] Caused by:
[INFO] [stderr]   process didn't exit successfully: `/opt/rustwide/rustup-home/toolchains/nightly-2024-10-28-x86_64-unknown-linux-gnu/bin/rustc --crate-name ash --edition=2021 /opt/rustwide/cargo-home/registry/src/index.crates.io-6f17d22bba15001f/ash-0.37.3+1.3.251/src/lib.rs --error-format=json --json=diagnostic-rendered-ansi,artifacts,future-incompat --crate-type lib --emit=dep-info,metadata,link -C embed-bitcode=no -C debuginfo=2 --cfg 'feature="debug"' --cfg 'feature="default"' --cfg 'feature="libloading"' --cfg 'feature="loaded"' --check-cfg 'cfg(docsrs)' --check-cfg 'cfg(feature, values("debug", "default", "libloading", "linked", "loaded"))' -C metadata=fbb17aa673f5c4f9 -C extra-filename=-fbb17aa673f5c4f9 --out-dir /opt/rustwide/target/tests/trybuild/x86_64-unknown-linux-gnu/debug/deps --target x86_64-unknown-linux-gnu -L dependency=/opt/rustwide/target/tests/trybuild/x86_64-unknown-linux-gnu/debug/deps -L dependency=/opt/rustwide/target/tests/trybuild/debug/deps --extern libloading=/opt/rustwide/target/tests/trybuild/x86_64-unknown-linux-gnu/debug/deps/liblibloading-a512b0c7f211562c.rmeta --cap-lints allow --cfg trybuild --verbose -A dead_code` (signal: 9, SIGKILL: kill)
[INFO] [stderr] error: test failed, to rerun pass `--test macro_tests`
[INFO] [stdout] test success ... FAILED
[INFO] [stdout] 
[INFO] [stdout] failures:
[INFO] [stdout] 
[INFO] [stdout] ---- fail stdout ----
[INFO] [stdout] thread 'fail' panicked at /opt/rustwide/cargo-home/registry/src/index.crates.io-6f17d22bba15001f/trybuild-1.0.101/src/run.rs:101:13:
[INFO] [stdout] 8 of 8 tests failed
[INFO] [stdout] stack backtrace:
[INFO] [stdout]    0:     0x64bd0bb7677a - std::backtrace_rs::backtrace::libunwind::trace::h207520d6e9873551
[INFO] [stdout]                                at /rustc/df4ca44d3fbc9301ee17f30f4d474e6ae4b05252/library/std/src/../../backtrace/src/backtrace/libunwind.rs:116:5
[INFO] [stdout]    1:     0x64bd0bb7677a - std::backtrace_rs::backtrace::trace_unsynchronized::h2ed7433f370e3eca
[INFO] [stdout]                                at /rustc/df4ca44d3fbc9301ee17f30f4d474e6ae4b05252/library/std/src/../../backtrace/src/backtrace/mod.rs:66:5
[INFO] [stdout]    2:     0x64bd0bb7677a - std::sys::backtrace::_print_fmt::h916fac51166b18d7
[INFO] [stdout]                                at /rustc/df4ca44d3fbc9301ee17f30f4d474e6ae4b05252/library/std/src/sys/backtrace.rs:66:9
[INFO] [stdout]    3:     0x64bd0bb7677a - <std::sys::backtrace::BacktraceLock::print::DisplayBacktrace as core::fmt::Display>::fmt::ha0a4c9b8ce3802e6
[INFO] [stdout]                                at /rustc/df4ca44d3fbc9301ee17f30f4d474e6ae4b05252/library/std/src/sys/backtrace.rs:39:26
[INFO] [stdout]    4:     0x64bd0bba0c23 - core::fmt::rt::Argument::fmt::h4cfc8587d52b3eb5
[INFO] [stdout]                                at /rustc/df4ca44d3fbc9301ee17f30f4d474e6ae4b05252/library/core/src/fmt/rt.rs:177:76
[INFO] [stdout]    5:     0x64bd0bba0c23 - core::fmt::write::h522cc39e5b36ae9f
[INFO] [stdout]                                at /rustc/df4ca44d3fbc9301ee17f30f4d474e6ae4b05252/library/core/src/fmt/mod.rs:1190:21
[INFO] [stdout]    6:     0x64bd0bb727b3 - std::io::Write::write_fmt::h7d3c26752da97734
[INFO] [stdout]                                at /rustc/df4ca44d3fbc9301ee17f30f4d474e6ae4b05252/library/std/src/io/mod.rs:1839:15
[INFO] [stdout]    7:     0x64bd0bb765c2 - std::sys::backtrace::BacktraceLock::print::h4b9e00b29e9c0942
[INFO] [stdout]                                at /rustc/df4ca44d3fbc9301ee17f30f4d474e6ae4b05252/library/std/src/sys/backtrace.rs:42:9
[INFO] [stdout]    8:     0x64bd0bb7820a - std::panicking::default_hook::{{closure}}::hb59b88280d0324d9
[INFO] [stdout]                                at /rustc/df4ca44d3fbc9301ee17f30f4d474e6ae4b05252/library/std/src/panicking.rs:268:22
[INFO] [stdout]    9:     0x64bd0bb78014 - std::panicking::default_hook::he1dd496665be4a29
[INFO] [stdout]                                at /rustc/df4ca44d3fbc9301ee17f30f4d474e6ae4b05252/library/std/src/panicking.rs:292:9
[INFO] [stdout]   10:     0x64bd0bb3ed09 - <alloc::boxed::Box<F,A> as core::ops::function::Fn<Args>>::call::h4ff71de18744e1dc
[INFO] [stdout]                                at /rustc/df4ca44d3fbc9301ee17f30f4d474e6ae4b05252/library/alloc/src/boxed.rs:2468:9
[INFO] [stdout]   11:     0x64bd0bb3ed09 - test::test_main::{{closure}}::hcf7c055ce117aa81
[INFO] [stdout]                                at /rustc/df4ca44d3fbc9301ee17f30f4d474e6ae4b05252/library/test/src/lib.rs:133:21
[INFO] [stdout]   12:     0x64bd0bb78908 - <alloc::boxed::Box<F,A> as core::ops::function::Fn<Args>>::call::h1d66c6bbd60c9692
[INFO] [stdout]                                at /rustc/df4ca44d3fbc9301ee17f30f4d474e6ae4b05252/library/alloc/src/boxed.rs:2468:9
[INFO] [stdout]   13:     0x64bd0bb78908 - std::panicking::rust_panic_with_hook::h2ff17fe8f26dfcf8
[INFO] [stdout]                                at /rustc/df4ca44d3fbc9301ee17f30f4d474e6ae4b05252/library/std/src/panicking.rs:809:13
[INFO] [stdout]   14:     0x64bd0bb786ca - std::panicking::begin_panic_handler::{{closure}}::h4fad77951c07e101
[INFO] [stdout]                                at /rustc/df4ca44d3fbc9301ee17f30f4d474e6ae4b05252/library/std/src/panicking.rs:674:13
[INFO] [stdout]   15:     0x64bd0bb76c59 - std::sys::backtrace::__rust_end_short_backtrace::hb1a25b3da5d0ea08
[INFO] [stdout]                                at /rustc/df4ca44d3fbc9301ee17f30f4d474e6ae4b05252/library/std/src/sys/backtrace.rs:170:18
[INFO] [stdout]   16:     0x64bd0bb7835c - rust_begin_unwind
[INFO] [stdout]                                at /rustc/df4ca44d3fbc9301ee17f30f4d474e6ae4b05252/library/std/src/panicking.rs:665:5
[INFO] [stdout]   17:     0x64bd0bb9efd0 - core::panicking::panic_fmt::ha9db07b529f9b256
[INFO] [stdout]                                at /rustc/df4ca44d3fbc9301ee17f30f4d474e6ae4b05252/library/core/src/panicking.rs:75:14
[INFO] [stdout]   18:     0x64bd0b85861f - trybuild::run::<impl trybuild::Runner>::run::h8b42d7f80f6168c7
[INFO] [stdout]                                at /opt/rustwide/cargo-home/registry/src/index.crates.io-6f17d22bba15001f/trybuild-1.0.101/src/run.rs:101:13
[INFO] [stdout]   19:     0x64bd0b85db38 - <trybuild::TestCases as core::ops::drop::Drop>::drop::h990bf91f7fc2e9ad
[INFO] [stdout]                                at /opt/rustwide/cargo-home/registry/src/index.crates.io-6f17d22bba15001f/trybuild-1.0.101/src/lib.rs:340:13
[INFO] [stdout]   20:     0x64bd0b84acb7 - core::ptr::drop_in_place<trybuild::TestCases>::h915b44e45b655eaa
[INFO] [stdout]                                at /rustc/df4ca44d3fbc9301ee17f30f4d474e6ae4b05252/library/core/src/ptr/mod.rs:521:1
[INFO] [stdout]   21:     0x64bd0b84b5e3 - macro_tests::fail::he573099344370279
[INFO] [stdout]                                at /opt/rustwide/workdir/tests/macro_tests.rs:11:1
[INFO] [stdout]   22:     0x64bd0b84b577 - macro_tests::fail::{{closure}}::h8aee937a69e698b5
[INFO] [stdout]                                at /opt/rustwide/workdir/tests/macro_tests.rs:8:10
[INFO] [stdout]   23:     0x64bd0b84abe6 - core::ops::function::FnOnce::call_once::h53fd4ff6d0138d61
[INFO] [stdout]                                at /rustc/df4ca44d3fbc9301ee17f30f4d474e6ae4b05252/library/core/src/ops/function.rs:250:5
[INFO] [stdout]   24:     0x64bd0bb435db - core::ops::function::FnOnce::call_once::h22c3ba5715e93f05
[INFO] [stdout]                                at /rustc/df4ca44d3fbc9301ee17f30f4d474e6ae4b05252/library/core/src/ops/function.rs:250:5
[INFO] [stdout]   25:     0x64bd0bb435db - test::__rust_begin_short_backtrace::h8e82d8113d0da17f
[INFO] [stdout]                                at /rustc/df4ca44d3fbc9301ee17f30f4d474e6ae4b05252/library/test/src/lib.rs:621:18
[INFO] [stdout]   26:     0x64bd0bb42f57 - test::run_test_in_process::{{closure}}::h33235f4f20b7b7c7
[INFO] [stdout]                                at /rustc/df4ca44d3fbc9301ee17f30f4d474e6ae4b05252/library/test/src/lib.rs:644:60
[INFO] [stdout]   27:     0x64bd0bb42f57 - <core::panic::unwind_safe::AssertUnwindSafe<F> as core::ops::function::FnOnce<()>>::call_once::hb5043206310c586f
[INFO] [stdout]                                at /rustc/df4ca44d3fbc9301ee17f30f4d474e6ae4b05252/library/core/src/panic/unwind_safe.rs:272:9
[INFO] [stdout]   28:     0x64bd0bb42f57 - std::panicking::try::do_call::h9ad4731a60ab23e2
[INFO] [stdout]                                at /rustc/df4ca44d3fbc9301ee17f30f4d474e6ae4b05252/library/std/src/panicking.rs:557:40
[INFO] [stdout]   29:     0x64bd0bb42f57 - std::panicking::try::h3824d23db772a716
[INFO] [stdout]                                at /rustc/df4ca44d3fbc9301ee17f30f4d474e6ae4b05252/library/std/src/panicking.rs:520:19
[INFO] [stdout]   30:     0x64bd0bb42f57 - std::panic::catch_unwind::h5afd514605fde46b
[INFO] [stdout]                                at /rustc/df4ca44d3fbc9301ee17f30f4d474e6ae4b05252/library/std/src/panic.rs:358:14
[INFO] [stdout]   31:     0x64bd0bb42f57 - test::run_test_in_process::h0d5cbfa7067d1720
[INFO] [stdout]                                at /rustc/df4ca44d3fbc9301ee17f30f4d474e6ae4b05252/library/test/src/lib.rs:644:27
[INFO] [stdout]   32:     0x64bd0bb42f57 - test::run_test::{{closure}}::h708eb8872708115d
[INFO] [stdout]                                at /rustc/df4ca44d3fbc9301ee17f30f4d474e6ae4b05252/library/test/src/lib.rs:565:43
[INFO] [stdout]   33:     0x64bd0bb06674 - test::run_test::{{closure}}::h392c51cee94713ab
[INFO] [stdout]                                at /rustc/df4ca44d3fbc9301ee17f30f4d474e6ae4b05252/library/test/src/lib.rs:595:41
[INFO] [stdout]   34:     0x64bd0bb06674 - std::sys::backtrace::__rust_begin_short_backtrace::h2f40290710935a8b
[INFO] [stdout]                                at /rustc/df4ca44d3fbc9301ee17f30f4d474e6ae4b05252/library/std/src/sys/backtrace.rs:154:18
[INFO] [stdout]   35:     0x64bd0bb09e1e - std::thread::Builder::spawn_unchecked_::{{closure}}::{{closure}}::h3fd968d89053a903
[INFO] [stdout]                                at /rustc/df4ca44d3fbc9301ee17f30f4d474e6ae4b05252/library/std/src/thread/mod.rs:541:17
[INFO] [stdout]   36:     0x64bd0bb09e1e - <core::panic::unwind_safe::AssertUnwindSafe<F> as core::ops::function::FnOnce<()>>::call_once::h743f637ba4229880
[INFO] [stdout]                                at /rustc/df4ca44d3fbc9301ee17f30f4d474e6ae4b05252/library/core/src/panic/unwind_safe.rs:272:9
[INFO] [stdout]   37:     0x64bd0bb09e1e - std::panicking::try::do_call::h07440897322525a6
[INFO] [stdout]                                at /rustc/df4ca44d3fbc9301ee17f30f4d474e6ae4b05252/library/std/src/panicking.rs:557:40
[INFO] [stdout]   38:     0x64bd0bb09e1e - std::panicking::try::he5a2e00188156637
[INFO] [stdout]                                at /rustc/df4ca44d3fbc9301ee17f30f4d474e6ae4b05252/library/std/src/panicking.rs:520:19
[INFO] [stdout]   39:     0x64bd0bb09e1e - std::panic::catch_unwind::hbaf3cae49b3c6433
[INFO] [stdout]                                at /rustc/df4ca44d3fbc9301ee17f30f4d474e6ae4b05252/library/std/src/panic.rs:358:14
[INFO] [stdout]   40:     0x64bd0bb09e1e - std::thread::Builder::spawn_unchecked_::{{closure}}::h8e141ea224820bce
[INFO] [stdout]                                at /rustc/df4ca44d3fbc9301ee17f30f4d474e6ae4b05252/library/std/src/thread/mod.rs:540:30
[INFO] [stdout]   41:     0x64bd0bb09e1e - core::ops::function::FnOnce::call_once{{vtable.shim}}::h90d312fedd7b8ea8
[INFO] [stdout]                                at /rustc/df4ca44d3fbc9301ee17f30f4d474e6ae4b05252/library/core/src/ops/function.rs:250:5
[INFO] [stdout]   42:     0x64bd0bb7d6cb - <alloc::boxed::Box<F,A> as core::ops::function::FnOnce<Args>>::call_once::h69aa08ddb6adb8b6
[INFO] [stdout]                                at /rustc/df4ca44d3fbc9301ee17f30f4d474e6ae4b05252/library/alloc/src/boxed.rs:2454:9
[INFO] [stdout]   43:     0x64bd0bb7d6cb - <alloc::boxed::Box<F,A> as core::ops::function::FnOnce<Args>>::call_once::h5aa36efdb79c806f
[INFO] [stdout]                                at /rustc/df4ca44d3fbc9301ee17f30f4d474e6ae4b05252/library/alloc/src/boxed.rs:2454:9
[INFO] [stdout]   44:     0x64bd0bb7d6cb - std::sys::pal::unix::thread::Thread::new::thread_start::h6cd80a1b4be5158d
[INFO] [stdout]                                at /rustc/df4ca44d3fbc9301ee17f30f4d474e6ae4b05252/library/std/src/sys/pal/unix/thread.rs:105:17
[INFO] [stdout]   45:     0x731df0628ac3 - <unknown>
[INFO] [stdout]   46:     0x731df06b9a04 - clone
[INFO] [stdout]   47:                0x0 - <unknown>
[INFO] [stdout] 
[INFO] [stdout] ---- success stdout ----
[INFO] [stdout] thread 'success' panicked at /opt/rustwide/cargo-home/registry/src/index.crates.io-6f17d22bba15001f/trybuild-1.0.101/src/run.rs:61:13:
[INFO] [stdout] tests failed
[INFO] [stdout] stack backtrace:
[INFO] [stdout]    0:     0x64bd0bb7677a - std::backtrace_rs::backtrace::libunwind::trace::h207520d6e9873551
[INFO] [stdout]                                at /rustc/df4ca44d3fbc9301ee17f30f4d474e6ae4b05252/library/std/src/../../backtrace/src/backtrace/libunwind.rs:116:5
[INFO] [stdout]    1:     0x64bd0bb7677a - std::backtrace_rs::backtrace::trace_unsynchronized::h2ed7433f370e3eca
[INFO] [stdout]                                at /rustc/df4ca44d3fbc9301ee17f30f4d474e6ae4b05252/library/std/src/../../backtrace/src/backtrace/mod.rs:66:5
[INFO] [stdout]    2:     0x64bd0bb7677a - std::sys::backtrace::_print_fmt::h916fac51166b18d7
[INFO] [stdout]                                at /rustc/df4ca44d3fbc9301ee17f30f4d474e6ae4b05252/library/std/src/sys/backtrace.rs:66:9
[INFO] [stdout]    3:     0x64bd0bb7677a - <std::sys::backtrace::BacktraceLock::print::DisplayBacktrace as core::fmt::Display>::fmt::ha0a4c9b8ce3802e6
[INFO] [stdout]                                at /rustc/df4ca44d3fbc9301ee17f30f4d474e6ae4b05252/library/std/src/sys/backtrace.rs:39:26
[INFO] [stdout]    4:     0x64bd0bba0c23 - core::fmt::rt::Argument::fmt::h4cfc8587d52b3eb5
[INFO] [stdout]                                at /rustc/df4ca44d3fbc9301ee17f30f4d474e6ae4b05252/library/core/src/fmt/rt.rs:177:76
[INFO] [stdout]    5:     0x64bd0bba0c23 - core::fmt::write::h522cc39e5b36ae9f
[INFO] [stdout]                                at /rustc/df4ca44d3fbc9301ee17f30f4d474e6ae4b05252/library/core/src/fmt/mod.rs:1190:21
[INFO] [stdout]    6:     0x64bd0bb727b3 - std::io::Write::write_fmt::h7d3c26752da97734
[INFO] [stdout]                                at /rustc/df4ca44d3fbc9301ee17f30f4d474e6ae4b05252/library/std/src/io/mod.rs:1839:15
[INFO] [stdout]    7:     0x64bd0bb765c2 - std::sys::backtrace::BacktraceLock::print::h4b9e00b29e9c0942
[INFO] [stdout]                                at /rustc/df4ca44d3fbc9301ee17f30f4d474e6ae4b05252/library/std/src/sys/backtrace.rs:42:9
[INFO] [stdout]    8:     0x64bd0bb7820a - std::panicking::default_hook::{{closure}}::hb59b88280d0324d9
[INFO] [stdout]                                at /rustc/df4ca44d3fbc9301ee17f30f4d474e6ae4b05252/library/std/src/panicking.rs:268:22
[INFO] [stdout]    9:     0x64bd0bb78014 - std::panicking::default_hook::he1dd496665be4a29
[INFO] [stdout]                                at /rustc/df4ca44d3fbc9301ee17f30f4d474e6ae4b05252/library/std/src/panicking.rs:292:9
[INFO] [stdout]   10:     0x64bd0bb3ed09 - <alloc::boxed::Box<F,A> as core::ops::function::Fn<Args>>::call::h4ff71de18744e1dc
[INFO] [stdout]                                at /rustc/df4ca44d3fbc9301ee17f30f4d474e6ae4b05252/library/alloc/src/boxed.rs:2468:9
[INFO] [stdout]   11:     0x64bd0bb3ed09 - test::test_main::{{closure}}::hcf7c055ce117aa81
[INFO] [stdout]                                at /rustc/df4ca44d3fbc9301ee17f30f4d474e6ae4b05252/library/test/src/lib.rs:133:21
[INFO] [stdout]   12:     0x64bd0bb78908 - <alloc::boxed::Box<F,A> as core::ops::function::Fn<Args>>::call::h1d66c6bbd60c9692
[INFO] [stdout]                                at /rustc/df4ca44d3fbc9301ee17f30f4d474e6ae4b05252/library/alloc/src/boxed.rs:2468:9
[INFO] [stdout]   13:     0x64bd0bb78908 - std::panicking::rust_panic_with_hook::h2ff17fe8f26dfcf8
[INFO] [stdout]                                at /rustc/df4ca44d3fbc9301ee17f30f4d474e6ae4b05252/library/std/src/panicking.rs:809:13
[INFO] [stdout]   14:     0x64bd0bb78696 - std::panicking::begin_panic_handler::{{closure}}::h4fad77951c07e101
[INFO] [stdout]                                at /rustc/df4ca44d3fbc9301ee17f30f4d474e6ae4b05252/library/std/src/panicking.rs:667:13
[INFO] [stdout]   15:     0x64bd0bb76c59 - std::sys::backtrace::__rust_end_short_backtrace::hb1a25b3da5d0ea08
[INFO] [stdout]                                at /rustc/df4ca44d3fbc9301ee17f30f4d474e6ae4b05252/library/std/src/sys/backtrace.rs:170:18
[INFO] [stdout]   16:     0x64bd0bb7835c - rust_begin_unwind
[INFO] [stdout]                                at /rustc/df4ca44d3fbc9301ee17f30f4d474e6ae4b05252/library/std/src/panicking.rs:665:5
[INFO] [stdout]   17:     0x64bd0bb9efd0 - core::panicking::panic_fmt::ha9db07b529f9b256
[INFO] [stdout]                                at /rustc/df4ca44d3fbc9301ee17f30f4d474e6ae4b05252/library/core/src/panicking.rs:75:14
[INFO] [stdout]   18:     0x64bd0b969fd3 - trybuild::run::<impl trybuild::Runner>::run::{{closure}}::hb5b30f0d5085bf47
[INFO] [stdout]                                at /opt/rustwide/cargo-home/registry/src/index.crates.io-6f17d22bba15001f/trybuild-1.0.101/src/run.rs:61:13
[INFO] [stdout]   19:     0x64bd0b9520f9 - core::result::Result<T,E>::unwrap_or_else::h907f8cfcdbfa2db9
[INFO] [stdout]                                at /rustc/df4ca44d3fbc9301ee17f30f4d474e6ae4b05252/library/core/src/result.rs:1457:23
[INFO] [stdout]   20:     0x64bd0b857c83 - trybuild::run::<impl trybuild::Runner>::run::h8b42d7f80f6168c7
[INFO] [stdout]                                at /opt/rustwide/cargo-home/registry/src/index.crates.io-6f17d22bba15001f/trybuild-1.0.101/src/run.rs:53:32
[INFO] [stdout]   21:     0x64bd0b85db38 - <trybuild::TestCases as core::ops::drop::Drop>::drop::h990bf91f7fc2e9ad
[INFO] [stdout]                                at /opt/rustwide/cargo-home/registry/src/index.crates.io-6f17d22bba15001f/trybuild-1.0.101/src/lib.rs:340:13
[INFO] [stdout]   22:     0x64bd0b84acb7 - core::ptr::drop_in_place<trybuild::TestCases>::h915b44e45b655eaa
[INFO] [stdout]                                at /rustc/df4ca44d3fbc9301ee17f30f4d474e6ae4b05252/library/core/src/ptr/mod.rs:521:1
[INFO] [stdout]   23:     0x64bd0b84b543 - macro_tests::success::hd5fcc71b4e23a808
[INFO] [stdout]                                at /opt/rustwide/workdir/tests/macro_tests.rs:5:1
[INFO] [stdout]   24:     0x64bd0b84b4d7 - macro_tests::success::{{closure}}::h400200be50b4f035
[INFO] [stdout]                                at /opt/rustwide/workdir/tests/macro_tests.rs:2:13
[INFO] [stdout]   25:     0x64bd0b84ac66 - core::ops::function::FnOnce::call_once::hc697c00111e909eb
[INFO] [stdout]                                at /rustc/df4ca44d3fbc9301ee17f30f4d474e6ae4b05252/library/core/src/ops/function.rs:250:5
[INFO] [stdout]   26:     0x64bd0bb435db - core::ops::function::FnOnce::call_once::h22c3ba5715e93f05
[INFO] [stdout]                                at /rustc/df4ca44d3fbc9301ee17f30f4d474e6ae4b05252/library/core/src/ops/function.rs:250:5
[INFO] [stdout]   27:     0x64bd0bb435db - test::__rust_begin_short_backtrace::h8e82d8113d0da17f
[INFO] [stdout]                                at /rustc/df4ca44d3fbc9301ee17f30f4d474e6ae4b05252/library/test/src/lib.rs:621:18
[INFO] [stdout]   28:     0x64bd0bb42f57 - test::run_test_in_process::{{closure}}::h33235f4f20b7b7c7
[INFO] [stdout]                                at /rustc/df4ca44d3fbc9301ee17f30f4d474e6ae4b05252/library/test/src/lib.rs:644:60
[INFO] [stdout]   29:     0x64bd0bb42f57 - <core::panic::unwind_safe::AssertUnwindSafe<F> as core::ops::function::FnOnce<()>>::call_once::hb5043206310c586f
[INFO] [stdout]                                at /rustc/df4ca44d3fbc9301ee17f30f4d474e6ae4b05252/library/core/src/panic/unwind_safe.rs:272:9
[INFO] [stdout]   30:     0x64bd0bb42f57 - std::panicking::try::do_call::h9ad4731a60ab23e2
[INFO] [stdout]                                at /rustc/df4ca44d3fbc9301ee17f30f4d474e6ae4b05252/library/std/src/panicking.rs:557:40
[INFO] [stdout]   31:     0x64bd0bb42f57 - std::panicking::try::h3824d23db772a716
[INFO] [stdout]                                at /rustc/df4ca44d3fbc9301ee17f30f4d474e6ae4b05252/library/std/src/panicking.rs:520:19
[INFO] [stdout]   32:     0x64bd0bb42f57 - std::panic::catch_unwind::h5afd514605fde46b
[INFO] [stdout]                                at /rustc/df4ca44d3fbc9301ee17f30f4d474e6ae4b05252/library/std/src/panic.rs:358:14
[INFO] [stdout]   33:     0x64bd0bb42f57 - test::run_test_in_process::h0d5cbfa7067d1720
[INFO] [stdout]                                at /rustc/df4ca44d3fbc9301ee17f30f4d474e6ae4b05252/library/test/src/lib.rs:644:27
[INFO] [stdout]   34:     0x64bd0bb42f57 - test::run_test::{{closure}}::h708eb8872708115d
[INFO] [stdout]                                at /rustc/df4ca44d3fbc9301ee17f30f4d474e6ae4b05252/library/test/src/lib.rs:565:43
[INFO] [stdout]   35:     0x64bd0bb06674 - test::run_test::{{closure}}::h392c51cee94713ab
[INFO] [stdout]                                at /rustc/df4ca44d3fbc9301ee17f30f4d474e6ae4b05252/library/test/src/lib.rs:595:41
[INFO] [stdout]   36:     0x64bd0bb06674 - std::sys::backtrace::__rust_begin_short_backtrace::h2f40290710935a8b
[INFO] [stdout]                                at /rustc/df4ca44d3fbc9301ee17f30f4d474e6ae4b05252/library/std/src/sys/backtrace.rs:154:18
[INFO] [stdout]   37:     0x64bd0bb09e1e - std::thread::Builder::spawn_unchecked_::{{closure}}::{{closure}}::h3fd968d89053a903
[INFO] [stdout]                                at /rustc/df4ca44d3fbc9301ee17f30f4d474e6ae4b05252/library/std/src/thread/mod.rs:541:17
[INFO] [stdout]   38:     0x64bd0bb09e1e - <core::panic::unwind_safe::AssertUnwindSafe<F> as core::ops::function::FnOnce<()>>::call_once::h743f637ba4229880
[INFO] [stdout]                                at /rustc/df4ca44d3fbc9301ee17f30f4d474e6ae4b05252/library/core/src/panic/unwind_safe.rs:272:9
[INFO] [stdout]   39:     0x64bd0bb09e1e - std::panicking::try::do_call::h07440897322525a6
[INFO] [stdout]                                at /rustc/df4ca44d3fbc9301ee17f30f4d474e6ae4b05252/library/std/src/panicking.rs:557:40
[INFO] [stdout]   40:     0x64bd0bb09e1e - std::panicking::try::he5a2e00188156637
[INFO] [stdout]                                at /rustc/df4ca44d3fbc9301ee17f30f4d474e6ae4b05252/library/std/src/panicking.rs:520:19
[INFO] [stdout]   41:     0x64bd0bb09e1e - std::panic::catch_unwind::hbaf3cae49b3c6433
[INFO] [stdout]                                at /rustc/df4ca44d3fbc9301ee17f30f4d474e6ae4b05252/library/std/src/panic.rs:358:14
[INFO] [stdout]   42:     0x64bd0bb09e1e - std::thread::Builder::spawn_unchecked_::{{closure}}::h8e141ea224820bce
[INFO] [stdout]                                at /rustc/df4ca44d3fbc9301ee17f30f4d474e6ae4b05252/library/std/src/thread/mod.rs:540:30
[INFO] [stdout]   43:     0x64bd0bb09e1e - core::ops::function::FnOnce::call_once{{vtable.shim}}::h90d312fedd7b8ea8
[INFO] [stdout]                                at /rustc/df4ca44d3fbc9301ee17f30f4d474e6ae4b05252/library/core/src/ops/function.rs:250:5
[INFO] [stdout]   44:     0x64bd0bb7d6cb - <alloc::boxed::Box<F,A> as core::ops::function::FnOnce<Args>>::call_once::h69aa08ddb6adb8b6
[INFO] [stdout]                                at /rustc/df4ca44d3fbc9301ee17f30f4d474e6ae4b05252/library/alloc/src/boxed.rs:2454:9
[INFO] [stdout]   45:     0x64bd0bb7d6cb - <alloc::boxed::Box<F,A> as core::ops::function::FnOnce<Args>>::call_once::h5aa36efdb79c806f
[INFO] [stdout]                                at /rustc/df4ca44d3fbc9301ee17f30f4d474e6ae4b05252/library/alloc/src/boxed.rs:2454:9
[INFO] [stdout]   46:     0x64bd0bb7d6cb - std::sys::pal::unix::thread::Thread::new::thread_start::h6cd80a1b4be5158d
[INFO] [stdout]                                at /rustc/df4ca44d3fbc9301ee17f30f4d474e6ae4b05252/library/std/src/sys/pal/unix/thread.rs:105:17
[INFO] [stdout]   47:     0x731df0628ac3 - <unknown>
[INFO] [stdout]   48:     0x731df06b9a04 - clone
[INFO] [stdout]   49:                0x0 - <unknown>
[INFO] [stdout] 
[INFO] [stdout] 
[INFO] [stdout] failures:
[INFO] [stdout]     fail
[INFO] [stdout]     success
[INFO] [stdout] 
[INFO] [stdout] test result: FAILED. 0 passed; 2 failed; 0 ignored; 0 measured; 0 filtered out; finished in 172.27s
[INFO] [stdout] 
[INFO] running `Command { std: "docker" "inspect" "7fb6a91a445352b8898355dffed117a42f97010201c0d3ab7822f3ac81e7d997", kill_on_drop: false }`
[INFO] running `Command { std: "docker" "rm" "-f" "7fb6a91a445352b8898355dffed117a42f97010201c0d3ab7822f3ac81e7d997", kill_on_drop: false }`
[INFO] [stdout] 7fb6a91a445352b8898355dffed117a42f97010201c0d3ab7822f3ac81e7d997
