[INFO] fetching crate bevy_2dviewangle 0.8.1...
[INFO] testing bevy_2dviewangle-0.8.1 against nightly-2024-10-28 for randomize-layout
[INFO] extracting crate bevy_2dviewangle 0.8.1 into /workspace/builds/worker-5-tc1/source
[INFO] validating manifest of crates.io crate bevy_2dviewangle 0.8.1 on toolchain nightly-2024-10-28
[INFO] running `Command { std: CARGO_HOME="/workspace/cargo-home" RUSTUP_HOME="/workspace/rustup-home" "/workspace/cargo-home/bin/cargo" "+nightly-2024-10-28" "metadata" "--manifest-path" "Cargo.toml" "--no-deps", kill_on_drop: false }`
[INFO] started tweaking crates.io crate bevy_2dviewangle 0.8.1
[INFO] finished tweaking crates.io crate bevy_2dviewangle 0.8.1
[INFO] tweaked toml for crates.io crate bevy_2dviewangle 0.8.1 written to /workspace/builds/worker-5-tc1/source/Cargo.toml
[INFO] crate crates.io crate bevy_2dviewangle 0.8.1 already has a lockfile, it will not be regenerated
[INFO] running `Command { std: CARGO_HOME="/workspace/cargo-home" RUSTUP_HOME="/workspace/rustup-home" "/workspace/cargo-home/bin/cargo" "+nightly-2024-10-28" "fetch" "--manifest-path" "Cargo.toml", kill_on_drop: false }`
[INFO] [stderr]     Updating crates.io index
[INFO] [stderr]  Downloading crates ...
[INFO] [stderr]   Downloaded wayland-protocols-plasma v0.2.0
[INFO] [stderr]   Downloaded wayland-scanner v0.31.3
[INFO] [stderr]   Downloaded wayland-sys v0.31.3
[INFO] [stderr]   Downloaded bevy_2dviewangle_macro v0.5.0
[INFO] [stderr]   Downloaded bevy_dylib v0.14.0
[INFO] [stderr]   Downloaded path-slash v0.2.1
[INFO] [stderr]   Downloaded thiserror-impl v1.0.62
[INFO] [stderr]   Downloaded calloop-wayland-source v0.2.0
[INFO] [stderr]   Downloaded thiserror v1.0.62
[INFO] [stderr]   Downloaded bevy_asset_loader_derive v0.21.0
[INFO] [stderr]   Downloaded wayland-backend v0.3.5
[INFO] [stderr]   Downloaded sctk-adwaita v0.9.1
[INFO] [stderr]   Downloaded toml_edit v0.22.15
[INFO] [stderr]   Downloaded wayland-protocols v0.31.2
[INFO] [stderr]   Downloaded calloop v0.12.4
[INFO] [stderr]   Downloaded winnow v0.6.13
[INFO] [stderr]   Downloaded smithay-client-toolkit v0.18.1
[INFO] [stderr]   Downloaded wayland-client v0.31.4
[INFO] [stderr]   Downloaded wayland-protocols-wlr v0.2.0
[INFO] [stderr]   Downloaded wayland-cursor v0.31.4
[INFO] [stderr]   Downloaded winit v0.30.3
[INFO] [stderr]   Downloaded bevy_asset_loader v0.21.0
[INFO] [stderr]   Downloaded bevy_sprite3d v3.0.0
[INFO] running `Command { std: "docker" "create" "-v" "/var/lib/crater-agent-workspace/builds/worker-5-tc1/target:/opt/rustwide/target:rw,Z" "-v" "/var/lib/crater-agent-workspace/builds/worker-5-tc1/source:/opt/rustwide/workdir:ro,Z" "-v" "/var/lib/crater-agent-workspace/cargo-home:/opt/rustwide/cargo-home:ro,Z" "-v" "/var/lib/crater-agent-workspace/rustup-home:/opt/rustwide/rustup-home:ro,Z" "-e" "SOURCE_DIR=/opt/rustwide/workdir" "-e" "CARGO_TARGET_DIR=/opt/rustwide/target" "-e" "CARGO_HOME=/opt/rustwide/cargo-home" "-e" "RUSTUP_HOME=/opt/rustwide/rustup-home" "-w" "/opt/rustwide/workdir" "-m" "1610612736" "--user" "0:0" "--network" "none" "ghcr.io/rust-lang/crates-build-env/linux@sha256:4a844ea9eb2546a2d2c7022eacef16ef2e8229c7fbb2c7d4d55a9ceca922f72d" "/opt/rustwide/cargo-home/bin/cargo" "+nightly-2024-10-28" "metadata" "--no-deps" "--format-version=1", kill_on_drop: false }`
[INFO] [stdout] 41eff4ad545613852106f6a0348b2efdde1e70827518e71f8f7015e426b9a288
[INFO] running `Command { std: "docker" "start" "-a" "41eff4ad545613852106f6a0348b2efdde1e70827518e71f8f7015e426b9a288", kill_on_drop: false }`
[INFO] running `Command { std: "docker" "inspect" "41eff4ad545613852106f6a0348b2efdde1e70827518e71f8f7015e426b9a288", kill_on_drop: false }`
[INFO] running `Command { std: "docker" "rm" "-f" "41eff4ad545613852106f6a0348b2efdde1e70827518e71f8f7015e426b9a288", kill_on_drop: false }`
[INFO] [stdout] 41eff4ad545613852106f6a0348b2efdde1e70827518e71f8f7015e426b9a288
[INFO] running `Command { std: "docker" "create" "-v" "/var/lib/crater-agent-workspace/builds/worker-5-tc1/target:/opt/rustwide/target:rw,Z" "-v" "/var/lib/crater-agent-workspace/builds/worker-5-tc1/source:/opt/rustwide/workdir:ro,Z" "-v" "/var/lib/crater-agent-workspace/cargo-home:/opt/rustwide/cargo-home:ro,Z" "-v" "/var/lib/crater-agent-workspace/rustup-home:/opt/rustwide/rustup-home:ro,Z" "-e" "SOURCE_DIR=/opt/rustwide/workdir" "-e" "CARGO_TARGET_DIR=/opt/rustwide/target" "-e" "CARGO_INCREMENTAL=0" "-e" "RUST_BACKTRACE=full" "-e" "RUSTFLAGS=--cap-lints=forbid" "-e" "RUSTDOCFLAGS=--cap-lints=forbid" "-e" "CARGO_HOME=/opt/rustwide/cargo-home" "-e" "RUSTUP_HOME=/opt/rustwide/rustup-home" "-w" "/opt/rustwide/workdir" "-m" "1610612736" "--user" "0:0" "--network" "none" "ghcr.io/rust-lang/crates-build-env/linux@sha256:4a844ea9eb2546a2d2c7022eacef16ef2e8229c7fbb2c7d4d55a9ceca922f72d" "/opt/rustwide/cargo-home/bin/cargo" "+nightly-2024-10-28" "build" "--frozen" "--message-format=json", kill_on_drop: false }`
[INFO] [stdout] 8712da5b7988e3b66d8a5386aa64b52304a74ed4065e06f565c2da75f04fc0e0
[INFO] running `Command { std: "docker" "start" "-a" "8712da5b7988e3b66d8a5386aa64b52304a74ed4065e06f565c2da75f04fc0e0", kill_on_drop: false }`
[INFO] [stderr]    Compiling unicode-ident v1.0.12
[INFO] [stderr]    Compiling serde v1.0.204
[INFO] [stderr]    Compiling libc v0.2.155
[INFO] [stderr]    Compiling autocfg v1.3.0
[INFO] [stderr]    Compiling pin-project-lite v0.2.14
[INFO] [stderr]    Compiling zerocopy v0.7.35
[INFO] [stderr]    Compiling allocator-api2 v0.2.18
[INFO] [stderr]    Compiling ahash v0.8.11
[INFO] [stderr]    Compiling proc-macro2 v1.0.86
[INFO] [stderr]    Compiling hashbrown v0.14.5
[INFO] [stderr]    Compiling toml_datetime v0.6.6
[INFO] [stderr]    Compiling winnow v0.6.13
[INFO] [stderr]    Compiling thiserror v1.0.62
[INFO] [stderr]    Compiling smallvec v1.13.2
[INFO] [stderr]    Compiling parking v2.2.0
[INFO] [stderr]    Compiling concurrent-queue v2.5.0
[INFO] [stderr]    Compiling quote v1.0.36
[INFO] [stderr]    Compiling tracing-core v0.1.32
[INFO] [stderr]    Compiling rand_core v0.6.4
[INFO] [stderr]    Compiling syn v2.0.71
[INFO] [stderr]    Compiling indexmap v2.2.6
[INFO] [stderr]    Compiling rand v0.8.5
[INFO] [stderr]    Compiling futures-core v0.3.30
[INFO] [stderr]    Compiling futures-io v0.3.30
[INFO] [stderr]    Compiling getrandom v0.2.15
[INFO] [stderr]    Compiling fastrand v2.1.0
[INFO] [stderr]    Compiling thread_local v1.1.8
[INFO] [stderr]    Compiling futures-lite v2.3.0
[INFO] [stderr]    Compiling slab v0.4.9
[INFO] [stderr]    Compiling async-task v4.7.1
[INFO] [stderr]    Compiling web-time v1.1.0
[INFO] [stderr]    Compiling typeid v1.0.0
[INFO] [stderr]    Compiling downcast-rs v1.2.1
[INFO] [stderr]    Compiling bevy_ptr v0.14.0
[INFO] [stderr]    Compiling smol_str v0.2.2
[INFO] [stderr]    Compiling fixedbitset v0.4.2
[INFO] [stderr]    Compiling nonmax v0.5.5
[INFO] [stderr]    Compiling uuid v1.10.0
[INFO] [stderr]    Compiling fixedbitset v0.5.7
[INFO] [stderr]    Compiling num-traits v0.2.19
[INFO] [stderr]    Compiling cfg_aliases v0.1.1
[INFO] [stderr]    Compiling lock_api v0.4.12
[INFO] [stderr]    Compiling arrayvec v0.7.4
[INFO] [stderr]    Compiling toml_edit v0.22.15
[INFO] [stderr]    Compiling event-listener v5.3.1
[INFO] [stderr]    Compiling unicode-width v0.1.13
[INFO] [stderr]    Compiling async-executor v1.13.0
[INFO] [stderr]    Compiling bit-vec v0.6.3
[INFO] [stderr]    Compiling codespan-reporting v0.11.1
[INFO] [stderr]    Compiling bevy_tasks v0.14.0
[INFO] [stderr]    Compiling bit-set v0.5.3
[INFO] [stderr]    Compiling event-listener-strategy v0.5.2
[INFO] [stderr]    Compiling parking_lot_core v0.9.10
[INFO] [stderr]    Compiling ash v0.37.3+1.3.251
[INFO] [stderr]    Compiling khronos-egl v6.0.0
[INFO] [stderr]    Compiling unicode-xid v0.2.4
[INFO] [stderr]    Compiling rustc-hash v1.1.0
[INFO] [stderr]    Compiling regex-syntax v0.8.4
[INFO] [stderr]    Compiling hexf-parse v0.2.1
[INFO] [stderr]    Compiling parking_lot v0.12.3
[INFO] [stderr]    Compiling wgpu-hal v0.21.1
[INFO] [stderr]    Compiling libloading v0.8.4
[INFO] [stderr]    Compiling libloading v0.7.4
[INFO] [stderr]    Compiling atomic-waker v1.1.2
[INFO] [stderr]    Compiling cc v1.1.5
[INFO] [stderr]    Compiling raw-window-handle v0.6.2
[INFO] [stderr]    Compiling piper v0.2.3
[INFO] [stderr]    Compiling async-channel v2.3.1
[INFO] [stderr]    Compiling wgpu-core v0.21.1
[INFO] [stderr]    Compiling glow v0.13.1
[INFO] [stderr]    Compiling litrs v0.4.1
[INFO] [stderr]    Compiling profiling v1.0.15
[INFO] [stderr]    Compiling renderdoc-sys v1.1.0
[INFO] [stderr]    Compiling blocking v1.6.1
[INFO] [stderr]    Compiling document-features v0.2.10
[INFO] [stderr]    Compiling async-lock v3.4.0
[INFO] [stderr]    Compiling bevy_macro_utils v0.14.0
[INFO] [stderr]    Compiling encase_derive_impl v0.8.0
[INFO] [stderr]    Compiling blake3 v1.5.3
[INFO] [stderr]    Compiling regex-automata v0.4.7
[INFO] [stderr]    Compiling wgpu v0.20.1
[INFO] [stderr]    Compiling accesskit v0.14.0
[INFO] [stderr]    Compiling arrayref v0.3.7
[INFO] [stderr]    Compiling constant_time_eq v0.3.0
[INFO] [stderr]    Compiling const_soft_float v0.1.4
[INFO] [stderr]    Compiling const_panic v0.2.8
[INFO] [stderr]    Compiling constgebra v0.1.4
[INFO] [stderr]    Compiling async-broadcast v0.5.1
[INFO] [stderr]    Compiling async-fs v2.1.2
[INFO] [stderr]    Compiling data-encoding v2.6.0
[INFO] [stderr]    Compiling byteorder v1.5.0
[INFO] [stderr]    Compiling const-fnv1a-hash v1.1.0
[INFO] [stderr]    Compiling static_assertions v1.1.0
[INFO] [stderr]    Compiling regex-syntax v0.6.29
[INFO] [stderr]    Compiling overload v0.1.1
[INFO] [stderr]    Compiling radsort v0.1.0
[INFO] [stderr]    Compiling serde_derive v1.0.204
[INFO] [stderr]    Compiling thiserror-impl v1.0.62
[INFO] [stderr]    Compiling bytemuck_derive v1.7.0
[INFO] [stderr]    Compiling tracing-attributes v0.1.27
[INFO] [stderr]    Compiling bevy_utils_proc_macros v0.14.0
[INFO] [stderr]    Compiling bevy_reflect_derive v0.14.0
[INFO] [stderr]    Compiling bytemuck v1.16.1
[INFO] [stderr]    Compiling bevy_ecs_macros v0.14.0
[INFO] [stderr]    Compiling tracing v0.1.40
[INFO] [stderr]    Compiling bevy_derive v0.14.0
[INFO] [stderr]    Compiling regex v1.10.5
[INFO] [stderr]    Compiling encase_derive v0.8.0
[INFO] [stderr]    Compiling bevy_asset_macros v0.14.0
[INFO] [stderr]    Compiling image v0.25.1
[INFO] [stderr]    Compiling bevy_render_macros v0.14.0
[INFO] [stderr]    Compiling bevy_encase_derive v0.14.0
[INFO] [stderr]    Compiling regex-automata v0.1.10
[INFO] [stderr]    Compiling sharded-slab v0.1.7
[INFO] [stderr]    Compiling nu-ansi-term v0.46.0
[INFO] [stderr]    Compiling euclid v0.22.10
[INFO] [stderr]    Compiling tracing-log v0.2.0
[INFO] [stderr]    Compiling svg_fmt v0.4.3
[INFO] [stderr]    Compiling bevy_state_macros v0.14.0
[INFO] [stderr]    Compiling rectangle-pack v0.4.2
[INFO] [stderr]    Compiling matchers v0.1.0
[INFO] [stderr]    Compiling tracing-subscriber v0.3.18
[INFO] [stderr]    Compiling bevy_2dviewangle_macro v0.5.0
[INFO] [stderr]    Compiling guillotiere v0.6.2
[INFO] [stderr]    Compiling bitflags v2.6.0
[INFO] [stderr]    Compiling glam v0.27.0
[INFO] [stderr]    Compiling erased-serde v0.4.5
[INFO] [stderr]    Compiling spirv v0.3.0+sdk-1.3.268.0
[INFO] [stderr]    Compiling gpu-alloc-types v0.3.0
[INFO] [stderr]    Compiling gpu-descriptor-types v0.2.0
[INFO] [stderr]    Compiling wgpu-types v0.20.0
[INFO] [stderr]    Compiling gpu-alloc v0.6.0
[INFO] [stderr]    Compiling ron v0.8.1
[INFO] [stderr]    Compiling bevy_utils v0.14.0
[INFO] [stderr]    Compiling gpu-descriptor v0.3.0
[INFO] [stderr]    Compiling petgraph v0.6.5
[INFO] [stderr]    Compiling naga v0.20.0
[INFO] [stderr]    Compiling bevy_reflect v0.14.0
[INFO] [stderr]    Compiling encase v0.8.0
[INFO] [stderr]    Compiling hexasphere v12.0.0
[INFO] [stderr]    Compiling bevy_mikktspace v0.14.0
[INFO] [stderr]    Compiling bevy_ecs v0.14.0
[INFO] [stderr]    Compiling bevy_math v0.14.0
[INFO] [stderr]    Compiling naga_oil v0.14.0
[INFO] [stderr]    Compiling bevy_color v0.14.1
[INFO] [stderr]    Compiling bevy_app v0.14.0
[INFO] [stderr]    Compiling bevy_core v0.14.0
[INFO] [stderr]    Compiling bevy_a11y v0.14.0
[INFO] [stderr]    Compiling bevy_time v0.14.0
[INFO] [stderr]    Compiling bevy_window v0.14.0
[INFO] [stderr]    Compiling bevy_asset v0.14.0
[INFO] [stderr]    Compiling bevy_hierarchy v0.14.0
[INFO] [stderr]    Compiling bevy_diagnostic v0.14.0
[INFO] [stderr]    Compiling bevy_transform v0.14.0
[INFO] [stderr]    Compiling bevy_state v0.14.0
[INFO] [stderr]    Compiling bevy_input v0.14.0
[INFO] [stderr]    Compiling bevy_log v0.14.0
[INFO] [stderr]    Compiling bevy_render v0.14.0
[INFO] [stderr]    Compiling bevy_core_pipeline v0.14.0
[INFO] [stderr]    Compiling bevy_pbr v0.14.0
[INFO] [stderr]    Compiling bevy_sprite v0.14.0
[INFO] [stderr]    Compiling bevy_internal v0.14.0
[INFO] [stderr]    Compiling bevy v0.14.0
[INFO] [stderr]    Compiling bevy_2dviewangle v0.8.1 (/opt/rustwide/workdir)
[INFO] [stderr]     Finished `dev` profile [unoptimized + debuginfo] target(s) in 1m 24s
[INFO] running `Command { std: "docker" "inspect" "8712da5b7988e3b66d8a5386aa64b52304a74ed4065e06f565c2da75f04fc0e0", kill_on_drop: false }`
[INFO] running `Command { std: "docker" "rm" "-f" "8712da5b7988e3b66d8a5386aa64b52304a74ed4065e06f565c2da75f04fc0e0", kill_on_drop: false }`
[INFO] [stdout] 8712da5b7988e3b66d8a5386aa64b52304a74ed4065e06f565c2da75f04fc0e0
[INFO] running `Command { std: "docker" "create" "-v" "/var/lib/crater-agent-workspace/builds/worker-5-tc1/target:/opt/rustwide/target:rw,Z" "-v" "/var/lib/crater-agent-workspace/builds/worker-5-tc1/source:/opt/rustwide/workdir:ro,Z" "-v" "/var/lib/crater-agent-workspace/cargo-home:/opt/rustwide/cargo-home:ro,Z" "-v" "/var/lib/crater-agent-workspace/rustup-home:/opt/rustwide/rustup-home:ro,Z" "-e" "SOURCE_DIR=/opt/rustwide/workdir" "-e" "CARGO_TARGET_DIR=/opt/rustwide/target" "-e" "CARGO_INCREMENTAL=0" "-e" "RUST_BACKTRACE=full" "-e" "RUSTFLAGS=--cap-lints=forbid" "-e" "RUSTDOCFLAGS=--cap-lints=forbid" "-e" "CARGO_HOME=/opt/rustwide/cargo-home" "-e" "RUSTUP_HOME=/opt/rustwide/rustup-home" "-w" "/opt/rustwide/workdir" "-m" "1610612736" "--user" "0:0" "--network" "none" "ghcr.io/rust-lang/crates-build-env/linux@sha256:4a844ea9eb2546a2d2c7022eacef16ef2e8229c7fbb2c7d4d55a9ceca922f72d" "/opt/rustwide/cargo-home/bin/cargo" "+nightly-2024-10-28" "test" "--frozen" "--no-run" "--message-format=json", kill_on_drop: false }`
[INFO] [stdout] c8e4f7325961ba4c80ad5f7b8bd8240710a267f41b7822671418e8e2e9c265e9
[INFO] running `Command { std: "docker" "start" "-a" "c8e4f7325961ba4c80ad5f7b8bd8240710a267f41b7822671418e8e2e9c265e9", kill_on_drop: false }`
[INFO] [stderr]    Compiling ahash v0.8.11
[INFO] [stderr]    Compiling bytemuck v1.16.1
[INFO] [stderr]    Compiling bitflags v2.6.0
[INFO] [stderr]    Compiling rustix v0.38.34
[INFO] [stderr]    Compiling linux-raw-sys v0.4.14
[INFO] [stderr]    Compiling pkg-config v0.3.30
[INFO] [stderr]    Compiling dlib v0.5.2
[INFO] [stderr]    Compiling wayland-backend v0.3.5
[INFO] [stderr]    Compiling memchr v2.7.4
[INFO] [stderr]    Compiling scoped-tls v1.0.1
[INFO] [stderr]    Compiling glam v0.27.0
[INFO] [stderr]    Compiling wayland-client v0.31.4
[INFO] [stderr]    Compiling spirv v0.3.0+sdk-1.3.268.0
[INFO] [stderr]    Compiling simd-adler32 v0.3.7
[INFO] [stderr]    Compiling hashbrown v0.14.5
[INFO] [stderr]    Compiling quick-xml v0.34.0
[INFO] [stderr]    Compiling gpu-descriptor-types v0.2.0
[INFO] [stderr]    Compiling wayland-sys v0.31.3
[INFO] [stderr]    Compiling wgpu-types v0.20.0
[INFO] [stderr]    Compiling gpu-alloc-types v0.3.0
[INFO] [stderr]    Compiling miniz_oxide v0.7.4
[INFO] [stderr]    Compiling wayland-scanner v0.31.3
[INFO] [stderr]    Compiling gpu-alloc v0.6.0
[INFO] [stderr]    Compiling indexmap v2.2.6
[INFO] [stderr]    Compiling bevy_utils v0.14.0
[INFO] [stderr]    Compiling gpu-descriptor v0.3.0
[INFO] [stderr]    Compiling flate2 v1.0.30
[INFO] [stderr]    Compiling fdeflate v0.3.4
[INFO] [stderr]    Compiling xkeysym v0.2.1
[INFO] [stderr]    Compiling petgraph v0.6.5
[INFO] [stderr]    Compiling naga v0.20.0
[INFO] [stderr]    Compiling xcursor v0.3.5
[INFO] [stderr]    Compiling smithay-client-toolkit v0.18.1
[INFO] [stderr]    Compiling ttf-parser v0.24.0
[INFO] [stderr]    Compiling strict-num v0.1.1
[INFO] [stderr]    Compiling cursor-icon v1.1.0
[INFO] [stderr]    Compiling tiny-skia-path v0.11.4
[INFO] [stderr]    Compiling png v0.17.13
[INFO] [stderr]    Compiling ron v0.8.1
[INFO] [stderr]    Compiling twox-hash v1.6.3
[INFO] [stderr]    Compiling memmap2 v0.9.4
[INFO] [stderr]    Compiling ab_glyph_rasterizer v0.1.8
[INFO] [stderr]    Compiling bevy_reflect v0.14.0
[INFO] [stderr]    Compiling encase v0.8.0
[INFO] [stderr]    Compiling cfg_aliases v0.2.1
[INFO] [stderr]    Compiling winit v0.30.3
[INFO] [stderr]    Compiling ruzstd v0.7.0
[INFO] [stderr]    Compiling hexasphere v12.0.0
[INFO] [stderr]    Compiling bevy_mikktspace v0.14.0
[INFO] [stderr]    Compiling image v0.25.1
[INFO] [stderr]    Compiling tiny-skia v0.11.4
[INFO] [stderr]    Compiling ktx2 v0.3.0
[INFO] [stderr]    Compiling owned_ttf_parser v0.24.0
[INFO] [stderr]    Compiling ab_glyph v0.2.28
[INFO] [stderr]    Compiling xkbcommon-dl v0.4.2
[INFO] [stderr]    Compiling polling v3.7.2
[INFO] [stderr]    Compiling dpi v0.1.1
[INFO] [stderr]    Compiling approx v0.5.1
[INFO] [stderr]    Compiling calloop v0.12.4
[INFO] [stderr]    Compiling anyhow v1.0.86
[INFO] [stderr]    Compiling wayland-csd-frame v0.3.0
[INFO] [stderr]    Compiling bevy_asset_loader_derive v0.21.0
[INFO] [stderr]    Compiling path-slash v0.2.1
[INFO] [stderr]    Compiling bevy_ecs v0.14.0
[INFO] [stderr]    Compiling bevy_math v0.14.0
[INFO] [stderr]    Compiling wayland-protocols v0.31.2
[INFO] [stderr]    Compiling wayland-cursor v0.31.4
[INFO] [stderr]    Compiling calloop-wayland-source v0.2.0
[INFO] [stderr]    Compiling wgpu-hal v0.21.1
[INFO] [stderr]    Compiling naga_oil v0.14.0
[INFO] [stderr]    Compiling bevy_color v0.14.1
[INFO] [stderr]    Compiling wayland-protocols-wlr v0.2.0
[INFO] [stderr]    Compiling wayland-protocols-plasma v0.2.0
[INFO] [stderr]    Compiling wgpu-core v0.21.1
[INFO] [stderr]    Compiling sctk-adwaita v0.9.1
[INFO] [stderr]    Compiling bevy_app v0.14.0
[INFO] [stderr]    Compiling bevy_core v0.14.0
[INFO] [stderr]    Compiling bevy_a11y v0.14.0
[INFO] [stderr]    Compiling bevy_hierarchy v0.14.0
[INFO] [stderr]    Compiling bevy_window v0.14.0
[INFO] [stderr]    Compiling bevy_time v0.14.0
[INFO] [stderr]    Compiling bevy_asset v0.14.0
[INFO] [stderr]    Compiling bevy_transform v0.14.0
[INFO] [stderr]    Compiling bevy_diagnostic v0.14.0
[INFO] [stderr]    Compiling accesskit_winit v0.20.4
[INFO] [stderr]    Compiling bevy_input v0.14.0
[INFO] [stderr]    Compiling bevy_log v0.14.0
[INFO] [stderr]    Compiling wgpu v0.20.1
[INFO] [stderr]    Compiling bevy_state v0.14.0
[INFO] [stderr]    Compiling bevy_winit v0.14.0
[INFO] [stderr]    Compiling bevy_render v0.14.0
[INFO] [stderr]    Compiling bevy_core_pipeline v0.14.0
[INFO] [stderr]    Compiling bevy_pbr v0.14.0
[INFO] [stderr]    Compiling bevy_sprite v0.14.0
[INFO] [stderr]    Compiling bevy_internal v0.14.0
[INFO] [stderr]    Compiling bevy_dylib v0.14.0
[INFO] [stderr]    Compiling bevy v0.14.0
[INFO] [stderr]    Compiling bevy_asset_loader v0.21.0
[INFO] [stderr]    Compiling bevy_sprite3d v3.0.0
[INFO] [stderr]    Compiling bevy_2dviewangle v0.8.1 (/opt/rustwide/workdir)
[INFO] [stderr]     Finished `test` profile [unoptimized + debuginfo] target(s) in 4m 54s
[INFO] running `Command { std: "docker" "inspect" "c8e4f7325961ba4c80ad5f7b8bd8240710a267f41b7822671418e8e2e9c265e9", kill_on_drop: false }`
[INFO] running `Command { std: "docker" "rm" "-f" "c8e4f7325961ba4c80ad5f7b8bd8240710a267f41b7822671418e8e2e9c265e9", kill_on_drop: false }`
[INFO] [stdout] c8e4f7325961ba4c80ad5f7b8bd8240710a267f41b7822671418e8e2e9c265e9
[INFO] running `Command { std: "docker" "create" "-v" "/var/lib/crater-agent-workspace/builds/worker-5-tc1/target:/opt/rustwide/target:rw,Z" "-v" "/var/lib/crater-agent-workspace/builds/worker-5-tc1/source:/opt/rustwide/workdir:ro,Z" "-v" "/var/lib/crater-agent-workspace/cargo-home:/opt/rustwide/cargo-home:ro,Z" "-v" "/var/lib/crater-agent-workspace/rustup-home:/opt/rustwide/rustup-home:ro,Z" "-e" "SOURCE_DIR=/opt/rustwide/workdir" "-e" "CARGO_TARGET_DIR=/opt/rustwide/target" "-e" "CARGO_INCREMENTAL=0" "-e" "RUST_BACKTRACE=full" "-e" "RUSTFLAGS=--cap-lints=forbid" "-e" "RUSTDOCFLAGS=--cap-lints=forbid" "-e" "CARGO_HOME=/opt/rustwide/cargo-home" "-e" "RUSTUP_HOME=/opt/rustwide/rustup-home" "-w" "/opt/rustwide/workdir" "-m" "1610612736" "--user" "0:0" "--network" "none" "ghcr.io/rust-lang/crates-build-env/linux@sha256:4a844ea9eb2546a2d2c7022eacef16ef2e8229c7fbb2c7d4d55a9ceca922f72d" "/opt/rustwide/cargo-home/bin/cargo" "+nightly-2024-10-28" "test" "--frozen", kill_on_drop: false }`
[INFO] [stdout] 596ae0825e9f7236b81b7caacc5055ede42062cdbabca74b597a1ac6774b84af
[INFO] running `Command { std: "docker" "start" "-a" "596ae0825e9f7236b81b7caacc5055ede42062cdbabca74b597a1ac6774b84af", kill_on_drop: false }`
[INFO] [stderr]     Finished `test` profile [unoptimized + debuginfo] target(s) in 0.59s
[INFO] [stderr]      Running unittests src/lib.rs (/opt/rustwide/target/debug/deps/bevy_2dviewangle-7c147b53a74f6f68)
[INFO] [stdout] 
[INFO] [stdout] running 0 tests
[INFO] [stdout] 
[INFO] [stdout] test result: ok. 0 passed; 0 failed; 0 ignored; 0 measured; 0 filtered out; finished in 0.00s
[INFO] [stderr]    Doc-tests bevy_2dviewangle
[INFO] [stdout] 
[INFO] [stdout] 
[INFO] [stdout] running 6 tests
[INFO] [stdout] test src/component.rs - component::ViewChanged (line 113) ... FAILED
[INFO] [stdout] test src/component.rs - component::View2dCollection (line 37) ... ok
[INFO] [stdout] test src/lib.rs - (line 49) ... FAILED
[INFO] [stdout] test src/lib.rs - (line 8) ... FAILED
[INFO] [stdout] test src/component.rs - component::ActorSpriteSheets::load_asset_loader (line 156) ... FAILED
[INFO] [stdout] test src/component.rs - component::View2dCollection (line 13) ... FAILED
[INFO] [stdout] 
[INFO] [stdout] failures:
[INFO] [stdout] 
[INFO] [stdout] ---- src/component.rs - component::ViewChanged (line 113) stdout ----
[INFO] [stdout] error: unexpected closing delimiter: `}`
[INFO] [stdout]   --> src/component.rs:128:1
[INFO] [stdout]    |
[INFO] [stdout] 8  |     for (mut act, e) in actors.iter_mut() {
[INFO] [stdout]    |                                           - this delimiter might not be properly closed...
[INFO] [stdout] ...
[INFO] [stdout] 13 |         }
[INFO] [stdout]    |         - ...as it matches this but it has different indentation
[INFO] [stdout] 14 |     }
[INFO] [stdout] 15 | }
[INFO] [stdout]    | ^ unexpected closing delimiter
[INFO] [stdout] 
[INFO] [stdout] error: aborting due to 1 previous error
[INFO] [stdout] 
[INFO] [stdout] Couldn't compile the test.
[INFO] [stdout] ---- src/lib.rs - (line 49) stdout ----
[INFO] [stdout] error: cannot find derive macro `AssetCollection` in this scope
[INFO] [stdout]  --> src/lib.rs:50:10
[INFO] [stdout]   |
[INFO] [stdout] 3 | #[derive(AssetCollection, View2dCollection, Resource)]
[INFO] [stdout]   |          ^^^^^^^^^^^^^^^
[INFO] [stdout]   |
[INFO] [stdout] help: consider importing this derive macro
[INFO] [stdout]   |
[INFO] [stdout] 2 + use bevy_asset_loader::prelude::AssetCollection;
[INFO] [stdout]   |
[INFO] [stdout] 
[INFO] [stdout] error: cannot find derive macro `View2dCollection` in this scope
[INFO] [stdout]  --> src/lib.rs:50:27
[INFO] [stdout]   |
[INFO] [stdout] 3 | #[derive(AssetCollection, View2dCollection, Resource)]
[INFO] [stdout]   |                           ^^^^^^^^^^^^^^^^
[INFO] [stdout]   |
[INFO] [stdout] help: consider importing one of these derive macros
[INFO] [stdout]   |
[INFO] [stdout] 2 + use bevy_2dviewangle::View2dCollection;
[INFO] [stdout]   |
[INFO] [stdout] 2 + use bevy_2dviewangle_macro::View2dCollection;
[INFO] [stdout]   |
[INFO] [stdout] 
[INFO] [stdout] error: cannot find derive macro `Resource` in this scope
[INFO] [stdout]  --> src/lib.rs:50:45
[INFO] [stdout]   |
[INFO] [stdout] 3 | #[derive(AssetCollection, View2dCollection, Resource)]
[INFO] [stdout]   |                                             ^^^^^^^^
[INFO] [stdout]   |
[INFO] [stdout] help: consider importing this derive macro
[INFO] [stdout]   |
[INFO] [stdout] 2 + use bevy::prelude::Resource;
[INFO] [stdout]   |
[INFO] [stdout] 
[INFO] [stdout] error: cannot find attribute `asset` in this scope
[INFO] [stdout]  --> src/lib.rs:52:7
[INFO] [stdout]   |
[INFO] [stdout] 5 |     #[asset(path = "frog_idle_front.png")]
[INFO] [stdout]   |       ^^^^^
[INFO] [stdout] 
[INFO] [stdout] error: cannot find attribute `textureview` in this scope
[INFO] [stdout]  --> src/lib.rs:53:7
[INFO] [stdout]   |
[INFO] [stdout] 6 |     #[textureview(actor = "frog", action = "idle", angle = "front")]
[INFO] [stdout]   |       ^^^^^^^^^^^
[INFO] [stdout] 
[INFO] [stdout] error: cannot find attribute `asset` in this scope
[INFO] [stdout]  --> src/lib.rs:56:7
[INFO] [stdout]   |
[INFO] [stdout] 9 |     #[asset(path = "frog_idle_back.png")]
[INFO] [stdout]   |       ^^^^^
[INFO] [stdout] 
[INFO] [stdout] error: cannot find attribute `textureview` in this scope
[INFO] [stdout]   --> src/lib.rs:57:7
[INFO] [stdout]    |
[INFO] [stdout] 10 |     #[textureview(angle = "back")]
[INFO] [stdout]    |       ^^^^^^^^^^^
[INFO] [stdout] 
[INFO] [stdout] error: cannot find attribute `asset` in this scope
[INFO] [stdout]   --> src/lib.rs:60:7
[INFO] [stdout]    |
[INFO] [stdout] 13 |     #[asset(path = "frog_idle_left.png")]
[INFO] [stdout]    |       ^^^^^
[INFO] [stdout] 
[INFO] [stdout] error: cannot find attribute `textureview` in this scope
[INFO] [stdout]   --> src/lib.rs:61:7
[INFO] [stdout]    |
[INFO] [stdout] 14 |     #[textureview(angle = "left")]
[INFO] [stdout]    |       ^^^^^^^^^^^
[INFO] [stdout] 
[INFO] [stdout] error: cannot find attribute `asset` in this scope
[INFO] [stdout]   --> src/lib.rs:64:7
[INFO] [stdout]    |
[INFO] [stdout] 17 |     #[asset(texture_atlas_layout(tile_size_x = 16, tile_size_y = 16, columns = 1, rows = 3))]
[INFO] [stdout]    |       ^^^^^
[INFO] [stdout] 
[INFO] [stdout] error: cannot find attribute `textureview` in this scope
[INFO] [stdout]   --> src/lib.rs:65:7
[INFO] [stdout]    |
[INFO] [stdout] 18 |     #[textureview(angle = "any")]
[INFO] [stdout]    |       ^^^^^^^^^^^
[INFO] [stdout] 
[INFO] [stdout] error[E0412]: cannot find type `Handle` in this scope
[INFO] [stdout]  --> src/lib.rs:54:21
[INFO] [stdout]   |
[INFO] [stdout] 7 |     pub idle_front: Handle<Image>,
[INFO] [stdout]   |                     ^^^^^^ not found in this scope
[INFO] [stdout]   |
[INFO] [stdout] help: consider importing this enum
[INFO] [stdout]   |
[INFO] [stdout] 2 + use bevy::prelude::Handle;
[INFO] [stdout]   |
[INFO] [stdout] 
[INFO] [stdout] error[E0412]: cannot find type `Image` in this scope
[INFO] [stdout]  --> src/lib.rs:54:28
[INFO] [stdout]   |
[INFO] [stdout] 7 |     pub idle_front: Handle<Image>,
[INFO] [stdout]   |                            ^^^^^ not found in this scope
[INFO] [stdout]   |
[INFO] [stdout] help: consider importing this struct
[INFO] [stdout]   |
[INFO] [stdout] 2 + use bevy::prelude::Image;
[INFO] [stdout]   |
[INFO] [stdout] 
[INFO] [stdout] error[E0412]: cannot find type `Handle` in this scope
[INFO] [stdout]   --> src/lib.rs:58:20
[INFO] [stdout]    |
[INFO] [stdout] 11 |     pub idle_back: Handle<Image>,
[INFO] [stdout]    |                    ^^^^^^ not found in this scope
[INFO] [stdout]    |
[INFO] [stdout] help: consider importing this enum
[INFO] [stdout]    |
[INFO] [stdout] 2  + use bevy::prelude::Handle;
[INFO] [stdout]    |
[INFO] [stdout] 
[INFO] [stdout] error[E0412]: cannot find type `Image` in this scope
[INFO] [stdout]   --> src/lib.rs:58:27
[INFO] [stdout]    |
[INFO] [stdout] 11 |     pub idle_back: Handle<Image>,
[INFO] [stdout]    |                           ^^^^^ not found in this scope
[INFO] [stdout]    |
[INFO] [stdout] help: consider importing this struct
[INFO] [stdout]    |
[INFO] [stdout] 2  + use bevy::prelude::Image;
[INFO] [stdout]    |
[INFO] [stdout] 
[INFO] [stdout] error[E0412]: cannot find type `Handle` in this scope
[INFO] [stdout]   --> src/lib.rs:62:20
[INFO] [stdout]    |
[INFO] [stdout] 15 |     pub idle_left: Handle<Image>,
[INFO] [stdout]    |                    ^^^^^^ not found in this scope
[INFO] [stdout]    |
[INFO] [stdout] help: consider importing this enum
[INFO] [stdout]    |
[INFO] [stdout] 2  + use bevy::prelude::Handle;
[INFO] [stdout]    |
[INFO] [stdout] 
[INFO] [stdout] error[E0412]: cannot find type `Image` in this scope
[INFO] [stdout]   --> src/lib.rs:62:27
[INFO] [stdout]    |
[INFO] [stdout] 15 |     pub idle_left: Handle<Image>,
[INFO] [stdout]    |                           ^^^^^ not found in this scope
[INFO] [stdout]    |
[INFO] [stdout] help: consider importing this struct
[INFO] [stdout]    |
[INFO] [stdout] 2  + use bevy::prelude::Image;
[INFO] [stdout]    |
[INFO] [stdout] 
[INFO] [stdout] error[E0412]: cannot find type `Handle` in this scope
[INFO] [stdout]   --> src/lib.rs:66:23
[INFO] [stdout]    |
[INFO] [stdout] 19 |     pub front_layout: Handle<TextureAtlasLayout>,
[INFO] [stdout]    |                       ^^^^^^ not found in this scope
[INFO] [stdout]    |
[INFO] [stdout] help: consider importing this enum
[INFO] [stdout]    |
[INFO] [stdout] 2  + use bevy::prelude::Handle;
[INFO] [stdout]    |
[INFO] [stdout] 
[INFO] [stdout] error[E0412]: cannot find type `TextureAtlasLayout` in this scope
[INFO] [stdout]   --> src/lib.rs:66:30
[INFO] [stdout]    |
[INFO] [stdout] 19 |     pub front_layout: Handle<TextureAtlasLayout>,
[INFO] [stdout]    |                              ^^^^^^^^^^^^^^^^^^ not found in this scope
[INFO] [stdout]    |
[INFO] [stdout] help: consider importing this struct
[INFO] [stdout]    |
[INFO] [stdout] 2  + use bevy::prelude::TextureAtlasLayout;
[INFO] [stdout]    |
[INFO] [stdout] 
[INFO] [stdout] error: aborting due to 19 previous errors
[INFO] [stdout] 
[INFO] [stdout] For more information about this error, try `rustc --explain E0412`.
[INFO] [stdout] Couldn't compile the test.
[INFO] [stdout] ---- src/lib.rs - (line 8) stdout ----
[INFO] [stdout] error[E0252]: the name `Angle` is defined multiple times
[INFO] [stdout]   --> src/lib.rs:15:10
[INFO] [stdout]    |
[INFO] [stdout] 8  | use bevy_2dviewangle::{Angle, View2dActor, ViewChanged};
[INFO] [stdout]    |                        ----- previous import of the type `Angle` here
[INFO] [stdout] 9  |
[INFO] [stdout] 10 | #[derive(View2dCollection, Default)]
[INFO] [stdout]    |          ^^^^^^^^^^^^^^^^ `Angle` reimported here
[INFO] [stdout]    |
[INFO] [stdout]    = note: `Angle` must be defined only once in the type namespace of this block
[INFO] [stdout]    = note: this error originates in the derive macro `View2dCollection` (in Nightly builds, run with -Z macro-backtrace for more info)
[INFO] [stdout] 
[INFO] [stdout] error[E0404]: expected trait, found derive macro `View2dCollection`
[INFO] [stdout]   --> src/lib.rs:15:10
[INFO] [stdout]    |
[INFO] [stdout] 10 | #[derive(View2dCollection, Default)]
[INFO] [stdout]    |          ^^^^^^^^^^^^^^^^ not a trait
[INFO] [stdout]    |
[INFO] [stdout]    = note: this error originates in the derive macro `View2dCollection` (in Nightly builds, run with -Z macro-backtrace for more info)
[INFO] [stdout] help: consider importing this trait instead
[INFO] [stdout]    |
[INFO] [stdout] 3  + use bevy_2dviewangle::View2dCollection;
[INFO] [stdout]    |
[INFO] [stdout] 
[INFO] [stdout] error[E0433]: failed to resolve: use of undeclared type `AngleMyAssets`
[INFO] [stdout]   --> src/lib.rs:40:21
[INFO] [stdout]    |
[INFO] [stdout] 35 |         act.angle = AngleMyAssets::Right;
[INFO] [stdout]    |                     ^^^^^^^^^^^^^
[INFO] [stdout]    |                     |
[INFO] [stdout]    |                     use of undeclared type `AngleMyAssets`
[INFO] [stdout]    |                     help: an enum with a similar name exists: `ActorMyAssets`
[INFO] [stdout] 
[INFO] [stdout] error: aborting due to 3 previous errors
[INFO] [stdout] 
[INFO] [stdout] Some errors have detailed explanations: E0252, E0404, E0433.
[INFO] [stdout] For more information about an error, try `rustc --explain E0252`.
[INFO] [stdout] Couldn't compile the test.
[INFO] [stdout] ---- src/component.rs - component::ActorSpriteSheets::load_asset_loader (line 156) stdout ----
[INFO] [stdout] error[E0308]: mismatched types
[INFO] [stdout]   --> src/component.rs:182:48
[INFO] [stdout]    |
[INFO] [stdout] 29 |     let layout = TextureAtlasLayout::from_grid(Vec2::new(16., 16.), 1, 3, None, None);
[INFO] [stdout]    |                  ----------------------------- ^^^^^^^^^^^^^^^^^^^ expected `UVec2`, found `Vec2`
[INFO] [stdout]    |                  |
[INFO] [stdout]    |                  arguments to this function are incorrect
[INFO] [stdout]    |
[INFO] [stdout] note: associated function defined here
[INFO] [stdout]   --> /opt/rustwide/cargo-home/registry/src/index.crates.io-6f17d22bba15001f/bevy_sprite-0.14.0/src/texture_atlas.rs:77:12
[INFO] [stdout]    |
[INFO] [stdout] 77 |     pub fn from_grid(
[INFO] [stdout]    |            ^^^^^^^^^
[INFO] [stdout] 
[INFO] [stdout] error: aborting due to 1 previous error
[INFO] [stdout] 
[INFO] [stdout] For more information about this error, try `rustc --explain E0308`.
[INFO] [stdout] Couldn't compile the test.
[INFO] [stdout] ---- src/component.rs - component::View2dCollection (line 13) stdout ----
[INFO] [stdout] Test executable failed (exit status: 127).
[INFO] [stdout] 
[INFO] [stdout] stderr:
[INFO] [stdout] /tmp/rustdoctestxbXDVW/rust_out: error while loading shared libraries: libstd-fb8c387236db3c10.so: cannot open shared object file: No such file or directory
[INFO] [stdout] 
[INFO] [stdout] 
[INFO] [stdout] 
[INFO] [stdout] failures:
[INFO] [stdout]     src/component.rs - component::ActorSpriteSheets::load_asset_loader (line 156)
[INFO] [stdout]     src/component.rs - component::View2dCollection (line 13)
[INFO] [stdout]     src/component.rs - component::ViewChanged (line 113)
[INFO] [stdout]     src/lib.rs - (line 49)
[INFO] [stdout]     src/lib.rs - (line 8)
[INFO] [stdout] 
[INFO] [stdout] test result: FAILED. 1 passed; 5 failed; 0 ignored; 0 measured; 0 filtered out; finished in 1.45s
[INFO] [stdout] 
[INFO] [stderr] error: doctest failed, to rerun pass `--doc`
[INFO] running `Command { std: "docker" "inspect" "596ae0825e9f7236b81b7caacc5055ede42062cdbabca74b597a1ac6774b84af", kill_on_drop: false }`
[INFO] running `Command { std: "docker" "rm" "-f" "596ae0825e9f7236b81b7caacc5055ede42062cdbabca74b597a1ac6774b84af", kill_on_drop: false }`
[INFO] [stdout] 596ae0825e9f7236b81b7caacc5055ede42062cdbabca74b597a1ac6774b84af
