[INFO] fetching crate artisan_middleware 2.0.0...
[INFO] testing artisan_middleware-2.0.0 against nightly-2024-10-28 for randomize-layout
[INFO] extracting crate artisan_middleware 2.0.0 into /workspace/builds/worker-2-tc1/source
[INFO] validating manifest of crates.io crate artisan_middleware 2.0.0 on toolchain nightly-2024-10-28
[INFO] running `Command { std: CARGO_HOME="/workspace/cargo-home" RUSTUP_HOME="/workspace/rustup-home" "/workspace/cargo-home/bin/cargo" "+nightly-2024-10-28" "metadata" "--manifest-path" "Cargo.toml" "--no-deps", kill_on_drop: false }`
[INFO] started tweaking crates.io crate artisan_middleware 2.0.0
[INFO] finished tweaking crates.io crate artisan_middleware 2.0.0
[INFO] tweaked toml for crates.io crate artisan_middleware 2.0.0 written to /workspace/builds/worker-2-tc1/source/Cargo.toml
[INFO] running `Command { std: CARGO_HOME="/workspace/cargo-home" RUSTUP_HOME="/workspace/rustup-home" "/workspace/cargo-home/bin/cargo" "+nightly-2024-10-28" "generate-lockfile" "--manifest-path" "Cargo.toml", kill_on_drop: false }`
[INFO] [stderr]     Updating crates.io index
[INFO] [stderr]      Locking 332 packages to latest compatible versions
[INFO] [stderr]       Adding bitflags v1.2.1 (available: v1.3.2)
[INFO] [stderr]       Adding config v0.13.4 (available: v0.14.1)
[INFO] [stderr]       Adding mockall v0.11.4 (available: v0.13.0)
[INFO] [stderr]       Adding nix v0.20.2 (available: v0.29.0)
[INFO] [stderr]       Adding procfs v0.16.0 (available: v0.17.0)
[INFO] running `Command { std: CARGO_HOME="/workspace/cargo-home" RUSTUP_HOME="/workspace/rustup-home" "/workspace/cargo-home/bin/cargo" "+nightly-2024-10-28" "fetch" "--manifest-path" "Cargo.toml", kill_on_drop: false }`
[INFO] [stderr]  Downloading crates ...
[INFO] [stderr]   Downloaded futures v0.1.31
[INFO] [stderr]   Downloaded termios v0.0.5
[INFO] [stderr]   Downloaded simple_pretty v0.1.0
[INFO] [stderr]   Downloaded xattr v1.3.1
[INFO] [stderr]   Downloaded untrusted v0.7.1
[INFO] [stderr]   Downloaded bitflags v1.2.1
[INFO] [stderr]   Downloaded predicates-tree v1.0.11
[INFO] [stderr]   Downloaded mio-uds v0.6.8
[INFO] [stderr]   Downloaded dlv-list v0.3.0
[INFO] [stderr]   Downloaded roff v0.2.2
[INFO] [stderr]   Downloaded standback v0.2.17
[INFO] [stderr]   Downloaded random-string v1.1.0
[INFO] [stderr]   Downloaded tokio-sync v0.1.8
[INFO] [stderr]   Downloaded ordered-multimap v0.4.3
[INFO] [stderr]   Downloaded substring v1.4.5
[INFO] [stderr]   Downloaded ron v0.7.1
[INFO] [stderr]   Downloaded config v0.13.4
[INFO] [stderr]   Downloaded mio v0.6.23
[INFO] [stderr]   Downloaded aes v0.7.5
[INFO] [stderr]   Downloaded sysinfo v0.28.4
[INFO] [stderr]   Downloaded time v0.2.27
[INFO] [stderr]   Downloaded stdweb v0.4.20
[INFO] [stderr]   Downloaded procfs v0.16.0
[INFO] [stderr]   Downloaded nix v0.20.2
[INFO] [stderr]   Downloaded clap_complete v4.5.36
[INFO] [stderr]   Downloaded libc v0.1.12
[INFO] [stderr]   Downloaded tar v0.4.42
[INFO] [stderr]   Downloaded procfs-core v0.16.0
[INFO] [stderr]   Downloaded recs_lib v2.5.2
[INFO] [stderr]   Downloaded time-macros-impl v0.1.2
[INFO] [stderr]   Downloaded mockall_derive v0.11.4
[INFO] [stderr]   Downloaded predicates-core v1.0.8
[INFO] [stderr]   Downloaded kernel32-sys v0.2.2
[INFO] [stderr]   Downloaded lock_api v0.3.4
[INFO] [stderr]   Downloaded parking_lot_core v0.6.3
[INFO] [stderr]   Downloaded parking_lot v0.9.0
[INFO] [stderr]   Downloaded crossbeam-utils v0.7.2
[INFO] [stderr]   Downloaded bytes v0.4.12
[INFO] [stderr]   Downloaded winapi v0.2.8
[INFO] [stderr]   Downloaded rust-ini v0.18.0
[INFO] [stderr]   Downloaded terminal_size v0.4.0
[INFO] [stderr]   Downloaded clap_mangen v0.2.24
[INFO] [stderr]   Downloaded spin v0.5.2
[INFO] [stderr]   Downloaded rpassword v0.0.4
[INFO] [stderr]   Downloaded const_fn v0.4.10
[INFO] [stderr]   Downloaded base-x v0.2.11
[INFO] [stderr]   Downloaded stdweb-internal-macros v0.2.9
[INFO] [stderr]   Downloaded simple_tmp_logger v1.2.2
[INFO] [stderr]   Downloaded users v0.9.1
[INFO] [stderr]   Downloaded block-modes v0.8.1
[INFO] [stderr]   Downloaded filetime v0.2.25
[INFO] [stderr]   Downloaded mockall v0.11.4
[INFO] [stderr]   Downloaded fuchsia-zircon v0.3.3
[INFO] [stderr]   Downloaded miow v0.2.2
[INFO] [stderr]   Downloaded cloudabi v0.0.3
[INFO] [stderr]   Downloaded stdweb-internal-runtime v0.1.5
[INFO] [stderr]   Downloaded predicates v2.1.5
[INFO] [stderr]   Downloaded dusa v1.2.6
[INFO] [stderr]   Downloaded cipher v0.3.0
[INFO] [stderr]   Downloaded cfg_rust_features v0.1.2
[INFO] [stderr]   Downloaded dusa_collection_utils v2.6.6
[INFO] [stderr]   Downloaded fragile v2.0.0
[INFO] [stderr]   Downloaded difflib v0.4.0
[INFO] [stderr]   Downloaded memoffset v0.6.5
[INFO] [stderr]   Downloaded fuchsia-zircon-sys v0.3.3
[INFO] [stderr]   Downloaded net2 v0.2.39
[INFO] [stderr]   Downloaded maybe-uninit v2.0.0
[INFO] [stderr]   Downloaded tokio-executor v0.1.10
[INFO] [stderr]   Downloaded tokio-io v0.1.13
[INFO] [stderr]   Downloaded tokio-uds v0.2.7
[INFO] [stderr]   Downloaded stdweb-derive v0.5.3
[INFO] [stderr]   Downloaded normalize-line-endings v0.3.0
[INFO] [stderr]   Downloaded tokio-codec v0.1.2
[INFO] [stderr]   Downloaded termtree v0.4.1
[INFO] [stderr]   Downloaded smallvec v0.6.14
[INFO] [stderr]   Downloaded iovec v0.1.4
[INFO] [stderr]   Downloaded tokio-reactor v0.1.12
[INFO] [stderr]   Downloaded users v0.11.0
[INFO] [stderr]   Downloaded discard v1.0.4
[INFO] [stderr]   Downloaded sha1 v0.6.1
[INFO] [stderr]   Downloaded time-macros v0.1.1
[INFO] [stderr]   Downloaded downcast v0.11.0
[INFO] [stderr]   Downloaded winapi-build v0.1.1
[INFO] [stderr]   Downloaded ws2_32-sys v0.2.1
[INFO] [stderr]   Downloaded ring v0.16.20
[INFO] running `Command { std: "docker" "create" "-v" "/var/lib/crater-agent-workspace/builds/worker-2-tc1/target:/opt/rustwide/target:rw,Z" "-v" "/var/lib/crater-agent-workspace/builds/worker-2-tc1/source:/opt/rustwide/workdir:ro,Z" "-v" "/var/lib/crater-agent-workspace/cargo-home:/opt/rustwide/cargo-home:ro,Z" "-v" "/var/lib/crater-agent-workspace/rustup-home:/opt/rustwide/rustup-home:ro,Z" "-e" "SOURCE_DIR=/opt/rustwide/workdir" "-e" "CARGO_TARGET_DIR=/opt/rustwide/target" "-e" "CARGO_HOME=/opt/rustwide/cargo-home" "-e" "RUSTUP_HOME=/opt/rustwide/rustup-home" "-w" "/opt/rustwide/workdir" "-m" "1610612736" "--user" "0:0" "--network" "none" "ghcr.io/rust-lang/crates-build-env/linux@sha256:4a844ea9eb2546a2d2c7022eacef16ef2e8229c7fbb2c7d4d55a9ceca922f72d" "/opt/rustwide/cargo-home/bin/cargo" "+nightly-2024-10-28" "metadata" "--no-deps" "--format-version=1", kill_on_drop: false }`
[INFO] [stdout] b2acef6c8937a0f1e3321e77ca9998a19de64362c3cdeb66e3db687661d2f93d
[INFO] running `Command { std: "docker" "start" "-a" "b2acef6c8937a0f1e3321e77ca9998a19de64362c3cdeb66e3db687661d2f93d", kill_on_drop: false }`
[INFO] running `Command { std: "docker" "inspect" "b2acef6c8937a0f1e3321e77ca9998a19de64362c3cdeb66e3db687661d2f93d", kill_on_drop: false }`
[INFO] running `Command { std: "docker" "rm" "-f" "b2acef6c8937a0f1e3321e77ca9998a19de64362c3cdeb66e3db687661d2f93d", kill_on_drop: false }`
[INFO] [stdout] b2acef6c8937a0f1e3321e77ca9998a19de64362c3cdeb66e3db687661d2f93d
[INFO] running `Command { std: "docker" "create" "-v" "/var/lib/crater-agent-workspace/builds/worker-2-tc1/target:/opt/rustwide/target:rw,Z" "-v" "/var/lib/crater-agent-workspace/builds/worker-2-tc1/source:/opt/rustwide/workdir:ro,Z" "-v" "/var/lib/crater-agent-workspace/cargo-home:/opt/rustwide/cargo-home:ro,Z" "-v" "/var/lib/crater-agent-workspace/rustup-home:/opt/rustwide/rustup-home:ro,Z" "-e" "SOURCE_DIR=/opt/rustwide/workdir" "-e" "CARGO_TARGET_DIR=/opt/rustwide/target" "-e" "CARGO_INCREMENTAL=0" "-e" "RUST_BACKTRACE=full" "-e" "RUSTFLAGS=--cap-lints=forbid" "-e" "RUSTDOCFLAGS=--cap-lints=forbid" "-e" "CARGO_HOME=/opt/rustwide/cargo-home" "-e" "RUSTUP_HOME=/opt/rustwide/rustup-home" "-w" "/opt/rustwide/workdir" "-m" "1610612736" "--user" "0:0" "--network" "none" "ghcr.io/rust-lang/crates-build-env/linux@sha256:4a844ea9eb2546a2d2c7022eacef16ef2e8229c7fbb2c7d4d55a9ceca922f72d" "/opt/rustwide/cargo-home/bin/cargo" "+nightly-2024-10-28" "build" "--frozen" "--message-format=json", kill_on_drop: false }`
[INFO] [stdout] 036c474f7abb970a28a52700d595077a8f1a224cc2ce7d980db041a4baa665f0
[INFO] running `Command { std: "docker" "start" "-a" "036c474f7abb970a28a52700d595077a8f1a224cc2ce7d980db041a4baa665f0", kill_on_drop: false }`
[INFO] [stderr]    Compiling autocfg v1.4.0
[INFO] [stderr]    Compiling version_check v0.9.5
[INFO] [stderr]    Compiling serde v1.0.214
[INFO] [stderr]    Compiling parking_lot_core v0.9.10
[INFO] [stderr]    Compiling smallvec v1.13.2
[INFO] [stderr]    Compiling rustix v0.38.38
[INFO] [stderr]    Compiling linux-raw-sys v0.4.14
[INFO] [stderr]    Compiling mio v1.0.2
[INFO] [stderr]    Compiling socket2 v0.5.7
[INFO] [stderr]    Compiling signal-hook-registry v1.4.2
[INFO] [stderr]    Compiling http v1.1.0
[INFO] [stderr]    Compiling futures-task v0.3.31
[INFO] [stderr]    Compiling semver-parser v0.7.0
[INFO] [stderr]    Compiling openssl-sys v0.9.104
[INFO] [stderr]    Compiling cfg-if v0.1.10
[INFO] [stderr]    Compiling bitflags v1.2.1
[INFO] [stderr]    Compiling atomic-waker v1.1.2
[INFO] [stderr]    Compiling futures-util v0.3.31
[INFO] [stderr]    Compiling zerocopy-derive v0.7.35
[INFO] [stderr]    Compiling semver v0.9.0
[INFO] [stderr]    Compiling futures-channel v0.3.31
[INFO] [stderr]    Compiling syn v1.0.109
[INFO] [stderr]    Compiling rustc_version v0.2.3
[INFO] [stderr]    Compiling proc-macro-hack v0.5.20+deprecated
[INFO] [stderr]    Compiling generic-array v0.14.7
[INFO] [stderr]    Compiling standback v0.2.17
[INFO] [stderr]    Compiling iovec v0.1.4
[INFO] [stderr]    Compiling maybe-uninit v2.0.0
[INFO] [stderr]    Compiling subtle v2.6.1
[INFO] [stderr]    Compiling utf8parse v0.2.2
[INFO] [stderr]    Compiling adler2 v2.0.0
[INFO] [stderr]    Compiling anstyle-parse v0.2.6
[INFO] [stderr]    Compiling ahash v0.7.8
[INFO] [stderr]    Compiling slab v0.4.9
[INFO] [stderr]    Compiling lock_api v0.4.12
[INFO] [stderr]    Compiling num-traits v0.2.19
[INFO] [stderr]    Compiling memoffset v0.6.5
[INFO] [stderr]    Compiling http-body v1.0.1
[INFO] [stderr]    Compiling miniz_oxide v0.8.0
[INFO] [stderr]    Compiling crc32fast v1.4.2
[INFO] [stderr]    Compiling anstyle v1.0.9
[INFO] [stderr]    Compiling iana-time-zone v0.1.61
[INFO] [stderr]    Compiling openssl v0.10.68
[INFO] [stderr]    Compiling zerocopy v0.7.35
[INFO] [stderr]    Compiling parking_lot v0.12.3
[INFO] [stderr]    Compiling colorchoice v1.0.3
[INFO] [stderr]    Compiling futures v0.1.31
[INFO] [stderr]    Compiling is_terminal_polyfill v1.70.1
[INFO] [stderr]    Compiling const_fn v0.4.10
[INFO] [stderr]    Compiling anstyle-query v1.1.2
[INFO] [stderr]    Compiling tokio v1.41.0
[INFO] [stderr]    Compiling block-buffer v0.10.4
[INFO] [stderr]    Compiling crypto-common v0.1.6
[INFO] [stderr]    Compiling cipher v0.3.0
[INFO] [stderr]    Compiling digest v0.10.7
[INFO] [stderr]    Compiling hex v0.4.3
[INFO] [stderr]    Compiling rustls-pki-types v1.10.0
[INFO] [stderr]    Compiling anstream v0.6.17
[INFO] [stderr]    Compiling flate2 v1.0.34
[INFO] [stderr]    Compiling http-body-util v0.1.2
[INFO] [stderr]    Compiling pest v2.7.14
[INFO] [stderr]    Compiling ppv-lite86 v0.2.20
[INFO] [stderr]    Compiling crossbeam-utils v0.7.2
[INFO] [stderr]    Compiling parking_lot_core v0.6.3
[INFO] [stderr]    Compiling rustls-pemfile v2.2.0
[INFO] [stderr]    Compiling chrono v0.4.38
[INFO] [stderr]    Compiling time v0.2.27
[INFO] [stderr]    Compiling filetime v0.2.25
[INFO] [stderr]    Compiling sync_wrapper v1.0.1
[INFO] [stderr]    Compiling time-macros-impl v0.1.2
[INFO] [stderr]    Compiling unsafe-libyaml v0.2.11
[INFO] [stderr]    Compiling block-padding v0.2.1
[INFO] [stderr]    Compiling clap_lex v0.7.2
[INFO] [stderr]    Compiling strsim v0.11.1
[INFO] [stderr]    Compiling base64 v0.22.1
[INFO] [stderr]    Compiling rand_chacha v0.3.1
[INFO] [stderr]    Compiling block-modes v0.8.1
[INFO] [stderr]    Compiling smallvec v0.6.14
[INFO] [stderr]    Compiling nix v0.20.2
[INFO] [stderr]    Compiling rand v0.8.5
[INFO] [stderr]    Compiling sha2 v0.10.8
[INFO] [stderr]    Compiling substring v1.4.5
[INFO] [stderr]    Compiling bytes v0.4.12
[INFO] [stderr]    Compiling parking_lot v0.9.0
[INFO] [stderr]    Compiling time-macros v0.1.1
[INFO] [stderr]    Compiling cfg_rust_features v0.1.2
[INFO] [stderr]    Compiling net2 v0.2.39
[INFO] [stderr]    Compiling ring v0.16.20
[INFO] [stderr]    Compiling either v1.13.0
[INFO] [stderr]    Compiling libc v0.1.12
[INFO] [stderr]    Compiling simple_pretty v0.1.0
[INFO] [stderr]    Compiling rayon v1.10.0
[INFO] [stderr]    Compiling termios v0.0.5
[INFO] [stderr]    Compiling tokio-io v0.1.13
[INFO] [stderr]    Compiling mio v0.6.23
[INFO] [stderr]    Compiling pest_meta v2.7.14
[INFO] [stderr]    Compiling serde_urlencoded v0.7.1
[INFO] [stderr]    Compiling serde_json v1.0.132
[INFO] [stderr]    Compiling serde_yaml v0.9.34+deprecated
[INFO] [stderr]    Compiling hashbrown v0.12.3
[INFO] [stderr]    Compiling lock_api v0.3.4
[INFO] [stderr]    Compiling fastrand v1.9.0
[INFO] [stderr]    Compiling untrusted v0.7.1
[INFO] [stderr]    Compiling dlv-list v0.3.0
[INFO] [stderr]    Compiling pest_generator v2.7.14
[INFO] [stderr]    Compiling spin v0.5.2
[INFO] [stderr]    Compiling random-string v1.1.0
[INFO] [stderr]    Compiling ordered-multimap v0.4.3
[INFO] [stderr]    Compiling aes v0.7.5
[INFO] [stderr]    Compiling terminal_size v0.4.0
[INFO] [stderr]    Compiling xattr v1.3.1
[INFO] [stderr]    Compiling clap_builder v4.5.20
[INFO] [stderr]    Compiling tar v0.4.42
[INFO] [stderr]    Compiling tokio-executor v0.1.10
[INFO] [stderr]    Compiling serde_spanned v0.6.8
[INFO] [stderr]    Compiling native-tls v0.2.12
[INFO] [stderr]    Compiling toml_datetime v0.6.8
[INFO] [stderr]    Compiling rpassword v0.0.4
[INFO] [stderr]    Compiling tokio-sync v0.1.8
[INFO] [stderr]    Compiling hmac v0.12.1
[INFO] [stderr]    Compiling num_cpus v1.16.0
[INFO] [stderr]    Compiling procfs v0.16.0
[INFO] [stderr]    Compiling minimal-lexical v0.2.1
[INFO] [stderr]    Compiling linked-hash-map v0.5.6
[INFO] [stderr]    Compiling winnow v0.6.20
[INFO] [stderr]    Compiling roff v0.2.2
[INFO] [stderr]    Compiling tokio-reactor v0.1.12
[INFO] [stderr]    Compiling nom v7.1.3
[INFO] [stderr]    Compiling pest_derive v2.7.14
[INFO] [stderr]    Compiling yaml-rust v0.4.5
[INFO] [stderr]    Compiling sysinfo v0.28.4
[INFO] [stderr]    Compiling ron v0.7.1
[INFO] [stderr]    Compiling json5 v0.4.1
[INFO] [stderr]    Compiling rust-ini v0.18.0
[INFO] [stderr]    Compiling mio-uds v0.6.8
[INFO] [stderr]    Compiling tokio-codec v0.1.2
[INFO] [stderr]    Compiling toml v0.5.11
[INFO] [stderr]    Compiling procfs-core v0.16.0
[INFO] [stderr]    Compiling users v0.9.1
[INFO] [stderr]    Compiling tokio-util v0.7.12
[INFO] [stderr]    Compiling tokio-native-tls v0.3.1
[INFO] [stderr]    Compiling pathdiff v0.2.2
[INFO] [stderr]    Compiling tokio-uds v0.2.7
[INFO] [stderr]    Compiling colored v2.1.0
[INFO] [stderr]    Compiling users v0.11.0
[INFO] [stderr]    Compiling h2 v0.4.6
[INFO] [stderr]    Compiling clap v4.5.20
[INFO] [stderr]    Compiling clap_complete v4.5.36
[INFO] [stderr]    Compiling clap_mangen v0.2.24
[INFO] [stderr]    Compiling config v0.13.4
[INFO] [stderr]    Compiling toml_edit v0.22.22
[INFO] [stderr]    Compiling toml v0.8.19
[INFO] [stderr]    Compiling hyper v1.5.0
[INFO] [stderr]    Compiling hyper-util v0.1.10
[INFO] [stderr]    Compiling hyper-tls v0.6.0
[INFO] [stderr]    Compiling reqwest v0.12.9
[INFO] [stderr]    Compiling dusa_collection_utils v2.6.6
[INFO] [stderr]    Compiling simple_tmp_logger v1.2.2
[INFO] [stderr]    Compiling recs_lib v2.5.2
[INFO] [stderr]    Compiling dusa v1.2.6
[INFO] [stderr]    Compiling artisan_middleware v2.0.0 (/opt/rustwide/workdir)
[INFO] [stderr]     Finished `dev` profile [unoptimized + debuginfo] target(s) in 14.80s
[INFO] running `Command { std: "docker" "inspect" "036c474f7abb970a28a52700d595077a8f1a224cc2ce7d980db041a4baa665f0", kill_on_drop: false }`
[INFO] running `Command { std: "docker" "rm" "-f" "036c474f7abb970a28a52700d595077a8f1a224cc2ce7d980db041a4baa665f0", kill_on_drop: false }`
[INFO] [stdout] 036c474f7abb970a28a52700d595077a8f1a224cc2ce7d980db041a4baa665f0
[INFO] running `Command { std: "docker" "create" "-v" "/var/lib/crater-agent-workspace/builds/worker-2-tc1/target:/opt/rustwide/target:rw,Z" "-v" "/var/lib/crater-agent-workspace/builds/worker-2-tc1/source:/opt/rustwide/workdir:ro,Z" "-v" "/var/lib/crater-agent-workspace/cargo-home:/opt/rustwide/cargo-home:ro,Z" "-v" "/var/lib/crater-agent-workspace/rustup-home:/opt/rustwide/rustup-home:ro,Z" "-e" "SOURCE_DIR=/opt/rustwide/workdir" "-e" "CARGO_TARGET_DIR=/opt/rustwide/target" "-e" "CARGO_INCREMENTAL=0" "-e" "RUST_BACKTRACE=full" "-e" "RUSTFLAGS=--cap-lints=forbid" "-e" "RUSTDOCFLAGS=--cap-lints=forbid" "-e" "CARGO_HOME=/opt/rustwide/cargo-home" "-e" "RUSTUP_HOME=/opt/rustwide/rustup-home" "-w" "/opt/rustwide/workdir" "-m" "1610612736" "--user" "0:0" "--network" "none" "ghcr.io/rust-lang/crates-build-env/linux@sha256:4a844ea9eb2546a2d2c7022eacef16ef2e8229c7fbb2c7d4d55a9ceca922f72d" "/opt/rustwide/cargo-home/bin/cargo" "+nightly-2024-10-28" "test" "--frozen" "--no-run" "--message-format=json", kill_on_drop: false }`
[INFO] [stdout] b564658858687f678e69689cbde0f065aee323528ddea6da3ad7def473d11bc3
[INFO] running `Command { std: "docker" "start" "-a" "b564658858687f678e69689cbde0f065aee323528ddea6da3ad7def473d11bc3", kill_on_drop: false }`
[INFO] [stderr]    Compiling syn v1.0.109
[INFO] [stderr]    Compiling rayon v1.10.0
[INFO] [stderr]    Compiling predicates-core v1.0.8
[INFO] [stderr]    Compiling float-cmp v0.9.0
[INFO] [stderr]    Compiling difflib v0.4.0
[INFO] [stderr]    Compiling termtree v0.4.1
[INFO] [stderr]    Compiling normalize-line-endings v0.3.0
[INFO] [stderr]    Compiling fragile v2.0.0
[INFO] [stderr]    Compiling downcast v0.11.0
[INFO] [stderr]    Compiling tempfile v3.13.0
[INFO] [stderr]    Compiling predicates-tree v1.0.11
[INFO] [stderr]    Compiling predicates v2.1.5
[INFO] [stderr]    Compiling sysinfo v0.28.4
[INFO] [stderr]    Compiling time-macros-impl v0.1.2
[INFO] [stderr]    Compiling mockall_derive v0.11.4
[INFO] [stderr]    Compiling time-macros v0.1.1
[INFO] [stderr]    Compiling time v0.2.27
[INFO] [stderr]    Compiling simple_tmp_logger v1.2.2
[INFO] [stderr]    Compiling recs_lib v2.5.2
[INFO] [stderr]    Compiling dusa v1.2.6
[INFO] [stderr]    Compiling mockall v0.11.4
[INFO] [stderr]    Compiling artisan_middleware v2.0.0 (/opt/rustwide/workdir)
[INFO] [stdout] warning: non-local `impl` definition, `impl` blocks should be written at the same level as their item
[INFO] [stdout]    --> src/../src/tests/notification_test.rs:147:9
[INFO] [stdout]     |
[INFO] [stdout] 133 |     fn test_email_secure_send_failure() {
[INFO] [stdout]     |     ----------------------------------- move the `impl` block outside of this function `test_email_secure_send_failure`
[INFO] [stdout] ...
[INFO] [stdout] 147 |         impl EmailSecure {
[INFO] [stdout]     |         ^^^^^-----------
[INFO] [stdout]     |              |
[INFO] [stdout]     |              `EmailSecure` is not local
[INFO] [stdout]     |
[INFO] [stdout]     = note: an `impl` is never scoped, even when it is nested inside an item, as it may impact type checking outside of that item, which can be the case if neither the trait or the self type are at the same nesting level as the `impl`
[INFO] [stdout]     = note: `#[warn(non_local_definitions)]` on by default
[INFO] [stdout] 
[INFO] [stdout] 
[INFO] [stderr]     Finished `test` profile [unoptimized + debuginfo] target(s) in 6.56s
[INFO] running `Command { std: "docker" "inspect" "b564658858687f678e69689cbde0f065aee323528ddea6da3ad7def473d11bc3", kill_on_drop: false }`
[INFO] running `Command { std: "docker" "rm" "-f" "b564658858687f678e69689cbde0f065aee323528ddea6da3ad7def473d11bc3", kill_on_drop: false }`
[INFO] [stdout] b564658858687f678e69689cbde0f065aee323528ddea6da3ad7def473d11bc3
[INFO] running `Command { std: "docker" "create" "-v" "/var/lib/crater-agent-workspace/builds/worker-2-tc1/target:/opt/rustwide/target:rw,Z" "-v" "/var/lib/crater-agent-workspace/builds/worker-2-tc1/source:/opt/rustwide/workdir:ro,Z" "-v" "/var/lib/crater-agent-workspace/cargo-home:/opt/rustwide/cargo-home:ro,Z" "-v" "/var/lib/crater-agent-workspace/rustup-home:/opt/rustwide/rustup-home:ro,Z" "-e" "SOURCE_DIR=/opt/rustwide/workdir" "-e" "CARGO_TARGET_DIR=/opt/rustwide/target" "-e" "CARGO_INCREMENTAL=0" "-e" "RUST_BACKTRACE=full" "-e" "RUSTFLAGS=--cap-lints=forbid" "-e" "RUSTDOCFLAGS=--cap-lints=forbid" "-e" "CARGO_HOME=/opt/rustwide/cargo-home" "-e" "RUSTUP_HOME=/opt/rustwide/rustup-home" "-w" "/opt/rustwide/workdir" "-m" "1610612736" "--user" "0:0" "--network" "none" "ghcr.io/rust-lang/crates-build-env/linux@sha256:4a844ea9eb2546a2d2c7022eacef16ef2e8229c7fbb2c7d4d55a9ceca922f72d" "/opt/rustwide/cargo-home/bin/cargo" "+nightly-2024-10-28" "test" "--frozen", kill_on_drop: false }`
[INFO] [stdout] 57ae341a88af155289a49a69fcc87815a34b8353e2c2b07e69a4da8826b3d5fa
[INFO] running `Command { std: "docker" "start" "-a" "57ae341a88af155289a49a69fcc87815a34b8353e2c2b07e69a4da8826b3d5fa", kill_on_drop: false }`
[INFO] [stderr] warning: non-local `impl` definition, `impl` blocks should be written at the same level as their item
[INFO] [stderr]    --> src/../src/tests/notification_test.rs:147:9
[INFO] [stderr]     |
[INFO] [stderr] 133 |     fn test_email_secure_send_failure() {
[INFO] [stderr]     |     ----------------------------------- move the `impl` block outside of this function `test_email_secure_send_failure`
[INFO] [stderr] ...
[INFO] [stderr] 147 |         impl EmailSecure {
[INFO] [stderr]     |         ^^^^^-----------
[INFO] [stderr]     |              |
[INFO] [stderr]     |              `EmailSecure` is not local
[INFO] [stderr]     |
[INFO] [stderr]     = note: an `impl` is never scoped, even when it is nested inside an item, as it may impact type checking outside of that item, which can be the case if neither the trait or the self type are at the same nesting level as the `impl`
[INFO] [stderr]     = note: `#[warn(non_local_definitions)]` on by default
[INFO] [stderr] 
[INFO] [stderr] warning: `artisan_middleware` (lib test) generated 1 warning
[INFO] [stderr]     Finished `test` profile [unoptimized + debuginfo] target(s) in 0.17s
[INFO] [stderr]      Running unittests src/lib.rs (/opt/rustwide/target/debug/deps/artisan_middleware-50950cc8b935e6fb)
[INFO] [stdout] 
[INFO] [stdout] running 30 tests
[INFO] [stdout] test encryption_test::tests::test_decrypt_text_success ... ok
[INFO] [stdout] test encryption_test::tests::test_decrypt_text_failure ... ok
[INFO] [stdout] test encryption_test::tests::test_encrypt_text_failure ... ok
[INFO] [stdout] test encryption_test::tests::test_encrypt_text_success ... ok
[INFO] [stdout] test encryption_test::tests::test_encrypt_then_decrypt ... ok
[INFO] [stdout] test git_action_tests::tests::test_read_and_save_git_credentials_file ... ignored, Git runner pathing issues
[INFO] [stdout] test git_action_tests::tests::test_git_credentials_creation ... ok
[INFO] [stdout] test git_action_tests::tests::test_git_credentials_add_auth ... ok
[INFO] [stdout] test notification_test::tests::test_email_display ... ok
[INFO] [stdout] test notification_test::tests::test_email_is_valid ... ok
[INFO] [stdout] test notification_test::tests::test_email_secure_display ... ok
[INFO] [stdout] test network_communication_test::tests::test_read_message ... ok
[INFO] [stdout] test notification_test::tests::test_email_secure_new_success ... ok
[INFO] [stdout] test notification_test::tests::test_email_secure_new_failure ... ok
[INFO] [stdout] test notification_test::tests::test_email_secure_send_success ... ok
[INFO] [stdout] test notification_test::tests::test_email_new ... ok
[INFO] [stdout] test socket_communication_test::tests::test_receive_message ... ok
[INFO] [stdout] test notification_test::tests::test_email_secure_send_failure ... ok
[INFO] [stdout] test git_action_tests::tests::test_bootstrap_git_credentials ... ok
[INFO] [stdout] test network_communication_test::tests::test_read_message_unsupported_version ... ok
[INFO] [stdout] test state_persistence_test::tests::test_save_and_load_state ... ignored, Git runner pathing issues
[INFO] [stdout] test state_persistence_test::tests::test_load_non_existent_file ... ok
[INFO] [stdout] test socket_communication_test::tests::test_set_socket_ownership ... ok
[INFO] [stdout] test socket_communication_test::tests::test_get_socket_stream_valid_path ... ok
[INFO] [stdout] test socket_communication_test::tests::test_send_acknowledge ... ok
[INFO] [stdout] test network_communication_test::tests::test_send_message ... ok
[INFO] [stdout] test socket_communication_test::tests::test_send_message ... ok
[INFO] [stdout] test socket_communication_test::tests::test_get_socket_stream_invalid_path ... ok
[INFO] [stdout] test state_persistence_test::tests::test_invalid_data_format ... ok
[INFO] [stdout] test git_action_tests::tests::test_git_action_clone ... FAILED
[INFO] [stdout] 
[INFO] [stdout] failures:
[INFO] [stdout] 
[INFO] [stdout] ---- git_action_tests::tests::test_git_action_clone stdout ----
[INFO] [stdout] thread 'git_action_tests::tests::test_git_action_clone' panicked at src/../src/tests/git_action_tests.rs:69:9:
[INFO] [stdout] Expected Git clone action to succeed
[INFO] [stdout] stack backtrace:
[INFO] [stdout]    0:     0x60ae957c12ea - std::backtrace_rs::backtrace::libunwind::trace::h207520d6e9873551
[INFO] [stdout]                                at /rustc/df4ca44d3fbc9301ee17f30f4d474e6ae4b05252/library/std/src/../../backtrace/src/backtrace/libunwind.rs:116:5
[INFO] [stdout]    1:     0x60ae957c12ea - std::backtrace_rs::backtrace::trace_unsynchronized::h2ed7433f370e3eca
[INFO] [stdout]                                at /rustc/df4ca44d3fbc9301ee17f30f4d474e6ae4b05252/library/std/src/../../backtrace/src/backtrace/mod.rs:66:5
[INFO] [stdout]    2:     0x60ae957c12ea - std::sys::backtrace::_print_fmt::h916fac51166b18d7
[INFO] [stdout]                                at /rustc/df4ca44d3fbc9301ee17f30f4d474e6ae4b05252/library/std/src/sys/backtrace.rs:66:9
[INFO] [stdout]    3:     0x60ae957c12ea - <std::sys::backtrace::BacktraceLock::print::DisplayBacktrace as core::fmt::Display>::fmt::ha0a4c9b8ce3802e6
[INFO] [stdout]                                at /rustc/df4ca44d3fbc9301ee17f30f4d474e6ae4b05252/library/std/src/sys/backtrace.rs:39:26
[INFO] [stdout]    4:     0x60ae957ec583 - core::fmt::rt::Argument::fmt::h4cfc8587d52b3eb5
[INFO] [stdout]                                at /rustc/df4ca44d3fbc9301ee17f30f4d474e6ae4b05252/library/core/src/fmt/rt.rs:177:76
[INFO] [stdout]    5:     0x60ae957ec583 - core::fmt::write::h522cc39e5b36ae9f
[INFO] [stdout]                                at /rustc/df4ca44d3fbc9301ee17f30f4d474e6ae4b05252/library/core/src/fmt/mod.rs:1190:21
[INFO] [stdout]    6:     0x60ae957bce93 - std::io::Write::write_fmt::h7d3c26752da97734
[INFO] [stdout]                                at /rustc/df4ca44d3fbc9301ee17f30f4d474e6ae4b05252/library/std/src/io/mod.rs:1839:15
[INFO] [stdout]    7:     0x60ae957c1132 - std::sys::backtrace::BacktraceLock::print::h4b9e00b29e9c0942
[INFO] [stdout]                                at /rustc/df4ca44d3fbc9301ee17f30f4d474e6ae4b05252/library/std/src/sys/backtrace.rs:42:9
[INFO] [stdout]    8:     0x60ae957c277a - std::panicking::default_hook::{{closure}}::hb59b88280d0324d9
[INFO] [stdout]                                at /rustc/df4ca44d3fbc9301ee17f30f4d474e6ae4b05252/library/std/src/panicking.rs:268:22
[INFO] [stdout]    9:     0x60ae957c2584 - std::panicking::default_hook::he1dd496665be4a29
[INFO] [stdout]                                at /rustc/df4ca44d3fbc9301ee17f30f4d474e6ae4b05252/library/std/src/panicking.rs:292:9
[INFO] [stdout]   10:     0x60ae95648f49 - <alloc::boxed::Box<F,A> as core::ops::function::Fn<Args>>::call::h4ff71de18744e1dc
[INFO] [stdout]                                at /rustc/df4ca44d3fbc9301ee17f30f4d474e6ae4b05252/library/alloc/src/boxed.rs:2468:9
[INFO] [stdout]   11:     0x60ae95648f49 - test::test_main::{{closure}}::hcf7c055ce117aa81
[INFO] [stdout]                                at /rustc/df4ca44d3fbc9301ee17f30f4d474e6ae4b05252/library/test/src/lib.rs:133:21
[INFO] [stdout]   12:     0x60ae957c2e78 - <alloc::boxed::Box<F,A> as core::ops::function::Fn<Args>>::call::h1d66c6bbd60c9692
[INFO] [stdout]                                at /rustc/df4ca44d3fbc9301ee17f30f4d474e6ae4b05252/library/alloc/src/boxed.rs:2468:9
[INFO] [stdout]   13:     0x60ae957c2e78 - std::panicking::rust_panic_with_hook::h2ff17fe8f26dfcf8
[INFO] [stdout]                                at /rustc/df4ca44d3fbc9301ee17f30f4d474e6ae4b05252/library/std/src/panicking.rs:809:13
[INFO] [stdout]   14:     0x60ae957c2c06 - std::panicking::begin_panic_handler::{{closure}}::h4fad77951c07e101
[INFO] [stdout]                                at /rustc/df4ca44d3fbc9301ee17f30f4d474e6ae4b05252/library/std/src/panicking.rs:667:13
[INFO] [stdout]   15:     0x60ae957c17c9 - std::sys::backtrace::__rust_end_short_backtrace::hb1a25b3da5d0ea08
[INFO] [stdout]                                at /rustc/df4ca44d3fbc9301ee17f30f4d474e6ae4b05252/library/std/src/sys/backtrace.rs:170:18
[INFO] [stdout]   16:     0x60ae957c28cc - rust_begin_unwind
[INFO] [stdout]                                at /rustc/df4ca44d3fbc9301ee17f30f4d474e6ae4b05252/library/std/src/panicking.rs:665:5
[INFO] [stdout]   17:     0x60ae957ea8d0 - core::panicking::panic_fmt::ha9db07b529f9b256
[INFO] [stdout]                                at /rustc/df4ca44d3fbc9301ee17f30f4d474e6ae4b05252/library/core/src/panicking.rs:75:14
[INFO] [stdout]   18:     0x60ae95484a70 - artisan_middleware::git_action_tests::tests::test_git_action_clone::h21a8ded84efadcf1
[INFO] [stdout]                                at /opt/rustwide/workdir/src/../src/tests/git_action_tests.rs:69:9
[INFO] [stdout]   19:     0x60ae954845d7 - artisan_middleware::git_action_tests::tests::test_git_action_clone::{{closure}}::hfbd067a8301b8ce8
[INFO] [stdout]                                at /opt/rustwide/workdir/src/../src/tests/git_action_tests.rs:53:31
[INFO] [stdout]   20:     0x60ae95471df6 - core::ops::function::FnOnce::call_once::h8d6b78db99141689
[INFO] [stdout]                                at /rustc/df4ca44d3fbc9301ee17f30f4d474e6ae4b05252/library/core/src/ops/function.rs:250:5
[INFO] [stdout]   21:     0x60ae9564d81b - core::ops::function::FnOnce::call_once::h22c3ba5715e93f05
[INFO] [stdout]                                at /rustc/df4ca44d3fbc9301ee17f30f4d474e6ae4b05252/library/core/src/ops/function.rs:250:5
[INFO] [stdout]   22:     0x60ae9564d81b - test::__rust_begin_short_backtrace::h8e82d8113d0da17f
[INFO] [stdout]                                at /rustc/df4ca44d3fbc9301ee17f30f4d474e6ae4b05252/library/test/src/lib.rs:621:18
[INFO] [stdout]   23:     0x60ae9564d197 - test::run_test_in_process::{{closure}}::h33235f4f20b7b7c7
[INFO] [stdout]                                at /rustc/df4ca44d3fbc9301ee17f30f4d474e6ae4b05252/library/test/src/lib.rs:644:60
[INFO] [stdout]   24:     0x60ae9564d197 - <core::panic::unwind_safe::AssertUnwindSafe<F> as core::ops::function::FnOnce<()>>::call_once::hb5043206310c586f
[INFO] [stdout]                                at /rustc/df4ca44d3fbc9301ee17f30f4d474e6ae4b05252/library/core/src/panic/unwind_safe.rs:272:9
[INFO] [stdout]   25:     0x60ae9564d197 - std::panicking::try::do_call::h9ad4731a60ab23e2
[INFO] [stdout]                                at /rustc/df4ca44d3fbc9301ee17f30f4d474e6ae4b05252/library/std/src/panicking.rs:557:40
[INFO] [stdout]   26:     0x60ae9564d197 - std::panicking::try::h3824d23db772a716
[INFO] [stdout]                                at /rustc/df4ca44d3fbc9301ee17f30f4d474e6ae4b05252/library/std/src/panicking.rs:520:19
[INFO] [stdout]   27:     0x60ae9564d197 - std::panic::catch_unwind::h5afd514605fde46b
[INFO] [stdout]                                at /rustc/df4ca44d3fbc9301ee17f30f4d474e6ae4b05252/library/std/src/panic.rs:358:14
[INFO] [stdout]   28:     0x60ae9564d197 - test::run_test_in_process::h0d5cbfa7067d1720
[INFO] [stdout]                                at /rustc/df4ca44d3fbc9301ee17f30f4d474e6ae4b05252/library/test/src/lib.rs:644:27
[INFO] [stdout]   29:     0x60ae9564d197 - test::run_test::{{closure}}::h708eb8872708115d
[INFO] [stdout]                                at /rustc/df4ca44d3fbc9301ee17f30f4d474e6ae4b05252/library/test/src/lib.rs:565:43
[INFO] [stdout]   30:     0x60ae956108b4 - test::run_test::{{closure}}::h392c51cee94713ab
[INFO] [stdout]                                at /rustc/df4ca44d3fbc9301ee17f30f4d474e6ae4b05252/library/test/src/lib.rs:595:41
[INFO] [stdout]   31:     0x60ae956108b4 - std::sys::backtrace::__rust_begin_short_backtrace::h2f40290710935a8b
[INFO] [stdout]                                at /rustc/df4ca44d3fbc9301ee17f30f4d474e6ae4b05252/library/std/src/sys/backtrace.rs:154:18
[INFO] [stdout]   32:     0x60ae9561405e - std::thread::Builder::spawn_unchecked_::{{closure}}::{{closure}}::h3fd968d89053a903
[INFO] [stdout]                                at /rustc/df4ca44d3fbc9301ee17f30f4d474e6ae4b05252/library/std/src/thread/mod.rs:541:17
[INFO] [stdout]   33:     0x60ae9561405e - <core::panic::unwind_safe::AssertUnwindSafe<F> as core::ops::function::FnOnce<()>>::call_once::h743f637ba4229880
[INFO] [stdout]                                at /rustc/df4ca44d3fbc9301ee17f30f4d474e6ae4b05252/library/core/src/panic/unwind_safe.rs:272:9
[INFO] [stdout]   34:     0x60ae9561405e - std::panicking::try::do_call::h07440897322525a6
[INFO] [stdout]                                at /rustc/df4ca44d3fbc9301ee17f30f4d474e6ae4b05252/library/std/src/panicking.rs:557:40
[INFO] [stdout]   35:     0x60ae9561405e - std::panicking::try::he5a2e00188156637
[INFO] [stdout]                                at /rustc/df4ca44d3fbc9301ee17f30f4d474e6ae4b05252/library/std/src/panicking.rs:520:19
[INFO] [stdout]   36:     0x60ae9561405e - std::panic::catch_unwind::hbaf3cae49b3c6433
[INFO] [stdout]                                at /rustc/df4ca44d3fbc9301ee17f30f4d474e6ae4b05252/library/std/src/panic.rs:358:14
[INFO] [stdout]   37:     0x60ae9561405e - std::thread::Builder::spawn_unchecked_::{{closure}}::h8e141ea224820bce
[INFO] [stdout]                                at /rustc/df4ca44d3fbc9301ee17f30f4d474e6ae4b05252/library/std/src/thread/mod.rs:540:30
[INFO] [stdout]   38:     0x60ae9561405e - core::ops::function::FnOnce::call_once{{vtable.shim}}::h90d312fedd7b8ea8
[INFO] [stdout]                                at /rustc/df4ca44d3fbc9301ee17f30f4d474e6ae4b05252/library/core/src/ops/function.rs:250:5
[INFO] [stdout]   39:     0x60ae957c82db - <alloc::boxed::Box<F,A> as core::ops::function::FnOnce<Args>>::call_once::h69aa08ddb6adb8b6
[INFO] [stdout]                                at /rustc/df4ca44d3fbc9301ee17f30f4d474e6ae4b05252/library/alloc/src/boxed.rs:2454:9
[INFO] [stdout]   40:     0x60ae957c82db - <alloc::boxed::Box<F,A> as core::ops::function::FnOnce<Args>>::call_once::h5aa36efdb79c806f
[INFO] [stdout]                                at /rustc/df4ca44d3fbc9301ee17f30f4d474e6ae4b05252/library/alloc/src/boxed.rs:2454:9
[INFO] [stdout]   41:     0x60ae957c82db - std::sys::pal::unix::thread::Thread::new::thread_start::h6cd80a1b4be5158d
[INFO] [stdout]                                at /rustc/df4ca44d3fbc9301ee17f30f4d474e6ae4b05252/library/std/src/sys/pal/unix/thread.rs:105:17
[INFO] [stdout]   42:     0x7f8f2a3cdac3 - <unknown>
[INFO] [stdout]   43:     0x7f8f2a45ea04 - clone
[INFO] [stdout]   44:                0x0 - <unknown>
[INFO] [stdout] 
[INFO] [stdout] 
[INFO] [stdout] failures:
[INFO] [stdout]     git_action_tests::tests::test_git_action_clone
[INFO] [stdout] 
[INFO] [stdout] test result: FAILED. 27 passed; 1 failed; 2 ignored; 0 measured; 0 filtered out; finished in 0.13s
[INFO] [stdout] 
[INFO] [stderr] error: test failed, to rerun pass `--lib`
[INFO] running `Command { std: "docker" "inspect" "57ae341a88af155289a49a69fcc87815a34b8353e2c2b07e69a4da8826b3d5fa", kill_on_drop: false }`
[INFO] running `Command { std: "docker" "rm" "-f" "57ae341a88af155289a49a69fcc87815a34b8353e2c2b07e69a4da8826b3d5fa", kill_on_drop: false }`
[INFO] [stdout] 57ae341a88af155289a49a69fcc87815a34b8353e2c2b07e69a4da8826b3d5fa
