[INFO] fetching crate agave-geyser-plugin-interface 2.0.14...
[INFO] testing agave-geyser-plugin-interface-2.0.14 against nightly-2024-10-28 for randomize-layout
[INFO] extracting crate agave-geyser-plugin-interface 2.0.14 into /workspace/builds/worker-3-tc1/source
[INFO] validating manifest of crates.io crate agave-geyser-plugin-interface 2.0.14 on toolchain nightly-2024-10-28
[INFO] running `Command { std: CARGO_HOME="/workspace/cargo-home" RUSTUP_HOME="/workspace/rustup-home" "/workspace/cargo-home/bin/cargo" "+nightly-2024-10-28" "metadata" "--manifest-path" "Cargo.toml" "--no-deps", kill_on_drop: false }`
[INFO] started tweaking crates.io crate agave-geyser-plugin-interface 2.0.14
[INFO] finished tweaking crates.io crate agave-geyser-plugin-interface 2.0.14
[INFO] tweaked toml for crates.io crate agave-geyser-plugin-interface 2.0.14 written to /workspace/builds/worker-3-tc1/source/Cargo.toml
[INFO] running `Command { std: CARGO_HOME="/workspace/cargo-home" RUSTUP_HOME="/workspace/rustup-home" "/workspace/cargo-home/bin/cargo" "+nightly-2024-10-28" "generate-lockfile" "--manifest-path" "Cargo.toml", kill_on_drop: false }`
[INFO] [stderr]     Updating crates.io index
[INFO] [stderr]      Locking 330 packages to latest compatible versions
[INFO] [stderr]       Adding blake3 v1.5.1 (available: v1.5.4)
[INFO] [stderr]       Adding solana-account-decoder v2.0.14 (available: v2.1.0)
[INFO] [stderr]       Adding solana-compute-budget v2.0.14 (available: v2.1.0)
[INFO] [stderr]       Adding solana-config-program v2.0.14 (available: v2.1.0)
[INFO] [stderr]       Adding solana-curve25519 v2.0.14 (available: v2.1.0)
[INFO] [stderr]       Adding solana-measure v2.0.14 (available: v2.1.0)
[INFO] [stderr]       Adding solana-metrics v2.0.14 (available: v2.1.0)
[INFO] [stderr]       Adding solana-program v2.0.14 (available: v2.1.0)
[INFO] [stderr]       Adding solana-program-runtime v2.0.14 (available: v2.1.0)
[INFO] [stderr]       Adding solana-sdk v2.0.14 (available: v2.1.0)
[INFO] [stderr]       Adding solana-sdk-macro v2.0.14 (available: v2.1.0)
[INFO] [stderr]       Adding solana-transaction-status v2.0.14 (available: v2.1.0)
[INFO] [stderr]       Adding solana-type-overrides v2.0.14 (available: v2.1.0)
[INFO] [stderr]       Adding solana-vote v2.0.14 (available: v2.1.0)
[INFO] [stderr]       Adding solana-zk-token-sdk v2.0.14 (available: v2.1.0)
[INFO] [stderr]       Adding solana_rbpf v0.8.4 (available: v0.8.5)
[INFO] [stderr]       Adding spl-token-2022 v4.0.0 (available: v4.0.1)
[INFO] [stderr]       Adding zeroize v1.3.0 (available: v1.8.1)
[INFO] running `Command { std: CARGO_HOME="/workspace/cargo-home" RUSTUP_HOME="/workspace/rustup-home" "/workspace/cargo-home/bin/cargo" "+nightly-2024-10-28" "fetch" "--manifest-path" "Cargo.toml", kill_on_drop: false }`
[INFO] [stderr]  Downloading crates ...
[INFO] [stderr]   Downloaded spl-pod v0.3.1
[INFO] [stderr]   Downloaded spl-type-length-value v0.5.0
[INFO] [stderr]   Downloaded solana-sdk-macro v2.0.14
[INFO] [stderr]   Downloaded solana-config-program v2.0.14
[INFO] [stderr]   Downloaded enum-iterator v1.5.0
[INFO] [stderr]   Downloaded solana-security-txt v1.1.1
[INFO] [stderr]   Downloaded spl-discriminator-derive v0.2.0
[INFO] [stderr]   Downloaded solana-curve25519 v2.0.14
[INFO] [stderr]   Downloaded solana-measure v2.0.14
[INFO] [stderr]   Downloaded spl-associated-token-account v4.0.0
[INFO] [stderr]   Downloaded enum-iterator-derive v1.4.0
[INFO] [stderr]   Downloaded plain v0.2.3
[INFO] [stderr]   Downloaded spl-token-metadata-interface v0.4.0
[INFO] [stderr]   Downloaded solana-transaction-status v2.0.14
[INFO] [stderr]   Downloaded eager v0.1.0
[INFO] [stderr]   Downloaded ascii v0.9.3
[INFO] [stderr]   Downloaded spl-token v6.0.0
[INFO] [stderr]   Downloaded aes-gcm-siv v0.11.1
[INFO] [stderr]   Downloaded solana-program-runtime v2.0.14
[INFO] [stderr]   Downloaded solana-metrics v2.0.14
[INFO] [stderr]   Downloaded combine v3.8.1
[INFO] [stderr]   Downloaded goblin v0.5.4
[INFO] [stderr]   Downloaded async-compression v0.4.17
[INFO] [stderr]   Downloaded solana-sdk v2.0.14
[INFO] [stderr]   Downloaded solana_rbpf v0.8.4
[INFO] [stderr]   Downloaded spl-token-2022 v4.0.0
[INFO] [stderr]   Downloaded solana-program v2.0.14
[INFO] [stderr]   Downloaded scroll v0.11.0
[INFO] [stderr]   Downloaded solana-account-decoder v2.0.14
[INFO] [stderr]   Downloaded spl-tlv-account-resolution v0.7.0
[INFO] [stderr]   Downloaded spl-transfer-hook-interface v0.7.0
[INFO] [stderr]   Downloaded hash32 v0.2.1
[INFO] [stderr]   Downloaded percentage v0.1.0
[INFO] [stderr]   Downloaded solana-compute-budget v2.0.14
[INFO] [stderr]   Downloaded solana-type-overrides v2.0.14
[INFO] [stderr]   Downloaded scroll_derive v0.11.1
[INFO] [stderr]   Downloaded spl-memo v5.0.0
[INFO] [stderr]   Downloaded spl-token-group-interface v0.3.0
[INFO] [stderr]   Downloaded spl-discriminator-syn v0.2.0
[INFO] [stderr]   Downloaded spl-discriminator v0.3.0
[INFO] [stderr]   Downloaded solana-vote v2.0.14
[INFO] [stderr]   Downloaded spl-program-error v0.5.0
[INFO] [stderr]   Downloaded spl-program-error-derive v0.4.1
[INFO] [stderr]   Downloaded brotli v7.0.0
[INFO] [stderr]   Downloaded solana-zk-token-sdk v2.0.14
[INFO] running `Command { std: "docker" "create" "-v" "/var/lib/crater-agent-workspace/builds/worker-3-tc1/target:/opt/rustwide/target:rw,Z" "-v" "/var/lib/crater-agent-workspace/builds/worker-3-tc1/source:/opt/rustwide/workdir:ro,Z" "-v" "/var/lib/crater-agent-workspace/cargo-home:/opt/rustwide/cargo-home:ro,Z" "-v" "/var/lib/crater-agent-workspace/rustup-home:/opt/rustwide/rustup-home:ro,Z" "-e" "SOURCE_DIR=/opt/rustwide/workdir" "-e" "CARGO_TARGET_DIR=/opt/rustwide/target" "-e" "CARGO_HOME=/opt/rustwide/cargo-home" "-e" "RUSTUP_HOME=/opt/rustwide/rustup-home" "-w" "/opt/rustwide/workdir" "-m" "1610612736" "--user" "0:0" "--network" "none" "ghcr.io/rust-lang/crates-build-env/linux@sha256:4a844ea9eb2546a2d2c7022eacef16ef2e8229c7fbb2c7d4d55a9ceca922f72d" "/opt/rustwide/cargo-home/bin/cargo" "+nightly-2024-10-28" "metadata" "--no-deps" "--format-version=1", kill_on_drop: false }`
[INFO] [stdout] 33545e22c2712cadf01ecfc21ef379943a346358efa31c1ef13fa72e7d42e589
[INFO] running `Command { std: "docker" "start" "-a" "33545e22c2712cadf01ecfc21ef379943a346358efa31c1ef13fa72e7d42e589", kill_on_drop: false }`
[INFO] running `Command { std: "docker" "inspect" "33545e22c2712cadf01ecfc21ef379943a346358efa31c1ef13fa72e7d42e589", kill_on_drop: false }`
[INFO] running `Command { std: "docker" "rm" "-f" "33545e22c2712cadf01ecfc21ef379943a346358efa31c1ef13fa72e7d42e589", kill_on_drop: false }`
[INFO] [stdout] 33545e22c2712cadf01ecfc21ef379943a346358efa31c1ef13fa72e7d42e589
[INFO] running `Command { std: "docker" "create" "-v" "/var/lib/crater-agent-workspace/builds/worker-3-tc1/target:/opt/rustwide/target:rw,Z" "-v" "/var/lib/crater-agent-workspace/builds/worker-3-tc1/source:/opt/rustwide/workdir:ro,Z" "-v" "/var/lib/crater-agent-workspace/cargo-home:/opt/rustwide/cargo-home:ro,Z" "-v" "/var/lib/crater-agent-workspace/rustup-home:/opt/rustwide/rustup-home:ro,Z" "-e" "SOURCE_DIR=/opt/rustwide/workdir" "-e" "CARGO_TARGET_DIR=/opt/rustwide/target" "-e" "CARGO_INCREMENTAL=0" "-e" "RUST_BACKTRACE=full" "-e" "RUSTFLAGS=--cap-lints=forbid" "-e" "RUSTDOCFLAGS=--cap-lints=forbid" "-e" "CARGO_HOME=/opt/rustwide/cargo-home" "-e" "RUSTUP_HOME=/opt/rustwide/rustup-home" "-w" "/opt/rustwide/workdir" "-m" "1610612736" "--user" "0:0" "--network" "none" "ghcr.io/rust-lang/crates-build-env/linux@sha256:4a844ea9eb2546a2d2c7022eacef16ef2e8229c7fbb2c7d4d55a9ceca922f72d" "/opt/rustwide/cargo-home/bin/cargo" "+nightly-2024-10-28" "build" "--frozen" "--message-format=json", kill_on_drop: false }`
[INFO] [stdout] 7aa6428d8c7f6dab2c2fb0eaefd7ebe776b4ed6f21c09054ec0e1b30147f17d8
[INFO] running `Command { std: "docker" "start" "-a" "7aa6428d8c7f6dab2c2fb0eaefd7ebe776b4ed6f21c09054ec0e1b30147f17d8", kill_on_drop: false }`
[INFO] [stderr]    Compiling serde v1.0.214
[INFO] [stderr]    Compiling byteorder v1.5.0
[INFO] [stderr]    Compiling subtle v2.6.1
[INFO] [stderr]    Compiling syn v1.0.109
[INFO] [stderr]    Compiling semver v1.0.23
[INFO] [stderr]    Compiling generic-array v0.14.7
[INFO] [stderr]    Compiling num-traits v0.2.19
[INFO] [stderr]    Compiling getrandom v0.1.16
[INFO] [stderr]    Compiling crunchy v0.2.2
[INFO] [stderr]    Compiling either v1.13.0
[INFO] [stderr]    Compiling syn v2.0.86
[INFO] [stderr]    Compiling ahash v0.8.11
[INFO] [stderr]    Compiling opaque-debug v0.3.1
[INFO] [stderr]    Compiling memchr v2.7.4
[INFO] [stderr]    Compiling proc-macro-error-attr v1.0.4
[INFO] [stderr]    Compiling block-padding v0.2.1
[INFO] [stderr]    Compiling toml_datetime v0.6.8
[INFO] [stderr]    Compiling winnow v0.6.20
[INFO] [stderr]    Compiling proc-macro-error v1.0.4
[INFO] [stderr]    Compiling thiserror v1.0.66
[INFO] [stderr]    Compiling itertools v0.10.5
[INFO] [stderr]    Compiling toml v0.5.11
[INFO] [stderr]    Compiling cfg_aliases v0.2.1
[INFO] [stderr]    Compiling feature-probe v0.1.1
[INFO] [stderr]    Compiling rand_core v0.5.1
[INFO] [stderr]    Compiling keccak v0.1.5
[INFO] [stderr]    Compiling borsh v1.5.1
[INFO] [stderr]    Compiling rustc_version v0.4.1
[INFO] [stderr]    Compiling bv v0.11.1
[INFO] [stderr]    Compiling blake3 v1.5.1
[INFO] [stderr]    Compiling memoffset v0.9.1
[INFO] [stderr]    Compiling arrayref v0.3.9
[INFO] [stderr]    Compiling bs58 v0.5.1
[INFO] [stderr]    Compiling digest v0.9.0
[INFO] [stderr]    Compiling arrayvec v0.7.6
[INFO] [stderr]    Compiling solana-program v2.0.14
[INFO] [stderr]    Compiling constant_time_eq v0.3.1
[INFO] [stderr]    Compiling libsecp256k1-core v0.2.2
[INFO] [stderr]    Compiling base64 v0.12.3
[INFO] [stderr]    Compiling strsim v0.11.1
[INFO] [stderr]    Compiling ident_case v1.0.1
[INFO] [stderr]    Compiling signature v1.6.4
[INFO] [stderr]    Compiling solana-sdk v2.0.14
[INFO] [stderr]    Compiling derivation-path v0.2.0
[INFO] [stderr]    Compiling iana-time-zone v0.1.61
[INFO] [stderr]    Compiling ed25519 v1.5.3
[INFO] [stderr]    Compiling qstring v0.7.2
[INFO] [stderr]    Compiling uriparse v0.6.4
[INFO] [stderr]    Compiling num-integer v0.1.46
[INFO] [stderr]    Compiling itertools v0.12.1
[INFO] [stderr]    Compiling memmap2 v0.5.10
[INFO] [stderr]    Compiling siphasher v0.3.11
[INFO] [stderr]    Compiling crypto-common v0.1.6
[INFO] [stderr]    Compiling block-buffer v0.10.4
[INFO] [stderr]    Compiling ring v0.17.8
[INFO] [stderr]    Compiling mio v1.0.2
[INFO] [stderr]    Compiling spin v0.9.8
[INFO] [stderr]    Compiling digest v0.10.7
[INFO] [stderr]    Compiling untrusted v0.9.0
[INFO] [stderr]    Compiling proc-macro-crate v0.1.5
[INFO] [stderr]    Compiling futures-task v0.3.31
[INFO] [stderr]    Compiling futures-io v0.3.31
[INFO] [stderr]    Compiling num-bigint v0.4.6
[INFO] [stderr]    Compiling sha2 v0.10.8
[INFO] [stderr]    Compiling rustls v0.21.12
[INFO] [stderr]    Compiling futures-util v0.3.31
[INFO] [stderr]    Compiling tracing v0.1.40
[INFO] [stderr]    Compiling libsecp256k1-gen-genmult v0.2.1
[INFO] [stderr]    Compiling libsecp256k1-gen-ecmult v0.2.1
[INFO] [stderr]    Compiling tokio v1.41.0
[INFO] [stderr]    Compiling num-bigint v0.2.6
[INFO] [stderr]    Compiling try-lock v0.2.5
[INFO] [stderr]    Compiling want v0.3.1
[INFO] [stderr]    Compiling libsecp256k1 v0.6.0
[INFO] [stderr]    Compiling http-body v0.4.6
[INFO] [stderr]    Compiling futures-channel v0.3.31
[INFO] [stderr]    Compiling num-complex v0.2.4
[INFO] [stderr]    Compiling num-rational v0.2.4
[INFO] [stderr]    Compiling crossbeam-utils v0.8.20
[INFO] [stderr]    Compiling tower-service v0.3.3
[INFO] [stderr]    Compiling toml_edit v0.22.22
[INFO] [stderr]    Compiling brotli v7.0.0
[INFO] [stderr]    Compiling base64 v0.21.7
[INFO] [stderr]    Compiling void v1.0.2
[INFO] [stderr]    Compiling unreachable v1.0.0
[INFO] [stderr]    Compiling rustls-pemfile v1.0.4
[INFO] [stderr]    Compiling num-iter v0.1.45
[INFO] [stderr]    Compiling solana-compute-budget v2.0.14
[INFO] [stderr]    Compiling solana-vote v2.0.14
[INFO] [stderr]    Compiling sync_wrapper v0.1.2
[INFO] [stderr]    Compiling webpki-roots v0.25.4
[INFO] [stderr]    Compiling plain v0.2.3
[INFO] [stderr]    Compiling ipnet v2.10.1
[INFO] [stderr]    Compiling ascii v0.9.3
[INFO] [stderr]    Compiling crossbeam-channel v0.5.13
[INFO] [stderr]    Compiling solana-program-runtime v2.0.14
[INFO] [stderr]    Compiling aho-corasick v1.1.3
[INFO] [stderr]    Compiling hash32 v0.2.1
[INFO] [stderr]    Compiling combine v3.8.1
[INFO] [stderr]    Compiling gethostname v0.2.3
[INFO] [stderr]    Compiling rustc-demangle v0.1.24
[INFO] [stderr]    Compiling num v0.2.1
[INFO] [stderr]    Compiling zstd-safe v5.0.2+zstd.1.5.2
[INFO] [stderr]    Compiling percentage v0.1.0
[INFO] [stderr]    Compiling solana-security-txt v1.1.1
[INFO] [stderr]    Compiling eager v0.1.0
[INFO] [stderr]    Compiling assert_matches v1.5.0
[INFO] [stderr]    Compiling zstd v0.11.2+zstd.1.5.2
[INFO] [stderr]    Compiling proc-macro-crate v3.2.0
[INFO] [stderr]    Compiling regex-automata v0.4.8
[INFO] [stderr]    Compiling darling_core v0.20.10
[INFO] [stderr]    Compiling borsh-derive-internal v0.10.4
[INFO] [stderr]    Compiling borsh-schema-derive-internal v0.10.4
[INFO] [stderr]    Compiling serde_derive v1.0.214
[INFO] [stderr]    Compiling zerocopy-derive v0.7.35
[INFO] [stderr]    Compiling zeroize_derive v1.4.2
[INFO] [stderr]    Compiling thiserror-impl v1.0.66
[INFO] [stderr]    Compiling syn_derive v0.1.8
[INFO] [stderr]    Compiling bytemuck_derive v1.8.0
[INFO] [stderr]    Compiling num-derive v0.4.2
[INFO] [stderr]    Compiling solana-sdk-macro v2.0.14
[INFO] [stderr]    Compiling num_enum_derive v0.7.3
[INFO] [stderr]    Compiling ark-serialize-derive v0.4.2
[INFO] [stderr]    Compiling derivative v2.2.0
[INFO] [stderr]    Compiling ark-ff-macros v0.4.2
[INFO] [stderr]    Compiling zeroize v1.3.0
[INFO] [stderr]    Compiling ark-ff-asm v0.4.2
[INFO] [stderr]    Compiling borsh-derive v1.5.1
[INFO] [stderr]    Compiling zerocopy v0.7.35
[INFO] [stderr]    Compiling borsh-derive v0.10.4
[INFO] [stderr]    Compiling merlin v3.0.0
[INFO] [stderr]    Compiling num_enum v0.7.3
[INFO] [stderr]    Compiling spl-program-error-derive v0.4.1
[INFO] [stderr]    Compiling tokio-util v0.7.12
[INFO] [stderr]    Compiling bytemuck v1.19.0
[INFO] [stderr]    Compiling spl-discriminator-syn v0.2.0
[INFO] [stderr]    Compiling sct v0.7.1
[INFO] [stderr]    Compiling rustls-webpki v0.101.7
[INFO] [stderr]    Compiling scroll_derive v0.11.1
[INFO] [stderr]    Compiling async-compression v0.4.17
[INFO] [stderr]    Compiling spl-discriminator-derive v0.2.0
[INFO] [stderr]    Compiling enum-iterator-derive v1.4.0
[INFO] [stderr]    Compiling ppv-lite86 v0.2.20
[INFO] [stderr]    Compiling regex v1.11.1
[INFO] [stderr]    Compiling hashbrown v0.13.2
[INFO] [stderr]    Compiling darling_macro v0.20.10
[INFO] [stderr]    Compiling h2 v0.3.26
[INFO] [stderr]    Compiling rand_chacha v0.3.1
[INFO] [stderr]    Compiling rand_chacha v0.2.2
[INFO] [stderr]    Compiling scroll v0.11.0
[INFO] [stderr]    Compiling rand v0.8.5
[INFO] [stderr]    Compiling rand v0.7.3
[INFO] [stderr]    Compiling borsh v0.10.4
[INFO] [stderr]    Compiling darling v0.20.10
[INFO] [stderr]    Compiling serde_with_macros v2.3.3
[INFO] [stderr]    Compiling goblin v0.5.4
[INFO] [stderr]    Compiling enum-iterator v1.5.0
[INFO] [stderr]    Compiling Inflector v0.11.4
[INFO] [stderr]    Compiling ark-std v0.4.0
[INFO] [stderr]    Compiling solana-type-overrides v2.0.14
[INFO] [stderr]    Compiling tokio-rustls v0.24.1
[INFO] [stderr]    Compiling hyper v0.14.31
[INFO] [stderr]    Compiling solana_rbpf v0.8.4
[INFO] [stderr]    Compiling bincode v1.3.3
[INFO] [stderr]    Compiling bitflags v2.6.0
[INFO] [stderr]    Compiling serde_bytes v0.11.15
[INFO] [stderr]    Compiling serde_json v1.0.132
[INFO] [stderr]    Compiling serde_with v2.3.3
[INFO] [stderr]    Compiling chrono v0.4.38
[INFO] [stderr]    Compiling serde_urlencoded v0.7.1
[INFO] [stderr]    Compiling block-buffer v0.9.0
[INFO] [stderr]    Compiling crypto-mac v0.8.0
[INFO] [stderr]    Compiling inout v0.1.3
[INFO] [stderr]    Compiling sha2 v0.9.9
[INFO] [stderr]    Compiling curve25519-dalek v3.2.1
[INFO] [stderr]    Compiling sha3 v0.9.1
[INFO] [stderr]    Compiling hmac v0.8.1
[INFO] [stderr]    Compiling universal-hash v0.5.1
[INFO] [stderr]    Compiling aead v0.5.2
[INFO] [stderr]    Compiling cipher v0.4.4
[INFO] [stderr]    Compiling hmac-drbg v0.3.0
[INFO] [stderr]    Compiling polyval v0.6.2
[INFO] [stderr]    Compiling aes v0.8.4
[INFO] [stderr]    Compiling ctr v0.9.2
[INFO] [stderr]    Compiling ark-serialize v0.4.2
[INFO] [stderr]    Compiling sha3 v0.10.8
[INFO] [stderr]    Compiling hmac v0.12.1
[INFO] [stderr]    Compiling pbkdf2 v0.11.0
[INFO] [stderr]    Compiling ark-ff v0.4.2
[INFO] [stderr]    Compiling aes-gcm-siv v0.11.1
[INFO] [stderr]    Compiling hyper-rustls v0.24.2
[INFO] [stderr]    Compiling ed25519-dalek v1.0.1
[INFO] [stderr]    Compiling reqwest v0.11.27
[INFO] [stderr]    Compiling ed25519-dalek-bip32 v0.2.0
[INFO] [stderr]    Compiling ark-poly v0.4.2
[INFO] [stderr]    Compiling ark-ec v0.4.2
[INFO] [stderr]    Compiling ark-bn254 v0.4.0
[INFO] [stderr]    Compiling solana-curve25519 v2.0.14
[INFO] [stderr]    Compiling spl-program-error v0.5.0
[INFO] [stderr]    Compiling spl-discriminator v0.3.0
[INFO] [stderr]    Compiling spl-memo v5.0.0
[INFO] [stderr]    Compiling spl-token v6.0.0
[INFO] [stderr]    Compiling solana-zk-token-sdk v2.0.14
[INFO] [stderr]    Compiling solana-measure v2.0.14
[INFO] [stderr]    Compiling solana-metrics v2.0.14
[INFO] [stderr]    Compiling solana-config-program v2.0.14
[INFO] [stderr]    Compiling spl-pod v0.3.1
[INFO] [stderr]    Compiling spl-type-length-value v0.5.0
[INFO] [stderr]    Compiling spl-token-group-interface v0.3.0
[INFO] [stderr]    Compiling spl-tlv-account-resolution v0.7.0
[INFO] [stderr]    Compiling spl-token-metadata-interface v0.4.0
[INFO] [stderr]    Compiling spl-transfer-hook-interface v0.7.0
[INFO] [stderr]    Compiling spl-token-2022 v4.0.0
[INFO] [stderr]    Compiling solana-account-decoder v2.0.14
[INFO] [stderr]    Compiling spl-associated-token-account v4.0.0
[INFO] [stderr]    Compiling solana-transaction-status v2.0.14
[INFO] [stderr]    Compiling agave-geyser-plugin-interface v2.0.14 (/opt/rustwide/workdir)
[INFO] [stderr]     Finished `dev` profile [unoptimized + debuginfo] target(s) in 48.17s
[INFO] running `Command { std: "docker" "inspect" "7aa6428d8c7f6dab2c2fb0eaefd7ebe776b4ed6f21c09054ec0e1b30147f17d8", kill_on_drop: false }`
[INFO] running `Command { std: "docker" "rm" "-f" "7aa6428d8c7f6dab2c2fb0eaefd7ebe776b4ed6f21c09054ec0e1b30147f17d8", kill_on_drop: false }`
[INFO] [stdout] 7aa6428d8c7f6dab2c2fb0eaefd7ebe776b4ed6f21c09054ec0e1b30147f17d8
[INFO] running `Command { std: "docker" "create" "-v" "/var/lib/crater-agent-workspace/builds/worker-3-tc1/target:/opt/rustwide/target:rw,Z" "-v" "/var/lib/crater-agent-workspace/builds/worker-3-tc1/source:/opt/rustwide/workdir:ro,Z" "-v" "/var/lib/crater-agent-workspace/cargo-home:/opt/rustwide/cargo-home:ro,Z" "-v" "/var/lib/crater-agent-workspace/rustup-home:/opt/rustwide/rustup-home:ro,Z" "-e" "SOURCE_DIR=/opt/rustwide/workdir" "-e" "CARGO_TARGET_DIR=/opt/rustwide/target" "-e" "CARGO_INCREMENTAL=0" "-e" "RUST_BACKTRACE=full" "-e" "RUSTFLAGS=--cap-lints=forbid" "-e" "RUSTDOCFLAGS=--cap-lints=forbid" "-e" "CARGO_HOME=/opt/rustwide/cargo-home" "-e" "RUSTUP_HOME=/opt/rustwide/rustup-home" "-w" "/opt/rustwide/workdir" "-m" "1610612736" "--user" "0:0" "--network" "none" "ghcr.io/rust-lang/crates-build-env/linux@sha256:4a844ea9eb2546a2d2c7022eacef16ef2e8229c7fbb2c7d4d55a9ceca922f72d" "/opt/rustwide/cargo-home/bin/cargo" "+nightly-2024-10-28" "test" "--frozen" "--no-run" "--message-format=json", kill_on_drop: false }`
[INFO] [stdout] 05782a786593de9b64b41bd30e70c33fcf5c39152ba9906fb506f95e957cb5c5
[INFO] running `Command { std: "docker" "start" "-a" "05782a786593de9b64b41bd30e70c33fcf5c39152ba9906fb506f95e957cb5c5", kill_on_drop: false }`
[INFO] [stderr]    Compiling agave-geyser-plugin-interface v2.0.14 (/opt/rustwide/workdir)
[INFO] [stderr]     Finished `test` profile [unoptimized + debuginfo] target(s) in 1.39s
[INFO] running `Command { std: "docker" "inspect" "05782a786593de9b64b41bd30e70c33fcf5c39152ba9906fb506f95e957cb5c5", kill_on_drop: false }`
[INFO] running `Command { std: "docker" "rm" "-f" "05782a786593de9b64b41bd30e70c33fcf5c39152ba9906fb506f95e957cb5c5", kill_on_drop: false }`
[INFO] [stdout] 05782a786593de9b64b41bd30e70c33fcf5c39152ba9906fb506f95e957cb5c5
[INFO] running `Command { std: "docker" "create" "-v" "/var/lib/crater-agent-workspace/builds/worker-3-tc1/target:/opt/rustwide/target:rw,Z" "-v" "/var/lib/crater-agent-workspace/builds/worker-3-tc1/source:/opt/rustwide/workdir:ro,Z" "-v" "/var/lib/crater-agent-workspace/cargo-home:/opt/rustwide/cargo-home:ro,Z" "-v" "/var/lib/crater-agent-workspace/rustup-home:/opt/rustwide/rustup-home:ro,Z" "-e" "SOURCE_DIR=/opt/rustwide/workdir" "-e" "CARGO_TARGET_DIR=/opt/rustwide/target" "-e" "CARGO_INCREMENTAL=0" "-e" "RUST_BACKTRACE=full" "-e" "RUSTFLAGS=--cap-lints=forbid" "-e" "RUSTDOCFLAGS=--cap-lints=forbid" "-e" "CARGO_HOME=/opt/rustwide/cargo-home" "-e" "RUSTUP_HOME=/opt/rustwide/rustup-home" "-w" "/opt/rustwide/workdir" "-m" "1610612736" "--user" "0:0" "--network" "none" "ghcr.io/rust-lang/crates-build-env/linux@sha256:4a844ea9eb2546a2d2c7022eacef16ef2e8229c7fbb2c7d4d55a9ceca922f72d" "/opt/rustwide/cargo-home/bin/cargo" "+nightly-2024-10-28" "test" "--frozen", kill_on_drop: false }`
[INFO] [stdout] b34e539bdbf7f683b1954375526bc592b457cd59614d3ba74b724d5ee51727f6
[INFO] running `Command { std: "docker" "start" "-a" "b34e539bdbf7f683b1954375526bc592b457cd59614d3ba74b724d5ee51727f6", kill_on_drop: false }`
[INFO] [stderr]     Finished `test` profile [unoptimized + debuginfo] target(s) in 0.23s
[INFO] [stderr]      Running unittests src/lib.rs (/opt/rustwide/target/debug/deps/agave_geyser_plugin_interface-24c506ee6c7255ee)
[INFO] [stdout] 
[INFO] [stdout] running 0 tests
[INFO] [stdout] 
[INFO] [stdout] test result: ok. 0 passed; 0 failed; 0 ignored; 0 measured; 0 filtered out; finished in 0.00s
[INFO] [stdout] 
[INFO] [stderr]    Doc-tests agave_geyser_plugin_interface
[INFO] [stdout] 
[INFO] [stdout] running 1 test
[INFO] [stdout] test src/geyser_plugin_interface.rs - geyser_plugin_interface::GeyserPlugin::setup_logger (line 345) ... FAILED
[INFO] [stdout] 
[INFO] [stdout] failures:
[INFO] [stdout] 
[INFO] [stdout] ---- src/geyser_plugin_interface.rs - geyser_plugin_interface::GeyserPlugin::setup_logger (line 345) stdout ----
[INFO] [stdout] error[E0277]: the trait bound `SetLoggerError: std::error::Error` is not satisfied
[INFO] [stdout]   --> src/geyser_plugin_interface.rs:356:49
[INFO] [stdout]    |
[INFO] [stdout] 14 |            return Err(GeyserPluginError::Custom(Box::new(err)));
[INFO] [stdout]    |                                                 ^^^^^^^^^^^^^ the trait `std::error::Error` is not implemented for `SetLoggerError`
[INFO] [stdout]    |
[INFO] [stdout]    = note: required for the cast from `Box<SetLoggerError>` to `Box<(dyn std::error::Error + Send + Sync + 'static)>`
[INFO] [stdout] 
[INFO] [stdout] error: aborting due to 1 previous error
[INFO] [stdout] 
[INFO] [stdout] For more information about this error, try `rustc --explain E0277`.
[INFO] [stdout] Couldn't compile the test.
[INFO] [stdout] 
[INFO] [stdout] failures:
[INFO] [stdout]     src/geyser_plugin_interface.rs - geyser_plugin_interface::GeyserPlugin::setup_logger (line 345)
[INFO] [stdout] 
[INFO] [stdout] test result: FAILED. 0 passed; 1 failed; 0 ignored; 0 measured; 0 filtered out; finished in 0.12s
[INFO] [stdout] 
[INFO] [stderr] error: doctest failed, to rerun pass `--doc`
[INFO] running `Command { std: "docker" "inspect" "b34e539bdbf7f683b1954375526bc592b457cd59614d3ba74b724d5ee51727f6", kill_on_drop: false }`
[INFO] running `Command { std: "docker" "rm" "-f" "b34e539bdbf7f683b1954375526bc592b457cd59614d3ba74b724d5ee51727f6", kill_on_drop: false }`
[INFO] [stdout] b34e539bdbf7f683b1954375526bc592b457cd59614d3ba74b724d5ee51727f6
