[INFO] cloning repository https://github.com/deets/rusty-peanut
[INFO] running `Command { std: "git" "-c" "credential.helper=" "-c" "credential.helper=/workspace/cargo-home/bin/git-credential-null" "clone" "--bare" "https://github.com/deets/rusty-peanut" "/workspace/cache/git-repos/https%3A%2F%2Fgithub.com%2Fdeets%2Frusty-peanut", kill_on_drop: false }`
[INFO] [stderr] Cloning into bare repository '/workspace/cache/git-repos/https%3A%2F%2Fgithub.com%2Fdeets%2Frusty-peanut'...
[INFO] running `Command { std: "git" "rev-parse" "HEAD", kill_on_drop: false }`
[INFO] [stdout] ff1d26ffc2e55b6d4ef81faf7b3aba048aae2fa6
[INFO] testing deets/rusty-peanut/ff1d26ffc2e55b6d4ef81faf7b3aba048aae2fa6 against nightly-2024-10-28+rustflags=-Zrandomize-layout for randomize-layout
[INFO] running `Command { std: "git" "clone" "/workspace/cache/git-repos/https%3A%2F%2Fgithub.com%2Fdeets%2Frusty-peanut" "/workspace/builds/worker-7-tc2/source", kill_on_drop: false }`
[INFO] [stderr] Cloning into '/workspace/builds/worker-7-tc2/source'...
[INFO] [stderr] done.
[INFO] validating manifest of git repo https://github.com/deets/rusty-peanut on toolchain nightly-2024-10-28
[INFO] running `Command { std: CARGO_HOME="/workspace/cargo-home" RUSTUP_HOME="/workspace/rustup-home" "/workspace/cargo-home/bin/cargo" "+nightly-2024-10-28" "metadata" "--manifest-path" "Cargo.toml" "--no-deps", kill_on_drop: false }`
[INFO] started tweaking git repo https://github.com/deets/rusty-peanut
[INFO] finished tweaking git repo https://github.com/deets/rusty-peanut
[INFO] tweaked toml for git repo https://github.com/deets/rusty-peanut written to /workspace/builds/worker-7-tc2/source/Cargo.toml
[INFO] crate git repo https://github.com/deets/rusty-peanut already has a lockfile, it will not be regenerated
[INFO] running `Command { std: CARGO_HOME="/workspace/cargo-home" RUSTUP_HOME="/workspace/rustup-home" "/workspace/cargo-home/bin/cargo" "+nightly-2024-10-28" "fetch" "--manifest-path" "Cargo.toml", kill_on_drop: false }`
[INFO] [stderr]     Blocking waiting for file lock on package cache
[INFO] [stderr]     Updating crates.io index
[INFO] [stderr]     Blocking waiting for file lock on package cache
[ERROR] error running command: no output for 300 seconds
[INFO] testing deets/rusty-peanut/ff1d26ffc2e55b6d4ef81faf7b3aba048aae2fa6 against nightly-2024-10-28+rustflags=-Zrandomize-layout for randomize-layout
[INFO] running `Command { std: "git" "clone" "/workspace/cache/git-repos/https%3A%2F%2Fgithub.com%2Fdeets%2Frusty-peanut" "/workspace/builds/worker-7-tc2/source", kill_on_drop: false }`
[INFO] [stderr] Cloning into '/workspace/builds/worker-7-tc2/source'...
[INFO] [stderr] done.
[INFO] validating manifest of git repo https://github.com/deets/rusty-peanut on toolchain nightly-2024-10-28
[INFO] running `Command { std: CARGO_HOME="/workspace/cargo-home" RUSTUP_HOME="/workspace/rustup-home" "/workspace/cargo-home/bin/cargo" "+nightly-2024-10-28" "metadata" "--manifest-path" "Cargo.toml" "--no-deps", kill_on_drop: false }`
[INFO] started tweaking git repo https://github.com/deets/rusty-peanut
[INFO] finished tweaking git repo https://github.com/deets/rusty-peanut
[INFO] tweaked toml for git repo https://github.com/deets/rusty-peanut written to /workspace/builds/worker-7-tc2/source/Cargo.toml
[INFO] crate git repo https://github.com/deets/rusty-peanut already has a lockfile, it will not be regenerated
[INFO] running `Command { std: CARGO_HOME="/workspace/cargo-home" RUSTUP_HOME="/workspace/rustup-home" "/workspace/cargo-home/bin/cargo" "+nightly-2024-10-28" "fetch" "--manifest-path" "Cargo.toml", kill_on_drop: false }`
[INFO] [stderr]     Blocking waiting for file lock on package cache
[INFO] [stderr]     Blocking waiting for file lock on package cache
[ERROR] error running command: no output for 300 seconds
[INFO] testing deets/rusty-peanut/ff1d26ffc2e55b6d4ef81faf7b3aba048aae2fa6 against nightly-2024-10-28+rustflags=-Zrandomize-layout for randomize-layout
[INFO] running `Command { std: "git" "clone" "/workspace/cache/git-repos/https%3A%2F%2Fgithub.com%2Fdeets%2Frusty-peanut" "/workspace/builds/worker-7-tc2/source", kill_on_drop: false }`
[INFO] [stderr] Cloning into '/workspace/builds/worker-7-tc2/source'...
[INFO] [stderr] done.
[INFO] validating manifest of git repo https://github.com/deets/rusty-peanut on toolchain nightly-2024-10-28
[INFO] running `Command { std: CARGO_HOME="/workspace/cargo-home" RUSTUP_HOME="/workspace/rustup-home" "/workspace/cargo-home/bin/cargo" "+nightly-2024-10-28" "metadata" "--manifest-path" "Cargo.toml" "--no-deps", kill_on_drop: false }`
[INFO] started tweaking git repo https://github.com/deets/rusty-peanut
[INFO] finished tweaking git repo https://github.com/deets/rusty-peanut
[INFO] tweaked toml for git repo https://github.com/deets/rusty-peanut written to /workspace/builds/worker-7-tc2/source/Cargo.toml
[INFO] crate git repo https://github.com/deets/rusty-peanut already has a lockfile, it will not be regenerated
[INFO] running `Command { std: CARGO_HOME="/workspace/cargo-home" RUSTUP_HOME="/workspace/rustup-home" "/workspace/cargo-home/bin/cargo" "+nightly-2024-10-28" "fetch" "--manifest-path" "Cargo.toml", kill_on_drop: false }`
[INFO] [stderr]     Blocking waiting for file lock on package cache
[INFO] [stderr]     Blocking waiting for file lock on package cache
[ERROR] error running command: no output for 300 seconds
[INFO] testing deets/rusty-peanut/ff1d26ffc2e55b6d4ef81faf7b3aba048aae2fa6 against nightly-2024-10-28+rustflags=-Zrandomize-layout for randomize-layout
[INFO] running `Command { std: "git" "clone" "/workspace/cache/git-repos/https%3A%2F%2Fgithub.com%2Fdeets%2Frusty-peanut" "/workspace/builds/worker-7-tc2/source", kill_on_drop: false }`
[INFO] [stderr] Cloning into '/workspace/builds/worker-7-tc2/source'...
[INFO] [stderr] done.
[INFO] validating manifest of git repo https://github.com/deets/rusty-peanut on toolchain nightly-2024-10-28
[INFO] running `Command { std: CARGO_HOME="/workspace/cargo-home" RUSTUP_HOME="/workspace/rustup-home" "/workspace/cargo-home/bin/cargo" "+nightly-2024-10-28" "metadata" "--manifest-path" "Cargo.toml" "--no-deps", kill_on_drop: false }`
[INFO] started tweaking git repo https://github.com/deets/rusty-peanut
[INFO] finished tweaking git repo https://github.com/deets/rusty-peanut
[INFO] tweaked toml for git repo https://github.com/deets/rusty-peanut written to /workspace/builds/worker-7-tc2/source/Cargo.toml
[INFO] crate git repo https://github.com/deets/rusty-peanut already has a lockfile, it will not be regenerated
[INFO] running `Command { std: CARGO_HOME="/workspace/cargo-home" RUSTUP_HOME="/workspace/rustup-home" "/workspace/cargo-home/bin/cargo" "+nightly-2024-10-28" "fetch" "--manifest-path" "Cargo.toml", kill_on_drop: false }`
[INFO] [stderr]     Blocking waiting for file lock on package cache
[INFO] [stderr]     Blocking waiting for file lock on package cache
[ERROR] error running command: no output for 300 seconds
[INFO] testing deets/rusty-peanut/ff1d26ffc2e55b6d4ef81faf7b3aba048aae2fa6 against nightly-2024-10-28+rustflags=-Zrandomize-layout for randomize-layout
[INFO] running `Command { std: "git" "clone" "/workspace/cache/git-repos/https%3A%2F%2Fgithub.com%2Fdeets%2Frusty-peanut" "/workspace/builds/worker-7-tc2/source", kill_on_drop: false }`
[INFO] [stderr] Cloning into '/workspace/builds/worker-7-tc2/source'...
[INFO] [stderr] done.
[INFO] validating manifest of git repo https://github.com/deets/rusty-peanut on toolchain nightly-2024-10-28
[INFO] running `Command { std: CARGO_HOME="/workspace/cargo-home" RUSTUP_HOME="/workspace/rustup-home" "/workspace/cargo-home/bin/cargo" "+nightly-2024-10-28" "metadata" "--manifest-path" "Cargo.toml" "--no-deps", kill_on_drop: false }`
[INFO] started tweaking git repo https://github.com/deets/rusty-peanut
[INFO] finished tweaking git repo https://github.com/deets/rusty-peanut
[INFO] tweaked toml for git repo https://github.com/deets/rusty-peanut written to /workspace/builds/worker-7-tc2/source/Cargo.toml
[INFO] crate git repo https://github.com/deets/rusty-peanut already has a lockfile, it will not be regenerated
[INFO] running `Command { std: CARGO_HOME="/workspace/cargo-home" RUSTUP_HOME="/workspace/rustup-home" "/workspace/cargo-home/bin/cargo" "+nightly-2024-10-28" "fetch" "--manifest-path" "Cargo.toml", kill_on_drop: false }`
[INFO] [stderr]     Blocking waiting for file lock on package cache
[INFO] [stderr]     Blocking waiting for file lock on package cache
[INFO] [stderr]  Downloading crates ...
[INFO] [stderr]   Downloaded test-env-log v0.2.7
[INFO] [stderr]   Downloaded gfx-backend-metal v0.5.7
[INFO] [stderr]   Downloaded serialport v4.0.0
[INFO] [stderr]   Downloaded gfx-backend-dx11 v0.5.3
[INFO] running `Command { std: "docker" "create" "-v" "/var/lib/crater-agent-workspace/builds/worker-7-tc2/target:/opt/rustwide/target:rw,Z" "-v" "/var/lib/crater-agent-workspace/builds/worker-7-tc2/source:/opt/rustwide/workdir:ro,Z" "-v" "/var/lib/crater-agent-workspace/cargo-home:/opt/rustwide/cargo-home:ro,Z" "-v" "/var/lib/crater-agent-workspace/rustup-home:/opt/rustwide/rustup-home:ro,Z" "-e" "SOURCE_DIR=/opt/rustwide/workdir" "-e" "CARGO_TARGET_DIR=/opt/rustwide/target" "-e" "CARGO_HOME=/opt/rustwide/cargo-home" "-e" "RUSTUP_HOME=/opt/rustwide/rustup-home" "-w" "/opt/rustwide/workdir" "-m" "1610612736" "--user" "0:0" "--network" "none" "ghcr.io/rust-lang/crates-build-env/linux@sha256:4a844ea9eb2546a2d2c7022eacef16ef2e8229c7fbb2c7d4d55a9ceca922f72d" "/opt/rustwide/cargo-home/bin/cargo" "+nightly-2024-10-28" "metadata" "--no-deps" "--format-version=1", kill_on_drop: false }`
[INFO] [stdout] 043f9fab903464fcc0207632e6c23a3d128ab3b35f7e38d9d463ab93a7c31a51
[INFO] running `Command { std: "docker" "start" "-a" "043f9fab903464fcc0207632e6c23a3d128ab3b35f7e38d9d463ab93a7c31a51", kill_on_drop: false }`
[INFO] running `Command { std: "docker" "inspect" "043f9fab903464fcc0207632e6c23a3d128ab3b35f7e38d9d463ab93a7c31a51", kill_on_drop: false }`
[INFO] running `Command { std: "docker" "rm" "-f" "043f9fab903464fcc0207632e6c23a3d128ab3b35f7e38d9d463ab93a7c31a51", kill_on_drop: false }`
[INFO] [stdout] 043f9fab903464fcc0207632e6c23a3d128ab3b35f7e38d9d463ab93a7c31a51
[INFO] running `Command { std: "docker" "create" "-v" "/var/lib/crater-agent-workspace/builds/worker-7-tc2/target:/opt/rustwide/target:rw,Z" "-v" "/var/lib/crater-agent-workspace/builds/worker-7-tc2/source:/opt/rustwide/workdir:ro,Z" "-v" "/var/lib/crater-agent-workspace/cargo-home:/opt/rustwide/cargo-home:ro,Z" "-v" "/var/lib/crater-agent-workspace/rustup-home:/opt/rustwide/rustup-home:ro,Z" "-e" "SOURCE_DIR=/opt/rustwide/workdir" "-e" "CARGO_TARGET_DIR=/opt/rustwide/target" "-e" "CARGO_INCREMENTAL=0" "-e" "RUST_BACKTRACE=full" "-e" "RUSTFLAGS=--cap-lints=forbid -Zrandomize-layout" "-e" "RUSTDOCFLAGS=--cap-lints=forbid" "-e" "CARGO_HOME=/opt/rustwide/cargo-home" "-e" "RUSTUP_HOME=/opt/rustwide/rustup-home" "-w" "/opt/rustwide/workdir" "-m" "1610612736" "--user" "0:0" "--network" "none" "ghcr.io/rust-lang/crates-build-env/linux@sha256:4a844ea9eb2546a2d2c7022eacef16ef2e8229c7fbb2c7d4d55a9ceca922f72d" "/opt/rustwide/cargo-home/bin/cargo" "+nightly-2024-10-28" "build" "--frozen" "--message-format=json", kill_on_drop: false }`
[INFO] [stdout] 08df6a6466fd383945f92d0beca54388a04048360d5c155f3c4b772ba2b2e370
[INFO] running `Command { std: "docker" "start" "-a" "08df6a6466fd383945f92d0beca54388a04048360d5c155f3c4b772ba2b2e370", kill_on_drop: false }`
[INFO] [stderr]    Compiling autocfg v1.0.1
[INFO] [stderr]    Compiling libc v0.2.93
[INFO] [stderr]    Compiling cfg-if v1.0.0
[INFO] [stderr]    Compiling lazy_static v1.4.0
[INFO] [stderr]    Compiling bitflags v1.2.1
[INFO] [stderr]    Compiling proc-macro2 v1.0.26
[INFO] [stderr]    Compiling unicode-xid v0.2.1
[INFO] [stderr]    Compiling syn v1.0.65
[INFO] [stderr]    Compiling cfg-if v0.1.10
[INFO] [stderr]    Compiling scopeguard v1.1.0
[INFO] [stderr]    Compiling byteorder v1.4.3
[INFO] [stderr]    Compiling log v0.4.14
[INFO] [stderr]    Compiling slab v0.4.2
[INFO] [stderr]    Compiling pkg-config v0.3.19
[INFO] [stderr]    Compiling libloading v0.6.7
[INFO] [stderr]    Compiling proc-macro2 v0.4.30
[INFO] [stderr]    Compiling unicode-xid v0.1.0
[INFO] [stderr]    Compiling num-traits v0.2.14
[INFO] [stderr]    Compiling crossbeam-utils v0.8.3
[INFO] [stderr]    Compiling num-integer v0.1.44
[INFO] [stderr]    Compiling xml-rs v0.8.3
[INFO] [stderr]    Compiling maybe-uninit v2.0.0
[INFO] [stderr]    Compiling quote v1.0.9
[INFO] [stderr]    Compiling crossbeam-utils v0.7.2
[INFO] [stderr]    Compiling memoffset v0.5.6
[INFO] [stderr]    Compiling void v1.0.2
[INFO] [stderr]    Compiling getrandom v0.1.16
[INFO] [stderr]    Compiling quote v0.6.13
[INFO] [stderr]    Compiling wayland-scanner v0.23.6
[INFO] [stderr]    Compiling memoffset v0.6.3
[INFO] [stderr]    Compiling crossbeam-epoch v0.8.2
[INFO] [stderr]    Compiling rand_core v0.4.2
[INFO] [stderr]    Compiling num_cpus v1.13.0
[INFO] [stderr]    Compiling arrayvec v0.5.2
[INFO] [stderr]    Compiling nix v0.14.1
[INFO] [stderr]    Compiling approx v0.3.2
[INFO] [stderr]    Compiling net2 v0.2.37
[INFO] [stderr]    Compiling iovec v0.1.4
[INFO] [stderr]    Compiling mio v0.6.23
[INFO] [stderr]    Compiling raw-window-handle v0.3.3
[INFO] [stderr]    Compiling rand_core v0.5.1
[INFO] [stderr]    Compiling dlib v0.4.2
[INFO] [stderr]    Compiling autocfg v0.1.7
[INFO] [stderr]    Compiling lazycell v1.3.0
[INFO] [stderr]    Compiling wayland-sys v0.23.6
[INFO] [stderr]    Compiling crossbeam-epoch v0.9.3
[INFO] [stderr]    Compiling ordered-float v1.1.1
[INFO] [stderr]    Compiling num-iter v0.1.42
[INFO] [stderr]    Compiling mio-extras v2.0.6
[INFO] [stderr]    Compiling crossbeam-deque v0.7.3
[INFO] [stderr]    Compiling stb_truetype v0.3.1
[INFO] [stderr]    Compiling linked-hash-map v0.5.4
[INFO] [stderr]    Compiling serde_derive v1.0.125
[INFO] [stderr]    Compiling memchr v2.3.4
[INFO] [stderr]    Compiling rayon-core v1.9.0
[INFO] [stderr]    Compiling proc-macro-hack v0.5.19
[INFO] [stderr]    Compiling adler32 v1.2.0
[INFO] [stderr]    Compiling ppv-lite86 v0.2.10
[INFO] [stderr]    Compiling rustc-hash v1.1.0
[INFO] [stderr]    Compiling rusttype v0.8.3
[INFO] [stderr]    Compiling wayland-client v0.23.6
[INFO] [stderr]    Compiling wayland-protocols v0.23.6
[INFO] [stderr]    Compiling crossbeam-deque v0.8.0
[INFO] [stderr]    Compiling rand_pcg v0.2.1
[INFO] [stderr]    Compiling rand_chacha v0.2.2
[INFO] [stderr]    Compiling gfx-hal v0.5.3
[INFO] [stderr]    Compiling crossbeam-channel v0.5.1
[INFO] [stderr]    Compiling rand_core v0.3.1
[INFO] [stderr]    Compiling downcast-rs v1.2.0
[INFO] [stderr]    Compiling same-file v1.0.6
[INFO] [stderr]    Compiling siphasher v0.3.5
[INFO] [stderr]    Compiling smallvec v1.6.1
[INFO] [stderr]    Compiling serde v1.0.125
[INFO] [stderr]    Compiling synstructure v0.12.4
[INFO] [stderr]    Compiling phf_shared v0.8.0
[INFO] [stderr]    Compiling walkdir v2.3.2
[INFO] [stderr]    Compiling rand v0.7.3
[INFO] [stderr]    Compiling wayland-commons v0.23.6
[INFO] [stderr]    Compiling calloop v0.4.4
[INFO] [stderr]    Compiling rusttype v0.7.9
[INFO] [stderr]    Compiling line_drawing v0.7.0
[INFO] [stderr]    Compiling x11 v2.18.2
[INFO] [stderr]    Compiling rayon v1.5.0
[INFO] [stderr]    Compiling xdg v2.2.0
[INFO] [stderr]    Compiling phf_generator v0.8.0
[INFO] [stderr]    Compiling parking_lot_core v0.7.2
[INFO] [stderr]    Compiling andrew v0.2.1
[INFO] [stderr]    Compiling xcb v0.9.0
[INFO] [stderr]    Compiling memmap v0.7.0
[INFO] [stderr]    Compiling num-bigint v0.2.6
[INFO] [stderr]    Compiling fxhash v0.2.1
[INFO] [stderr]    Compiling lock_api v0.3.4
[INFO] [stderr]    Compiling either v1.6.1
[INFO] [stderr]    Compiling atom v0.3.6
[INFO] [stderr]    Compiling hibitset v0.6.3
[INFO] [stderr]    Compiling parking_lot v0.10.2
[INFO] [stderr]    Compiling peek-poke-derive v0.2.1
[INFO] [stderr]    Compiling peek-poke v0.2.0
[INFO] [stderr]    Compiling euclid v0.20.14
[INFO] [stderr]    Compiling ash v0.31.0
[INFO] [stderr]    Compiling num-rational v0.2.4
[INFO] [stderr]    Compiling num-complex v0.2.4
[INFO] [stderr]    Compiling fixedbitset v0.1.9
[INFO] [stderr]    Compiling proc-macro-nested v0.1.7
[INFO] [stderr]    Compiling ryu v1.0.5
[INFO] [stderr]    Compiling color_quant v1.1.0
[INFO] [stderr]    Compiling petgraph v0.4.13
[INFO] [stderr]    Compiling lyon_geom v0.15.3
[INFO] [stderr]    Compiling wgpu-types v0.5.1
[INFO] [stderr]    Compiling jpeg-decoder v0.1.22
[INFO] [stderr]    Compiling gfx-memory v0.1.3
[INFO] [stderr]    Compiling gfx-descriptor v0.1.0
[INFO] [stderr]    Compiling gfx-backend-empty v0.5.2
[INFO] [stderr]    Compiling rand_chacha v0.1.1
[INFO] [stderr]    Compiling rand_pcg v0.1.2
[INFO] [stderr]    Compiling miniz_oxide v0.4.4
[INFO] [stderr]    Compiling vec_map v0.8.2
[INFO] [stderr]    Compiling crc32fast v1.2.1
[INFO] [stderr]    Compiling copyless v0.1.5
[INFO] [stderr]    Compiling futures-sink v0.3.14
[INFO] [stderr]    Compiling futures-core v0.3.14
[INFO] [stderr]    Compiling piston-float v0.3.0
[INFO] [stderr]    Compiling futures-channel v0.3.14
[INFO] [stderr]    Compiling piston-viewport v0.5.0
[INFO] [stderr]    Compiling lyon_path v0.15.2
[INFO] [stderr]    Compiling futures-macro v0.3.14
[INFO] [stderr]    Compiling phf_codegen v0.8.0
[INFO] [stderr]    Compiling deflate v0.7.20
[INFO] [stderr]    Compiling inflate v0.3.4
[INFO] [stderr]    Compiling rand v0.6.5
[INFO] [stderr]    Compiling sid v0.6.1
[INFO] [stderr]    Compiling num-traits v0.1.43
[INFO] [stderr]    Compiling x11-dl v2.18.5
[INFO] [stderr]    Compiling libudev-sys v0.1.4
[INFO] [stderr]    Compiling num-rational v0.3.2
[INFO] [stderr]    Compiling instant v0.1.9
[INFO] [stderr]    Compiling adler v1.0.2
[INFO] [stderr]    Compiling futures-task v0.3.14
[INFO] [stderr]    Compiling weezl v0.1.5
[INFO] [stderr]    Compiling lzw v0.10.0
[INFO] [stderr]    Compiling futures-io v0.3.14
[INFO] [stderr]    Compiling scoped_threadpool v0.1.9
[INFO] [stderr]    Compiling pin-project-lite v0.2.6
[INFO] [stderr]    Compiling radium v0.5.3
[INFO] [stderr]    Compiling pin-utils v0.1.0
[INFO] [stderr]    Compiling futures-util v0.3.14
[INFO] [stderr]    Compiling gif v0.9.2
[INFO] [stderr]    Compiling png v0.11.0
[INFO] [stderr]    Compiling enum_primitive v0.1.1
[INFO] [stderr]    Compiling palette v0.5.0
[INFO] [stderr]    Compiling num v0.2.1
[INFO] [stderr]    Compiling pistoncore-input v0.24.0
[INFO] [stderr]    Compiling daggy v0.5.0
[INFO] [stderr]    Compiling conrod_derive v0.70.0
[INFO] [stderr]    Compiling phf_macros v0.8.0
[INFO] [stderr]    Compiling rand_hc v0.1.0
[INFO] [stderr]    Compiling rand_isaac v0.1.1
[INFO] [stderr]    Compiling rand_xorshift v0.1.1
[INFO] [stderr]    Compiling deflate v0.8.6
[INFO] [stderr]    Compiling miniz_oxide v0.3.7
[INFO] [stderr]    Compiling num-rational v0.1.42
[INFO] [stderr]    Compiling rand_os v0.1.3
[INFO] [stderr]    Compiling rand_jitter v0.1.4
[INFO] [stderr]    Compiling gfx-backend-vulkan v0.5.11
[INFO] [stderr]    Compiling version_check v0.9.3
[INFO] [stderr]    Compiling nix v0.16.1
[INFO] [stderr]    Compiling fnv v1.0.7
[INFO] [stderr]    Compiling lexical-core v0.7.6
[INFO] [stderr]    Compiling cgmath v0.17.0
[INFO] [stderr]    Compiling serde_json v1.0.64
[INFO] [stderr]    Compiling nom v6.1.2
[INFO] [stderr]    Compiling futures-executor v0.3.14
[INFO] [stderr]    Compiling x11-clipboard v0.5.1
[INFO] [stderr]    Compiling png v0.16.8
[INFO] [stderr]    Compiling wgpu-core v0.5.6
[INFO] [stderr]    Compiling image v0.18.0
[INFO] [stderr]    Compiling phf v0.8.0
[INFO] [stderr]    Compiling tiff v0.6.1
[INFO] [stderr]    Compiling gif v0.11.2
[INFO] [stderr]    Compiling lyon_algorithms v0.15.1
[INFO] [stderr]    Compiling lyon_tessellation v0.15.9
[INFO] [stderr]    Compiling palette_derive v0.5.0
[INFO] [stderr]    Compiling aho-corasick v0.7.15
[INFO] [stderr]    Compiling rand v0.5.6
[INFO] [stderr]    Compiling funty v1.1.0
[INFO] [stderr]    Compiling tap v1.0.1
[INFO] [stderr]    Compiling wgpu-native v0.5.1
[INFO] [stderr]    Compiling regex-syntax v0.6.23
[INFO] [stderr]    Compiling static_assertions v1.1.0
[INFO] [stderr]    Compiling percent-encoding v2.1.0
[INFO] [stderr]    Compiling wyz v0.2.0
[INFO] [stderr]    Compiling itoa v0.4.7
[INFO] [stderr]    Compiling bytemuck v1.5.1
[INFO] [stderr]    Compiling image v0.23.14
[INFO] [stderr]    Compiling noise v0.6.0
[INFO] [stderr]    Compiling bitvec v0.19.5
[INFO] [stderr]    Compiling regex v1.4.5
[INFO] [stderr]    Compiling lyon v0.15.9
[INFO] [stderr]    Compiling libudev v0.2.0
[INFO] [stderr]    Compiling futures v0.3.14
[INFO] [stderr]    Compiling toml v0.5.8
[INFO] [stderr]    Compiling daggy v0.6.0
[INFO] [stderr]    Compiling thiserror-impl v1.0.24
[INFO] [stderr]    Compiling crossbeam-queue v0.3.1
[INFO] [stderr]    Compiling pennereq v0.3.1
[INFO] [stderr]    Compiling atty v0.2.14
[INFO] [stderr]    Compiling humantime v2.1.0
[INFO] [stderr]    Compiling conrod_winit v0.70.0
[INFO] [stderr]    Compiling termcolor v1.1.2
[INFO] [stderr]    Compiling notosans v0.1.0
[INFO] [stderr]    Compiling find_folder v0.3.0
[INFO] [stderr]    Compiling env_logger v0.8.3
[INFO] [stderr]    Compiling thiserror v1.0.24
[INFO] [stderr]    Compiling crossbeam v0.8.0
[INFO] [stderr]    Compiling wgpu v0.5.2
[INFO] [stderr]    Compiling hex v0.4.3
[INFO] [stderr]    Compiling serialport v4.0.0
[INFO] [stderr]    Compiling smithay-client-toolkit v0.6.6
[INFO] [stderr]    Compiling smithay-clipboard v0.4.0
[INFO] [stderr]    Compiling winit v0.22.2
[INFO] [stderr]    Compiling copypasta v0.6.3
[INFO] [stderr]    Compiling conrod_core v0.70.0
[INFO] [stderr]    Compiling conrod_wgpu v0.70.0
[INFO] [stderr]    Compiling nannou v0.15.0
[INFO] [stderr] rustc-LLVM ERROR: IO failure on output stream: No space left on device
[INFO] [stderr] error: could not compile `nannou` (lib)
[INFO] [stderr] 
[INFO] [stderr] Caused by:
[INFO] [stderr]   No space left on device (os error 28)
[INFO] [stderr] 
[INFO] [stderr] Caused by:
[INFO] [stderr]   failed to parse process output: `/opt/rustwide/rustup-home/toolchains/nightly-2024-10-28-x86_64-unknown-linux-gnu/bin/rustc --crate-name nannou --edition=2018 /opt/rustwide/cargo-home/registry/src/index.crates.io-6f17d22bba15001f/nannou-0.15.0/src/lib.rs --error-format=json --json=diagnostic-rendered-ansi,artifacts,future-incompat --crate-type lib --emit=dep-info,metadata,link -C embed-bitcode=no -C debuginfo=2 --cfg 'feature="default"' --cfg 'feature="notosans"' --check-cfg 'cfg(docsrs)' --check-cfg 'cfg(feature, values("default", "notosans"))' -C metadata=5768bb6d402e07a9 -C extra-filename=-5768bb6d402e07a9 --out-dir /opt/rustwide/target/debug/deps -L dependency=/opt/rustwide/target/debug/deps --extern cgmath=/opt/rustwide/target/debug/deps/libcgmath-5aa4f09e611af236.rmeta --extern conrod_core=/opt/rustwide/target/debug/deps/libconrod_core-37aa2156f7767ac5.rmeta --extern conrod_wgpu=/opt/rustwide/target/debug/deps/libconrod_wgpu-471c79f2e892e598.rmeta --extern conrod_winit=/opt/rustwide/target/debug/deps/libconrod_winit-d738eb3a255064d1.rmeta --extern daggy=/opt/rustwide/target/debug/deps/libdaggy-1d110aa471fceff9.rmeta --extern find_folder=/opt/rustwide/target/debug/deps/libfind_folder-cb1793f2198c3558.rmeta --extern futures=/opt/rustwide/target/debug/deps/libfutures-215aafcf2cb697b0.rmeta --extern image=/opt/rustwide/target/debug/deps/libimage-b020ddb249bbc3cd.rmeta --extern lyon=/opt/rustwide/target/debug/deps/liblyon-d4cbcf3e0704c72b.rmeta --extern noise=/opt/rustwide/target/debug/deps/libnoise-b2acef2bd4239689.rmeta --extern notosans=/opt/rustwide/target/debug/deps/libnotosans-be31c47c7bdefe82.rmeta --extern num_cpus=/opt/rustwide/target/debug/deps/libnum_cpus-5964060a4ead1645.rmeta --extern palette=/opt/rustwide/target/debug/deps/libpalette-9a21a500bace2d84.rmeta --extern pennereq=/opt/rustwide/target/debug/deps/libpennereq-1526dac53934a4f7.rmeta --extern rand=/opt/rustwide/target/debug/deps/librand-2f87cacc56dcd05d.rmeta --extern rusttype=/opt/rustwide/target/debug/deps/librusttype-1eb805d12af7b480.rmeta --extern serde=/opt/rustwide/target/debug/deps/libserde-ae9defc88239dd7f.rmeta --extern serde_derive=/opt/rustwide/target/debug/deps/libserde_derive-72ede3215a8bb25a.so --extern serde_json=/opt/rustwide/target/debug/deps/libserde_json-2f1d8f6d1cff6212.rmeta --extern toml=/opt/rustwide/target/debug/deps/libtoml-f73c60c20bd48f35.rmeta --extern walkdir=/opt/rustwide/target/debug/deps/libwalkdir-f1fb062e139c421a.rmeta --extern wgpu=/opt/rustwide/target/debug/deps/libwgpu-4baaaa564a2eb854.rmeta --extern winit=/opt/rustwide/target/debug/deps/libwinit-a7532b4c9f6a20d0.rmeta --cap-lints allow --cap-lints=forbid -Zrandomize-layout -L native=/usr/lib/x86_64-linux-gnu` (exit status: 101)
[INFO] running `Command { std: "docker" "inspect" "08df6a6466fd383945f92d0beca54388a04048360d5c155f3c4b772ba2b2e370", kill_on_drop: false }`
[INFO] running `Command { std: "docker" "rm" "-f" "08df6a6466fd383945f92d0beca54388a04048360d5c155f3c4b772ba2b2e370", kill_on_drop: false }`
[INFO] [stdout] 08df6a6466fd383945f92d0beca54388a04048360d5c155f3c4b772ba2b2e370
