[INFO] cloning repository https://github.com/c0ntinua/self-rs
[INFO] running `Command { std: "git" "-c" "credential.helper=" "-c" "credential.helper=/workspace/cargo-home/bin/git-credential-null" "clone" "--bare" "https://github.com/c0ntinua/self-rs" "/workspace/cache/git-repos/https%3A%2F%2Fgithub.com%2Fc0ntinua%2Fself-rs", kill_on_drop: false }`
[INFO] [stderr] Cloning into bare repository '/workspace/cache/git-repos/https%3A%2F%2Fgithub.com%2Fc0ntinua%2Fself-rs'...
[INFO] running `Command { std: "git" "rev-parse" "HEAD", kill_on_drop: false }`
[INFO] [stdout] 459464a67d22306be795d11ce69f29633f4ab550
[INFO] testing c0ntinua/self-rs/459464a67d22306be795d11ce69f29633f4ab550 against nightly-2024-10-28+rustflags=-Zrandomize-layout for randomize-layout
[INFO] running `Command { std: "git" "clone" "/workspace/cache/git-repos/https%3A%2F%2Fgithub.com%2Fc0ntinua%2Fself-rs" "/workspace/builds/worker-6-tc2/source", kill_on_drop: false }`
[INFO] [stderr] Cloning into '/workspace/builds/worker-6-tc2/source'...
[INFO] [stderr] done.
[INFO] validating manifest of git repo https://github.com/c0ntinua/self-rs on toolchain nightly-2024-10-28
[INFO] running `Command { std: CARGO_HOME="/workspace/cargo-home" RUSTUP_HOME="/workspace/rustup-home" "/workspace/cargo-home/bin/cargo" "+nightly-2024-10-28" "metadata" "--manifest-path" "Cargo.toml" "--no-deps", kill_on_drop: false }`
[INFO] started tweaking git repo https://github.com/c0ntinua/self-rs
[INFO] finished tweaking git repo https://github.com/c0ntinua/self-rs
[INFO] tweaked toml for git repo https://github.com/c0ntinua/self-rs written to /workspace/builds/worker-6-tc2/source/Cargo.toml
[INFO] crate git repo https://github.com/c0ntinua/self-rs already has a lockfile, it will not be regenerated
[INFO] running `Command { std: CARGO_HOME="/workspace/cargo-home" RUSTUP_HOME="/workspace/rustup-home" "/workspace/cargo-home/bin/cargo" "+nightly-2024-10-28" "fetch" "--manifest-path" "Cargo.toml", kill_on_drop: false }`
[INFO] running `Command { std: "docker" "create" "-v" "/var/lib/crater-agent-workspace/builds/worker-6-tc2/target:/opt/rustwide/target:rw,Z" "-v" "/var/lib/crater-agent-workspace/builds/worker-6-tc2/source:/opt/rustwide/workdir:ro,Z" "-v" "/var/lib/crater-agent-workspace/cargo-home:/opt/rustwide/cargo-home:ro,Z" "-v" "/var/lib/crater-agent-workspace/rustup-home:/opt/rustwide/rustup-home:ro,Z" "-e" "SOURCE_DIR=/opt/rustwide/workdir" "-e" "CARGO_TARGET_DIR=/opt/rustwide/target" "-e" "CARGO_HOME=/opt/rustwide/cargo-home" "-e" "RUSTUP_HOME=/opt/rustwide/rustup-home" "-w" "/opt/rustwide/workdir" "-m" "1610612736" "--user" "0:0" "--network" "none" "ghcr.io/rust-lang/crates-build-env/linux@sha256:4a844ea9eb2546a2d2c7022eacef16ef2e8229c7fbb2c7d4d55a9ceca922f72d" "/opt/rustwide/cargo-home/bin/cargo" "+nightly-2024-10-28" "metadata" "--no-deps" "--format-version=1", kill_on_drop: false }`
[INFO] [stdout] 2a644be99a5425a1dc12d0ed0bba6de154678edd460cc560f69ce72e5586679a
[INFO] running `Command { std: "docker" "start" "-a" "2a644be99a5425a1dc12d0ed0bba6de154678edd460cc560f69ce72e5586679a", kill_on_drop: false }`
[INFO] running `Command { std: "docker" "inspect" "2a644be99a5425a1dc12d0ed0bba6de154678edd460cc560f69ce72e5586679a", kill_on_drop: false }`
[INFO] running `Command { std: "docker" "rm" "-f" "2a644be99a5425a1dc12d0ed0bba6de154678edd460cc560f69ce72e5586679a", kill_on_drop: false }`
[INFO] [stdout] 2a644be99a5425a1dc12d0ed0bba6de154678edd460cc560f69ce72e5586679a
[INFO] running `Command { std: "docker" "create" "-v" "/var/lib/crater-agent-workspace/builds/worker-6-tc2/target:/opt/rustwide/target:rw,Z" "-v" "/var/lib/crater-agent-workspace/builds/worker-6-tc2/source:/opt/rustwide/workdir:ro,Z" "-v" "/var/lib/crater-agent-workspace/cargo-home:/opt/rustwide/cargo-home:ro,Z" "-v" "/var/lib/crater-agent-workspace/rustup-home:/opt/rustwide/rustup-home:ro,Z" "-e" "SOURCE_DIR=/opt/rustwide/workdir" "-e" "CARGO_TARGET_DIR=/opt/rustwide/target" "-e" "CARGO_INCREMENTAL=0" "-e" "RUST_BACKTRACE=full" "-e" "RUSTFLAGS=--cap-lints=forbid -Zrandomize-layout" "-e" "RUSTDOCFLAGS=--cap-lints=forbid" "-e" "CARGO_HOME=/opt/rustwide/cargo-home" "-e" "RUSTUP_HOME=/opt/rustwide/rustup-home" "-w" "/opt/rustwide/workdir" "-m" "1610612736" "--user" "0:0" "--network" "none" "ghcr.io/rust-lang/crates-build-env/linux@sha256:4a844ea9eb2546a2d2c7022eacef16ef2e8229c7fbb2c7d4d55a9ceca922f72d" "/opt/rustwide/cargo-home/bin/cargo" "+nightly-2024-10-28" "build" "--frozen" "--message-format=json", kill_on_drop: false }`
[INFO] [stdout] 34cca7377110942849e83325c21307393730ed886e7443145925de73fc927222
[INFO] running `Command { std: "docker" "start" "-a" "34cca7377110942849e83325c21307393730ed886e7443145925de73fc927222", kill_on_drop: false }`
[INFO] [stderr]    Compiling libc v0.2.139
[INFO] [stderr]    Compiling cfg-if v1.0.0
[INFO] [stderr]    Compiling cc v1.0.78
[INFO] [stderr]    Compiling fs_extra v1.2.0
[INFO] [stderr]    Compiling ppv-lite86 v0.2.17
[INFO] [stderr]    Compiling lazy_static v1.4.0
[INFO] [stderr]    Compiling cmake v0.1.49
[INFO] [stderr]    Compiling getrandom v0.2.8
[INFO] [stderr]    Compiling rand_core v0.6.4
[INFO] [stderr]    Compiling raylib-sys v3.7.0
[INFO] [stderr]    Compiling rand_chacha v0.3.1
[INFO] [stderr]    Compiling rand v0.8.5
[INFO] [stderr] error: failed to run custom build command for `raylib-sys v3.7.0`
[INFO] [stderr] note: To improve backtraces for build dependencies, set the CARGO_PROFILE_DEV_BUILD_OVERRIDE_DEBUG=true environment variable to enable debug information generation.
[INFO] [stderr] 
[INFO] [stderr] Caused by:
[INFO] [stderr]   process didn't exit successfully: `/opt/rustwide/target/debug/build/raylib-sys-dcc83d80765eaac9/build-script-build` (exit status: 101)
[INFO] [stderr]   --- stdout
[INFO] [stderr]   CMAKE_TOOLCHAIN_FILE_x86_64-unknown-linux-gnu = None
[INFO] [stderr]   CMAKE_TOOLCHAIN_FILE_x86_64_unknown_linux_gnu = None
[INFO] [stderr]   HOST_CMAKE_TOOLCHAIN_FILE = None
[INFO] [stderr]   CMAKE_TOOLCHAIN_FILE = None
[INFO] [stderr]   CMAKE_GENERATOR_x86_64-unknown-linux-gnu = None
[INFO] [stderr]   CMAKE_GENERATOR_x86_64_unknown_linux_gnu = None
[INFO] [stderr]   HOST_CMAKE_GENERATOR = None
[INFO] [stderr]   CMAKE_GENERATOR = None
[INFO] [stderr]   CMAKE_PREFIX_PATH_x86_64-unknown-linux-gnu = None
[INFO] [stderr]   CMAKE_PREFIX_PATH_x86_64_unknown_linux_gnu = None
[INFO] [stderr]   HOST_CMAKE_PREFIX_PATH = None
[INFO] [stderr]   CMAKE_PREFIX_PATH = None
[INFO] [stderr]   CMAKE_x86_64-unknown-linux-gnu = None
[INFO] [stderr]   CMAKE_x86_64_unknown_linux_gnu = None
[INFO] [stderr]   HOST_CMAKE = None
[INFO] [stderr]   CMAKE = None
[INFO] [stderr]   running: cd "/opt/rustwide/target/debug/build/raylib-sys-381777ca32df608c/out/build" && CMAKE_PREFIX_PATH="" "cmake" "/opt/rustwide/target/debug/build/raylib-sys-381777ca32df608c/out/raylib" "-DBUILD_EXAMPLES=OFF" "-DCMAKE_BUILD_TYPE=Release" "-DSUPPORT_BUSY_WAIT_LOOP=OFF" "-DPLATFORM=Desktop" "-DCMAKE_INSTALL_PREFIX=/opt/rustwide/target/debug/build/raylib-sys-381777ca32df608c/out" "-DCMAKE_C_FLAGS= -ffunction-sections -fdata-sections -fPIC -m64" "-DCMAKE_C_COMPILER=/usr/bin/cc" "-DCMAKE_CXX_FLAGS= -ffunction-sections -fdata-sections -fPIC -m64" "-DCMAKE_CXX_COMPILER=/usr/bin/c++" "-DCMAKE_ASM_FLAGS= -ffunction-sections -fdata-sections -fPIC -m64" "-DCMAKE_ASM_COMPILER=/usr/bin/cc"
[INFO] [stderr]   -- The C compiler identification is GNU 11.4.0
[INFO] [stderr]   -- The CXX compiler identification is GNU 11.4.0
[INFO] [stderr]   -- Detecting C compiler ABI info
[INFO] [stderr]   -- Detecting C compiler ABI info - done
[INFO] [stderr]   -- Check for working C compiler: /usr/bin/cc - skipped
[INFO] [stderr]   -- Detecting C compile features
[INFO] [stderr]   -- Detecting C compile features - done
[INFO] [stderr]   -- Detecting CXX compiler ABI info
[INFO] [stderr]   -- Detecting CXX compiler ABI info - done
[INFO] [stderr]   -- Check for working CXX compiler: /usr/bin/c++ - skipped
[INFO] [stderr]   -- Detecting CXX compile features
[INFO] [stderr]   -- Detecting CXX compile features - done
[INFO] [stderr]   -- Performing Test COMPILER_HAS_THOSE_TOGGLES
[INFO] [stderr]   -- Performing Test COMPILER_HAS_THOSE_TOGGLES - Success
[INFO] [stderr]   -- Testing if -Werror=pointer-arith can be used -- compiles
[INFO] [stderr]   -- Testing if -Werror=implicit-function-declaration can be used -- compiles
[INFO] [stderr]   -- Testing if -fno-strict-aliasing can be used -- compiles
[INFO] [stderr]   -- Using raylib's GLFW
[INFO] [stderr]   -- Looking for pthread.h
[INFO] [stderr]   -- Looking for pthread.h - found
[INFO] [stderr]   -- Performing Test CMAKE_HAVE_LIBC_PTHREAD
[INFO] [stderr]   -- Performing Test CMAKE_HAVE_LIBC_PTHREAD - Success
[INFO] [stderr]   -- Found Threads: TRUE  
[INFO] [stderr]   -- Using X11 for window creation
[INFO] [stderr]   -- Found X11: /usr/include   
[INFO] [stderr]   -- Looking for XOpenDisplay in /usr/lib/x86_64-linux-gnu/libX11.so;/usr/lib/x86_64-linux-gnu/libXext.so
[INFO] [stderr]   -- Looking for XOpenDisplay in /usr/lib/x86_64-linux-gnu/libX11.so;/usr/lib/x86_64-linux-gnu/libXext.so - found
[INFO] [stderr]   -- Looking for gethostbyname
[INFO] [stderr]   -- Looking for gethostbyname - found
[INFO] [stderr]   -- Looking for connect
[INFO] [stderr]   -- Looking for connect - found
[INFO] [stderr]   -- Looking for remove
[INFO] [stderr]   -- Looking for remove - found
[INFO] [stderr]   -- Looking for shmat
[INFO] [stderr]   -- Looking for shmat - found
[INFO] [stderr]   -- Looking for IceConnectionNumber in ICE
[INFO] [stderr]   -- Looking for IceConnectionNumber in ICE - found
[INFO] [stderr]   -- Audio Backend: miniaudio
[INFO] [stderr]   -- Building raylib static library
[INFO] [stderr]   -- Generated build type: Release
[INFO] [stderr]   -- Compiling with the flags:
[INFO] [stderr]   --   PLATFORM=PLATFORM_DESKTOP
[INFO] [stderr]   --   GRAPHICS=GRAPHICS_API_OPENGL_33
[INFO] [stderr]   -- Configuring done
[INFO] [stderr]   -- Generating done
[INFO] [stderr]   -- Build files have been written to: /opt/rustwide/target/debug/build/raylib-sys-381777ca32df608c/out/build
[INFO] [stderr]   running: cd "/opt/rustwide/target/debug/build/raylib-sys-381777ca32df608c/out/build" && MAKEFLAGS="-j --jobserver-fds=8,9 --jobserver-auth=8,9" "cmake" "--build" "." "--target" "install" "--config" "Debug"
[INFO] [stderr]   [  4%] Building C object raylib/external/glfw/src/CMakeFiles/glfw_objlib.dir/init.c.o
[INFO] [stderr]   [  8%] Building C object raylib/external/glfw/src/CMakeFiles/glfw_objlib.dir/input.c.o
[INFO] [stderr]   [ 12%] Building C object raylib/external/glfw/src/CMakeFiles/glfw_objlib.dir/context.c.o
[INFO] [stderr]   [ 20%] Building C object raylib/external/glfw/src/CMakeFiles/glfw_objlib.dir/vulkan.c.o
[INFO] [stderr]   [ 20%] Building C object raylib/external/glfw/src/CMakeFiles/glfw_objlib.dir/window.c.o
[INFO] [stderr]   [ 24%] Building C object raylib/external/glfw/src/CMakeFiles/glfw_objlib.dir/x11_monitor.c.o
[INFO] [stderr]   [ 28%] Building C object raylib/external/glfw/src/CMakeFiles/glfw_objlib.dir/monitor.c.o
[INFO] [stderr]   [ 32%] Building C object raylib/external/glfw/src/CMakeFiles/glfw_objlib.dir/x11_init.c.o
[INFO] [stderr]   [ 36%] Building C object raylib/external/glfw/src/CMakeFiles/glfw_objlib.dir/x11_window.c.o
[INFO] [stderr]   [ 40%] Building C object raylib/external/glfw/src/CMakeFiles/glfw_objlib.dir/xkb_unicode.c.o
[INFO] [stderr]   [ 44%] Building C object raylib/external/glfw/src/CMakeFiles/glfw_objlib.dir/posix_time.c.o
[INFO] [stderr]   [ 48%] Building C object raylib/external/glfw/src/CMakeFiles/glfw_objlib.dir/posix_thread.c.o
[INFO] [stderr]   [ 52%] Building C object raylib/external/glfw/src/CMakeFiles/glfw_objlib.dir/glx_context.c.o
[INFO] [stderr]   [ 56%] Building C object raylib/external/glfw/src/CMakeFiles/glfw_objlib.dir/egl_context.c.o
[INFO] [stderr]   [ 60%] Building C object raylib/external/glfw/src/CMakeFiles/glfw_objlib.dir/osmesa_context.c.o
[INFO] [stderr]   [ 64%] Building C object raylib/external/glfw/src/CMakeFiles/glfw_objlib.dir/linux_joystick.c.o
[INFO] [stderr]   [ 64%] Built target glfw_objlib
[INFO] [stderr]   [ 68%] Linking C static library libglfw3.a
[INFO] [stderr]   [ 68%] Built target glfw
[INFO] [stderr]   [ 72%] Building C object raylib/CMakeFiles/raylib.dir/core.c.o
[INFO] [stderr]   [ 76%] Building C object raylib/CMakeFiles/raylib.dir/models.c.o
[INFO] [stderr]   [ 80%] Building C object raylib/CMakeFiles/raylib.dir/text.c.o
[INFO] [stderr]   [ 84%] Building C object raylib/CMakeFiles/raylib.dir/shapes.c.o
[INFO] [stderr]   [ 92%] Building C object raylib/CMakeFiles/raylib.dir/utils.c.o
[INFO] [stderr]   [ 92%] Building C object raylib/CMakeFiles/raylib.dir/textures.c.o
[INFO] [stderr]   [ 96%] Building C object raylib/CMakeFiles/raylib.dir/raudio.c.o
[INFO] [stderr] 
[INFO] [stderr]   --- stderr
[INFO] [stderr]   CMake Warning (dev) at /usr/share/cmake-3.22/Modules/FindOpenGL.cmake:315 (message):
[INFO] [stderr]     Policy CMP0072 is not set: FindOpenGL prefers GLVND by default when
[INFO] [stderr]     available.  Run "cmake --help-policy CMP0072" for policy details.  Use the
[INFO] [stderr]     cmake_policy command to set the policy and suppress this warning.
[INFO] [stderr] 
[INFO] [stderr]     FindOpenGL found both a legacy GL library:
[INFO] [stderr] 
[INFO] [stderr]       OPENGL_gl_LIBRARY: /usr/lib/x86_64-linux-gnu/libGL.so
[INFO] [stderr] 
[INFO] [stderr]     and GLVND libraries for OpenGL and GLX:
[INFO] [stderr] 
[INFO] [stderr]       OPENGL_opengl_LIBRARY: /usr/lib/x86_64-linux-gnu/libOpenGL.so
[INFO] [stderr]       OPENGL_glx_LIBRARY: /usr/lib/x86_64-linux-gnu/libGLX.so
[INFO] [stderr] 
[INFO] [stderr]     OpenGL_GL_PREFERENCE has not been set to "GLVND" or "LEGACY", so for
[INFO] [stderr]     compatibility with CMake 3.10 and below the legacy GL library will be used.
[INFO] [stderr]   Call Stack (most recent call first):
[INFO] [stderr]     cmake/LibraryConfigurations.cmake:20 (find_package)
[INFO] [stderr]     src/CMakeLists.txt:56 (include)
[INFO] [stderr]   This warning is for project developers.  Use -Wno-dev to suppress it.
[INFO] [stderr] 
[INFO] [stderr]   CMake Warning:
[INFO] [stderr]     Manually-specified variables were not used by the project:
[INFO] [stderr] 
[INFO] [stderr]       CMAKE_ASM_COMPILER
[INFO] [stderr]       CMAKE_ASM_FLAGS
[INFO] [stderr] 
[INFO] [stderr] 
[INFO] [stderr]   /opt/rustwide/target/debug/build/raylib-sys-381777ca32df608c/out/raylib/src/core.c: In function 'OpenURL':
[INFO] [stderr]   /opt/rustwide/target/debug/build/raylib-sys-381777ca32df608c/out/raylib/src/core.c:3085:9: warning: ignoring return value of 'system' declared with attribute 'warn_unused_result' [-Wunused-result]
[INFO] [stderr]    3085 |         system(cmd);
[INFO] [stderr]         |         ^~~~~~~~~~~
[INFO] [stderr]   In file included from /opt/rustwide/target/debug/build/raylib-sys-381777ca32df608c/out/raylib/src/raudio.c:215:
[INFO] [stderr]   /opt/rustwide/target/debug/build/raylib-sys-381777ca32df608c/out/raylib/src/external/jar_mod.h: In function 'jar_mod_load_file':
[INFO] [stderr]   /opt/rustwide/target/debug/build/raylib-sys-381777ca32df608c/out/raylib/src/external/jar_mod.h:1541:13: warning: ignoring return value of 'fread' declared with attribute 'warn_unused_result' [-Wunused-result]
[INFO] [stderr]    1541 |             fread(modctx->modfile, fsize, 1, f);
[INFO] [stderr]         |             ^~~~~~~~~~~~~~~~~~~~~~~~~~~~~~~~~~~
[INFO] [stderr]   In function 'memcopy',
[INFO] [stderr]       inlined from 'jar_mod_load' at /opt/rustwide/target/debug/build/raylib-sys-381777ca32df608c/out/raylib/src/external/jar_mod.h:1133:13:
[INFO] [stderr]   /opt/rustwide/target/debug/build/raylib-sys-381777ca32df608c/out/raylib/src/external/jar_mod.h:370:13: warning: writing 1 byte into a region of size 0 [-Wstringop-overflow=]
[INFO] [stderr]     370 |         d[i]=s[i];
[INFO] [stderr]         |         ~~~~^~~~~
[INFO] [stderr]   /opt/rustwide/target/debug/build/raylib-sys-381777ca32df608c/out/raylib/src/external/jar_mod.h: In function 'jar_mod_load':
[INFO] [stderr]   /opt/rustwide/target/debug/build/raylib-sys-381777ca32df608c/out/raylib/src/external/jar_mod.h:125:13: note: at offset 1080 into destination object 'title' of size 20
[INFO] [stderr]     125 |     muchar  title[20];
[INFO] [stderr]         |             ^~~~~
[INFO] [stderr]   In function 'memcopy',
[INFO] [stderr]       inlined from 'jar_mod_load' at /opt/rustwide/target/debug/build/raylib-sys-381777ca32df608c/out/raylib/src/external/jar_mod.h:1133:13:
[INFO] [stderr]   /opt/rustwide/target/debug/build/raylib-sys-381777ca32df608c/out/raylib/src/external/jar_mod.h:370:13: warning: writing 1 byte into a region of size 0 [-Wstringop-overflow=]
[INFO] [stderr]     370 |         d[i]=s[i];
[INFO] [stderr]         |         ~~~~^~~~~
[INFO] [stderr]   /opt/rustwide/target/debug/build/raylib-sys-381777ca32df608c/out/raylib/src/external/jar_mod.h: In function 'jar_mod_load':
[INFO] [stderr]   /opt/rustwide/target/debug/build/raylib-sys-381777ca32df608c/out/raylib/src/external/jar_mod.h:125:13: note: at offset 1081 into destination object 'title' of size 20
[INFO] [stderr]     125 |     muchar  title[20];
[INFO] [stderr]         |             ^~~~~
[INFO] [stderr]   In function 'memcopy',
[INFO] [stderr]       inlined from 'jar_mod_load' at /opt/rustwide/target/debug/build/raylib-sys-381777ca32df608c/out/raylib/src/external/jar_mod.h:1133:13:
[INFO] [stderr]   /opt/rustwide/target/debug/build/raylib-sys-381777ca32df608c/out/raylib/src/external/jar_mod.h:370:13: warning: writing 1 byte into a region of size 0 [-Wstringop-overflow=]
[INFO] [stderr]     370 |         d[i]=s[i];
[INFO] [stderr]         |         ~~~~^~~~~
[INFO] [stderr]   /opt/rustwide/target/debug/build/raylib-sys-381777ca32df608c/out/raylib/src/external/jar_mod.h: In function 'jar_mod_load':
[INFO] [stderr]   /opt/rustwide/target/debug/build/raylib-sys-381777ca32df608c/out/raylib/src/external/jar_mod.h:125:13: note: at offset 1082 into destination object 'title' of size 20
[INFO] [stderr]     125 |     muchar  title[20];
[INFO] [stderr]         |             ^~~~~
[INFO] [stderr]   In function 'memcopy',
[INFO] [stderr]       inlined from 'jar_mod_load' at /opt/rustwide/target/debug/build/raylib-sys-381777ca32df608c/out/raylib/src/external/jar_mod.h:1133:13:
[INFO] [stderr]   /opt/rustwide/target/debug/build/raylib-sys-381777ca32df608c/out/raylib/src/external/jar_mod.h:370:13: warning: writing 1 byte into a region of size 0 [-Wstringop-overflow=]
[INFO] [stderr]     370 |         d[i]=s[i];
[INFO] [stderr]         |         ~~~~^~~~~
[INFO] [stderr]   /opt/rustwide/target/debug/build/raylib-sys-381777ca32df608c/out/raylib/src/external/jar_mod.h: In function 'jar_mod_load':
[INFO] [stderr]   /opt/rustwide/target/debug/build/raylib-sys-381777ca32df608c/out/raylib/src/external/jar_mod.h:125:13: note: at offset 1083 into destination object 'title' of size 20
[INFO] [stderr]     125 |     muchar  title[20];
[INFO] [stderr]         |             ^~~~~
[INFO] [stderr]   /opt/rustwide/target/debug/build/raylib-sys-381777ca32df608c/out/raylib/src/models.c:4827:1: fatal error: error writing to /tmp/ccZDlqHC.s: No space left on device
[INFO] [stderr]    4827 | }
[INFO] [stderr]         | ^
[INFO] [stderr]   compilation terminated.
[INFO] [stderr]   gmake[2]: *** [raylib/CMakeFiles/raylib.dir/build.make:90: raylib/CMakeFiles/raylib.dir/models.c.o] Error 1
[INFO] [stderr]   gmake[2]: *** Waiting for unfinished jobs....
[INFO] [stderr]   /opt/rustwide/target/debug/build/raylib-sys-381777ca32df608c/out/raylib/src/textures.c:4113:1: fatal error: error writing to /tmp/ccUNiZ39.s: No space left on device
[INFO] [stderr]    4113 | }
[INFO] [stderr]         | ^
[INFO] [stderr]   compilation terminated.
[INFO] [stderr]   gmake[2]: *** [raylib/CMakeFiles/raylib.dir/build.make:132: raylib/CMakeFiles/raylib.dir/textures.c.o] Error 1
[INFO] [stderr]   /opt/rustwide/target/debug/build/raylib-sys-381777ca32df608c/out/raylib/src/raudio.c: At top level:
[INFO] [stderr]   /opt/rustwide/target/debug/build/raylib-sys-381777ca32df608c/out/raylib/src/raudio.c:2311:1: fatal error: error writing to /tmp/ccMuCVzB.s: No space left on device
[INFO] [stderr]    2311 | }
[INFO] [stderr]         | ^
[INFO] [stderr]   compilation terminated.
[INFO] [stderr]   gmake[2]: *** [raylib/CMakeFiles/raylib.dir/build.make:160: raylib/CMakeFiles/raylib.dir/raudio.c.o] Error 1
[INFO] [stderr]   gmake[1]: *** [CMakeFiles/Makefile2:133: raylib/CMakeFiles/raylib.dir/all] Error 2
[INFO] [stderr]   gmake: *** [Makefile:166: all] Error 2
[INFO] [stderr]   thread 'main' panicked at /opt/rustwide/cargo-home/registry/src/index.crates.io-6f17d22bba15001f/cmake-0.1.49/src/lib.rs:1104:5:
[INFO] [stderr] 
[INFO] [stderr]   command did not execute successfully, got: exit status: 2
[INFO] [stderr] 
[INFO] [stderr]   build script failed, must exit now
[INFO] [stderr]   stack backtrace:
[INFO] [stderr]      0:     0x5d5dfe076dca - std::backtrace_rs::backtrace::libunwind::trace::h207520d6e9873551
[INFO] [stderr]                                  at /rustc/df4ca44d3fbc9301ee17f30f4d474e6ae4b05252/library/std/src/../../backtrace/src/backtrace/libunwind.rs:116:5
[INFO] [stderr]      1:     0x5d5dfe076dca - std::backtrace_rs::backtrace::trace_unsynchronized::h2ed7433f370e3eca
[INFO] [stderr]                                  at /rustc/df4ca44d3fbc9301ee17f30f4d474e6ae4b05252/library/std/src/../../backtrace/src/backtrace/mod.rs:66:5
[INFO] [stderr]      2:     0x5d5dfe076dca - std::sys::backtrace::_print_fmt::h916fac51166b18d7
[INFO] [stderr]                                  at /rustc/df4ca44d3fbc9301ee17f30f4d474e6ae4b05252/library/std/src/sys/backtrace.rs:66:9
[INFO] [stderr]      3:     0x5d5dfe076dca - <std::sys::backtrace::BacktraceLock::print::DisplayBacktrace as core::fmt::Display>::fmt::ha0a4c9b8ce3802e6
[INFO] [stderr]                                  at /rustc/df4ca44d3fbc9301ee17f30f4d474e6ae4b05252/library/std/src/sys/backtrace.rs:39:26
[INFO] [stderr]      4:     0x5d5dfe09c183 - core::fmt::rt::Argument::fmt::h4cfc8587d52b3eb5
[INFO] [stderr]                                  at /rustc/df4ca44d3fbc9301ee17f30f4d474e6ae4b05252/library/core/src/fmt/rt.rs:177:76
[INFO] [stderr]      5:     0x5d5dfe09c183 - core::fmt::write::h522cc39e5b36ae9f
[INFO] [stderr]                                  at /rustc/df4ca44d3fbc9301ee17f30f4d474e6ae4b05252/library/core/src/fmt/mod.rs:1190:21
[INFO] [stderr]      6:     0x5d5dfe072fb3 - std::io::Write::write_fmt::hf1c1dcc8cc1287f0
[INFO] [stderr]                                  at /rustc/df4ca44d3fbc9301ee17f30f4d474e6ae4b05252/library/std/src/io/mod.rs:1839:15
[INFO] [stderr]      7:     0x5d5dfe076c12 - std::sys::backtrace::BacktraceLock::print::h4b9e00b29e9c0942
[INFO] [stderr]                                  at /rustc/df4ca44d3fbc9301ee17f30f4d474e6ae4b05252/library/std/src/sys/backtrace.rs:42:9
[INFO] [stderr]      8:     0x5d5dfe077e0c - std::panicking::default_hook::{{closure}}::hb59b88280d0324d9
[INFO] [stderr]                                  at /rustc/df4ca44d3fbc9301ee17f30f4d474e6ae4b05252/library/std/src/panicking.rs:268:22
[INFO] [stderr]      9:     0x5d5dfe077c52 - std::panicking::default_hook::he1dd496665be4a29
[INFO] [stderr]                                  at /rustc/df4ca44d3fbc9301ee17f30f4d474e6ae4b05252/library/std/src/panicking.rs:295:9
[INFO] [stderr]     10:     0x5d5dfe078447 - std::panicking::rust_panic_with_hook::h2ff17fe8f26dfcf8
[INFO] [stderr]                                  at /rustc/df4ca44d3fbc9301ee17f30f4d474e6ae4b05252/library/std/src/panicking.rs:801:13
[INFO] [stderr]     11:     0x5d5dfe0782da - std::panicking::begin_panic_handler::{{closure}}::h4fad77951c07e101
[INFO] [stderr]                                  at /rustc/df4ca44d3fbc9301ee17f30f4d474e6ae4b05252/library/std/src/panicking.rs:674:13
[INFO] [stderr]     12:     0x5d5dfe0772a9 - std::sys::backtrace::__rust_end_short_backtrace::hb1a25b3da5d0ea08
[INFO] [stderr]                                  at /rustc/df4ca44d3fbc9301ee17f30f4d474e6ae4b05252/library/std/src/sys/backtrace.rs:170:18
[INFO] [stderr]     13:     0x5d5dfe077f6c - rust_begin_unwind
[INFO] [stderr]                                  at /rustc/df4ca44d3fbc9301ee17f30f4d474e6ae4b05252/library/std/src/panicking.rs:665:5
[INFO] [stderr]     14:     0x5d5dfe09afd0 - core::panicking::panic_fmt::ha9db07b529f9b256
[INFO] [stderr]                                  at /rustc/df4ca44d3fbc9301ee17f30f4d474e6ae4b05252/library/core/src/panicking.rs:75:14
[INFO] [stderr]     15:     0x5d5dfdff2b12 - cmake::fail::h7d2830098b771ab5
[INFO] [stderr]     16:     0x5d5dfdff22e9 - cmake::run::hdad697b14a85d5e3
[INFO] [stderr]     17:     0x5d5dfdfeec3f - cmake::Config::build::h70423746e3fbcacf
[INFO] [stderr]     18:     0x5d5dfdfe5462 - build_script_build::build_with_cmake::h6fbac8271de3bb04
[INFO] [stderr]     19:     0x5d5dfdfe688d - build_script_build::main::h7d4053a91af76021
[INFO] [stderr]     20:     0x5d5dfdfde333 - core::ops::function::FnOnce::call_once::h970aca5e548f83fa
[INFO] [stderr]     21:     0x5d5dfdfdd856 - std::sys::backtrace::__rust_begin_short_backtrace::h227fc6da1414ae76
[INFO] [stderr]     22:     0x5d5dfdfdd559 - std::rt::lang_start::{{closure}}::ha1218929c67cf39c
[INFO] [stderr]     23:     0x5d5dfe06ec87 - core::ops::function::impls::<impl core::ops::function::FnOnce<A> for &F>::call_once::hd87d66b906e0ccaf
[INFO] [stderr]                                  at /rustc/df4ca44d3fbc9301ee17f30f4d474e6ae4b05252/library/core/src/ops/function.rs:284:13
[INFO] [stderr]     24:     0x5d5dfe06ec87 - std::panicking::try::do_call::hae3703de71fc9e3a
[INFO] [stderr]                                  at /rustc/df4ca44d3fbc9301ee17f30f4d474e6ae4b05252/library/std/src/panicking.rs:557:40
[INFO] [stderr]     25:     0x5d5dfe06ec87 - std::panicking::try::h1178330e9a2b2645
[INFO] [stderr]                                  at /rustc/df4ca44d3fbc9301ee17f30f4d474e6ae4b05252/library/std/src/panicking.rs:520:19
[INFO] [stderr]     26:     0x5d5dfe06ec87 - std::panic::catch_unwind::h0acf49d2305d32ad
[INFO] [stderr]                                  at /rustc/df4ca44d3fbc9301ee17f30f4d474e6ae4b05252/library/std/src/panic.rs:358:14
[INFO] [stderr]     27:     0x5d5dfe06ec87 - std::rt::lang_start_internal::{{closure}}::h2d95182d798177be
[INFO] [stderr]                                  at /rustc/df4ca44d3fbc9301ee17f30f4d474e6ae4b05252/library/std/src/rt.rs:174:48
[INFO] [stderr]     28:     0x5d5dfe06ec87 - std::panicking::try::do_call::hb506f5bfe11fd30c
[INFO] [stderr]                                  at /rustc/df4ca44d3fbc9301ee17f30f4d474e6ae4b05252/library/std/src/panicking.rs:557:40
[INFO] [stderr]     29:     0x5d5dfe06ec87 - std::panicking::try::h54d825c46bd0fa95
[INFO] [stderr]                                  at /rustc/df4ca44d3fbc9301ee17f30f4d474e6ae4b05252/library/std/src/panicking.rs:520:19
[INFO] [stderr]     30:     0x5d5dfe06ec87 - std::panic::catch_unwind::hffbb0ad20c4e9fac
[INFO] [stderr]                                  at /rustc/df4ca44d3fbc9301ee17f30f4d474e6ae4b05252/library/std/src/panic.rs:358:14
[INFO] [stderr]     31:     0x5d5dfe06ec87 - std::rt::lang_start_internal::h52c291ef1962c925
[INFO] [stderr]                                  at /rustc/df4ca44d3fbc9301ee17f30f4d474e6ae4b05252/library/std/src/rt.rs:174:20
[INFO] [stderr]     32:     0x5d5dfdfdd537 - std::rt::lang_start::h786616aa30ada65a
[INFO] [stderr]     33:     0x5d5dfdfe7745 - main
[INFO] [stderr]     34:     0x79de60631d90 - <unknown>
[INFO] [stderr]     35:     0x79de60631e40 - __libc_start_main
[INFO] [stderr]     36:     0x5d5dfdfdcb35 - _start
[INFO] [stderr]     37:                0x0 - <unknown>
[INFO] running `Command { std: "docker" "inspect" "34cca7377110942849e83325c21307393730ed886e7443145925de73fc927222", kill_on_drop: false }`
[INFO] running `Command { std: "docker" "rm" "-f" "34cca7377110942849e83325c21307393730ed886e7443145925de73fc927222", kill_on_drop: false }`
[INFO] [stdout] 34cca7377110942849e83325c21307393730ed886e7443145925de73fc927222
