[INFO] cloning repository https://github.com/UnknownRori/cirno-pet
[INFO] running `Command { std: "git" "-c" "credential.helper=" "-c" "credential.helper=/workspace/cargo-home/bin/git-credential-null" "clone" "--bare" "https://github.com/UnknownRori/cirno-pet" "/workspace/cache/git-repos/https%3A%2F%2Fgithub.com%2FUnknownRori%2Fcirno-pet", kill_on_drop: false }`
[INFO] [stderr] Cloning into bare repository '/workspace/cache/git-repos/https%3A%2F%2Fgithub.com%2FUnknownRori%2Fcirno-pet'...
[INFO] running `Command { std: "git" "rev-parse" "HEAD", kill_on_drop: false }`
[INFO] [stdout] d7d1946a0c47944acbd8f5514ddbe02d486141f5
[INFO] testing UnknownRori/cirno-pet/d7d1946a0c47944acbd8f5514ddbe02d486141f5 against nightly-2024-10-28+rustflags=-Zrandomize-layout for randomize-layout
[INFO] running `Command { std: "git" "clone" "/workspace/cache/git-repos/https%3A%2F%2Fgithub.com%2FUnknownRori%2Fcirno-pet" "/workspace/builds/worker-5-tc2/source", kill_on_drop: false }`
[INFO] [stderr] Cloning into '/workspace/builds/worker-5-tc2/source'...
[INFO] [stderr] done.
[INFO] validating manifest of git repo https://github.com/UnknownRori/cirno-pet on toolchain nightly-2024-10-28
[INFO] running `Command { std: CARGO_HOME="/workspace/cargo-home" RUSTUP_HOME="/workspace/rustup-home" "/workspace/cargo-home/bin/cargo" "+nightly-2024-10-28" "metadata" "--manifest-path" "Cargo.toml" "--no-deps", kill_on_drop: false }`
[INFO] started tweaking git repo https://github.com/UnknownRori/cirno-pet
[INFO] finished tweaking git repo https://github.com/UnknownRori/cirno-pet
[INFO] tweaked toml for git repo https://github.com/UnknownRori/cirno-pet written to /workspace/builds/worker-5-tc2/source/Cargo.toml
[INFO] crate git repo https://github.com/UnknownRori/cirno-pet already has a lockfile, it will not be regenerated
[INFO] running `Command { std: CARGO_HOME="/workspace/cargo-home" RUSTUP_HOME="/workspace/rustup-home" "/workspace/cargo-home/bin/cargo" "+nightly-2024-10-28" "fetch" "--manifest-path" "Cargo.toml", kill_on_drop: false }`
[INFO] running `Command { std: "docker" "create" "-v" "/var/lib/crater-agent-workspace/builds/worker-5-tc2/target:/opt/rustwide/target:rw,Z" "-v" "/var/lib/crater-agent-workspace/builds/worker-5-tc2/source:/opt/rustwide/workdir:ro,Z" "-v" "/var/lib/crater-agent-workspace/cargo-home:/opt/rustwide/cargo-home:ro,Z" "-v" "/var/lib/crater-agent-workspace/rustup-home:/opt/rustwide/rustup-home:ro,Z" "-e" "SOURCE_DIR=/opt/rustwide/workdir" "-e" "CARGO_TARGET_DIR=/opt/rustwide/target" "-e" "CARGO_HOME=/opt/rustwide/cargo-home" "-e" "RUSTUP_HOME=/opt/rustwide/rustup-home" "-w" "/opt/rustwide/workdir" "-m" "1610612736" "--user" "0:0" "--network" "none" "ghcr.io/rust-lang/crates-build-env/linux@sha256:4a844ea9eb2546a2d2c7022eacef16ef2e8229c7fbb2c7d4d55a9ceca922f72d" "/opt/rustwide/cargo-home/bin/cargo" "+nightly-2024-10-28" "metadata" "--no-deps" "--format-version=1", kill_on_drop: false }`
[INFO] [stdout] 40c992a8fc41ed82e4e2bee5d4f44ce3ed6f02b71d05804c2b1d55cebe3845b8
[INFO] running `Command { std: "docker" "start" "-a" "40c992a8fc41ed82e4e2bee5d4f44ce3ed6f02b71d05804c2b1d55cebe3845b8", kill_on_drop: false }`
[INFO] running `Command { std: "docker" "inspect" "40c992a8fc41ed82e4e2bee5d4f44ce3ed6f02b71d05804c2b1d55cebe3845b8", kill_on_drop: false }`
[INFO] running `Command { std: "docker" "rm" "-f" "40c992a8fc41ed82e4e2bee5d4f44ce3ed6f02b71d05804c2b1d55cebe3845b8", kill_on_drop: false }`
[INFO] [stdout] 40c992a8fc41ed82e4e2bee5d4f44ce3ed6f02b71d05804c2b1d55cebe3845b8
[INFO] running `Command { std: "docker" "create" "-v" "/var/lib/crater-agent-workspace/builds/worker-5-tc2/target:/opt/rustwide/target:rw,Z" "-v" "/var/lib/crater-agent-workspace/builds/worker-5-tc2/source:/opt/rustwide/workdir:ro,Z" "-v" "/var/lib/crater-agent-workspace/cargo-home:/opt/rustwide/cargo-home:ro,Z" "-v" "/var/lib/crater-agent-workspace/rustup-home:/opt/rustwide/rustup-home:ro,Z" "-e" "SOURCE_DIR=/opt/rustwide/workdir" "-e" "CARGO_TARGET_DIR=/opt/rustwide/target" "-e" "CARGO_INCREMENTAL=0" "-e" "RUST_BACKTRACE=full" "-e" "RUSTFLAGS=--cap-lints=forbid -Zrandomize-layout" "-e" "RUSTDOCFLAGS=--cap-lints=forbid" "-e" "CARGO_HOME=/opt/rustwide/cargo-home" "-e" "RUSTUP_HOME=/opt/rustwide/rustup-home" "-w" "/opt/rustwide/workdir" "-m" "1610612736" "--user" "0:0" "--network" "none" "ghcr.io/rust-lang/crates-build-env/linux@sha256:4a844ea9eb2546a2d2c7022eacef16ef2e8229c7fbb2c7d4d55a9ceca922f72d" "/opt/rustwide/cargo-home/bin/cargo" "+nightly-2024-10-28" "build" "--frozen" "--message-format=json", kill_on_drop: false }`
[INFO] [stdout] aaf73bff295116b15305b21d6640468e02abdc177dd4ba8c5e665eac053ccd72
[INFO] running `Command { std: "docker" "start" "-a" "aaf73bff295116b15305b21d6640468e02abdc177dd4ba8c5e665eac053ccd72", kill_on_drop: false }`
[INFO] [stderr]    Compiling autocfg v1.3.0
[INFO] [stderr]    Compiling proc-macro2 v1.0.86
[INFO] [stderr]    Compiling unicode-ident v1.0.12
[INFO] [stderr]    Compiling cfg-if v1.0.0
[INFO] [stderr]    Compiling glob v0.3.1
[INFO] [stderr]    Compiling libc v0.2.157
[INFO] [stderr]    Compiling rustix v0.38.34
[INFO] [stderr]    Compiling prettyplease v0.2.20
[INFO] [stderr]    Compiling lazy_static v1.5.0
[INFO] [stderr]    Compiling memchr v2.7.4
[INFO] [stderr]    Compiling shlex v1.3.0
[INFO] [stderr]    Compiling bitflags v2.6.0
[INFO] [stderr]    Compiling regex-syntax v0.8.4
[INFO] [stderr]    Compiling minimal-lexical v0.2.1
[INFO] [stderr]    Compiling linux-raw-sys v0.4.14
[INFO] [stderr]    Compiling either v1.13.0
[INFO] [stderr]    Compiling clang-sys v1.8.1
[INFO] [stderr]    Compiling libloading v0.8.5
[INFO] [stderr]    Compiling bindgen v0.69.4
[INFO] [stderr]    Compiling quote v1.0.36
[INFO] [stderr]    Compiling nom v7.1.3
[INFO] [stderr]    Compiling home v0.5.9
[INFO] [stderr]    Compiling log v0.4.22
[INFO] [stderr]    Compiling syn v2.0.75
[INFO] [stderr]    Compiling itertools v0.12.1
[INFO] [stderr]    Compiling hashbrown v0.7.2
[INFO] [stderr]    Compiling crossbeam-utils v0.7.2
[INFO] [stderr]    Compiling cc v1.1.13
[INFO] [stderr]    Compiling regex-automata v0.4.7
[INFO] [stderr]    Compiling smallvec v1.13.2
[INFO] [stderr]    Compiling cexpr v0.6.0
[INFO] [stderr]    Compiling rustc-hash v1.1.0
[INFO] [stderr]    Compiling lazycell v1.3.0
[INFO] [stderr]    Compiling maybe-uninit v2.0.0
[INFO] [stderr]    Compiling which v4.4.2
[INFO] [stderr]    Compiling cmake v0.1.51
[INFO] [stderr]    Compiling lock_api v0.4.12
[INFO] [stderr]    Compiling ahash v0.3.8
[INFO] [stderr]    Compiling syn v1.0.109
[INFO] [stderr]    Compiling fs_extra v1.3.0
[INFO] [stderr]    Compiling parking_lot_core v0.9.10
[INFO] [stderr]    Compiling cfg-if v0.1.10
[INFO] [stderr]    Compiling regex v1.10.6
[INFO] [stderr]    Compiling scopeguard v1.2.0
[INFO] [stderr]    Compiling mopa v0.2.2
[INFO] [stderr]    Compiling arrayvec v0.5.2
[INFO] [stderr]    Compiling crossbeam-queue v0.2.3
[INFO] [stderr]    Compiling tuple_utils v0.3.0
[INFO] [stderr]    Compiling hibitset v0.6.4
[INFO] [stderr]    Compiling shrev v1.1.3
[INFO] [stderr]    Compiling tynm v0.1.10
[INFO] [stderr]    Compiling parking_lot v0.12.3
[INFO] [stderr]    Compiling shred v0.10.2
[INFO] [stderr]    Compiling specs v0.16.1
[INFO] [stderr]    Compiling specs-derive v0.4.1
[INFO] [stderr]    Compiling raylib-sys v5.0.0
[INFO] [stderr] error: failed to run custom build command for `raylib-sys v5.0.0`
[INFO] [stderr] note: To improve backtraces for build dependencies, set the CARGO_PROFILE_DEV_BUILD_OVERRIDE_DEBUG=true environment variable to enable debug information generation.
[INFO] [stderr] 
[INFO] [stderr] Caused by:
[INFO] [stderr]   process didn't exit successfully: `/opt/rustwide/target/debug/build/raylib-sys-af7081feee619fec/build-script-build` (exit status: 101)
[INFO] [stderr]   --- stdout
[INFO] [stderr]   cargo:rerun-if-changed=build.rs
[INFO] [stderr]   cargo:rerun-if-changed=./binding/binding.h
[INFO] [stderr]   CMAKE_TOOLCHAIN_FILE_x86_64-unknown-linux-gnu = None
[INFO] [stderr]   CMAKE_TOOLCHAIN_FILE_x86_64_unknown_linux_gnu = None
[INFO] [stderr]   HOST_CMAKE_TOOLCHAIN_FILE = None
[INFO] [stderr]   CMAKE_TOOLCHAIN_FILE = None
[INFO] [stderr]   CMAKE_GENERATOR_x86_64-unknown-linux-gnu = None
[INFO] [stderr]   CMAKE_GENERATOR_x86_64_unknown_linux_gnu = None
[INFO] [stderr]   HOST_CMAKE_GENERATOR = None
[INFO] [stderr]   CMAKE_GENERATOR = None
[INFO] [stderr]   CMAKE_PREFIX_PATH_x86_64-unknown-linux-gnu = None
[INFO] [stderr]   CMAKE_PREFIX_PATH_x86_64_unknown_linux_gnu = None
[INFO] [stderr]   HOST_CMAKE_PREFIX_PATH = None
[INFO] [stderr]   CMAKE_PREFIX_PATH = None
[INFO] [stderr]   CMAKE_x86_64-unknown-linux-gnu = None
[INFO] [stderr]   CMAKE_x86_64_unknown_linux_gnu = None
[INFO] [stderr]   HOST_CMAKE = None
[INFO] [stderr]   CMAKE = None
[INFO] [stderr]   running: cd "/opt/rustwide/target/debug/build/raylib-sys-feca629619eb1185/out/build" && CMAKE_PREFIX_PATH="" "cmake" "/opt/rustwide/target/debug/build/raylib-sys-feca629619eb1185/out/raylib" "-DCMAKE_BUILD_TYPE=Debug" "-DBUILD_EXAMPLES=OFF" "-DCMAKE_BUILD_TYPE=Debug" "-DSUPPORT_BUSY_WAIT_LOOP=OFF" "-DSUPPORT_FILEFORMAT_JPG=ON" "-DRAYMATH_STATIC_INLINE=ON" "-DUSE_WAYLAND=OFF" "-DOPENGL_VERSION=OFF" "-DPLATFORM=Desktop" "-DCMAKE_INSTALL_PREFIX=/opt/rustwide/target/debug/build/raylib-sys-feca629619eb1185/out" "-DCMAKE_C_FLAGS= -ffunction-sections -fdata-sections -fPIC -m64" "-DCMAKE_C_COMPILER=/usr/bin/cc" "-DCMAKE_CXX_FLAGS= -ffunction-sections -fdata-sections -fPIC -m64" "-DCMAKE_CXX_COMPILER=/usr/bin/c++" "-DCMAKE_ASM_FLAGS= -ffunction-sections -fdata-sections -fPIC -m64" "-DCMAKE_ASM_COMPILER=/usr/bin/cc"
[INFO] [stderr]   -- The C compiler identification is GNU 11.4.0
[INFO] [stderr]   -- The CXX compiler identification is GNU 11.4.0
[INFO] [stderr]   -- Detecting C compiler ABI info
[INFO] [stderr]   -- Detecting C compiler ABI info - done
[INFO] [stderr]   -- Check for working C compiler: /usr/bin/cc - skipped
[INFO] [stderr]   -- Detecting C compile features
[INFO] [stderr]   -- Detecting C compile features - done
[INFO] [stderr]   -- Detecting CXX compiler ABI info
[INFO] [stderr]   -- Detecting CXX compiler ABI info - done
[INFO] [stderr]   -- Check for working CXX compiler: /usr/bin/c++ - skipped
[INFO] [stderr]   -- Detecting CXX compile features
[INFO] [stderr]   -- Detecting CXX compile features - done
[INFO] [stderr]   -- Performing Test COMPILER_HAS_THOSE_TOGGLES
[INFO] [stderr]   -- Performing Test COMPILER_HAS_THOSE_TOGGLES - Success
[INFO] [stderr]   -- Testing if -Werror=pointer-arith can be used -- compiles
[INFO] [stderr]   -- Testing if -Werror=implicit-function-declaration can be used -- compiles
[INFO] [stderr]   -- Testing if -fno-strict-aliasing can be used -- compiles
[INFO] [stderr]   -- Using raylib's GLFW
[INFO] [stderr]   -- Looking for pthread.h
[INFO] [stderr]   -- Looking for pthread.h - found
[INFO] [stderr]   -- Performing Test CMAKE_HAVE_LIBC_PTHREAD
[INFO] [stderr]   -- Performing Test CMAKE_HAVE_LIBC_PTHREAD - Success
[INFO] [stderr]   -- Found Threads: TRUE  
[INFO] [stderr]   -- Including X11 support
[INFO] [stderr]   -- Found X11: /usr/include   
[INFO] [stderr]   -- Looking for XOpenDisplay in /usr/lib/x86_64-linux-gnu/libX11.so;/usr/lib/x86_64-linux-gnu/libXext.so
[INFO] [stderr]   -- Looking for XOpenDisplay in /usr/lib/x86_64-linux-gnu/libX11.so;/usr/lib/x86_64-linux-gnu/libXext.so - found
[INFO] [stderr]   -- Looking for gethostbyname
[INFO] [stderr]   -- Looking for gethostbyname - found
[INFO] [stderr]   -- Looking for connect
[INFO] [stderr]   -- Looking for connect - found
[INFO] [stderr]   -- Looking for remove
[INFO] [stderr]   -- Looking for remove - found
[INFO] [stderr]   -- Looking for shmat
[INFO] [stderr]   -- Looking for shmat - found
[INFO] [stderr]   -- Looking for IceConnectionNumber in ICE
[INFO] [stderr]   -- Looking for IceConnectionNumber in ICE - found
[INFO] [stderr]   -- Audio Backend: miniaudio
[INFO] [stderr]   -- Building raylib static library
[INFO] [stderr]   -- Generated build type: Debug
[INFO] [stderr]   -- Compiling with the flags:
[INFO] [stderr]   --   PLATFORM=PLATFORM_DESKTOP
[INFO] [stderr]   --   GRAPHICS=GRAPHICS_API_OPENGL_33
[INFO] [stderr]   -- Configuring done
[INFO] [stderr]   -- Generating done
[INFO] [stderr]   -- Build files have been written to: /opt/rustwide/target/debug/build/raylib-sys-feca629619eb1185/out/build
[INFO] [stderr]   running: cd "/opt/rustwide/target/debug/build/raylib-sys-feca629619eb1185/out/build" && MAKEFLAGS="-j --jobserver-fds=8,9 --jobserver-auth=8,9" "cmake" "--build" "." "--target" "install" "--config" "Debug"
[INFO] [stderr]   [  3%] Building C object raylib/external/glfw/src/CMakeFiles/glfw.dir/input.c.o
[INFO] [stderr]   [  6%] Building C object raylib/external/glfw/src/CMakeFiles/glfw.dir/context.c.o
[INFO] [stderr]   [  9%] Building C object raylib/external/glfw/src/CMakeFiles/glfw.dir/init.c.o
[INFO] [stderr]   [ 12%] Building C object raylib/external/glfw/src/CMakeFiles/glfw.dir/monitor.c.o
[INFO] [stderr]   [ 15%] Building C object raylib/external/glfw/src/CMakeFiles/glfw.dir/platform.c.o
[INFO] [stderr]   [ 18%] Building C object raylib/external/glfw/src/CMakeFiles/glfw.dir/vulkan.c.o
[INFO] [stderr]   [ 21%] Building C object raylib/external/glfw/src/CMakeFiles/glfw.dir/egl_context.c.o
[INFO] [stderr]   [ 25%] Building C object raylib/external/glfw/src/CMakeFiles/glfw.dir/window.c.o
[INFO] [stderr]   [ 28%] Building C object raylib/external/glfw/src/CMakeFiles/glfw.dir/osmesa_context.c.o
[INFO] [stderr]   [ 31%] Building C object raylib/external/glfw/src/CMakeFiles/glfw.dir/null_init.c.o
[INFO] [stderr]   [ 34%] Building C object raylib/external/glfw/src/CMakeFiles/glfw.dir/null_monitor.c.o
[INFO] [stderr]   [ 37%] Building C object raylib/external/glfw/src/CMakeFiles/glfw.dir/null_window.c.o
[INFO] [stderr]   [ 40%] Building C object raylib/external/glfw/src/CMakeFiles/glfw.dir/null_joystick.c.o
[INFO] [stderr]   [ 43%] Building C object raylib/external/glfw/src/CMakeFiles/glfw.dir/posix_module.c.o
[INFO] [stderr]   [ 46%] Building C object raylib/external/glfw/src/CMakeFiles/glfw.dir/posix_time.c.o
[INFO] [stderr]   [ 50%] Building C object raylib/external/glfw/src/CMakeFiles/glfw.dir/posix_thread.c.o
[INFO] [stderr]   [ 53%] Building C object raylib/external/glfw/src/CMakeFiles/glfw.dir/x11_init.c.o
[INFO] [stderr]   [ 56%] Building C object raylib/external/glfw/src/CMakeFiles/glfw.dir/x11_monitor.c.o
[INFO] [stderr]   [ 59%] Building C object raylib/external/glfw/src/CMakeFiles/glfw.dir/x11_window.c.o
[INFO] [stderr]   [ 62%] Building C object raylib/external/glfw/src/CMakeFiles/glfw.dir/xkb_unicode.c.o
[INFO] [stderr]   [ 65%] Building C object raylib/external/glfw/src/CMakeFiles/glfw.dir/glx_context.c.o
[INFO] [stderr]   [ 68%] Building C object raylib/external/glfw/src/CMakeFiles/glfw.dir/linux_joystick.c.o
[INFO] [stderr]   [ 71%] Building C object raylib/external/glfw/src/CMakeFiles/glfw.dir/posix_poll.c.o
[INFO] [stderr]   [ 75%] Linking C static library libglfw3.a
[INFO] [stderr]   [ 75%] Built target glfw
[INFO] [stderr]   [ 78%] Building C object raylib/CMakeFiles/raylib.dir/rtext.c.o
[INFO] [stderr]   [ 81%] Building C object raylib/CMakeFiles/raylib.dir/rtextures.c.o
[INFO] [stderr]   [ 87%] Building C object raylib/CMakeFiles/raylib.dir/rshapes.c.o
[INFO] [stderr]   [ 87%] Building C object raylib/CMakeFiles/raylib.dir/rcore.c.o
[INFO] [stderr]   [ 90%] Building C object raylib/CMakeFiles/raylib.dir/rmodels.c.o
[INFO] [stderr]   [ 93%] Building C object raylib/CMakeFiles/raylib.dir/raudio.c.o
[INFO] [stderr]   [ 96%] Building C object raylib/CMakeFiles/raylib.dir/utils.c.o
[INFO] [stderr]   [100%] Linking C static library libraylib.a
[INFO] [stderr] 
[INFO] [stderr]   --- stderr
[INFO] [stderr]   CMake Warning:
[INFO] [stderr]     Manually-specified variables were not used by the project:
[INFO] [stderr] 
[INFO] [stderr]       CMAKE_ASM_COMPILER
[INFO] [stderr]       CMAKE_ASM_FLAGS
[INFO] [stderr]       RAYMATH_STATIC_INLINE
[INFO] [stderr] 
[INFO] [stderr] 
[INFO] [stderr]   /usr/bin/ar: unable to copy file 'libraylib.a'; reason: No space left on device
[INFO] [stderr]   gmake[2]: *** [raylib/CMakeFiles/raylib.dir/build.make:240: raylib/libraylib.a] Error 1
[INFO] [stderr]   gmake[2]: *** Deleting file 'raylib/libraylib.a'
[INFO] [stderr]   gmake[1]: *** [CMakeFiles/Makefile2:158: raylib/CMakeFiles/raylib.dir/all] Error 2
[INFO] [stderr]   gmake: *** [Makefile:166: all] Error 2
[INFO] [stderr]   thread 'main' panicked at /opt/rustwide/cargo-home/registry/src/index.crates.io-6f17d22bba15001f/cmake-0.1.51/src/lib.rs:1100:5:
[INFO] [stderr] 
[INFO] [stderr]   command did not execute successfully, got: exit status: 2
[INFO] [stderr] 
[INFO] [stderr]   build script failed, must exit now
[INFO] [stderr]   stack backtrace:
[INFO] [stderr]      0:     0x57ba703264ca - std::backtrace_rs::backtrace::libunwind::trace::h207520d6e9873551
[INFO] [stderr]                                  at /rustc/df4ca44d3fbc9301ee17f30f4d474e6ae4b05252/library/std/src/../../backtrace/src/backtrace/libunwind.rs:116:5
[INFO] [stderr]      1:     0x57ba703264ca - std::backtrace_rs::backtrace::trace_unsynchronized::h2ed7433f370e3eca
[INFO] [stderr]                                  at /rustc/df4ca44d3fbc9301ee17f30f4d474e6ae4b05252/library/std/src/../../backtrace/src/backtrace/mod.rs:66:5
[INFO] [stderr]      2:     0x57ba703264ca - std::sys::backtrace::_print_fmt::h916fac51166b18d7
[INFO] [stderr]                                  at /rustc/df4ca44d3fbc9301ee17f30f4d474e6ae4b05252/library/std/src/sys/backtrace.rs:66:9
[INFO] [stderr]      3:     0x57ba703264ca - <std::sys::backtrace::BacktraceLock::print::DisplayBacktrace as core::fmt::Display>::fmt::ha0a4c9b8ce3802e6
[INFO] [stderr]                                  at /rustc/df4ca44d3fbc9301ee17f30f4d474e6ae4b05252/library/std/src/sys/backtrace.rs:39:26
[INFO] [stderr]      4:     0x57ba703514d3 - core::fmt::rt::Argument::fmt::h4cfc8587d52b3eb5
[INFO] [stderr]                                  at /rustc/df4ca44d3fbc9301ee17f30f4d474e6ae4b05252/library/core/src/fmt/rt.rs:177:76
[INFO] [stderr]      5:     0x57ba703514d3 - core::fmt::write::h522cc39e5b36ae9f
[INFO] [stderr]                                  at /rustc/df4ca44d3fbc9301ee17f30f4d474e6ae4b05252/library/core/src/fmt/mod.rs:1190:21
[INFO] [stderr]      6:     0x57ba703227f3 - std::io::Write::write_fmt::hf1c1dcc8cc1287f0
[INFO] [stderr]                                  at /rustc/df4ca44d3fbc9301ee17f30f4d474e6ae4b05252/library/std/src/io/mod.rs:1839:15
[INFO] [stderr]      7:     0x57ba70326312 - std::sys::backtrace::BacktraceLock::print::h4b9e00b29e9c0942
[INFO] [stderr]                                  at /rustc/df4ca44d3fbc9301ee17f30f4d474e6ae4b05252/library/std/src/sys/backtrace.rs:42:9
[INFO] [stderr]      8:     0x57ba7032750c - std::panicking::default_hook::{{closure}}::hb59b88280d0324d9
[INFO] [stderr]                                  at /rustc/df4ca44d3fbc9301ee17f30f4d474e6ae4b05252/library/std/src/panicking.rs:268:22
[INFO] [stderr]      9:     0x57ba70327352 - std::panicking::default_hook::he1dd496665be4a29
[INFO] [stderr]                                  at /rustc/df4ca44d3fbc9301ee17f30f4d474e6ae4b05252/library/std/src/panicking.rs:295:9
[INFO] [stderr]     10:     0x57ba70327b47 - std::panicking::rust_panic_with_hook::h2ff17fe8f26dfcf8
[INFO] [stderr]                                  at /rustc/df4ca44d3fbc9301ee17f30f4d474e6ae4b05252/library/std/src/panicking.rs:801:13
[INFO] [stderr]     11:     0x57ba703279da - std::panicking::begin_panic_handler::{{closure}}::h4fad77951c07e101
[INFO] [stderr]                                  at /rustc/df4ca44d3fbc9301ee17f30f4d474e6ae4b05252/library/std/src/panicking.rs:674:13
[INFO] [stderr]     12:     0x57ba703269a9 - std::sys::backtrace::__rust_end_short_backtrace::hb1a25b3da5d0ea08
[INFO] [stderr]                                  at /rustc/df4ca44d3fbc9301ee17f30f4d474e6ae4b05252/library/std/src/sys/backtrace.rs:170:18
[INFO] [stderr]     13:     0x57ba7032766c - rust_begin_unwind
[INFO] [stderr]                                  at /rustc/df4ca44d3fbc9301ee17f30f4d474e6ae4b05252/library/std/src/panicking.rs:665:5
[INFO] [stderr]     14:     0x57ba7034f820 - core::panicking::panic_fmt::ha9db07b529f9b256
[INFO] [stderr]                                  at /rustc/df4ca44d3fbc9301ee17f30f4d474e6ae4b05252/library/core/src/panicking.rs:75:14
[INFO] [stderr]     15:     0x57ba6fd720e2 - cmake::fail::hc777e1ca79578cbe
[INFO] [stderr]     16:     0x57ba6fd718b9 - cmake::run::hcfde76df0ccc293e
[INFO] [stderr]     17:     0x57ba6fd6e2b0 - cmake::Config::build::h11a197c42d1b60b5
[INFO] [stderr]     18:     0x57ba6fd56d53 - build_script_build::build_with_cmake::h6742413d5519358f
[INFO] [stderr]     19:     0x57ba6fd58dae - build_script_build::main::h08738972dc450677
[INFO] [stderr]     20:     0x57ba6fd51523 - core::ops::function::FnOnce::call_once::h50d31f0b5440afb9
[INFO] [stderr]     21:     0x57ba6fd5a676 - std::sys::backtrace::__rust_begin_short_backtrace::he2b60708108d64a3
[INFO] [stderr]     22:     0x57ba6fd51149 - std::rt::lang_start::{{closure}}::heb5213ca83c0553e
[INFO] [stderr]     23:     0x57ba7031e0b7 - core::ops::function::impls::<impl core::ops::function::FnOnce<A> for &F>::call_once::hd87d66b906e0ccaf
[INFO] [stderr]                                  at /rustc/df4ca44d3fbc9301ee17f30f4d474e6ae4b05252/library/core/src/ops/function.rs:284:13
[INFO] [stderr]     24:     0x57ba7031e0b7 - std::panicking::try::do_call::hae3703de71fc9e3a
[INFO] [stderr]                                  at /rustc/df4ca44d3fbc9301ee17f30f4d474e6ae4b05252/library/std/src/panicking.rs:557:40
[INFO] [stderr]     25:     0x57ba7031e0b7 - std::panicking::try::h1178330e9a2b2645
[INFO] [stderr]                                  at /rustc/df4ca44d3fbc9301ee17f30f4d474e6ae4b05252/library/std/src/panicking.rs:520:19
[INFO] [stderr]     26:     0x57ba7031e0b7 - std::panic::catch_unwind::h0acf49d2305d32ad
[INFO] [stderr]                                  at /rustc/df4ca44d3fbc9301ee17f30f4d474e6ae4b05252/library/std/src/panic.rs:358:14
[INFO] [stderr]     27:     0x57ba7031e0b7 - std::rt::lang_start_internal::{{closure}}::h2d95182d798177be
[INFO] [stderr]                                  at /rustc/df4ca44d3fbc9301ee17f30f4d474e6ae4b05252/library/std/src/rt.rs:174:48
[INFO] [stderr]     28:     0x57ba7031e0b7 - std::panicking::try::do_call::hb506f5bfe11fd30c
[INFO] [stderr]                                  at /rustc/df4ca44d3fbc9301ee17f30f4d474e6ae4b05252/library/std/src/panicking.rs:557:40
[INFO] [stderr]     29:     0x57ba7031e0b7 - std::panicking::try::h54d825c46bd0fa95
[INFO] [stderr]                                  at /rustc/df4ca44d3fbc9301ee17f30f4d474e6ae4b05252/library/std/src/panicking.rs:520:19
[INFO] [stderr]     30:     0x57ba7031e0b7 - std::panic::catch_unwind::hffbb0ad20c4e9fac
[INFO] [stderr]                                  at /rustc/df4ca44d3fbc9301ee17f30f4d474e6ae4b05252/library/std/src/panic.rs:358:14
[INFO] [stderr]     31:     0x57ba7031e0b7 - std::rt::lang_start_internal::h52c291ef1962c925
[INFO] [stderr]                                  at /rustc/df4ca44d3fbc9301ee17f30f4d474e6ae4b05252/library/std/src/rt.rs:174:20
[INFO] [stderr]     32:     0x57ba6fd51127 - std::rt::lang_start::ha1ea510435624efd
[INFO] [stderr]     33:     0x57ba6fd59b55 - main
[INFO] [stderr]     34:     0x7c9592ea6d90 - <unknown>
[INFO] [stderr]     35:     0x7c9592ea6e40 - __libc_start_main
[INFO] [stderr]     36:     0x57ba6fd50765 - _start
[INFO] [stderr]     37:                0x0 - <unknown>
[INFO] running `Command { std: "docker" "inspect" "aaf73bff295116b15305b21d6640468e02abdc177dd4ba8c5e665eac053ccd72", kill_on_drop: false }`
[INFO] running `Command { std: "docker" "rm" "-f" "aaf73bff295116b15305b21d6640468e02abdc177dd4ba8c5e665eac053ccd72", kill_on_drop: false }`
[INFO] [stdout] aaf73bff295116b15305b21d6640468e02abdc177dd4ba8c5e665eac053ccd72
